{"id":170795,"date":"2022-12-11T00:07:14","date_gmt":"2022-12-10T23:07:14","guid":{"rendered":"https:\/\/marktxxl.de\/markt\/produkt\/heavy-duty-wrap-it-storage-strap-hochleistungshaken-und-schleifenkabel-tragegurt-aufhaenger-und-organizer-mit-griff-fuer-poolschlaeuche-gartenschlaeuche-kabeln-kabeln-und-mehr\/"},"modified":"2023-04-11T04:58:19","modified_gmt":"2023-04-11T02:58:19","slug":"heavy-duty-wrap-it-storage-strap-hochleistungshaken-und-schleifenkabel-tragegurt-aufhaenger-und-organizer-mit-griff-fuer-poolschlaeuche-gartenschlaeuche-kabeln-kabeln-und-mehr","status":"publish","type":"product","link":"https:\/\/marktxxl.de\/markt\/produkt\/heavy-duty-wrap-it-storage-strap-hochleistungshaken-und-schleifenkabel-tragegurt-aufhaenger-und-organizer-mit-griff-fuer-poolschlaeuche-gartenschlaeuche-kabeln-kabeln-und-mehr\/","title":{"rendered":"Easy-Carry Wrap-It Storage Straps (Aufbewahrungsgurte) \u2013 711 mm (2er-Pack) \u2013 Aufh\u00e4nger und Organizer mit Klettverschluss\u2026"},"content":{"rendered":"<p>Gro\u00dfe L\u00f6sung f\u00fcr die Lagerung und Organisation &#8211; Verwenden Sie Easy-Carry-Wrap-It-Speichergurte f\u00fcr die Lagerung und Organisation in der Garage, des Hauses, des Gartens, der Lagerung, der Werkstatt, des Autos, des Bootes oder des RV. Organisieren Sie sich und bleiben Sie organisiert!<br \/>\nQualit\u00e4tsmaterial &#8211; hergestellt mit super dauerhaftem und witterungsbest\u00e4ndigem Polypropylenmaterial und schwerer Nylonhaken und -schleife. H\u00e4lt bis zu 50 lbs \/ 22,6 kg!<br \/>\nTragen Sie Kabel, Schl\u00e4uche, Seil und mehr! &#8211; Merkmale Bequemer Tragegriff Verwenden Sie den Griff, um in der Garage, im Werkstatt, der Schuppen, des Bootes, des RV, der Van oder des Lkw aufzuh\u00e4ngen.<br \/>\nPatent angemeldet &#8211; Verwenden Sie diese zum Patent ausstehenden, angemeldeten Speicherraggurtransporter, um schwere Verl\u00e4ngerungskabel, RV-Schn\u00fcre, Generatorkabel, elektrische Kabel, Kabel, Garten- und Wasserschl\u00e4uche, Luftschl\u00e4uche, Garten- und Wasserschl\u00e4uche, Luftschl\u00e4uche, Poolschl\u00e4uche, Seil, Baustoffe und so viel mehr!<br \/>\n<div class=\"main-cross-sell\" data-asin=\"B09223SV5Q\">\n\n\t<div class=\"WooZone-cross-sell-loader\">\n\t\t<div>\n\t\t\t<div id=\"floatingBarsG\">\n\t\t\t\t<div class=\"blockG\" id=\"rotateG_01\"><\/div>\n\t\t\t\t<div class=\"blockG\" id=\"rotateG_02\"><\/div>\n\t\t\t\t<div class=\"blockG\" id=\"rotateG_03\"><\/div>\n\t\t\t\t<div class=\"blockG\" id=\"rotateG_04\"><\/div>\n\t\t\t\t<div class=\"blockG\" id=\"rotateG_05\"><\/div>\n\t\t\t\t<div class=\"blockG\" id=\"rotateG_06\"><\/div>\n\t\t\t\t<div class=\"blockG\" id=\"rotateG_07\"><\/div>\n\t\t\t\t<div class=\"blockG\" id=\"rotateG_08\"><\/div>\n\t\t\t<\/div>\n\t\t\t<div class=\"WooZone-cross-sell-loader-text\"><\/div>\n\t\t<\/div>\n\t<\/div>\n\n\t\t\n<\/div>\n<div style=\"clear:both;\"><\/div><\/p>\n","protected":false},"excerpt":{"rendered":"<p>Gro\u00dfe L\u00f6sung f\u00fcr die Lagerung und Organisation &#8211; Verwenden Sie Easy-Carry-Wrap-It-Speichergurte f\u00fcr die Lagerung und Organisation in der Garage, des Hauses, des Gartens, der Lagerung, der Werkstatt, des Autos, des Bootes oder des RV. Organisieren Sie sich und bleiben Sie organisiert!<br \/>\nQualit\u00e4tsmaterial &#8211; hergestellt mit super dauerhaftem und witterungsbest\u00e4ndigem Polypropylenmaterial und schwerer Nylonhaken und -schleife. H\u00e4lt bis zu 50 lbs \/ 22,6 kg!<br \/>\nTragen Sie Kabel, Schl\u00e4uche, Seil und mehr! &#8211; Merkmale Bequemer Tragegriff Verwenden Sie den Griff, um in der Garage, im Werkstatt, der Schuppen, des Bootes, des RV, der Van oder des Lkw aufzuh\u00e4ngen.<\/p>\n","protected":false},"featured_media":170796,"comment_status":"open","ping_status":"closed","template":"","meta":[],"product_brand":[],"product_cat":[1983,11009],"product_tag":[],"class_list":{"0":"post-170795","1":"product","2":"type-product","3":"status-publish","4":"has-post-thumbnail","6":"product_cat-baumarkt","7":"product_cat-elektroinstallation","8":"pa_brand-heavy-duty-wrap-it-storage-strap","9":"pa_manufacturer-wrap-it-storage","11":"first","12":"instock","13":"shipping-taxable","14":"purchasable","15":"product-type-simple","16":"customify-col","17":"product-has-gallery"},"yoast_head":"<!-- This site is optimized with the Yoast SEO plugin v27.4 - https:\/\/yoast.com\/product\/yoast-seo-wordpress\/ -->\n<title>Easy-Carry Wrap-It Storage Straps (Aufbewahrungsgurte) \u2013 711 mm (2er-Pack) \u2013 Aufh\u00e4nger und Organizer mit Klettverschluss\u2026 - Markt-XXL<\/title>\n<meta name=\"description\" content=\"Markt-XXL Easy-Carry Wrap-It Storage Straps (Aufbewahrungsgurte) \u2013 711 mm (2er-Pack) \u2013 Aufh\u00e4nger und Organizer mit Klettverschluss\u2026\" \/>\n<meta name=\"robots\" content=\"index, follow, max-snippet:-1, max-image-preview:large, max-video-preview:-1\" \/>\n<link rel=\"canonical\" href=\"https:\/\/marktxxl.de\/markt\/produkt\/heavy-duty-wrap-it-storage-strap-hochleistungshaken-und-schleifenkabel-tragegurt-aufhaenger-und-organizer-mit-griff-fuer-poolschlaeuche-gartenschlaeuche-kabeln-kabeln-und-mehr\/\" \/>\n<meta property=\"og:locale\" content=\"de_DE\" \/>\n<meta property=\"og:type\" content=\"article\" \/>\n<meta property=\"og:title\" content=\"Easy-Carry Wrap-It Storage Straps (Aufbewahrungsgurte) \u2013 711 mm (2er-Pack) \u2013 Aufh\u00e4nger und Organizer mit Klettverschluss\u2026 - Markt-XXL\" \/>\n<meta property=\"og:description\" content=\"Markt-XXL Easy-Carry Wrap-It Storage Straps (Aufbewahrungsgurte) \u2013 711 mm (2er-Pack) \u2013 Aufh\u00e4nger und Organizer mit Klettverschluss\u2026\" \/>\n<meta property=\"og:url\" content=\"https:\/\/marktxxl.de\/markt\/produkt\/heavy-duty-wrap-it-storage-strap-hochleistungshaken-und-schleifenkabel-tragegurt-aufhaenger-und-organizer-mit-griff-fuer-poolschlaeuche-gartenschlaeuche-kabeln-kabeln-und-mehr\/\" \/>\n<meta property=\"og:site_name\" content=\"Markt-XXL\" \/>\n<meta property=\"article:modified_time\" content=\"2023-04-11T02:58:19+00:00\" \/>\n<meta property=\"og:image\" content=\"https:\/\/m.media-amazon.com\/images\/I\/51rpo+HCq2L._SL500_.jpg\" \/>\n\t<meta property=\"og:image:width\" content=\"500\" \/>\n\t<meta property=\"og:image:height\" content=\"500\" \/>\n\t<meta property=\"og:image:type\" content=\"image\/jpeg\" \/>\n<meta name=\"twitter:card\" content=\"summary_large_image\" \/>\n<meta name=\"twitter:label1\" content=\"Gesch\u00e4tzte Lesezeit\" \/>\n\t<meta name=\"twitter:data1\" content=\"1\u00a0Minute\" \/>\n<script type=\"application\/ld+json\" class=\"yoast-schema-graph\">{\"@context\":\"https:\\\/\\\/schema.org\",\"@graph\":[{\"@type\":\"WebPage\",\"@id\":\"https:\\\/\\\/marktxxl.de\\\/markt\\\/produkt\\\/heavy-duty-wrap-it-storage-strap-hochleistungshaken-und-schleifenkabel-tragegurt-aufhaenger-und-organizer-mit-griff-fuer-poolschlaeuche-gartenschlaeuche-kabeln-kabeln-und-mehr\\\/\",\"url\":\"https:\\\/\\\/marktxxl.de\\\/markt\\\/produkt\\\/heavy-duty-wrap-it-storage-strap-hochleistungshaken-und-schleifenkabel-tragegurt-aufhaenger-und-organizer-mit-griff-fuer-poolschlaeuche-gartenschlaeuche-kabeln-kabeln-und-mehr\\\/\",\"name\":\"Easy-Carry Wrap-It Storage Straps (Aufbewahrungsgurte) \u2013 711 mm (2er-Pack) \u2013 Aufh\u00e4nger und Organizer mit Klettverschluss\u2026 - Markt-XXL\",\"isPartOf\":{\"@id\":\"https:\\\/\\\/marktxxl.de\\\/markt\\\/#website\"},\"primaryImageOfPage\":{\"@id\":\"https:\\\/\\\/marktxxl.de\\\/markt\\\/produkt\\\/heavy-duty-wrap-it-storage-strap-hochleistungshaken-und-schleifenkabel-tragegurt-aufhaenger-und-organizer-mit-griff-fuer-poolschlaeuche-gartenschlaeuche-kabeln-kabeln-und-mehr\\\/#primaryimage\"},\"image\":{\"@id\":\"https:\\\/\\\/marktxxl.de\\\/markt\\\/produkt\\\/heavy-duty-wrap-it-storage-strap-hochleistungshaken-und-schleifenkabel-tragegurt-aufhaenger-und-organizer-mit-griff-fuer-poolschlaeuche-gartenschlaeuche-kabeln-kabeln-und-mehr\\\/#primaryimage\"},\"thumbnailUrl\":\"https:\\\/\\\/m.media-amazon.com\\\/images\\\/I\\\/51rpo+HCq2L._SL500_.jpg\",\"datePublished\":\"2022-12-10T23:07:14+00:00\",\"dateModified\":\"2023-04-11T02:58:19+00:00\",\"description\":\"Markt-XXL Easy-Carry Wrap-It Storage Straps (Aufbewahrungsgurte) \u2013 711 mm (2er-Pack) \u2013 Aufh\u00e4nger und Organizer mit Klettverschluss\u2026\",\"breadcrumb\":{\"@id\":\"https:\\\/\\\/marktxxl.de\\\/markt\\\/produkt\\\/heavy-duty-wrap-it-storage-strap-hochleistungshaken-und-schleifenkabel-tragegurt-aufhaenger-und-organizer-mit-griff-fuer-poolschlaeuche-gartenschlaeuche-kabeln-kabeln-und-mehr\\\/#breadcrumb\"},\"inLanguage\":\"de\",\"potentialAction\":[{\"@type\":\"ReadAction\",\"target\":[\"https:\\\/\\\/marktxxl.de\\\/markt\\\/produkt\\\/heavy-duty-wrap-it-storage-strap-hochleistungshaken-und-schleifenkabel-tragegurt-aufhaenger-und-organizer-mit-griff-fuer-poolschlaeuche-gartenschlaeuche-kabeln-kabeln-und-mehr\\\/\"]}]},{\"@type\":\"ImageObject\",\"inLanguage\":\"de\",\"@id\":\"https:\\\/\\\/marktxxl.de\\\/markt\\\/produkt\\\/heavy-duty-wrap-it-storage-strap-hochleistungshaken-und-schleifenkabel-tragegurt-aufhaenger-und-organizer-mit-griff-fuer-poolschlaeuche-gartenschlaeuche-kabeln-kabeln-und-mehr\\\/#primaryimage\",\"url\":\"https:\\\/\\\/m.media-amazon.com\\\/images\\\/I\\\/51rpo+HCq2L._SL500_.jpg\",\"contentUrl\":\"https:\\\/\\\/m.media-amazon.com\\\/images\\\/I\\\/51rpo+HCq2L._SL500_.jpg\",\"width\":500,\"height\":500},{\"@type\":\"BreadcrumbList\",\"@id\":\"https:\\\/\\\/marktxxl.de\\\/markt\\\/produkt\\\/heavy-duty-wrap-it-storage-strap-hochleistungshaken-und-schleifenkabel-tragegurt-aufhaenger-und-organizer-mit-griff-fuer-poolschlaeuche-gartenschlaeuche-kabeln-kabeln-und-mehr\\\/#breadcrumb\",\"itemListElement\":[{\"@type\":\"ListItem\",\"position\":1,\"name\":\"Startseite\",\"item\":\"https:\\\/\\\/marktxxl.de\\\/markt\\\/\"},{\"@type\":\"ListItem\",\"position\":2,\"name\":\"Markt\",\"item\":\"https:\\\/\\\/marktxxl.de\\\/markt\\\/\"},{\"@type\":\"ListItem\",\"position\":3,\"name\":\"Easy-Carry Wrap-It Storage Straps (Aufbewahrungsgurte) \u2013 711 mm (2er-Pack) \u2013 Aufh\u00e4nger und Organizer mit Klettverschluss\u2026\"}]},{\"@type\":\"WebSite\",\"@id\":\"https:\\\/\\\/marktxxl.de\\\/markt\\\/#website\",\"url\":\"https:\\\/\\\/marktxxl.de\\\/markt\\\/\",\"name\":\"Markt-XXL\",\"description\":\"Ihr Markt Online\",\"publisher\":{\"@id\":\"https:\\\/\\\/marktxxl.de\\\/markt\\\/#organization\"},\"potentialAction\":[{\"@type\":\"SearchAction\",\"target\":{\"@type\":\"EntryPoint\",\"urlTemplate\":\"https:\\\/\\\/marktxxl.de\\\/markt\\\/?s={search_term_string}\"},\"query-input\":{\"@type\":\"PropertyValueSpecification\",\"valueRequired\":true,\"valueName\":\"search_term_string\"}}],\"inLanguage\":\"de\"},{\"@type\":\"Organization\",\"@id\":\"https:\\\/\\\/marktxxl.de\\\/markt\\\/#organization\",\"name\":\"Markt-XXL\",\"url\":\"https:\\\/\\\/marktxxl.de\\\/markt\\\/\",\"logo\":{\"@type\":\"ImageObject\",\"inLanguage\":\"de\",\"@id\":\"https:\\\/\\\/marktxxl.de\\\/markt\\\/#\\\/schema\\\/logo\\\/image\\\/\",\"url\":\"https:\\\/\\\/marktxxl.de\\\/markt\\\/wp-content\\\/uploads\\\/sites\\\/3\\\/2020\\\/12\\\/logo.png\",\"contentUrl\":\"https:\\\/\\\/marktxxl.de\\\/markt\\\/wp-content\\\/uploads\\\/sites\\\/3\\\/2020\\\/12\\\/logo.png\",\"width\":200,\"height\":70,\"caption\":\"Markt-XXL\"},\"image\":{\"@id\":\"https:\\\/\\\/marktxxl.de\\\/markt\\\/#\\\/schema\\\/logo\\\/image\\\/\"}}]}<\/script>\n<!-- \/ Yoast SEO plugin. -->","yoast_head_json":{"title":"Easy-Carry Wrap-It Storage Straps (Aufbewahrungsgurte) \u2013 711 mm (2er-Pack) \u2013 Aufh\u00e4nger und Organizer mit Klettverschluss\u2026 - Markt-XXL","description":"Markt-XXL Easy-Carry Wrap-It Storage Straps (Aufbewahrungsgurte) \u2013 711 mm (2er-Pack) \u2013 Aufh\u00e4nger und Organizer mit Klettverschluss\u2026","robots":{"index":"index","follow":"follow","max-snippet":"max-snippet:-1","max-image-preview":"max-image-preview:large","max-video-preview":"max-video-preview:-1"},"canonical":"https:\/\/marktxxl.de\/markt\/produkt\/heavy-duty-wrap-it-storage-strap-hochleistungshaken-und-schleifenkabel-tragegurt-aufhaenger-und-organizer-mit-griff-fuer-poolschlaeuche-gartenschlaeuche-kabeln-kabeln-und-mehr\/","og_locale":"de_DE","og_type":"article","og_title":"Easy-Carry Wrap-It Storage Straps (Aufbewahrungsgurte) \u2013 711 mm (2er-Pack) \u2013 Aufh\u00e4nger und Organizer mit Klettverschluss\u2026 - Markt-XXL","og_description":"Markt-XXL Easy-Carry Wrap-It Storage Straps (Aufbewahrungsgurte) \u2013 711 mm (2er-Pack) \u2013 Aufh\u00e4nger und Organizer mit Klettverschluss\u2026","og_url":"https:\/\/marktxxl.de\/markt\/produkt\/heavy-duty-wrap-it-storage-strap-hochleistungshaken-und-schleifenkabel-tragegurt-aufhaenger-und-organizer-mit-griff-fuer-poolschlaeuche-gartenschlaeuche-kabeln-kabeln-und-mehr\/","og_site_name":"Markt-XXL","article_modified_time":"2023-04-11T02:58:19+00:00","og_image":[{"width":500,"height":500,"url":"https:\/\/m.media-amazon.com\/images\/I\/51rpo+HCq2L._SL500_.jpg","type":"image\/jpeg"}],"twitter_card":"summary_large_image","twitter_misc":{"Gesch\u00e4tzte Lesezeit":"1\u00a0Minute"},"schema":{"@context":"https:\/\/schema.org","@graph":[{"@type":"WebPage","@id":"https:\/\/marktxxl.de\/markt\/produkt\/heavy-duty-wrap-it-storage-strap-hochleistungshaken-und-schleifenkabel-tragegurt-aufhaenger-und-organizer-mit-griff-fuer-poolschlaeuche-gartenschlaeuche-kabeln-kabeln-und-mehr\/","url":"https:\/\/marktxxl.de\/markt\/produkt\/heavy-duty-wrap-it-storage-strap-hochleistungshaken-und-schleifenkabel-tragegurt-aufhaenger-und-organizer-mit-griff-fuer-poolschlaeuche-gartenschlaeuche-kabeln-kabeln-und-mehr\/","name":"Easy-Carry Wrap-It Storage Straps (Aufbewahrungsgurte) \u2013 711 mm (2er-Pack) \u2013 Aufh\u00e4nger und Organizer mit Klettverschluss\u2026 - Markt-XXL","isPartOf":{"@id":"https:\/\/marktxxl.de\/markt\/#website"},"primaryImageOfPage":{"@id":"https:\/\/marktxxl.de\/markt\/produkt\/heavy-duty-wrap-it-storage-strap-hochleistungshaken-und-schleifenkabel-tragegurt-aufhaenger-und-organizer-mit-griff-fuer-poolschlaeuche-gartenschlaeuche-kabeln-kabeln-und-mehr\/#primaryimage"},"image":{"@id":"https:\/\/marktxxl.de\/markt\/produkt\/heavy-duty-wrap-it-storage-strap-hochleistungshaken-und-schleifenkabel-tragegurt-aufhaenger-und-organizer-mit-griff-fuer-poolschlaeuche-gartenschlaeuche-kabeln-kabeln-und-mehr\/#primaryimage"},"thumbnailUrl":"https:\/\/m.media-amazon.com\/images\/I\/51rpo+HCq2L._SL500_.jpg","datePublished":"2022-12-10T23:07:14+00:00","dateModified":"2023-04-11T02:58:19+00:00","description":"Markt-XXL Easy-Carry Wrap-It Storage Straps (Aufbewahrungsgurte) \u2013 711 mm (2er-Pack) \u2013 Aufh\u00e4nger und Organizer mit Klettverschluss\u2026","breadcrumb":{"@id":"https:\/\/marktxxl.de\/markt\/produkt\/heavy-duty-wrap-it-storage-strap-hochleistungshaken-und-schleifenkabel-tragegurt-aufhaenger-und-organizer-mit-griff-fuer-poolschlaeuche-gartenschlaeuche-kabeln-kabeln-und-mehr\/#breadcrumb"},"inLanguage":"de","potentialAction":[{"@type":"ReadAction","target":["https:\/\/marktxxl.de\/markt\/produkt\/heavy-duty-wrap-it-storage-strap-hochleistungshaken-und-schleifenkabel-tragegurt-aufhaenger-und-organizer-mit-griff-fuer-poolschlaeuche-gartenschlaeuche-kabeln-kabeln-und-mehr\/"]}]},{"@type":"ImageObject","inLanguage":"de","@id":"https:\/\/marktxxl.de\/markt\/produkt\/heavy-duty-wrap-it-storage-strap-hochleistungshaken-und-schleifenkabel-tragegurt-aufhaenger-und-organizer-mit-griff-fuer-poolschlaeuche-gartenschlaeuche-kabeln-kabeln-und-mehr\/#primaryimage","url":"https:\/\/m.media-amazon.com\/images\/I\/51rpo+HCq2L._SL500_.jpg","contentUrl":"https:\/\/m.media-amazon.com\/images\/I\/51rpo+HCq2L._SL500_.jpg","width":500,"height":500},{"@type":"BreadcrumbList","@id":"https:\/\/marktxxl.de\/markt\/produkt\/heavy-duty-wrap-it-storage-strap-hochleistungshaken-und-schleifenkabel-tragegurt-aufhaenger-und-organizer-mit-griff-fuer-poolschlaeuche-gartenschlaeuche-kabeln-kabeln-und-mehr\/#breadcrumb","itemListElement":[{"@type":"ListItem","position":1,"name":"Startseite","item":"https:\/\/marktxxl.de\/markt\/"},{"@type":"ListItem","position":2,"name":"Markt","item":"https:\/\/marktxxl.de\/markt\/"},{"@type":"ListItem","position":3,"name":"Easy-Carry Wrap-It Storage Straps (Aufbewahrungsgurte) \u2013 711 mm (2er-Pack) \u2013 Aufh\u00e4nger und Organizer mit Klettverschluss\u2026"}]},{"@type":"WebSite","@id":"https:\/\/marktxxl.de\/markt\/#website","url":"https:\/\/marktxxl.de\/markt\/","name":"Markt-XXL","description":"Ihr Markt Online","publisher":{"@id":"https:\/\/marktxxl.de\/markt\/#organization"},"potentialAction":[{"@type":"SearchAction","target":{"@type":"EntryPoint","urlTemplate":"https:\/\/marktxxl.de\/markt\/?s={search_term_string}"},"query-input":{"@type":"PropertyValueSpecification","valueRequired":true,"valueName":"search_term_string"}}],"inLanguage":"de"},{"@type":"Organization","@id":"https:\/\/marktxxl.de\/markt\/#organization","name":"Markt-XXL","url":"https:\/\/marktxxl.de\/markt\/","logo":{"@type":"ImageObject","inLanguage":"de","@id":"https:\/\/marktxxl.de\/markt\/#\/schema\/logo\/image\/","url":"https:\/\/marktxxl.de\/markt\/wp-content\/uploads\/sites\/3\/2020\/12\/logo.png","contentUrl":"https:\/\/marktxxl.de\/markt\/wp-content\/uploads\/sites\/3\/2020\/12\/logo.png","width":200,"height":70,"caption":"Markt-XXL"},"image":{"@id":"https:\/\/marktxxl.de\/markt\/#\/schema\/logo\/image\/"}}]}},"_links":{"self":[{"href":"https:\/\/marktxxl.de\/markt\/wp-json\/wp\/v2\/product\/170795","targetHints":{"allow":["GET"]}}],"collection":[{"href":"https:\/\/marktxxl.de\/markt\/wp-json\/wp\/v2\/product"}],"about":[{"href":"https:\/\/marktxxl.de\/markt\/wp-json\/wp\/v2\/types\/product"}],"replies":[{"embeddable":true,"href":"https:\/\/marktxxl.de\/markt\/wp-json\/wp\/v2\/comments?post=170795"}],"wp:featuredmedia":[{"embeddable":true,"href":"https:\/\/marktxxl.de\/markt\/wp-json\/wp\/v2\/media\/170796"}],"wp:attachment":[{"href":"https:\/\/marktxxl.de\/markt\/wp-json\/wp\/v2\/media?parent=170795"}],"wp:term":[{"taxonomy":"product_brand","embeddable":true,"href":"https:\/\/marktxxl.de\/markt\/wp-json\/wp\/v2\/product_brand?post=170795"},{"taxonomy":"product_cat","embeddable":true,"href":"https:\/\/marktxxl.de\/markt\/wp-json\/wp\/v2\/product_cat?post=170795"},{"taxonomy":"product_tag","embeddable":true,"href":"https:\/\/marktxxl.de\/markt\/wp-json\/wp\/v2\/product_tag?post=170795"}],"curies":[{"name":"wp","href":"https:\/\/api.w.org\/{rel}","templated":true}]}}