{"id":170579,"date":"2022-12-10T23:58:18","date_gmt":"2022-12-10T22:58:18","guid":{"rendered":"https:\/\/marktxxl.de\/markt\/produkt\/fischer-l-boxx-102-duopower-universalduebel-leistungsstarker-2-komponenten-duebel-kunststoffduebel-zur-befestigung-in-beton-stein-gipskarton-grau-910x-duopower-in-den-verschiedenen-groessen\/"},"modified":"2023-04-11T04:57:41","modified_gmt":"2023-04-11T02:57:41","slug":"fischer-l-boxx-102-duopower-universalduebel-leistungsstarker-2-komponenten-duebel-kunststoffduebel-zur-befestigung-in-beton-stein-gipskarton-grau-910x-duopower-in-den-verschiedenen-groessen","status":"publish","type":"product","link":"https:\/\/marktxxl.de\/markt\/produkt\/fischer-l-boxx-102-duopower-universalduebel-leistungsstarker-2-komponenten-duebel-kunststoffduebel-zur-befestigung-in-beton-stein-gipskarton-grau-910x-duopower-in-den-verschiedenen-groessen\/","title":{"rendered":"fischer L-BOXX 102 DUOPOWER &#8211; Universald\u00fcbel, leistungsstarker 2-Komponenten-D\u00fcbel, Kunststoffd\u00fcbel zur Befestigung in\u2026"},"content":{"rendered":"<p>Robuste, stapelbare L-BOXX 102 f\u00fcr den sicheren und bequemen Transport<br \/>\nEin D\u00fcbel f\u00fcr alle Baustoffe: Als intelligenter 2-Komponenten-D\u00fcbel passt sich der DUOPOWER automatisch den Erfordernissen des Baustoffs an und erreicht durch die drei Funktionsprinzipien klappen (Lochbaustoffe), spreizen (Vollbaustoffe) und knoten (Plattenbaustoffe) h\u00f6chste Lastwerte.<br \/>\nAbsolut leistungsstark: Durch die kompakte und kurze Form sind deutlich weniger Bohraufwand und somit k\u00fcrzere Schrauben erforderlich, beim Einschlagen des D\u00fcbels verhindert der schmale Rand das Durchrutschen ins Bohrloch, die Mitdrehsicherung verhindert das Mitdrehen des D\u00fcbels und dank der bestm\u00f6glichen R\u00fcckmeldung sp\u00fcren Sie sofort, wenn er perfekt sitzt.<br \/>\nAnwendungsgebiete: Der kraftvolle D\u00fcbel eignet sich zur Anbringung von leichten und schweren Gegenst\u00e4nden wie Bilder, Leuchten, Konsolen, Spiegel- und H\u00e4ngeschr\u00e4nken, Waschbeckenbefestigungen, Wandregale, Sanit\u00e4r\/Heizung\/Klima-Befestigungen, Bad- und WC-Einrichtungen sowie Dunstabzugshauben in zahlreichen Baustoffen wie (Leicht)-Beton, Voll- und Hochlochziegel, Natur-, Voll- und Lochstein, Gipskarton, Gipsbau und -faserplatten, Hohldecken und Spanplatten.<br \/>\nLieferumfang: 430x DUOPOWER 6&#215;30, 110x DUOPOWER 6&#215;50, 180x DUOPOWER 8&#215;40, 120x DUOPOWER 8&#215;65, 70x DUOPOWER 10&#215;50<br \/>\n<div class=\"main-cross-sell\" data-asin=\"B08GQ6MFGP\">\n\n\t<div class=\"WooZone-cross-sell-loader\">\n\t\t<div>\n\t\t\t<div id=\"floatingBarsG\">\n\t\t\t\t<div class=\"blockG\" id=\"rotateG_01\"><\/div>\n\t\t\t\t<div class=\"blockG\" id=\"rotateG_02\"><\/div>\n\t\t\t\t<div class=\"blockG\" id=\"rotateG_03\"><\/div>\n\t\t\t\t<div class=\"blockG\" id=\"rotateG_04\"><\/div>\n\t\t\t\t<div class=\"blockG\" id=\"rotateG_05\"><\/div>\n\t\t\t\t<div class=\"blockG\" id=\"rotateG_06\"><\/div>\n\t\t\t\t<div class=\"blockG\" id=\"rotateG_07\"><\/div>\n\t\t\t\t<div class=\"blockG\" id=\"rotateG_08\"><\/div>\n\t\t\t<\/div>\n\t\t\t<div class=\"WooZone-cross-sell-loader-text\"><\/div>\n\t\t<\/div>\n\t<\/div>\n\n\t\t\n<\/div>\n<div style=\"clear:both;\"><\/div><\/p>\n","protected":false},"excerpt":{"rendered":"<p>Robuste, stapelbare L-BOXX 102 f\u00fcr den sicheren und bequemen Transport<br \/>\nEin D\u00fcbel f\u00fcr alle Baustoffe: Als intelligenter 2-Komponenten-D\u00fcbel passt sich der DUOPOWER automatisch den Erfordernissen des Baustoffs an und erreicht durch die drei Funktionsprinzipien klappen (Lochbaustoffe), spreizen (Vollbaustoffe) und knoten (Plattenbaustoffe) h\u00f6chste Lastwerte.<br \/>\nAbsolut leistungsstark: Durch die kompakte und kurze Form sind deutlich weniger Bohraufwand und somit k\u00fcrzere Schrauben erforderlich, beim Einschlagen des D\u00fcbels verhindert der schmale Rand das Durchrutschen ins Bohrloch, die Mitdrehsicherung verhindert das Mitdrehen des D\u00fcbels und dank der bestm\u00f6glichen R\u00fcckmeldung sp\u00fcren Sie sofort, wenn er perfekt sitzt.<\/p>\n","protected":false},"featured_media":170580,"comment_status":"open","ping_status":"closed","template":"","meta":[],"product_brand":[],"product_cat":[1983,10970],"product_tag":[],"class_list":{"0":"post-170579","1":"product","2":"type-product","3":"status-publish","4":"has-post-thumbnail","6":"product_cat-baumarkt","7":"product_cat-elektro-handwerkzeuge","8":"pa_binding-werkzeug","9":"pa_brand-fischer","10":"pa_color-grau","11":"pa_height-5-70865-zoll","12":"pa_length-18-1102-zoll","13":"pa_manufacturer-fischerwerke-gmbh-co-kg","14":"pa_model-45504","15":"pa_size-l-boxx","16":"pa_width-14-5669-zoll","18":"first","19":"instock","20":"shipping-taxable","21":"purchasable","22":"product-type-simple","23":"customify-col","24":"product-has-gallery"},"yoast_head":"<!-- This site is optimized with the Yoast SEO plugin v27.3 - https:\/\/yoast.com\/product\/yoast-seo-wordpress\/ -->\n<title>fischer L-BOXX 102 DUOPOWER - Universald\u00fcbel, leistungsstarker 2-Komponenten-D\u00fcbel, Kunststoffd\u00fcbel zur Befestigung in\u2026 - Markt-XXL<\/title>\n<meta name=\"description\" content=\"Markt-XXL fischer L-BOXX 102 DUOPOWER - Universald\u00fcbel, leistungsstarker 2-Komponenten-D\u00fcbel, Kunststoffd\u00fcbel zur Befestigung in\u2026\" \/>\n<meta name=\"robots\" content=\"index, follow, max-snippet:-1, max-image-preview:large, max-video-preview:-1\" \/>\n<link rel=\"canonical\" href=\"https:\/\/marktxxl.de\/markt\/produkt\/fischer-l-boxx-102-duopower-universalduebel-leistungsstarker-2-komponenten-duebel-kunststoffduebel-zur-befestigung-in-beton-stein-gipskarton-grau-910x-duopower-in-den-verschiedenen-groessen\/\" \/>\n<meta property=\"og:locale\" content=\"de_DE\" \/>\n<meta property=\"og:type\" content=\"article\" \/>\n<meta property=\"og:title\" content=\"fischer L-BOXX 102 DUOPOWER - Universald\u00fcbel, leistungsstarker 2-Komponenten-D\u00fcbel, Kunststoffd\u00fcbel zur Befestigung in\u2026 - Markt-XXL\" \/>\n<meta property=\"og:description\" content=\"Markt-XXL fischer L-BOXX 102 DUOPOWER - Universald\u00fcbel, leistungsstarker 2-Komponenten-D\u00fcbel, Kunststoffd\u00fcbel zur Befestigung in\u2026\" \/>\n<meta property=\"og:url\" content=\"https:\/\/marktxxl.de\/markt\/produkt\/fischer-l-boxx-102-duopower-universalduebel-leistungsstarker-2-komponenten-duebel-kunststoffduebel-zur-befestigung-in-beton-stein-gipskarton-grau-910x-duopower-in-den-verschiedenen-groessen\/\" \/>\n<meta property=\"og:site_name\" content=\"Markt-XXL\" \/>\n<meta property=\"article:modified_time\" content=\"2023-04-11T02:57:41+00:00\" \/>\n<meta property=\"og:image\" content=\"https:\/\/m.media-amazon.com\/images\/I\/41pjryh4K2S._SL500_.jpg\" \/>\n\t<meta property=\"og:image:width\" content=\"500\" \/>\n\t<meta property=\"og:image:height\" content=\"498\" \/>\n\t<meta property=\"og:image:type\" content=\"image\/jpeg\" \/>\n<meta name=\"twitter:card\" content=\"summary_large_image\" \/>\n<meta name=\"twitter:label1\" content=\"Gesch\u00e4tzte Lesezeit\" \/>\n\t<meta name=\"twitter:data1\" content=\"1\u00a0Minute\" \/>\n<script type=\"application\/ld+json\" class=\"yoast-schema-graph\">{\"@context\":\"https:\\\/\\\/schema.org\",\"@graph\":[{\"@type\":\"WebPage\",\"@id\":\"https:\\\/\\\/marktxxl.de\\\/markt\\\/produkt\\\/fischer-l-boxx-102-duopower-universalduebel-leistungsstarker-2-komponenten-duebel-kunststoffduebel-zur-befestigung-in-beton-stein-gipskarton-grau-910x-duopower-in-den-verschiedenen-groessen\\\/\",\"url\":\"https:\\\/\\\/marktxxl.de\\\/markt\\\/produkt\\\/fischer-l-boxx-102-duopower-universalduebel-leistungsstarker-2-komponenten-duebel-kunststoffduebel-zur-befestigung-in-beton-stein-gipskarton-grau-910x-duopower-in-den-verschiedenen-groessen\\\/\",\"name\":\"fischer L-BOXX 102 DUOPOWER - Universald\u00fcbel, leistungsstarker 2-Komponenten-D\u00fcbel, Kunststoffd\u00fcbel zur Befestigung in\u2026 - Markt-XXL\",\"isPartOf\":{\"@id\":\"https:\\\/\\\/marktxxl.de\\\/markt\\\/#website\"},\"primaryImageOfPage\":{\"@id\":\"https:\\\/\\\/marktxxl.de\\\/markt\\\/produkt\\\/fischer-l-boxx-102-duopower-universalduebel-leistungsstarker-2-komponenten-duebel-kunststoffduebel-zur-befestigung-in-beton-stein-gipskarton-grau-910x-duopower-in-den-verschiedenen-groessen\\\/#primaryimage\"},\"image\":{\"@id\":\"https:\\\/\\\/marktxxl.de\\\/markt\\\/produkt\\\/fischer-l-boxx-102-duopower-universalduebel-leistungsstarker-2-komponenten-duebel-kunststoffduebel-zur-befestigung-in-beton-stein-gipskarton-grau-910x-duopower-in-den-verschiedenen-groessen\\\/#primaryimage\"},\"thumbnailUrl\":\"https:\\\/\\\/m.media-amazon.com\\\/images\\\/I\\\/41pjryh4K2S._SL500_.jpg\",\"datePublished\":\"2022-12-10T22:58:18+00:00\",\"dateModified\":\"2023-04-11T02:57:41+00:00\",\"description\":\"Markt-XXL fischer L-BOXX 102 DUOPOWER - Universald\u00fcbel, leistungsstarker 2-Komponenten-D\u00fcbel, Kunststoffd\u00fcbel zur Befestigung in\u2026\",\"breadcrumb\":{\"@id\":\"https:\\\/\\\/marktxxl.de\\\/markt\\\/produkt\\\/fischer-l-boxx-102-duopower-universalduebel-leistungsstarker-2-komponenten-duebel-kunststoffduebel-zur-befestigung-in-beton-stein-gipskarton-grau-910x-duopower-in-den-verschiedenen-groessen\\\/#breadcrumb\"},\"inLanguage\":\"de\",\"potentialAction\":[{\"@type\":\"ReadAction\",\"target\":[\"https:\\\/\\\/marktxxl.de\\\/markt\\\/produkt\\\/fischer-l-boxx-102-duopower-universalduebel-leistungsstarker-2-komponenten-duebel-kunststoffduebel-zur-befestigung-in-beton-stein-gipskarton-grau-910x-duopower-in-den-verschiedenen-groessen\\\/\"]}]},{\"@type\":\"ImageObject\",\"inLanguage\":\"de\",\"@id\":\"https:\\\/\\\/marktxxl.de\\\/markt\\\/produkt\\\/fischer-l-boxx-102-duopower-universalduebel-leistungsstarker-2-komponenten-duebel-kunststoffduebel-zur-befestigung-in-beton-stein-gipskarton-grau-910x-duopower-in-den-verschiedenen-groessen\\\/#primaryimage\",\"url\":\"https:\\\/\\\/m.media-amazon.com\\\/images\\\/I\\\/41pjryh4K2S._SL500_.jpg\",\"contentUrl\":\"https:\\\/\\\/m.media-amazon.com\\\/images\\\/I\\\/41pjryh4K2S._SL500_.jpg\",\"width\":500,\"height\":498},{\"@type\":\"BreadcrumbList\",\"@id\":\"https:\\\/\\\/marktxxl.de\\\/markt\\\/produkt\\\/fischer-l-boxx-102-duopower-universalduebel-leistungsstarker-2-komponenten-duebel-kunststoffduebel-zur-befestigung-in-beton-stein-gipskarton-grau-910x-duopower-in-den-verschiedenen-groessen\\\/#breadcrumb\",\"itemListElement\":[{\"@type\":\"ListItem\",\"position\":1,\"name\":\"Startseite\",\"item\":\"https:\\\/\\\/marktxxl.de\\\/markt\\\/\"},{\"@type\":\"ListItem\",\"position\":2,\"name\":\"Markt\",\"item\":\"https:\\\/\\\/marktxxl.de\\\/markt\\\/\"},{\"@type\":\"ListItem\",\"position\":3,\"name\":\"fischer L-BOXX 102 DUOPOWER &#8211; Universald\u00fcbel, leistungsstarker 2-Komponenten-D\u00fcbel, Kunststoffd\u00fcbel zur Befestigung in\u2026\"}]},{\"@type\":\"WebSite\",\"@id\":\"https:\\\/\\\/marktxxl.de\\\/markt\\\/#website\",\"url\":\"https:\\\/\\\/marktxxl.de\\\/markt\\\/\",\"name\":\"Markt-XXL\",\"description\":\"Ihr Markt Online\",\"publisher\":{\"@id\":\"https:\\\/\\\/marktxxl.de\\\/markt\\\/#organization\"},\"potentialAction\":[{\"@type\":\"SearchAction\",\"target\":{\"@type\":\"EntryPoint\",\"urlTemplate\":\"https:\\\/\\\/marktxxl.de\\\/markt\\\/?s={search_term_string}\"},\"query-input\":{\"@type\":\"PropertyValueSpecification\",\"valueRequired\":true,\"valueName\":\"search_term_string\"}}],\"inLanguage\":\"de\"},{\"@type\":\"Organization\",\"@id\":\"https:\\\/\\\/marktxxl.de\\\/markt\\\/#organization\",\"name\":\"Markt-XXL\",\"url\":\"https:\\\/\\\/marktxxl.de\\\/markt\\\/\",\"logo\":{\"@type\":\"ImageObject\",\"inLanguage\":\"de\",\"@id\":\"https:\\\/\\\/marktxxl.de\\\/markt\\\/#\\\/schema\\\/logo\\\/image\\\/\",\"url\":\"https:\\\/\\\/marktxxl.de\\\/markt\\\/wp-content\\\/uploads\\\/sites\\\/3\\\/2020\\\/12\\\/logo.png\",\"contentUrl\":\"https:\\\/\\\/marktxxl.de\\\/markt\\\/wp-content\\\/uploads\\\/sites\\\/3\\\/2020\\\/12\\\/logo.png\",\"width\":200,\"height\":70,\"caption\":\"Markt-XXL\"},\"image\":{\"@id\":\"https:\\\/\\\/marktxxl.de\\\/markt\\\/#\\\/schema\\\/logo\\\/image\\\/\"}}]}<\/script>\n<!-- \/ Yoast SEO plugin. -->","yoast_head_json":{"title":"fischer L-BOXX 102 DUOPOWER - Universald\u00fcbel, leistungsstarker 2-Komponenten-D\u00fcbel, Kunststoffd\u00fcbel zur Befestigung in\u2026 - Markt-XXL","description":"Markt-XXL fischer L-BOXX 102 DUOPOWER - Universald\u00fcbel, leistungsstarker 2-Komponenten-D\u00fcbel, Kunststoffd\u00fcbel zur Befestigung in\u2026","robots":{"index":"index","follow":"follow","max-snippet":"max-snippet:-1","max-image-preview":"max-image-preview:large","max-video-preview":"max-video-preview:-1"},"canonical":"https:\/\/marktxxl.de\/markt\/produkt\/fischer-l-boxx-102-duopower-universalduebel-leistungsstarker-2-komponenten-duebel-kunststoffduebel-zur-befestigung-in-beton-stein-gipskarton-grau-910x-duopower-in-den-verschiedenen-groessen\/","og_locale":"de_DE","og_type":"article","og_title":"fischer L-BOXX 102 DUOPOWER - Universald\u00fcbel, leistungsstarker 2-Komponenten-D\u00fcbel, Kunststoffd\u00fcbel zur Befestigung in\u2026 - Markt-XXL","og_description":"Markt-XXL fischer L-BOXX 102 DUOPOWER - Universald\u00fcbel, leistungsstarker 2-Komponenten-D\u00fcbel, Kunststoffd\u00fcbel zur Befestigung in\u2026","og_url":"https:\/\/marktxxl.de\/markt\/produkt\/fischer-l-boxx-102-duopower-universalduebel-leistungsstarker-2-komponenten-duebel-kunststoffduebel-zur-befestigung-in-beton-stein-gipskarton-grau-910x-duopower-in-den-verschiedenen-groessen\/","og_site_name":"Markt-XXL","article_modified_time":"2023-04-11T02:57:41+00:00","og_image":[{"width":500,"height":498,"url":"https:\/\/m.media-amazon.com\/images\/I\/41pjryh4K2S._SL500_.jpg","type":"image\/jpeg"}],"twitter_card":"summary_large_image","twitter_misc":{"Gesch\u00e4tzte Lesezeit":"1\u00a0Minute"},"schema":{"@context":"https:\/\/schema.org","@graph":[{"@type":"WebPage","@id":"https:\/\/marktxxl.de\/markt\/produkt\/fischer-l-boxx-102-duopower-universalduebel-leistungsstarker-2-komponenten-duebel-kunststoffduebel-zur-befestigung-in-beton-stein-gipskarton-grau-910x-duopower-in-den-verschiedenen-groessen\/","url":"https:\/\/marktxxl.de\/markt\/produkt\/fischer-l-boxx-102-duopower-universalduebel-leistungsstarker-2-komponenten-duebel-kunststoffduebel-zur-befestigung-in-beton-stein-gipskarton-grau-910x-duopower-in-den-verschiedenen-groessen\/","name":"fischer L-BOXX 102 DUOPOWER - Universald\u00fcbel, leistungsstarker 2-Komponenten-D\u00fcbel, Kunststoffd\u00fcbel zur Befestigung in\u2026 - Markt-XXL","isPartOf":{"@id":"https:\/\/marktxxl.de\/markt\/#website"},"primaryImageOfPage":{"@id":"https:\/\/marktxxl.de\/markt\/produkt\/fischer-l-boxx-102-duopower-universalduebel-leistungsstarker-2-komponenten-duebel-kunststoffduebel-zur-befestigung-in-beton-stein-gipskarton-grau-910x-duopower-in-den-verschiedenen-groessen\/#primaryimage"},"image":{"@id":"https:\/\/marktxxl.de\/markt\/produkt\/fischer-l-boxx-102-duopower-universalduebel-leistungsstarker-2-komponenten-duebel-kunststoffduebel-zur-befestigung-in-beton-stein-gipskarton-grau-910x-duopower-in-den-verschiedenen-groessen\/#primaryimage"},"thumbnailUrl":"https:\/\/m.media-amazon.com\/images\/I\/41pjryh4K2S._SL500_.jpg","datePublished":"2022-12-10T22:58:18+00:00","dateModified":"2023-04-11T02:57:41+00:00","description":"Markt-XXL fischer L-BOXX 102 DUOPOWER - Universald\u00fcbel, leistungsstarker 2-Komponenten-D\u00fcbel, Kunststoffd\u00fcbel zur Befestigung in\u2026","breadcrumb":{"@id":"https:\/\/marktxxl.de\/markt\/produkt\/fischer-l-boxx-102-duopower-universalduebel-leistungsstarker-2-komponenten-duebel-kunststoffduebel-zur-befestigung-in-beton-stein-gipskarton-grau-910x-duopower-in-den-verschiedenen-groessen\/#breadcrumb"},"inLanguage":"de","potentialAction":[{"@type":"ReadAction","target":["https:\/\/marktxxl.de\/markt\/produkt\/fischer-l-boxx-102-duopower-universalduebel-leistungsstarker-2-komponenten-duebel-kunststoffduebel-zur-befestigung-in-beton-stein-gipskarton-grau-910x-duopower-in-den-verschiedenen-groessen\/"]}]},{"@type":"ImageObject","inLanguage":"de","@id":"https:\/\/marktxxl.de\/markt\/produkt\/fischer-l-boxx-102-duopower-universalduebel-leistungsstarker-2-komponenten-duebel-kunststoffduebel-zur-befestigung-in-beton-stein-gipskarton-grau-910x-duopower-in-den-verschiedenen-groessen\/#primaryimage","url":"https:\/\/m.media-amazon.com\/images\/I\/41pjryh4K2S._SL500_.jpg","contentUrl":"https:\/\/m.media-amazon.com\/images\/I\/41pjryh4K2S._SL500_.jpg","width":500,"height":498},{"@type":"BreadcrumbList","@id":"https:\/\/marktxxl.de\/markt\/produkt\/fischer-l-boxx-102-duopower-universalduebel-leistungsstarker-2-komponenten-duebel-kunststoffduebel-zur-befestigung-in-beton-stein-gipskarton-grau-910x-duopower-in-den-verschiedenen-groessen\/#breadcrumb","itemListElement":[{"@type":"ListItem","position":1,"name":"Startseite","item":"https:\/\/marktxxl.de\/markt\/"},{"@type":"ListItem","position":2,"name":"Markt","item":"https:\/\/marktxxl.de\/markt\/"},{"@type":"ListItem","position":3,"name":"fischer L-BOXX 102 DUOPOWER &#8211; Universald\u00fcbel, leistungsstarker 2-Komponenten-D\u00fcbel, Kunststoffd\u00fcbel zur Befestigung in\u2026"}]},{"@type":"WebSite","@id":"https:\/\/marktxxl.de\/markt\/#website","url":"https:\/\/marktxxl.de\/markt\/","name":"Markt-XXL","description":"Ihr Markt Online","publisher":{"@id":"https:\/\/marktxxl.de\/markt\/#organization"},"potentialAction":[{"@type":"SearchAction","target":{"@type":"EntryPoint","urlTemplate":"https:\/\/marktxxl.de\/markt\/?s={search_term_string}"},"query-input":{"@type":"PropertyValueSpecification","valueRequired":true,"valueName":"search_term_string"}}],"inLanguage":"de"},{"@type":"Organization","@id":"https:\/\/marktxxl.de\/markt\/#organization","name":"Markt-XXL","url":"https:\/\/marktxxl.de\/markt\/","logo":{"@type":"ImageObject","inLanguage":"de","@id":"https:\/\/marktxxl.de\/markt\/#\/schema\/logo\/image\/","url":"https:\/\/marktxxl.de\/markt\/wp-content\/uploads\/sites\/3\/2020\/12\/logo.png","contentUrl":"https:\/\/marktxxl.de\/markt\/wp-content\/uploads\/sites\/3\/2020\/12\/logo.png","width":200,"height":70,"caption":"Markt-XXL"},"image":{"@id":"https:\/\/marktxxl.de\/markt\/#\/schema\/logo\/image\/"}}]}},"_links":{"self":[{"href":"https:\/\/marktxxl.de\/markt\/wp-json\/wp\/v2\/product\/170579","targetHints":{"allow":["GET"]}}],"collection":[{"href":"https:\/\/marktxxl.de\/markt\/wp-json\/wp\/v2\/product"}],"about":[{"href":"https:\/\/marktxxl.de\/markt\/wp-json\/wp\/v2\/types\/product"}],"replies":[{"embeddable":true,"href":"https:\/\/marktxxl.de\/markt\/wp-json\/wp\/v2\/comments?post=170579"}],"wp:featuredmedia":[{"embeddable":true,"href":"https:\/\/marktxxl.de\/markt\/wp-json\/wp\/v2\/media\/170580"}],"wp:attachment":[{"href":"https:\/\/marktxxl.de\/markt\/wp-json\/wp\/v2\/media?parent=170579"}],"wp:term":[{"taxonomy":"product_brand","embeddable":true,"href":"https:\/\/marktxxl.de\/markt\/wp-json\/wp\/v2\/product_brand?post=170579"},{"taxonomy":"product_cat","embeddable":true,"href":"https:\/\/marktxxl.de\/markt\/wp-json\/wp\/v2\/product_cat?post=170579"},{"taxonomy":"product_tag","embeddable":true,"href":"https:\/\/marktxxl.de\/markt\/wp-json\/wp\/v2\/product_tag?post=170579"}],"curies":[{"name":"wp","href":"https:\/\/api.w.org\/{rel}","templated":true}]}}