{"id":170270,"date":"2022-12-10T23:23:02","date_gmt":"2022-12-10T22:23:02","guid":{"rendered":"https:\/\/marktxxl.de\/markt\/produkt\/bmd-50m%c2%b2-dampfbremssystempaket-nach-din-4108-teil-7-enev-dampfsperrfolie-dampfbremsfolie-dampfbremse-dampfsperre-klebeband-folienkleber-ce-siegel\/"},"modified":"2023-04-11T04:57:35","modified_gmt":"2023-04-11T02:57:35","slug":"bmd-50m%c2%b2-dampfbremssystempaket-nach-din-4108-teil-7-enev-dampfsperrfolie-dampfbremsfolie-dampfbremse-dampfsperre-klebeband-folienkleber-ce-siegel","status":"publish","type":"product","link":"https:\/\/marktxxl.de\/markt\/produkt\/bmd-50m%c2%b2-dampfbremssystempaket-nach-din-4108-teil-7-enev-dampfsperrfolie-dampfbremsfolie-dampfbremse-dampfsperre-klebeband-folienkleber-ce-siegel\/","title":{"rendered":"BMD 50m\u00b2 Dampfbremssystempaket nach DIN 4108 Teil 7 &amp; ENEV Dampfsperrfolie Dampfbremsfolie Dampfbremse Dampfsperre\u2026"},"content":{"rendered":"<p>Dach-Paket (hergestellt in Deutschland)<br \/>\n1x Dampfbremsfolie 2mx25m (50m\u00b2) sd-wert gr\u00f6\u00dfer 100m \/ Brandstoffklassse: E)<br \/>\n1x BMD-San Hochleistungsklebeband 50mm x 25lfm f\u00fcr St\u00f6\u00dfe, Durchdringungen<br \/>\n1x BMD-Cral Hochleistungsklebeband 50mm x 40lfm f\u00fcr \u00dcberlappungen<br \/>\n2x BMD-mur bauelastischer Anschlusskleber 310ml f\u00fcr Folienanschluss am Mauerwerk bzw. feste Bauteile<br \/>\n<div class=\"main-cross-sell\" data-asin=\"B009VECUBI\">\n\n\t<div class=\"WooZone-cross-sell-loader\">\n\t\t<div>\n\t\t\t<div id=\"floatingBarsG\">\n\t\t\t\t<div class=\"blockG\" id=\"rotateG_01\"><\/div>\n\t\t\t\t<div class=\"blockG\" id=\"rotateG_02\"><\/div>\n\t\t\t\t<div class=\"blockG\" id=\"rotateG_03\"><\/div>\n\t\t\t\t<div class=\"blockG\" id=\"rotateG_04\"><\/div>\n\t\t\t\t<div class=\"blockG\" id=\"rotateG_05\"><\/div>\n\t\t\t\t<div class=\"blockG\" id=\"rotateG_06\"><\/div>\n\t\t\t\t<div class=\"blockG\" id=\"rotateG_07\"><\/div>\n\t\t\t\t<div class=\"blockG\" id=\"rotateG_08\"><\/div>\n\t\t\t<\/div>\n\t\t\t<div class=\"WooZone-cross-sell-loader-text\"><\/div>\n\t\t<\/div>\n\t<\/div>\n\n\t\t\n<\/div>\n<div style=\"clear:both;\"><\/div><\/p>\n","protected":false},"excerpt":{"rendered":"<p>Dach-Paket (hergestellt in Deutschland)<br \/>\n1x Dampfbremsfolie 2mx25m (50m\u00b2) sd-wert gr\u00f6\u00dfer 100m \/ Brandstoffklassse: E)<br \/>\n1x BMD-San Hochleistungsklebeband 50mm x 25lfm f\u00fcr St\u00f6\u00dfe, Durchdringungen<\/p>\n","protected":false},"featured_media":170271,"comment_status":"open","ping_status":"closed","template":"","meta":[],"product_brand":[],"product_cat":[10704,1983],"product_tag":[],"class_list":{"0":"post-170270","1":"product","2":"type-product","3":"status-publish","4":"has-post-thumbnail","6":"product_cat-baubedarf","7":"product_cat-baumarkt","8":"pa_brand-bmd","9":"pa_manufacturer-bmd-baustoffe","11":"first","12":"instock","13":"shipping-taxable","14":"purchasable","15":"product-type-simple","16":"customify-col","17":"product-has-gallery"},"yoast_head":"<!-- This site is optimized with the Yoast SEO plugin v27.3 - https:\/\/yoast.com\/product\/yoast-seo-wordpress\/ -->\n<title>BMD 50m\u00b2 Dampfbremssystempaket nach DIN 4108 Teil 7 &amp; ENEV Dampfsperrfolie Dampfbremsfolie Dampfbremse Dampfsperre\u2026 - Markt-XXL<\/title>\n<meta name=\"description\" content=\"Markt-XXL BMD 50m\u00b2 Dampfbremssystempaket nach DIN 4108 Teil 7 &amp; ENEV Dampfsperrfolie Dampfbremsfolie Dampfbremse Dampfsperre\u2026\" \/>\n<meta name=\"robots\" content=\"index, follow, max-snippet:-1, max-image-preview:large, max-video-preview:-1\" \/>\n<link rel=\"canonical\" href=\"https:\/\/marktxxl.de\/markt\/produkt\/bmd-50m\u00b2-dampfbremssystempaket-nach-din-4108-teil-7-enev-dampfsperrfolie-dampfbremsfolie-dampfbremse-dampfsperre-klebeband-folienkleber-ce-siegel\/\" \/>\n<meta property=\"og:locale\" content=\"de_DE\" \/>\n<meta property=\"og:type\" content=\"article\" \/>\n<meta property=\"og:title\" content=\"BMD 50m\u00b2 Dampfbremssystempaket nach DIN 4108 Teil 7 &amp; ENEV Dampfsperrfolie Dampfbremsfolie Dampfbremse Dampfsperre\u2026 - Markt-XXL\" \/>\n<meta property=\"og:description\" content=\"Markt-XXL BMD 50m\u00b2 Dampfbremssystempaket nach DIN 4108 Teil 7 &amp; ENEV Dampfsperrfolie Dampfbremsfolie Dampfbremse Dampfsperre\u2026\" \/>\n<meta property=\"og:url\" content=\"https:\/\/marktxxl.de\/markt\/produkt\/bmd-50m\u00b2-dampfbremssystempaket-nach-din-4108-teil-7-enev-dampfsperrfolie-dampfbremsfolie-dampfbremse-dampfsperre-klebeband-folienkleber-ce-siegel\/\" \/>\n<meta property=\"og:site_name\" content=\"Markt-XXL\" \/>\n<meta property=\"article:modified_time\" content=\"2023-04-11T02:57:35+00:00\" \/>\n<meta property=\"og:image\" content=\"https:\/\/m.media-amazon.com\/images\/I\/51Kly8HH9tL._SL500_.jpg\" \/>\n\t<meta property=\"og:image:width\" content=\"500\" \/>\n\t<meta property=\"og:image:height\" content=\"500\" \/>\n\t<meta property=\"og:image:type\" content=\"image\/jpeg\" \/>\n<meta name=\"twitter:card\" content=\"summary_large_image\" \/>\n<script type=\"application\/ld+json\" class=\"yoast-schema-graph\">{\"@context\":\"https:\\\/\\\/schema.org\",\"@graph\":[{\"@type\":\"WebPage\",\"@id\":\"https:\\\/\\\/marktxxl.de\\\/markt\\\/produkt\\\/bmd-50m%c2%b2-dampfbremssystempaket-nach-din-4108-teil-7-enev-dampfsperrfolie-dampfbremsfolie-dampfbremse-dampfsperre-klebeband-folienkleber-ce-siegel\\\/\",\"url\":\"https:\\\/\\\/marktxxl.de\\\/markt\\\/produkt\\\/bmd-50m%c2%b2-dampfbremssystempaket-nach-din-4108-teil-7-enev-dampfsperrfolie-dampfbremsfolie-dampfbremse-dampfsperre-klebeband-folienkleber-ce-siegel\\\/\",\"name\":\"BMD 50m\u00b2 Dampfbremssystempaket nach DIN 4108 Teil 7 &amp; ENEV Dampfsperrfolie Dampfbremsfolie Dampfbremse Dampfsperre\u2026 - Markt-XXL\",\"isPartOf\":{\"@id\":\"https:\\\/\\\/marktxxl.de\\\/markt\\\/#website\"},\"primaryImageOfPage\":{\"@id\":\"https:\\\/\\\/marktxxl.de\\\/markt\\\/produkt\\\/bmd-50m%c2%b2-dampfbremssystempaket-nach-din-4108-teil-7-enev-dampfsperrfolie-dampfbremsfolie-dampfbremse-dampfsperre-klebeband-folienkleber-ce-siegel\\\/#primaryimage\"},\"image\":{\"@id\":\"https:\\\/\\\/marktxxl.de\\\/markt\\\/produkt\\\/bmd-50m%c2%b2-dampfbremssystempaket-nach-din-4108-teil-7-enev-dampfsperrfolie-dampfbremsfolie-dampfbremse-dampfsperre-klebeband-folienkleber-ce-siegel\\\/#primaryimage\"},\"thumbnailUrl\":\"https:\\\/\\\/m.media-amazon.com\\\/images\\\/I\\\/51Kly8HH9tL._SL500_.jpg\",\"datePublished\":\"2022-12-10T22:23:02+00:00\",\"dateModified\":\"2023-04-11T02:57:35+00:00\",\"description\":\"Markt-XXL BMD 50m\u00b2 Dampfbremssystempaket nach DIN 4108 Teil 7 &amp; ENEV Dampfsperrfolie Dampfbremsfolie Dampfbremse Dampfsperre\u2026\",\"breadcrumb\":{\"@id\":\"https:\\\/\\\/marktxxl.de\\\/markt\\\/produkt\\\/bmd-50m%c2%b2-dampfbremssystempaket-nach-din-4108-teil-7-enev-dampfsperrfolie-dampfbremsfolie-dampfbremse-dampfsperre-klebeband-folienkleber-ce-siegel\\\/#breadcrumb\"},\"inLanguage\":\"de\",\"potentialAction\":[{\"@type\":\"ReadAction\",\"target\":[\"https:\\\/\\\/marktxxl.de\\\/markt\\\/produkt\\\/bmd-50m%c2%b2-dampfbremssystempaket-nach-din-4108-teil-7-enev-dampfsperrfolie-dampfbremsfolie-dampfbremse-dampfsperre-klebeband-folienkleber-ce-siegel\\\/\"]}]},{\"@type\":\"ImageObject\",\"inLanguage\":\"de\",\"@id\":\"https:\\\/\\\/marktxxl.de\\\/markt\\\/produkt\\\/bmd-50m%c2%b2-dampfbremssystempaket-nach-din-4108-teil-7-enev-dampfsperrfolie-dampfbremsfolie-dampfbremse-dampfsperre-klebeband-folienkleber-ce-siegel\\\/#primaryimage\",\"url\":\"https:\\\/\\\/m.media-amazon.com\\\/images\\\/I\\\/51Kly8HH9tL._SL500_.jpg\",\"contentUrl\":\"https:\\\/\\\/m.media-amazon.com\\\/images\\\/I\\\/51Kly8HH9tL._SL500_.jpg\",\"width\":500,\"height\":500},{\"@type\":\"BreadcrumbList\",\"@id\":\"https:\\\/\\\/marktxxl.de\\\/markt\\\/produkt\\\/bmd-50m%c2%b2-dampfbremssystempaket-nach-din-4108-teil-7-enev-dampfsperrfolie-dampfbremsfolie-dampfbremse-dampfsperre-klebeband-folienkleber-ce-siegel\\\/#breadcrumb\",\"itemListElement\":[{\"@type\":\"ListItem\",\"position\":1,\"name\":\"Startseite\",\"item\":\"https:\\\/\\\/marktxxl.de\\\/markt\\\/\"},{\"@type\":\"ListItem\",\"position\":2,\"name\":\"Markt\",\"item\":\"https:\\\/\\\/marktxxl.de\\\/markt\\\/\"},{\"@type\":\"ListItem\",\"position\":3,\"name\":\"BMD 50m\u00b2 Dampfbremssystempaket nach DIN 4108 Teil 7 &amp; ENEV Dampfsperrfolie Dampfbremsfolie Dampfbremse Dampfsperre\u2026\"}]},{\"@type\":\"WebSite\",\"@id\":\"https:\\\/\\\/marktxxl.de\\\/markt\\\/#website\",\"url\":\"https:\\\/\\\/marktxxl.de\\\/markt\\\/\",\"name\":\"Markt-XXL\",\"description\":\"Ihr Markt Online\",\"publisher\":{\"@id\":\"https:\\\/\\\/marktxxl.de\\\/markt\\\/#organization\"},\"potentialAction\":[{\"@type\":\"SearchAction\",\"target\":{\"@type\":\"EntryPoint\",\"urlTemplate\":\"https:\\\/\\\/marktxxl.de\\\/markt\\\/?s={search_term_string}\"},\"query-input\":{\"@type\":\"PropertyValueSpecification\",\"valueRequired\":true,\"valueName\":\"search_term_string\"}}],\"inLanguage\":\"de\"},{\"@type\":\"Organization\",\"@id\":\"https:\\\/\\\/marktxxl.de\\\/markt\\\/#organization\",\"name\":\"Markt-XXL\",\"url\":\"https:\\\/\\\/marktxxl.de\\\/markt\\\/\",\"logo\":{\"@type\":\"ImageObject\",\"inLanguage\":\"de\",\"@id\":\"https:\\\/\\\/marktxxl.de\\\/markt\\\/#\\\/schema\\\/logo\\\/image\\\/\",\"url\":\"https:\\\/\\\/marktxxl.de\\\/markt\\\/wp-content\\\/uploads\\\/sites\\\/3\\\/2020\\\/12\\\/logo.png\",\"contentUrl\":\"https:\\\/\\\/marktxxl.de\\\/markt\\\/wp-content\\\/uploads\\\/sites\\\/3\\\/2020\\\/12\\\/logo.png\",\"width\":200,\"height\":70,\"caption\":\"Markt-XXL\"},\"image\":{\"@id\":\"https:\\\/\\\/marktxxl.de\\\/markt\\\/#\\\/schema\\\/logo\\\/image\\\/\"}}]}<\/script>\n<!-- \/ Yoast SEO plugin. -->","yoast_head_json":{"title":"BMD 50m\u00b2 Dampfbremssystempaket nach DIN 4108 Teil 7 &amp; ENEV Dampfsperrfolie Dampfbremsfolie Dampfbremse Dampfsperre\u2026 - Markt-XXL","description":"Markt-XXL BMD 50m\u00b2 Dampfbremssystempaket nach DIN 4108 Teil 7 &amp; ENEV Dampfsperrfolie Dampfbremsfolie Dampfbremse Dampfsperre\u2026","robots":{"index":"index","follow":"follow","max-snippet":"max-snippet:-1","max-image-preview":"max-image-preview:large","max-video-preview":"max-video-preview:-1"},"canonical":"https:\/\/marktxxl.de\/markt\/produkt\/bmd-50m\u00b2-dampfbremssystempaket-nach-din-4108-teil-7-enev-dampfsperrfolie-dampfbremsfolie-dampfbremse-dampfsperre-klebeband-folienkleber-ce-siegel\/","og_locale":"de_DE","og_type":"article","og_title":"BMD 50m\u00b2 Dampfbremssystempaket nach DIN 4108 Teil 7 &amp; ENEV Dampfsperrfolie Dampfbremsfolie Dampfbremse Dampfsperre\u2026 - Markt-XXL","og_description":"Markt-XXL BMD 50m\u00b2 Dampfbremssystempaket nach DIN 4108 Teil 7 &amp; ENEV Dampfsperrfolie Dampfbremsfolie Dampfbremse Dampfsperre\u2026","og_url":"https:\/\/marktxxl.de\/markt\/produkt\/bmd-50m\u00b2-dampfbremssystempaket-nach-din-4108-teil-7-enev-dampfsperrfolie-dampfbremsfolie-dampfbremse-dampfsperre-klebeband-folienkleber-ce-siegel\/","og_site_name":"Markt-XXL","article_modified_time":"2023-04-11T02:57:35+00:00","og_image":[{"width":500,"height":500,"url":"https:\/\/m.media-amazon.com\/images\/I\/51Kly8HH9tL._SL500_.jpg","type":"image\/jpeg"}],"twitter_card":"summary_large_image","schema":{"@context":"https:\/\/schema.org","@graph":[{"@type":"WebPage","@id":"https:\/\/marktxxl.de\/markt\/produkt\/bmd-50m%c2%b2-dampfbremssystempaket-nach-din-4108-teil-7-enev-dampfsperrfolie-dampfbremsfolie-dampfbremse-dampfsperre-klebeband-folienkleber-ce-siegel\/","url":"https:\/\/marktxxl.de\/markt\/produkt\/bmd-50m%c2%b2-dampfbremssystempaket-nach-din-4108-teil-7-enev-dampfsperrfolie-dampfbremsfolie-dampfbremse-dampfsperre-klebeband-folienkleber-ce-siegel\/","name":"BMD 50m\u00b2 Dampfbremssystempaket nach DIN 4108 Teil 7 &amp; ENEV Dampfsperrfolie Dampfbremsfolie Dampfbremse Dampfsperre\u2026 - Markt-XXL","isPartOf":{"@id":"https:\/\/marktxxl.de\/markt\/#website"},"primaryImageOfPage":{"@id":"https:\/\/marktxxl.de\/markt\/produkt\/bmd-50m%c2%b2-dampfbremssystempaket-nach-din-4108-teil-7-enev-dampfsperrfolie-dampfbremsfolie-dampfbremse-dampfsperre-klebeband-folienkleber-ce-siegel\/#primaryimage"},"image":{"@id":"https:\/\/marktxxl.de\/markt\/produkt\/bmd-50m%c2%b2-dampfbremssystempaket-nach-din-4108-teil-7-enev-dampfsperrfolie-dampfbremsfolie-dampfbremse-dampfsperre-klebeband-folienkleber-ce-siegel\/#primaryimage"},"thumbnailUrl":"https:\/\/m.media-amazon.com\/images\/I\/51Kly8HH9tL._SL500_.jpg","datePublished":"2022-12-10T22:23:02+00:00","dateModified":"2023-04-11T02:57:35+00:00","description":"Markt-XXL BMD 50m\u00b2 Dampfbremssystempaket nach DIN 4108 Teil 7 &amp; ENEV Dampfsperrfolie Dampfbremsfolie Dampfbremse Dampfsperre\u2026","breadcrumb":{"@id":"https:\/\/marktxxl.de\/markt\/produkt\/bmd-50m%c2%b2-dampfbremssystempaket-nach-din-4108-teil-7-enev-dampfsperrfolie-dampfbremsfolie-dampfbremse-dampfsperre-klebeband-folienkleber-ce-siegel\/#breadcrumb"},"inLanguage":"de","potentialAction":[{"@type":"ReadAction","target":["https:\/\/marktxxl.de\/markt\/produkt\/bmd-50m%c2%b2-dampfbremssystempaket-nach-din-4108-teil-7-enev-dampfsperrfolie-dampfbremsfolie-dampfbremse-dampfsperre-klebeband-folienkleber-ce-siegel\/"]}]},{"@type":"ImageObject","inLanguage":"de","@id":"https:\/\/marktxxl.de\/markt\/produkt\/bmd-50m%c2%b2-dampfbremssystempaket-nach-din-4108-teil-7-enev-dampfsperrfolie-dampfbremsfolie-dampfbremse-dampfsperre-klebeband-folienkleber-ce-siegel\/#primaryimage","url":"https:\/\/m.media-amazon.com\/images\/I\/51Kly8HH9tL._SL500_.jpg","contentUrl":"https:\/\/m.media-amazon.com\/images\/I\/51Kly8HH9tL._SL500_.jpg","width":500,"height":500},{"@type":"BreadcrumbList","@id":"https:\/\/marktxxl.de\/markt\/produkt\/bmd-50m%c2%b2-dampfbremssystempaket-nach-din-4108-teil-7-enev-dampfsperrfolie-dampfbremsfolie-dampfbremse-dampfsperre-klebeband-folienkleber-ce-siegel\/#breadcrumb","itemListElement":[{"@type":"ListItem","position":1,"name":"Startseite","item":"https:\/\/marktxxl.de\/markt\/"},{"@type":"ListItem","position":2,"name":"Markt","item":"https:\/\/marktxxl.de\/markt\/"},{"@type":"ListItem","position":3,"name":"BMD 50m\u00b2 Dampfbremssystempaket nach DIN 4108 Teil 7 &amp; ENEV Dampfsperrfolie Dampfbremsfolie Dampfbremse Dampfsperre\u2026"}]},{"@type":"WebSite","@id":"https:\/\/marktxxl.de\/markt\/#website","url":"https:\/\/marktxxl.de\/markt\/","name":"Markt-XXL","description":"Ihr Markt Online","publisher":{"@id":"https:\/\/marktxxl.de\/markt\/#organization"},"potentialAction":[{"@type":"SearchAction","target":{"@type":"EntryPoint","urlTemplate":"https:\/\/marktxxl.de\/markt\/?s={search_term_string}"},"query-input":{"@type":"PropertyValueSpecification","valueRequired":true,"valueName":"search_term_string"}}],"inLanguage":"de"},{"@type":"Organization","@id":"https:\/\/marktxxl.de\/markt\/#organization","name":"Markt-XXL","url":"https:\/\/marktxxl.de\/markt\/","logo":{"@type":"ImageObject","inLanguage":"de","@id":"https:\/\/marktxxl.de\/markt\/#\/schema\/logo\/image\/","url":"https:\/\/marktxxl.de\/markt\/wp-content\/uploads\/sites\/3\/2020\/12\/logo.png","contentUrl":"https:\/\/marktxxl.de\/markt\/wp-content\/uploads\/sites\/3\/2020\/12\/logo.png","width":200,"height":70,"caption":"Markt-XXL"},"image":{"@id":"https:\/\/marktxxl.de\/markt\/#\/schema\/logo\/image\/"}}]}},"_links":{"self":[{"href":"https:\/\/marktxxl.de\/markt\/wp-json\/wp\/v2\/product\/170270","targetHints":{"allow":["GET"]}}],"collection":[{"href":"https:\/\/marktxxl.de\/markt\/wp-json\/wp\/v2\/product"}],"about":[{"href":"https:\/\/marktxxl.de\/markt\/wp-json\/wp\/v2\/types\/product"}],"replies":[{"embeddable":true,"href":"https:\/\/marktxxl.de\/markt\/wp-json\/wp\/v2\/comments?post=170270"}],"wp:featuredmedia":[{"embeddable":true,"href":"https:\/\/marktxxl.de\/markt\/wp-json\/wp\/v2\/media\/170271"}],"wp:attachment":[{"href":"https:\/\/marktxxl.de\/markt\/wp-json\/wp\/v2\/media?parent=170270"}],"wp:term":[{"taxonomy":"product_brand","embeddable":true,"href":"https:\/\/marktxxl.de\/markt\/wp-json\/wp\/v2\/product_brand?post=170270"},{"taxonomy":"product_cat","embeddable":true,"href":"https:\/\/marktxxl.de\/markt\/wp-json\/wp\/v2\/product_cat?post=170270"},{"taxonomy":"product_tag","embeddable":true,"href":"https:\/\/marktxxl.de\/markt\/wp-json\/wp\/v2\/product_tag?post=170270"}],"curies":[{"name":"wp","href":"https:\/\/api.w.org\/{rel}","templated":true}]}}