{"id":167872,"date":"2022-11-11T09:59:08","date_gmt":"2022-11-11T08:59:08","guid":{"rendered":"https:\/\/marktxxl.de\/markt\/produkt\/healthspan-retinex-max-60-tabletten-augengesundheit-20-mg-lutein-2-000-ug-zeaxanthin-zusaetzliches-vitamin-b2-carotinoide-aus-natuerlichen-quellen-vegan\/"},"modified":"2023-04-11T04:54:11","modified_gmt":"2023-04-11T02:54:11","slug":"healthspan-retinex-max-60-tabletten-augengesundheit-20-mg-lutein-2-000-ug-zeaxanthin-zusaetzliches-vitamin-b2-carotinoide-aus-natuerlichen-quellen-vegan","status":"publish","type":"product","link":"https:\/\/marktxxl.de\/markt\/produkt\/healthspan-retinex-max-60-tabletten-augengesundheit-20-mg-lutein-2-000-ug-zeaxanthin-zusaetzliches-vitamin-b2-carotinoide-aus-natuerlichen-quellen-vegan\/","title":{"rendered":"Healthspan Retinex Max | 60 Tabletten | Augengesundheit | 20 mg Lutein &amp; 2.000 ug Zeaxanthin | Zus\u00e4tzliches Vitamin B2\u2026"},"content":{"rendered":"<p>20 MG LUTEIN UND 2.000 \u00b5g ZEAXANTHIN &#8211; Jede Tablette enth\u00e4lt 20 mg Lutein (freie vorliegend) und 2.000 \u00b5g Zeaxanthin. Diese beiden leistungsstarken Carotinoide kommen in hohen Konzentrationen in der Makula vor und resorbieren nachweislich blaues Licht.<br \/>\n1.4 MG VITAMIN B2 &#8211; Jede Tablette enth\u00e4lt 1,4mg Vitamin B2, das die gesunde Sehfunktion unterst\u00fctzt. Dieses Vitamin wirkt auch als Antioxidans und bek\u00e4mpft Zellsch\u00e4den, die im Laufe der Zeit durch die t\u00e4glichen Umweltbelastungen entstehen.<br \/>\nREINIGENDES VERFAHREN &#8211; Dar\u00fcber hinaus verwendet Healthspan Lutein und Zeaxanthin aus einer nat\u00fcrlichen Quelle von Ringelblumen, die in einem standardisierten Extraktionsverfahren gereinigt werden. So ist gew\u00e4hrleistet, dass jede vegane Tablette 20 mg Lutein und 2.000 \u03bcg Zeaxanthin enth\u00e4lt.<br \/>\nVEGAN &#8211; Dieses Produkt ist f\u00fcr Veganer und Vegetarier geeignet.<br \/>\n<div class=\"main-cross-sell\" data-asin=\"B072KND15V\">\n\n\t<div class=\"WooZone-cross-sell-loader\">\n\t\t<div>\n\t\t\t<div id=\"floatingBarsG\">\n\t\t\t\t<div class=\"blockG\" id=\"rotateG_01\"><\/div>\n\t\t\t\t<div class=\"blockG\" id=\"rotateG_02\"><\/div>\n\t\t\t\t<div class=\"blockG\" id=\"rotateG_03\"><\/div>\n\t\t\t\t<div class=\"blockG\" id=\"rotateG_04\"><\/div>\n\t\t\t\t<div class=\"blockG\" id=\"rotateG_05\"><\/div>\n\t\t\t\t<div class=\"blockG\" id=\"rotateG_06\"><\/div>\n\t\t\t\t<div class=\"blockG\" id=\"rotateG_07\"><\/div>\n\t\t\t\t<div class=\"blockG\" id=\"rotateG_08\"><\/div>\n\t\t\t<\/div>\n\t\t\t<div class=\"WooZone-cross-sell-loader-text\"><\/div>\n\t\t<\/div>\n\t<\/div>\n\n\t\t\n<\/div>\n<div style=\"clear:both;\"><\/div><\/p>\n","protected":false},"excerpt":{"rendered":"<p>20 MG LUTEIN UND 2.000 \u00b5g ZEAXANTHIN &#8211; Jede Tablette enth\u00e4lt 20 mg Lutein (freie vorliegend) und 2.000 \u00b5g Zeaxanthin. Diese beiden leistungsstarken Carotinoide kommen in hohen Konzentrationen in der Makula vor und resorbieren nachweislich blaues Licht.<br \/>\n1.4 MG VITAMIN B2 &#8211; Jede Tablette enth\u00e4lt 1,4mg Vitamin B2, das die gesunde Sehfunktion unterst\u00fctzt. Dieses Vitamin wirkt auch als Antioxidans und bek\u00e4mpft Zellsch\u00e4den, die im Laufe der Zeit durch die t\u00e4glichen Umweltbelastungen entstehen.<br \/>\nREINIGENDES VERFAHREN &#8211; Dar\u00fcber hinaus verwendet Healthspan Lutein und Zeaxanthin aus einer nat\u00fcrlichen Quelle von Ringelblumen, die in einem standardisierten Extraktionsverfahren gereinigt werden. So ist gew\u00e4hrleistet, dass jede vegane Tablette 20 mg Lutein und 2.000 \u03bcg Zeaxanthin enth\u00e4lt.<\/p>\n","protected":false},"featured_media":167873,"comment_status":"open","ping_status":"closed","template":"","meta":[],"product_brand":[],"product_cat":[566,6375],"product_tag":[],"class_list":{"0":"post-167872","1":"product","2":"type-product","3":"status-publish","4":"has-post-thumbnail","6":"product_cat-drogerie-koerperpflege","7":"product_cat-vitamine-mineralien-ergaenzungsmittel","8":"pa_binding-badartikel","9":"pa_brand-healthspan","10":"pa_height-6-61416-zoll","11":"pa_languages-unbekannt-englisch-unbekannt-franzoesisch-unbekannt-spanisch-unbekannt-deutsch-unbekannt-italienisch","12":"pa_length-0-98425-zoll","13":"pa_manufacturer-healthspan","14":"pa_weight-84-gramm","15":"pa_width-4-60629-zoll","17":"first","18":"instock","19":"shipping-taxable","20":"purchasable","21":"product-type-simple","22":"customify-col","23":"product-has-gallery"},"yoast_head":"<!-- This site is optimized with the Yoast SEO plugin v27.4 - https:\/\/yoast.com\/product\/yoast-seo-wordpress\/ -->\n<title>Healthspan Retinex Max | 60 Tabletten | Augengesundheit | 20 mg Lutein &amp; 2.000 ug Zeaxanthin | Zus\u00e4tzliches Vitamin B2\u2026 - Markt-XXL<\/title>\n<meta name=\"description\" content=\"Markt-XXL Healthspan Retinex Max | 60 Tabletten | Augengesundheit | 20 mg Lutein &amp; 2.000 ug Zeaxanthin | Zus\u00e4tzliches Vitamin B2\u2026\" \/>\n<meta name=\"robots\" content=\"index, follow, max-snippet:-1, max-image-preview:large, max-video-preview:-1\" \/>\n<link rel=\"canonical\" href=\"https:\/\/marktxxl.de\/markt\/produkt\/healthspan-retinex-max-60-tabletten-augengesundheit-20-mg-lutein-2-000-ug-zeaxanthin-zusaetzliches-vitamin-b2-carotinoide-aus-natuerlichen-quellen-vegan\/\" \/>\n<meta property=\"og:locale\" content=\"de_DE\" \/>\n<meta property=\"og:type\" content=\"article\" \/>\n<meta property=\"og:title\" content=\"Healthspan Retinex Max | 60 Tabletten | Augengesundheit | 20 mg Lutein &amp; 2.000 ug Zeaxanthin | Zus\u00e4tzliches Vitamin B2\u2026 - Markt-XXL\" \/>\n<meta property=\"og:description\" content=\"Markt-XXL Healthspan Retinex Max | 60 Tabletten | Augengesundheit | 20 mg Lutein &amp; 2.000 ug Zeaxanthin | Zus\u00e4tzliches Vitamin B2\u2026\" \/>\n<meta property=\"og:url\" content=\"https:\/\/marktxxl.de\/markt\/produkt\/healthspan-retinex-max-60-tabletten-augengesundheit-20-mg-lutein-2-000-ug-zeaxanthin-zusaetzliches-vitamin-b2-carotinoide-aus-natuerlichen-quellen-vegan\/\" \/>\n<meta property=\"og:site_name\" content=\"Markt-XXL\" \/>\n<meta property=\"article:modified_time\" content=\"2023-04-11T02:54:11+00:00\" \/>\n<meta property=\"og:image\" content=\"https:\/\/m.media-amazon.com\/images\/I\/41ZpscicZqL._SL500_.jpg\" \/>\n\t<meta property=\"og:image:width\" content=\"500\" \/>\n\t<meta property=\"og:image:height\" content=\"500\" \/>\n\t<meta property=\"og:image:type\" content=\"image\/jpeg\" \/>\n<meta name=\"twitter:card\" content=\"summary_large_image\" \/>\n<meta name=\"twitter:label1\" content=\"Gesch\u00e4tzte Lesezeit\" \/>\n\t<meta name=\"twitter:data1\" content=\"1\u00a0Minute\" \/>\n<script type=\"application\/ld+json\" class=\"yoast-schema-graph\">{\"@context\":\"https:\\\/\\\/schema.org\",\"@graph\":[{\"@type\":\"WebPage\",\"@id\":\"https:\\\/\\\/marktxxl.de\\\/markt\\\/produkt\\\/healthspan-retinex-max-60-tabletten-augengesundheit-20-mg-lutein-2-000-ug-zeaxanthin-zusaetzliches-vitamin-b2-carotinoide-aus-natuerlichen-quellen-vegan\\\/\",\"url\":\"https:\\\/\\\/marktxxl.de\\\/markt\\\/produkt\\\/healthspan-retinex-max-60-tabletten-augengesundheit-20-mg-lutein-2-000-ug-zeaxanthin-zusaetzliches-vitamin-b2-carotinoide-aus-natuerlichen-quellen-vegan\\\/\",\"name\":\"Healthspan Retinex Max | 60 Tabletten | Augengesundheit | 20 mg Lutein &amp; 2.000 ug Zeaxanthin | Zus\u00e4tzliches Vitamin B2\u2026 - Markt-XXL\",\"isPartOf\":{\"@id\":\"https:\\\/\\\/marktxxl.de\\\/markt\\\/#website\"},\"primaryImageOfPage\":{\"@id\":\"https:\\\/\\\/marktxxl.de\\\/markt\\\/produkt\\\/healthspan-retinex-max-60-tabletten-augengesundheit-20-mg-lutein-2-000-ug-zeaxanthin-zusaetzliches-vitamin-b2-carotinoide-aus-natuerlichen-quellen-vegan\\\/#primaryimage\"},\"image\":{\"@id\":\"https:\\\/\\\/marktxxl.de\\\/markt\\\/produkt\\\/healthspan-retinex-max-60-tabletten-augengesundheit-20-mg-lutein-2-000-ug-zeaxanthin-zusaetzliches-vitamin-b2-carotinoide-aus-natuerlichen-quellen-vegan\\\/#primaryimage\"},\"thumbnailUrl\":\"https:\\\/\\\/m.media-amazon.com\\\/images\\\/I\\\/41ZpscicZqL._SL500_.jpg\",\"datePublished\":\"2022-11-11T08:59:08+00:00\",\"dateModified\":\"2023-04-11T02:54:11+00:00\",\"description\":\"Markt-XXL Healthspan Retinex Max | 60 Tabletten | Augengesundheit | 20 mg Lutein &amp; 2.000 ug Zeaxanthin | Zus\u00e4tzliches Vitamin B2\u2026\",\"breadcrumb\":{\"@id\":\"https:\\\/\\\/marktxxl.de\\\/markt\\\/produkt\\\/healthspan-retinex-max-60-tabletten-augengesundheit-20-mg-lutein-2-000-ug-zeaxanthin-zusaetzliches-vitamin-b2-carotinoide-aus-natuerlichen-quellen-vegan\\\/#breadcrumb\"},\"inLanguage\":\"de\",\"potentialAction\":[{\"@type\":\"ReadAction\",\"target\":[\"https:\\\/\\\/marktxxl.de\\\/markt\\\/produkt\\\/healthspan-retinex-max-60-tabletten-augengesundheit-20-mg-lutein-2-000-ug-zeaxanthin-zusaetzliches-vitamin-b2-carotinoide-aus-natuerlichen-quellen-vegan\\\/\"]}]},{\"@type\":\"ImageObject\",\"inLanguage\":\"de\",\"@id\":\"https:\\\/\\\/marktxxl.de\\\/markt\\\/produkt\\\/healthspan-retinex-max-60-tabletten-augengesundheit-20-mg-lutein-2-000-ug-zeaxanthin-zusaetzliches-vitamin-b2-carotinoide-aus-natuerlichen-quellen-vegan\\\/#primaryimage\",\"url\":\"https:\\\/\\\/m.media-amazon.com\\\/images\\\/I\\\/41ZpscicZqL._SL500_.jpg\",\"contentUrl\":\"https:\\\/\\\/m.media-amazon.com\\\/images\\\/I\\\/41ZpscicZqL._SL500_.jpg\",\"width\":500,\"height\":500},{\"@type\":\"BreadcrumbList\",\"@id\":\"https:\\\/\\\/marktxxl.de\\\/markt\\\/produkt\\\/healthspan-retinex-max-60-tabletten-augengesundheit-20-mg-lutein-2-000-ug-zeaxanthin-zusaetzliches-vitamin-b2-carotinoide-aus-natuerlichen-quellen-vegan\\\/#breadcrumb\",\"itemListElement\":[{\"@type\":\"ListItem\",\"position\":1,\"name\":\"Startseite\",\"item\":\"https:\\\/\\\/marktxxl.de\\\/markt\\\/\"},{\"@type\":\"ListItem\",\"position\":2,\"name\":\"Markt\",\"item\":\"https:\\\/\\\/marktxxl.de\\\/markt\\\/\"},{\"@type\":\"ListItem\",\"position\":3,\"name\":\"Healthspan Retinex Max | 60 Tabletten | Augengesundheit | 20 mg Lutein &amp; 2.000 ug Zeaxanthin | Zus\u00e4tzliches Vitamin B2\u2026\"}]},{\"@type\":\"WebSite\",\"@id\":\"https:\\\/\\\/marktxxl.de\\\/markt\\\/#website\",\"url\":\"https:\\\/\\\/marktxxl.de\\\/markt\\\/\",\"name\":\"Markt-XXL\",\"description\":\"Ihr Markt Online\",\"publisher\":{\"@id\":\"https:\\\/\\\/marktxxl.de\\\/markt\\\/#organization\"},\"potentialAction\":[{\"@type\":\"SearchAction\",\"target\":{\"@type\":\"EntryPoint\",\"urlTemplate\":\"https:\\\/\\\/marktxxl.de\\\/markt\\\/?s={search_term_string}\"},\"query-input\":{\"@type\":\"PropertyValueSpecification\",\"valueRequired\":true,\"valueName\":\"search_term_string\"}}],\"inLanguage\":\"de\"},{\"@type\":\"Organization\",\"@id\":\"https:\\\/\\\/marktxxl.de\\\/markt\\\/#organization\",\"name\":\"Markt-XXL\",\"url\":\"https:\\\/\\\/marktxxl.de\\\/markt\\\/\",\"logo\":{\"@type\":\"ImageObject\",\"inLanguage\":\"de\",\"@id\":\"https:\\\/\\\/marktxxl.de\\\/markt\\\/#\\\/schema\\\/logo\\\/image\\\/\",\"url\":\"https:\\\/\\\/marktxxl.de\\\/markt\\\/wp-content\\\/uploads\\\/sites\\\/3\\\/2020\\\/12\\\/logo.png\",\"contentUrl\":\"https:\\\/\\\/marktxxl.de\\\/markt\\\/wp-content\\\/uploads\\\/sites\\\/3\\\/2020\\\/12\\\/logo.png\",\"width\":200,\"height\":70,\"caption\":\"Markt-XXL\"},\"image\":{\"@id\":\"https:\\\/\\\/marktxxl.de\\\/markt\\\/#\\\/schema\\\/logo\\\/image\\\/\"}}]}<\/script>\n<!-- \/ Yoast SEO plugin. -->","yoast_head_json":{"title":"Healthspan Retinex Max | 60 Tabletten | Augengesundheit | 20 mg Lutein &amp; 2.000 ug Zeaxanthin | Zus\u00e4tzliches Vitamin B2\u2026 - Markt-XXL","description":"Markt-XXL Healthspan Retinex Max | 60 Tabletten | Augengesundheit | 20 mg Lutein &amp; 2.000 ug Zeaxanthin | Zus\u00e4tzliches Vitamin B2\u2026","robots":{"index":"index","follow":"follow","max-snippet":"max-snippet:-1","max-image-preview":"max-image-preview:large","max-video-preview":"max-video-preview:-1"},"canonical":"https:\/\/marktxxl.de\/markt\/produkt\/healthspan-retinex-max-60-tabletten-augengesundheit-20-mg-lutein-2-000-ug-zeaxanthin-zusaetzliches-vitamin-b2-carotinoide-aus-natuerlichen-quellen-vegan\/","og_locale":"de_DE","og_type":"article","og_title":"Healthspan Retinex Max | 60 Tabletten | Augengesundheit | 20 mg Lutein &amp; 2.000 ug Zeaxanthin | Zus\u00e4tzliches Vitamin B2\u2026 - Markt-XXL","og_description":"Markt-XXL Healthspan Retinex Max | 60 Tabletten | Augengesundheit | 20 mg Lutein &amp; 2.000 ug Zeaxanthin | Zus\u00e4tzliches Vitamin B2\u2026","og_url":"https:\/\/marktxxl.de\/markt\/produkt\/healthspan-retinex-max-60-tabletten-augengesundheit-20-mg-lutein-2-000-ug-zeaxanthin-zusaetzliches-vitamin-b2-carotinoide-aus-natuerlichen-quellen-vegan\/","og_site_name":"Markt-XXL","article_modified_time":"2023-04-11T02:54:11+00:00","og_image":[{"width":500,"height":500,"url":"https:\/\/m.media-amazon.com\/images\/I\/41ZpscicZqL._SL500_.jpg","type":"image\/jpeg"}],"twitter_card":"summary_large_image","twitter_misc":{"Gesch\u00e4tzte Lesezeit":"1\u00a0Minute"},"schema":{"@context":"https:\/\/schema.org","@graph":[{"@type":"WebPage","@id":"https:\/\/marktxxl.de\/markt\/produkt\/healthspan-retinex-max-60-tabletten-augengesundheit-20-mg-lutein-2-000-ug-zeaxanthin-zusaetzliches-vitamin-b2-carotinoide-aus-natuerlichen-quellen-vegan\/","url":"https:\/\/marktxxl.de\/markt\/produkt\/healthspan-retinex-max-60-tabletten-augengesundheit-20-mg-lutein-2-000-ug-zeaxanthin-zusaetzliches-vitamin-b2-carotinoide-aus-natuerlichen-quellen-vegan\/","name":"Healthspan Retinex Max | 60 Tabletten | Augengesundheit | 20 mg Lutein &amp; 2.000 ug Zeaxanthin | Zus\u00e4tzliches Vitamin B2\u2026 - Markt-XXL","isPartOf":{"@id":"https:\/\/marktxxl.de\/markt\/#website"},"primaryImageOfPage":{"@id":"https:\/\/marktxxl.de\/markt\/produkt\/healthspan-retinex-max-60-tabletten-augengesundheit-20-mg-lutein-2-000-ug-zeaxanthin-zusaetzliches-vitamin-b2-carotinoide-aus-natuerlichen-quellen-vegan\/#primaryimage"},"image":{"@id":"https:\/\/marktxxl.de\/markt\/produkt\/healthspan-retinex-max-60-tabletten-augengesundheit-20-mg-lutein-2-000-ug-zeaxanthin-zusaetzliches-vitamin-b2-carotinoide-aus-natuerlichen-quellen-vegan\/#primaryimage"},"thumbnailUrl":"https:\/\/m.media-amazon.com\/images\/I\/41ZpscicZqL._SL500_.jpg","datePublished":"2022-11-11T08:59:08+00:00","dateModified":"2023-04-11T02:54:11+00:00","description":"Markt-XXL Healthspan Retinex Max | 60 Tabletten | Augengesundheit | 20 mg Lutein &amp; 2.000 ug Zeaxanthin | Zus\u00e4tzliches Vitamin B2\u2026","breadcrumb":{"@id":"https:\/\/marktxxl.de\/markt\/produkt\/healthspan-retinex-max-60-tabletten-augengesundheit-20-mg-lutein-2-000-ug-zeaxanthin-zusaetzliches-vitamin-b2-carotinoide-aus-natuerlichen-quellen-vegan\/#breadcrumb"},"inLanguage":"de","potentialAction":[{"@type":"ReadAction","target":["https:\/\/marktxxl.de\/markt\/produkt\/healthspan-retinex-max-60-tabletten-augengesundheit-20-mg-lutein-2-000-ug-zeaxanthin-zusaetzliches-vitamin-b2-carotinoide-aus-natuerlichen-quellen-vegan\/"]}]},{"@type":"ImageObject","inLanguage":"de","@id":"https:\/\/marktxxl.de\/markt\/produkt\/healthspan-retinex-max-60-tabletten-augengesundheit-20-mg-lutein-2-000-ug-zeaxanthin-zusaetzliches-vitamin-b2-carotinoide-aus-natuerlichen-quellen-vegan\/#primaryimage","url":"https:\/\/m.media-amazon.com\/images\/I\/41ZpscicZqL._SL500_.jpg","contentUrl":"https:\/\/m.media-amazon.com\/images\/I\/41ZpscicZqL._SL500_.jpg","width":500,"height":500},{"@type":"BreadcrumbList","@id":"https:\/\/marktxxl.de\/markt\/produkt\/healthspan-retinex-max-60-tabletten-augengesundheit-20-mg-lutein-2-000-ug-zeaxanthin-zusaetzliches-vitamin-b2-carotinoide-aus-natuerlichen-quellen-vegan\/#breadcrumb","itemListElement":[{"@type":"ListItem","position":1,"name":"Startseite","item":"https:\/\/marktxxl.de\/markt\/"},{"@type":"ListItem","position":2,"name":"Markt","item":"https:\/\/marktxxl.de\/markt\/"},{"@type":"ListItem","position":3,"name":"Healthspan Retinex Max | 60 Tabletten | Augengesundheit | 20 mg Lutein &amp; 2.000 ug Zeaxanthin | Zus\u00e4tzliches Vitamin B2\u2026"}]},{"@type":"WebSite","@id":"https:\/\/marktxxl.de\/markt\/#website","url":"https:\/\/marktxxl.de\/markt\/","name":"Markt-XXL","description":"Ihr Markt Online","publisher":{"@id":"https:\/\/marktxxl.de\/markt\/#organization"},"potentialAction":[{"@type":"SearchAction","target":{"@type":"EntryPoint","urlTemplate":"https:\/\/marktxxl.de\/markt\/?s={search_term_string}"},"query-input":{"@type":"PropertyValueSpecification","valueRequired":true,"valueName":"search_term_string"}}],"inLanguage":"de"},{"@type":"Organization","@id":"https:\/\/marktxxl.de\/markt\/#organization","name":"Markt-XXL","url":"https:\/\/marktxxl.de\/markt\/","logo":{"@type":"ImageObject","inLanguage":"de","@id":"https:\/\/marktxxl.de\/markt\/#\/schema\/logo\/image\/","url":"https:\/\/marktxxl.de\/markt\/wp-content\/uploads\/sites\/3\/2020\/12\/logo.png","contentUrl":"https:\/\/marktxxl.de\/markt\/wp-content\/uploads\/sites\/3\/2020\/12\/logo.png","width":200,"height":70,"caption":"Markt-XXL"},"image":{"@id":"https:\/\/marktxxl.de\/markt\/#\/schema\/logo\/image\/"}}]}},"_links":{"self":[{"href":"https:\/\/marktxxl.de\/markt\/wp-json\/wp\/v2\/product\/167872","targetHints":{"allow":["GET"]}}],"collection":[{"href":"https:\/\/marktxxl.de\/markt\/wp-json\/wp\/v2\/product"}],"about":[{"href":"https:\/\/marktxxl.de\/markt\/wp-json\/wp\/v2\/types\/product"}],"replies":[{"embeddable":true,"href":"https:\/\/marktxxl.de\/markt\/wp-json\/wp\/v2\/comments?post=167872"}],"wp:featuredmedia":[{"embeddable":true,"href":"https:\/\/marktxxl.de\/markt\/wp-json\/wp\/v2\/media\/167873"}],"wp:attachment":[{"href":"https:\/\/marktxxl.de\/markt\/wp-json\/wp\/v2\/media?parent=167872"}],"wp:term":[{"taxonomy":"product_brand","embeddable":true,"href":"https:\/\/marktxxl.de\/markt\/wp-json\/wp\/v2\/product_brand?post=167872"},{"taxonomy":"product_cat","embeddable":true,"href":"https:\/\/marktxxl.de\/markt\/wp-json\/wp\/v2\/product_cat?post=167872"},{"taxonomy":"product_tag","embeddable":true,"href":"https:\/\/marktxxl.de\/markt\/wp-json\/wp\/v2\/product_tag?post=167872"}],"curies":[{"name":"wp","href":"https:\/\/api.w.org\/{rel}","templated":true}]}}