{"id":167517,"date":"2022-11-11T09:40:41","date_gmt":"2022-11-11T08:40:41","guid":{"rendered":"https:\/\/marktxxl.de\/markt\/produkt\/nutri-ninja-680-ml-bpa-freier-tritan-becher-mit-ausguss-deckel-fuer-nutri-ninja-mixer-xsk2424-2er-pack\/"},"modified":"2023-04-11T04:53:26","modified_gmt":"2023-04-11T02:53:26","slug":"nutri-ninja-680-ml-bpa-freier-tritan-becher-mit-ausguss-deckel-fuer-nutri-ninja-mixer-xsk2424-2er-pack","status":"publish","type":"product","link":"https:\/\/marktxxl.de\/markt\/produkt\/nutri-ninja-680-ml-bpa-freier-tritan-becher-mit-ausguss-deckel-fuer-nutri-ninja-mixer-xsk2424-2er-pack\/","title":{"rendered":"Unbekannt Nutri Ninja 680 ml BPA-freier Tritan-Becher mit Ausguss-Deckel f\u00fcr Nutri Ninja Mixer (XSK2424), 2er-Pack"},"content":{"rendered":"<p>Das Nutri Ninja Tritan 680 ml hat die perfekte Gr\u00f6\u00dfe, um Ihr Lieblingsgetr\u00e4nk zu machen.<br \/>\nWird mit 2 Sip &amp; Seal Deckeln geliefert, um Ihre Getr\u00e4nke unterwegs zu genie\u00dfen.<br \/>\nL\u00e4sst sich einfach an den Pro Extractor Blades anbringen und im Lieferumfang Ihres Mixers enthalten. Die Pro Extractor Klingen sind in der Lage, ganze Fr\u00fcchte, Gem\u00fcse, N\u00fcsse, Samen und Eis durch N\u00e4hrstoff- und Vitamin-Extraktion zu zerkleinern und zu zersetzen. *<br \/>\n* Extrahieren Sie ein Getr\u00e4nk mit Vitaminen und N\u00e4hrstoffen aus Obst und Gem\u00fcse.<br \/>\n<div class=\"main-cross-sell\" data-asin=\"B016A7ERUU\">\n\n\t<div class=\"WooZone-cross-sell-loader\">\n\t\t<div>\n\t\t\t<div id=\"floatingBarsG\">\n\t\t\t\t<div class=\"blockG\" id=\"rotateG_01\"><\/div>\n\t\t\t\t<div class=\"blockG\" id=\"rotateG_02\"><\/div>\n\t\t\t\t<div class=\"blockG\" id=\"rotateG_03\"><\/div>\n\t\t\t\t<div class=\"blockG\" id=\"rotateG_04\"><\/div>\n\t\t\t\t<div class=\"blockG\" id=\"rotateG_05\"><\/div>\n\t\t\t\t<div class=\"blockG\" id=\"rotateG_06\"><\/div>\n\t\t\t\t<div class=\"blockG\" id=\"rotateG_07\"><\/div>\n\t\t\t\t<div class=\"blockG\" id=\"rotateG_08\"><\/div>\n\t\t\t<\/div>\n\t\t\t<div class=\"WooZone-cross-sell-loader-text\"><\/div>\n\t\t<\/div>\n\t<\/div>\n\n\t\t\n<\/div>\n<div style=\"clear:both;\"><\/div><\/p>\n","protected":false},"excerpt":{"rendered":"<p>Das Nutri Ninja Tritan 680 ml hat die perfekte Gr\u00f6\u00dfe, um Ihr Lieblingsgetr\u00e4nk zu machen.<br \/>\nWird mit 2 Sip &amp; Seal Deckeln geliefert, um Ihre Getr\u00e4nke unterwegs zu genie\u00dfen.<br \/>\nL\u00e4sst sich einfach an den Pro Extractor Blades anbringen und im Lieferumfang Ihres Mixers enthalten. Die Pro Extractor Klingen sind in der Lage, ganze Fr\u00fcchte, Gem\u00fcse, N\u00fcsse, Samen und Eis durch N\u00e4hrstoff- und Vitamin-Extraktion zu zerkleinern und zu zersetzen. *<\/p>\n","protected":false},"featured_media":167518,"comment_status":"open","ping_status":"closed","template":"","meta":[],"product_brand":[],"product_cat":[566,6104],"product_tag":[],"class_list":{"0":"post-167517","1":"product","2":"type-product","3":"status-publish","4":"has-post-thumbnail","6":"product_cat-drogerie-koerperpflege","7":"product_cat-nahrungsergaenzung","8":"pa_binding-haushaltswaren","9":"pa_brand-unbekannt","10":"pa_color-klar-1","11":"pa_height-8-9-zoll","12":"pa_length-4-3-zoll","13":"pa_manufacturer-ninja","14":"pa_model-xsk2424","15":"pa_size-24-oz","16":"pa_weight-0-64-pfund","17":"pa_width-4-3-zoll","19":"first","20":"instock","21":"shipping-taxable","22":"purchasable","23":"product-type-simple","24":"customify-col","25":"product-has-gallery"},"yoast_head":"<!-- This site is optimized with the Yoast SEO plugin v27.4 - https:\/\/yoast.com\/product\/yoast-seo-wordpress\/ -->\n<title>Unbekannt Nutri Ninja 680 ml BPA-freier Tritan-Becher mit Ausguss-Deckel f\u00fcr Nutri Ninja Mixer (XSK2424), 2er-Pack - Markt-XXL<\/title>\n<meta name=\"description\" content=\"Markt-XXL Unbekannt Nutri Ninja 680 ml BPA-freier Tritan-Becher mit Ausguss-Deckel f\u00fcr Nutri Ninja Mixer (XSK2424), 2er-Pack\" \/>\n<meta name=\"robots\" content=\"index, follow, max-snippet:-1, max-image-preview:large, max-video-preview:-1\" \/>\n<link rel=\"canonical\" href=\"https:\/\/marktxxl.de\/markt\/produkt\/nutri-ninja-680-ml-bpa-freier-tritan-becher-mit-ausguss-deckel-fuer-nutri-ninja-mixer-xsk2424-2er-pack\/\" \/>\n<meta property=\"og:locale\" content=\"de_DE\" \/>\n<meta property=\"og:type\" content=\"article\" \/>\n<meta property=\"og:title\" content=\"Unbekannt Nutri Ninja 680 ml BPA-freier Tritan-Becher mit Ausguss-Deckel f\u00fcr Nutri Ninja Mixer (XSK2424), 2er-Pack - Markt-XXL\" \/>\n<meta property=\"og:description\" content=\"Markt-XXL Unbekannt Nutri Ninja 680 ml BPA-freier Tritan-Becher mit Ausguss-Deckel f\u00fcr Nutri Ninja Mixer (XSK2424), 2er-Pack\" \/>\n<meta property=\"og:url\" content=\"https:\/\/marktxxl.de\/markt\/produkt\/nutri-ninja-680-ml-bpa-freier-tritan-becher-mit-ausguss-deckel-fuer-nutri-ninja-mixer-xsk2424-2er-pack\/\" \/>\n<meta property=\"og:site_name\" content=\"Markt-XXL\" \/>\n<meta property=\"article:modified_time\" content=\"2023-04-11T02:53:26+00:00\" \/>\n<meta property=\"og:image\" content=\"https:\/\/m.media-amazon.com\/images\/I\/41Un2c5r2hL._SL500_.jpg\" \/>\n\t<meta property=\"og:image:width\" content=\"289\" \/>\n\t<meta property=\"og:image:height\" content=\"500\" \/>\n\t<meta property=\"og:image:type\" content=\"image\/jpeg\" \/>\n<meta name=\"twitter:card\" content=\"summary_large_image\" \/>\n<script type=\"application\/ld+json\" class=\"yoast-schema-graph\">{\"@context\":\"https:\\\/\\\/schema.org\",\"@graph\":[{\"@type\":\"WebPage\",\"@id\":\"https:\\\/\\\/marktxxl.de\\\/markt\\\/produkt\\\/nutri-ninja-680-ml-bpa-freier-tritan-becher-mit-ausguss-deckel-fuer-nutri-ninja-mixer-xsk2424-2er-pack\\\/\",\"url\":\"https:\\\/\\\/marktxxl.de\\\/markt\\\/produkt\\\/nutri-ninja-680-ml-bpa-freier-tritan-becher-mit-ausguss-deckel-fuer-nutri-ninja-mixer-xsk2424-2er-pack\\\/\",\"name\":\"Unbekannt Nutri Ninja 680 ml BPA-freier Tritan-Becher mit Ausguss-Deckel f\u00fcr Nutri Ninja Mixer (XSK2424), 2er-Pack - Markt-XXL\",\"isPartOf\":{\"@id\":\"https:\\\/\\\/marktxxl.de\\\/markt\\\/#website\"},\"primaryImageOfPage\":{\"@id\":\"https:\\\/\\\/marktxxl.de\\\/markt\\\/produkt\\\/nutri-ninja-680-ml-bpa-freier-tritan-becher-mit-ausguss-deckel-fuer-nutri-ninja-mixer-xsk2424-2er-pack\\\/#primaryimage\"},\"image\":{\"@id\":\"https:\\\/\\\/marktxxl.de\\\/markt\\\/produkt\\\/nutri-ninja-680-ml-bpa-freier-tritan-becher-mit-ausguss-deckel-fuer-nutri-ninja-mixer-xsk2424-2er-pack\\\/#primaryimage\"},\"thumbnailUrl\":\"https:\\\/\\\/m.media-amazon.com\\\/images\\\/I\\\/41Un2c5r2hL._SL500_.jpg\",\"datePublished\":\"2022-11-11T08:40:41+00:00\",\"dateModified\":\"2023-04-11T02:53:26+00:00\",\"description\":\"Markt-XXL Unbekannt Nutri Ninja 680 ml BPA-freier Tritan-Becher mit Ausguss-Deckel f\u00fcr Nutri Ninja Mixer (XSK2424), 2er-Pack\",\"breadcrumb\":{\"@id\":\"https:\\\/\\\/marktxxl.de\\\/markt\\\/produkt\\\/nutri-ninja-680-ml-bpa-freier-tritan-becher-mit-ausguss-deckel-fuer-nutri-ninja-mixer-xsk2424-2er-pack\\\/#breadcrumb\"},\"inLanguage\":\"de\",\"potentialAction\":[{\"@type\":\"ReadAction\",\"target\":[\"https:\\\/\\\/marktxxl.de\\\/markt\\\/produkt\\\/nutri-ninja-680-ml-bpa-freier-tritan-becher-mit-ausguss-deckel-fuer-nutri-ninja-mixer-xsk2424-2er-pack\\\/\"]}]},{\"@type\":\"ImageObject\",\"inLanguage\":\"de\",\"@id\":\"https:\\\/\\\/marktxxl.de\\\/markt\\\/produkt\\\/nutri-ninja-680-ml-bpa-freier-tritan-becher-mit-ausguss-deckel-fuer-nutri-ninja-mixer-xsk2424-2er-pack\\\/#primaryimage\",\"url\":\"https:\\\/\\\/m.media-amazon.com\\\/images\\\/I\\\/41Un2c5r2hL._SL500_.jpg\",\"contentUrl\":\"https:\\\/\\\/m.media-amazon.com\\\/images\\\/I\\\/41Un2c5r2hL._SL500_.jpg\",\"width\":289,\"height\":500},{\"@type\":\"BreadcrumbList\",\"@id\":\"https:\\\/\\\/marktxxl.de\\\/markt\\\/produkt\\\/nutri-ninja-680-ml-bpa-freier-tritan-becher-mit-ausguss-deckel-fuer-nutri-ninja-mixer-xsk2424-2er-pack\\\/#breadcrumb\",\"itemListElement\":[{\"@type\":\"ListItem\",\"position\":1,\"name\":\"Startseite\",\"item\":\"https:\\\/\\\/marktxxl.de\\\/markt\\\/\"},{\"@type\":\"ListItem\",\"position\":2,\"name\":\"Markt\",\"item\":\"https:\\\/\\\/marktxxl.de\\\/markt\\\/\"},{\"@type\":\"ListItem\",\"position\":3,\"name\":\"Unbekannt Nutri Ninja 680 ml BPA-freier Tritan-Becher mit Ausguss-Deckel f\u00fcr Nutri Ninja Mixer (XSK2424), 2er-Pack\"}]},{\"@type\":\"WebSite\",\"@id\":\"https:\\\/\\\/marktxxl.de\\\/markt\\\/#website\",\"url\":\"https:\\\/\\\/marktxxl.de\\\/markt\\\/\",\"name\":\"Markt-XXL\",\"description\":\"Ihr Markt Online\",\"publisher\":{\"@id\":\"https:\\\/\\\/marktxxl.de\\\/markt\\\/#organization\"},\"potentialAction\":[{\"@type\":\"SearchAction\",\"target\":{\"@type\":\"EntryPoint\",\"urlTemplate\":\"https:\\\/\\\/marktxxl.de\\\/markt\\\/?s={search_term_string}\"},\"query-input\":{\"@type\":\"PropertyValueSpecification\",\"valueRequired\":true,\"valueName\":\"search_term_string\"}}],\"inLanguage\":\"de\"},{\"@type\":\"Organization\",\"@id\":\"https:\\\/\\\/marktxxl.de\\\/markt\\\/#organization\",\"name\":\"Markt-XXL\",\"url\":\"https:\\\/\\\/marktxxl.de\\\/markt\\\/\",\"logo\":{\"@type\":\"ImageObject\",\"inLanguage\":\"de\",\"@id\":\"https:\\\/\\\/marktxxl.de\\\/markt\\\/#\\\/schema\\\/logo\\\/image\\\/\",\"url\":\"https:\\\/\\\/marktxxl.de\\\/markt\\\/wp-content\\\/uploads\\\/sites\\\/3\\\/2020\\\/12\\\/logo.png\",\"contentUrl\":\"https:\\\/\\\/marktxxl.de\\\/markt\\\/wp-content\\\/uploads\\\/sites\\\/3\\\/2020\\\/12\\\/logo.png\",\"width\":200,\"height\":70,\"caption\":\"Markt-XXL\"},\"image\":{\"@id\":\"https:\\\/\\\/marktxxl.de\\\/markt\\\/#\\\/schema\\\/logo\\\/image\\\/\"}}]}<\/script>\n<!-- \/ Yoast SEO plugin. -->","yoast_head_json":{"title":"Unbekannt Nutri Ninja 680 ml BPA-freier Tritan-Becher mit Ausguss-Deckel f\u00fcr Nutri Ninja Mixer (XSK2424), 2er-Pack - Markt-XXL","description":"Markt-XXL Unbekannt Nutri Ninja 680 ml BPA-freier Tritan-Becher mit Ausguss-Deckel f\u00fcr Nutri Ninja Mixer (XSK2424), 2er-Pack","robots":{"index":"index","follow":"follow","max-snippet":"max-snippet:-1","max-image-preview":"max-image-preview:large","max-video-preview":"max-video-preview:-1"},"canonical":"https:\/\/marktxxl.de\/markt\/produkt\/nutri-ninja-680-ml-bpa-freier-tritan-becher-mit-ausguss-deckel-fuer-nutri-ninja-mixer-xsk2424-2er-pack\/","og_locale":"de_DE","og_type":"article","og_title":"Unbekannt Nutri Ninja 680 ml BPA-freier Tritan-Becher mit Ausguss-Deckel f\u00fcr Nutri Ninja Mixer (XSK2424), 2er-Pack - Markt-XXL","og_description":"Markt-XXL Unbekannt Nutri Ninja 680 ml BPA-freier Tritan-Becher mit Ausguss-Deckel f\u00fcr Nutri Ninja Mixer (XSK2424), 2er-Pack","og_url":"https:\/\/marktxxl.de\/markt\/produkt\/nutri-ninja-680-ml-bpa-freier-tritan-becher-mit-ausguss-deckel-fuer-nutri-ninja-mixer-xsk2424-2er-pack\/","og_site_name":"Markt-XXL","article_modified_time":"2023-04-11T02:53:26+00:00","og_image":[{"width":289,"height":500,"url":"https:\/\/m.media-amazon.com\/images\/I\/41Un2c5r2hL._SL500_.jpg","type":"image\/jpeg"}],"twitter_card":"summary_large_image","schema":{"@context":"https:\/\/schema.org","@graph":[{"@type":"WebPage","@id":"https:\/\/marktxxl.de\/markt\/produkt\/nutri-ninja-680-ml-bpa-freier-tritan-becher-mit-ausguss-deckel-fuer-nutri-ninja-mixer-xsk2424-2er-pack\/","url":"https:\/\/marktxxl.de\/markt\/produkt\/nutri-ninja-680-ml-bpa-freier-tritan-becher-mit-ausguss-deckel-fuer-nutri-ninja-mixer-xsk2424-2er-pack\/","name":"Unbekannt Nutri Ninja 680 ml BPA-freier Tritan-Becher mit Ausguss-Deckel f\u00fcr Nutri Ninja Mixer (XSK2424), 2er-Pack - Markt-XXL","isPartOf":{"@id":"https:\/\/marktxxl.de\/markt\/#website"},"primaryImageOfPage":{"@id":"https:\/\/marktxxl.de\/markt\/produkt\/nutri-ninja-680-ml-bpa-freier-tritan-becher-mit-ausguss-deckel-fuer-nutri-ninja-mixer-xsk2424-2er-pack\/#primaryimage"},"image":{"@id":"https:\/\/marktxxl.de\/markt\/produkt\/nutri-ninja-680-ml-bpa-freier-tritan-becher-mit-ausguss-deckel-fuer-nutri-ninja-mixer-xsk2424-2er-pack\/#primaryimage"},"thumbnailUrl":"https:\/\/m.media-amazon.com\/images\/I\/41Un2c5r2hL._SL500_.jpg","datePublished":"2022-11-11T08:40:41+00:00","dateModified":"2023-04-11T02:53:26+00:00","description":"Markt-XXL Unbekannt Nutri Ninja 680 ml BPA-freier Tritan-Becher mit Ausguss-Deckel f\u00fcr Nutri Ninja Mixer (XSK2424), 2er-Pack","breadcrumb":{"@id":"https:\/\/marktxxl.de\/markt\/produkt\/nutri-ninja-680-ml-bpa-freier-tritan-becher-mit-ausguss-deckel-fuer-nutri-ninja-mixer-xsk2424-2er-pack\/#breadcrumb"},"inLanguage":"de","potentialAction":[{"@type":"ReadAction","target":["https:\/\/marktxxl.de\/markt\/produkt\/nutri-ninja-680-ml-bpa-freier-tritan-becher-mit-ausguss-deckel-fuer-nutri-ninja-mixer-xsk2424-2er-pack\/"]}]},{"@type":"ImageObject","inLanguage":"de","@id":"https:\/\/marktxxl.de\/markt\/produkt\/nutri-ninja-680-ml-bpa-freier-tritan-becher-mit-ausguss-deckel-fuer-nutri-ninja-mixer-xsk2424-2er-pack\/#primaryimage","url":"https:\/\/m.media-amazon.com\/images\/I\/41Un2c5r2hL._SL500_.jpg","contentUrl":"https:\/\/m.media-amazon.com\/images\/I\/41Un2c5r2hL._SL500_.jpg","width":289,"height":500},{"@type":"BreadcrumbList","@id":"https:\/\/marktxxl.de\/markt\/produkt\/nutri-ninja-680-ml-bpa-freier-tritan-becher-mit-ausguss-deckel-fuer-nutri-ninja-mixer-xsk2424-2er-pack\/#breadcrumb","itemListElement":[{"@type":"ListItem","position":1,"name":"Startseite","item":"https:\/\/marktxxl.de\/markt\/"},{"@type":"ListItem","position":2,"name":"Markt","item":"https:\/\/marktxxl.de\/markt\/"},{"@type":"ListItem","position":3,"name":"Unbekannt Nutri Ninja 680 ml BPA-freier Tritan-Becher mit Ausguss-Deckel f\u00fcr Nutri Ninja Mixer (XSK2424), 2er-Pack"}]},{"@type":"WebSite","@id":"https:\/\/marktxxl.de\/markt\/#website","url":"https:\/\/marktxxl.de\/markt\/","name":"Markt-XXL","description":"Ihr Markt Online","publisher":{"@id":"https:\/\/marktxxl.de\/markt\/#organization"},"potentialAction":[{"@type":"SearchAction","target":{"@type":"EntryPoint","urlTemplate":"https:\/\/marktxxl.de\/markt\/?s={search_term_string}"},"query-input":{"@type":"PropertyValueSpecification","valueRequired":true,"valueName":"search_term_string"}}],"inLanguage":"de"},{"@type":"Organization","@id":"https:\/\/marktxxl.de\/markt\/#organization","name":"Markt-XXL","url":"https:\/\/marktxxl.de\/markt\/","logo":{"@type":"ImageObject","inLanguage":"de","@id":"https:\/\/marktxxl.de\/markt\/#\/schema\/logo\/image\/","url":"https:\/\/marktxxl.de\/markt\/wp-content\/uploads\/sites\/3\/2020\/12\/logo.png","contentUrl":"https:\/\/marktxxl.de\/markt\/wp-content\/uploads\/sites\/3\/2020\/12\/logo.png","width":200,"height":70,"caption":"Markt-XXL"},"image":{"@id":"https:\/\/marktxxl.de\/markt\/#\/schema\/logo\/image\/"}}]}},"_links":{"self":[{"href":"https:\/\/marktxxl.de\/markt\/wp-json\/wp\/v2\/product\/167517","targetHints":{"allow":["GET"]}}],"collection":[{"href":"https:\/\/marktxxl.de\/markt\/wp-json\/wp\/v2\/product"}],"about":[{"href":"https:\/\/marktxxl.de\/markt\/wp-json\/wp\/v2\/types\/product"}],"replies":[{"embeddable":true,"href":"https:\/\/marktxxl.de\/markt\/wp-json\/wp\/v2\/comments?post=167517"}],"wp:featuredmedia":[{"embeddable":true,"href":"https:\/\/marktxxl.de\/markt\/wp-json\/wp\/v2\/media\/167518"}],"wp:attachment":[{"href":"https:\/\/marktxxl.de\/markt\/wp-json\/wp\/v2\/media?parent=167517"}],"wp:term":[{"taxonomy":"product_brand","embeddable":true,"href":"https:\/\/marktxxl.de\/markt\/wp-json\/wp\/v2\/product_brand?post=167517"},{"taxonomy":"product_cat","embeddable":true,"href":"https:\/\/marktxxl.de\/markt\/wp-json\/wp\/v2\/product_cat?post=167517"},{"taxonomy":"product_tag","embeddable":true,"href":"https:\/\/marktxxl.de\/markt\/wp-json\/wp\/v2\/product_tag?post=167517"}],"curies":[{"name":"wp","href":"https:\/\/api.w.org\/{rel}","templated":true}]}}