{"id":166906,"date":"2022-11-11T08:34:55","date_gmt":"2022-11-11T07:34:55","guid":{"rendered":"https:\/\/marktxxl.de\/markt\/produkt\/yubx-washi-tape-set-masking-tape-vsco-dekoratives-klebeband-bunt-fuer-diy-handwerk-bullet-journals-planer-scrapbooking-verpackung-ocean-12\/"},"modified":"2023-04-11T04:52:15","modified_gmt":"2023-04-11T02:52:15","slug":"yubx-washi-tape-set-masking-tape-vsco-dekoratives-klebeband-bunt-fuer-diy-handwerk-bullet-journals-planer-scrapbooking-verpackung-ocean-12","status":"publish","type":"product","link":"https:\/\/marktxxl.de\/markt\/produkt\/yubx-washi-tape-set-masking-tape-vsco-dekoratives-klebeband-bunt-fuer-diy-handwerk-bullet-journals-planer-scrapbooking-verpackung-ocean-12\/","title":{"rendered":"YUBX Washi Tape Set Masking Tape VSCO Dekoratives Klebeband Bunt f\u00fcr DIY Handwerk Bullet Journals Planer Scrapbooking\u2026"},"content":{"rendered":"<p>DEEP BLUE DESIGN: Dieses dekorative Klebeband im Tiefseestil hat Muster auf Korallen, Fischen, Algen, Seesternen, Quallen und anderen Meerestieren. Es ist mit hei\u00dfem Silber gestempelt dekoriert, und die Kombination von blau und Silber ist sehr frisch und nat\u00fcrlich. Dies wird auf jeden Fall Ihr Favorit sein.<br \/>\nEINFACH ZU BEDIENEN &amp; KEINE R\u00dcCKST\u00c4NDE: Rei\u00dfen Sie es einfach aus dem Band, um es an einen beliebigen Ort einzuf\u00fcgen. Und dieses Band wird Nicht Ihre W\u00e4nde oder M\u00f6bel besch\u00e4digen; Sie k\u00f6nnen sie entfernen und leicht wieder kleben, ohne R\u00fcckst\u00e4nde zu hinterlassen.<br \/>\nMULTI-FUNKTION: Das Washi-Band ist ein gro\u00dfartiger Weg zu Ihren Planern, Scrapbooks, Kugel-Zeitschrift, Verzierungen, Kartenherstellung, Geschenkverpackung, Parteien, DIY Handwerk Projekt, Dekor, Lippenstifte Box, Bleistift-Box, Stifte, Ladekabel, L\u00f6ffel Griff, etc.<br \/>\nGENEROUS SIZING: Diese Packung mit 10 extra langen 9\/16&#8243; (15mm) und breit 13ft (4m)<br \/>\nService GARANTIE: Wenn Sie ein Qualit\u00e4tsproblem f\u00fcr diesen Artikel haben, z\u00f6gern Sie nicht uns zu kontaktieren, wir w\u00fcrden uns freuen, Ihnen zu helfen. Kein Risiko, es jetzt zu bestellen!<br \/>\n<div class=\"main-cross-sell\" data-asin=\"B093PZQ5JZ\">\n\n\t<div class=\"WooZone-cross-sell-loader\">\n\t\t<div>\n\t\t\t<div id=\"floatingBarsG\">\n\t\t\t\t<div class=\"blockG\" id=\"rotateG_01\"><\/div>\n\t\t\t\t<div class=\"blockG\" id=\"rotateG_02\"><\/div>\n\t\t\t\t<div class=\"blockG\" id=\"rotateG_03\"><\/div>\n\t\t\t\t<div class=\"blockG\" id=\"rotateG_04\"><\/div>\n\t\t\t\t<div class=\"blockG\" id=\"rotateG_05\"><\/div>\n\t\t\t\t<div class=\"blockG\" id=\"rotateG_06\"><\/div>\n\t\t\t\t<div class=\"blockG\" id=\"rotateG_07\"><\/div>\n\t\t\t\t<div class=\"blockG\" id=\"rotateG_08\"><\/div>\n\t\t\t<\/div>\n\t\t\t<div class=\"WooZone-cross-sell-loader-text\"><\/div>\n\t\t<\/div>\n\t<\/div>\n\n\t\t\n<\/div>\n<div style=\"clear:both;\"><\/div><\/p>\n","protected":false},"excerpt":{"rendered":"<p>DEEP BLUE DESIGN: Dieses dekorative Klebeband im Tiefseestil hat Muster auf Korallen, Fischen, Algen, Seesternen, Quallen und anderen Meerestieren. Es ist mit hei\u00dfem Silber gestempelt dekoriert, und die Kombination von blau und Silber ist sehr frisch und nat\u00fcrlich. Dies wird auf jeden Fall Ihr Favorit sein.<br \/>\nEINFACH ZU BEDIENEN &amp; KEINE R\u00dcCKST\u00c4NDE: Rei\u00dfen Sie es einfach aus dem Band, um es an einen beliebigen Ort einzuf\u00fcgen. Und dieses Band wird Nicht Ihre W\u00e4nde oder M\u00f6bel besch\u00e4digen; Sie k\u00f6nnen sie entfernen und leicht wieder kleben, ohne R\u00fcckst\u00e4nde zu hinterlassen.<br \/>\nMULTI-FUNKTION: Das Washi-Band ist ein gro\u00dfartiger Weg zu Ihren Planern, Scrapbooks, Kugel-Zeitschrift, Verzierungen, Kartenherstellung, Geschenkverpackung, Parteien, DIY Handwerk Projekt, Dekor, Lippenstifte Box, Bleistift-Box, Stifte, Ladekabel, L\u00f6ffel Griff, etc.<\/p>\n","protected":false},"featured_media":166907,"comment_status":"open","ping_status":"closed","template":"","meta":[],"product_brand":[],"product_cat":[504,8284],"product_tag":[],"class_list":{"0":"post-166906","1":"product","2":"type-product","3":"status-publish","4":"has-post-thumbnail","6":"product_cat-buerobedarf-schreibwaren","7":"product_cat-bueromaterial","8":"pa_brand-yubx","9":"pa_color-blau","10":"pa_height-0-7086614166-zoll","11":"pa_length-8-661417314-zoll","12":"pa_manufacturer-yubx","13":"pa_size-4m-x-15mm","14":"pa_width-3-543307083-zoll","16":"first","17":"instock","18":"shipping-taxable","19":"purchasable","20":"product-type-simple","21":"customify-col","22":"product-has-gallery"},"yoast_head":"<!-- This site is optimized with the Yoast SEO plugin v27.4 - https:\/\/yoast.com\/product\/yoast-seo-wordpress\/ -->\n<title>YUBX Washi Tape Set Masking Tape VSCO Dekoratives Klebeband Bunt f\u00fcr DIY Handwerk Bullet Journals Planer Scrapbooking\u2026 - Markt-XXL<\/title>\n<meta name=\"description\" content=\"Markt-XXL YUBX Washi Tape Set Masking Tape VSCO Dekoratives Klebeband Bunt f\u00fcr DIY Handwerk Bullet Journals Planer Scrapbooking\u2026\" \/>\n<meta name=\"robots\" content=\"index, follow, max-snippet:-1, max-image-preview:large, max-video-preview:-1\" \/>\n<link rel=\"canonical\" href=\"https:\/\/marktxxl.de\/markt\/produkt\/yubx-washi-tape-set-masking-tape-vsco-dekoratives-klebeband-bunt-fuer-diy-handwerk-bullet-journals-planer-scrapbooking-verpackung-ocean-12\/\" \/>\n<meta property=\"og:locale\" content=\"de_DE\" \/>\n<meta property=\"og:type\" content=\"article\" \/>\n<meta property=\"og:title\" content=\"YUBX Washi Tape Set Masking Tape VSCO Dekoratives Klebeband Bunt f\u00fcr DIY Handwerk Bullet Journals Planer Scrapbooking\u2026 - Markt-XXL\" \/>\n<meta property=\"og:description\" content=\"Markt-XXL YUBX Washi Tape Set Masking Tape VSCO Dekoratives Klebeband Bunt f\u00fcr DIY Handwerk Bullet Journals Planer Scrapbooking\u2026\" \/>\n<meta property=\"og:url\" content=\"https:\/\/marktxxl.de\/markt\/produkt\/yubx-washi-tape-set-masking-tape-vsco-dekoratives-klebeband-bunt-fuer-diy-handwerk-bullet-journals-planer-scrapbooking-verpackung-ocean-12\/\" \/>\n<meta property=\"og:site_name\" content=\"Markt-XXL\" \/>\n<meta property=\"article:modified_time\" content=\"2023-04-11T02:52:15+00:00\" \/>\n<meta property=\"og:image\" content=\"https:\/\/m.media-amazon.com\/images\/I\/51vjkOThnOS._SL500_.jpg\" \/>\n\t<meta property=\"og:image:width\" content=\"500\" \/>\n\t<meta property=\"og:image:height\" content=\"500\" \/>\n\t<meta property=\"og:image:type\" content=\"image\/jpeg\" \/>\n<meta name=\"twitter:card\" content=\"summary_large_image\" \/>\n<meta name=\"twitter:label1\" content=\"Gesch\u00e4tzte Lesezeit\" \/>\n\t<meta name=\"twitter:data1\" content=\"1\u00a0Minute\" \/>\n<script type=\"application\/ld+json\" class=\"yoast-schema-graph\">{\"@context\":\"https:\\\/\\\/schema.org\",\"@graph\":[{\"@type\":\"WebPage\",\"@id\":\"https:\\\/\\\/marktxxl.de\\\/markt\\\/produkt\\\/yubx-washi-tape-set-masking-tape-vsco-dekoratives-klebeband-bunt-fuer-diy-handwerk-bullet-journals-planer-scrapbooking-verpackung-ocean-12\\\/\",\"url\":\"https:\\\/\\\/marktxxl.de\\\/markt\\\/produkt\\\/yubx-washi-tape-set-masking-tape-vsco-dekoratives-klebeband-bunt-fuer-diy-handwerk-bullet-journals-planer-scrapbooking-verpackung-ocean-12\\\/\",\"name\":\"YUBX Washi Tape Set Masking Tape VSCO Dekoratives Klebeband Bunt f\u00fcr DIY Handwerk Bullet Journals Planer Scrapbooking\u2026 - Markt-XXL\",\"isPartOf\":{\"@id\":\"https:\\\/\\\/marktxxl.de\\\/markt\\\/#website\"},\"primaryImageOfPage\":{\"@id\":\"https:\\\/\\\/marktxxl.de\\\/markt\\\/produkt\\\/yubx-washi-tape-set-masking-tape-vsco-dekoratives-klebeband-bunt-fuer-diy-handwerk-bullet-journals-planer-scrapbooking-verpackung-ocean-12\\\/#primaryimage\"},\"image\":{\"@id\":\"https:\\\/\\\/marktxxl.de\\\/markt\\\/produkt\\\/yubx-washi-tape-set-masking-tape-vsco-dekoratives-klebeband-bunt-fuer-diy-handwerk-bullet-journals-planer-scrapbooking-verpackung-ocean-12\\\/#primaryimage\"},\"thumbnailUrl\":\"https:\\\/\\\/m.media-amazon.com\\\/images\\\/I\\\/51vjkOThnOS._SL500_.jpg\",\"datePublished\":\"2022-11-11T07:34:55+00:00\",\"dateModified\":\"2023-04-11T02:52:15+00:00\",\"description\":\"Markt-XXL YUBX Washi Tape Set Masking Tape VSCO Dekoratives Klebeband Bunt f\u00fcr DIY Handwerk Bullet Journals Planer Scrapbooking\u2026\",\"breadcrumb\":{\"@id\":\"https:\\\/\\\/marktxxl.de\\\/markt\\\/produkt\\\/yubx-washi-tape-set-masking-tape-vsco-dekoratives-klebeband-bunt-fuer-diy-handwerk-bullet-journals-planer-scrapbooking-verpackung-ocean-12\\\/#breadcrumb\"},\"inLanguage\":\"de\",\"potentialAction\":[{\"@type\":\"ReadAction\",\"target\":[\"https:\\\/\\\/marktxxl.de\\\/markt\\\/produkt\\\/yubx-washi-tape-set-masking-tape-vsco-dekoratives-klebeband-bunt-fuer-diy-handwerk-bullet-journals-planer-scrapbooking-verpackung-ocean-12\\\/\"]}]},{\"@type\":\"ImageObject\",\"inLanguage\":\"de\",\"@id\":\"https:\\\/\\\/marktxxl.de\\\/markt\\\/produkt\\\/yubx-washi-tape-set-masking-tape-vsco-dekoratives-klebeband-bunt-fuer-diy-handwerk-bullet-journals-planer-scrapbooking-verpackung-ocean-12\\\/#primaryimage\",\"url\":\"https:\\\/\\\/m.media-amazon.com\\\/images\\\/I\\\/51vjkOThnOS._SL500_.jpg\",\"contentUrl\":\"https:\\\/\\\/m.media-amazon.com\\\/images\\\/I\\\/51vjkOThnOS._SL500_.jpg\",\"width\":500,\"height\":500},{\"@type\":\"BreadcrumbList\",\"@id\":\"https:\\\/\\\/marktxxl.de\\\/markt\\\/produkt\\\/yubx-washi-tape-set-masking-tape-vsco-dekoratives-klebeband-bunt-fuer-diy-handwerk-bullet-journals-planer-scrapbooking-verpackung-ocean-12\\\/#breadcrumb\",\"itemListElement\":[{\"@type\":\"ListItem\",\"position\":1,\"name\":\"Startseite\",\"item\":\"https:\\\/\\\/marktxxl.de\\\/markt\\\/\"},{\"@type\":\"ListItem\",\"position\":2,\"name\":\"Markt\",\"item\":\"https:\\\/\\\/marktxxl.de\\\/markt\\\/\"},{\"@type\":\"ListItem\",\"position\":3,\"name\":\"YUBX Washi Tape Set Masking Tape VSCO Dekoratives Klebeband Bunt f\u00fcr DIY Handwerk Bullet Journals Planer Scrapbooking\u2026\"}]},{\"@type\":\"WebSite\",\"@id\":\"https:\\\/\\\/marktxxl.de\\\/markt\\\/#website\",\"url\":\"https:\\\/\\\/marktxxl.de\\\/markt\\\/\",\"name\":\"Markt-XXL\",\"description\":\"Ihr Markt Online\",\"publisher\":{\"@id\":\"https:\\\/\\\/marktxxl.de\\\/markt\\\/#organization\"},\"potentialAction\":[{\"@type\":\"SearchAction\",\"target\":{\"@type\":\"EntryPoint\",\"urlTemplate\":\"https:\\\/\\\/marktxxl.de\\\/markt\\\/?s={search_term_string}\"},\"query-input\":{\"@type\":\"PropertyValueSpecification\",\"valueRequired\":true,\"valueName\":\"search_term_string\"}}],\"inLanguage\":\"de\"},{\"@type\":\"Organization\",\"@id\":\"https:\\\/\\\/marktxxl.de\\\/markt\\\/#organization\",\"name\":\"Markt-XXL\",\"url\":\"https:\\\/\\\/marktxxl.de\\\/markt\\\/\",\"logo\":{\"@type\":\"ImageObject\",\"inLanguage\":\"de\",\"@id\":\"https:\\\/\\\/marktxxl.de\\\/markt\\\/#\\\/schema\\\/logo\\\/image\\\/\",\"url\":\"https:\\\/\\\/marktxxl.de\\\/markt\\\/wp-content\\\/uploads\\\/sites\\\/3\\\/2020\\\/12\\\/logo.png\",\"contentUrl\":\"https:\\\/\\\/marktxxl.de\\\/markt\\\/wp-content\\\/uploads\\\/sites\\\/3\\\/2020\\\/12\\\/logo.png\",\"width\":200,\"height\":70,\"caption\":\"Markt-XXL\"},\"image\":{\"@id\":\"https:\\\/\\\/marktxxl.de\\\/markt\\\/#\\\/schema\\\/logo\\\/image\\\/\"}}]}<\/script>\n<!-- \/ Yoast SEO plugin. -->","yoast_head_json":{"title":"YUBX Washi Tape Set Masking Tape VSCO Dekoratives Klebeband Bunt f\u00fcr DIY Handwerk Bullet Journals Planer Scrapbooking\u2026 - Markt-XXL","description":"Markt-XXL YUBX Washi Tape Set Masking Tape VSCO Dekoratives Klebeband Bunt f\u00fcr DIY Handwerk Bullet Journals Planer Scrapbooking\u2026","robots":{"index":"index","follow":"follow","max-snippet":"max-snippet:-1","max-image-preview":"max-image-preview:large","max-video-preview":"max-video-preview:-1"},"canonical":"https:\/\/marktxxl.de\/markt\/produkt\/yubx-washi-tape-set-masking-tape-vsco-dekoratives-klebeband-bunt-fuer-diy-handwerk-bullet-journals-planer-scrapbooking-verpackung-ocean-12\/","og_locale":"de_DE","og_type":"article","og_title":"YUBX Washi Tape Set Masking Tape VSCO Dekoratives Klebeband Bunt f\u00fcr DIY Handwerk Bullet Journals Planer Scrapbooking\u2026 - Markt-XXL","og_description":"Markt-XXL YUBX Washi Tape Set Masking Tape VSCO Dekoratives Klebeband Bunt f\u00fcr DIY Handwerk Bullet Journals Planer Scrapbooking\u2026","og_url":"https:\/\/marktxxl.de\/markt\/produkt\/yubx-washi-tape-set-masking-tape-vsco-dekoratives-klebeband-bunt-fuer-diy-handwerk-bullet-journals-planer-scrapbooking-verpackung-ocean-12\/","og_site_name":"Markt-XXL","article_modified_time":"2023-04-11T02:52:15+00:00","og_image":[{"width":500,"height":500,"url":"https:\/\/m.media-amazon.com\/images\/I\/51vjkOThnOS._SL500_.jpg","type":"image\/jpeg"}],"twitter_card":"summary_large_image","twitter_misc":{"Gesch\u00e4tzte Lesezeit":"1\u00a0Minute"},"schema":{"@context":"https:\/\/schema.org","@graph":[{"@type":"WebPage","@id":"https:\/\/marktxxl.de\/markt\/produkt\/yubx-washi-tape-set-masking-tape-vsco-dekoratives-klebeband-bunt-fuer-diy-handwerk-bullet-journals-planer-scrapbooking-verpackung-ocean-12\/","url":"https:\/\/marktxxl.de\/markt\/produkt\/yubx-washi-tape-set-masking-tape-vsco-dekoratives-klebeband-bunt-fuer-diy-handwerk-bullet-journals-planer-scrapbooking-verpackung-ocean-12\/","name":"YUBX Washi Tape Set Masking Tape VSCO Dekoratives Klebeband Bunt f\u00fcr DIY Handwerk Bullet Journals Planer Scrapbooking\u2026 - Markt-XXL","isPartOf":{"@id":"https:\/\/marktxxl.de\/markt\/#website"},"primaryImageOfPage":{"@id":"https:\/\/marktxxl.de\/markt\/produkt\/yubx-washi-tape-set-masking-tape-vsco-dekoratives-klebeband-bunt-fuer-diy-handwerk-bullet-journals-planer-scrapbooking-verpackung-ocean-12\/#primaryimage"},"image":{"@id":"https:\/\/marktxxl.de\/markt\/produkt\/yubx-washi-tape-set-masking-tape-vsco-dekoratives-klebeband-bunt-fuer-diy-handwerk-bullet-journals-planer-scrapbooking-verpackung-ocean-12\/#primaryimage"},"thumbnailUrl":"https:\/\/m.media-amazon.com\/images\/I\/51vjkOThnOS._SL500_.jpg","datePublished":"2022-11-11T07:34:55+00:00","dateModified":"2023-04-11T02:52:15+00:00","description":"Markt-XXL YUBX Washi Tape Set Masking Tape VSCO Dekoratives Klebeband Bunt f\u00fcr DIY Handwerk Bullet Journals Planer Scrapbooking\u2026","breadcrumb":{"@id":"https:\/\/marktxxl.de\/markt\/produkt\/yubx-washi-tape-set-masking-tape-vsco-dekoratives-klebeband-bunt-fuer-diy-handwerk-bullet-journals-planer-scrapbooking-verpackung-ocean-12\/#breadcrumb"},"inLanguage":"de","potentialAction":[{"@type":"ReadAction","target":["https:\/\/marktxxl.de\/markt\/produkt\/yubx-washi-tape-set-masking-tape-vsco-dekoratives-klebeband-bunt-fuer-diy-handwerk-bullet-journals-planer-scrapbooking-verpackung-ocean-12\/"]}]},{"@type":"ImageObject","inLanguage":"de","@id":"https:\/\/marktxxl.de\/markt\/produkt\/yubx-washi-tape-set-masking-tape-vsco-dekoratives-klebeband-bunt-fuer-diy-handwerk-bullet-journals-planer-scrapbooking-verpackung-ocean-12\/#primaryimage","url":"https:\/\/m.media-amazon.com\/images\/I\/51vjkOThnOS._SL500_.jpg","contentUrl":"https:\/\/m.media-amazon.com\/images\/I\/51vjkOThnOS._SL500_.jpg","width":500,"height":500},{"@type":"BreadcrumbList","@id":"https:\/\/marktxxl.de\/markt\/produkt\/yubx-washi-tape-set-masking-tape-vsco-dekoratives-klebeband-bunt-fuer-diy-handwerk-bullet-journals-planer-scrapbooking-verpackung-ocean-12\/#breadcrumb","itemListElement":[{"@type":"ListItem","position":1,"name":"Startseite","item":"https:\/\/marktxxl.de\/markt\/"},{"@type":"ListItem","position":2,"name":"Markt","item":"https:\/\/marktxxl.de\/markt\/"},{"@type":"ListItem","position":3,"name":"YUBX Washi Tape Set Masking Tape VSCO Dekoratives Klebeband Bunt f\u00fcr DIY Handwerk Bullet Journals Planer Scrapbooking\u2026"}]},{"@type":"WebSite","@id":"https:\/\/marktxxl.de\/markt\/#website","url":"https:\/\/marktxxl.de\/markt\/","name":"Markt-XXL","description":"Ihr Markt Online","publisher":{"@id":"https:\/\/marktxxl.de\/markt\/#organization"},"potentialAction":[{"@type":"SearchAction","target":{"@type":"EntryPoint","urlTemplate":"https:\/\/marktxxl.de\/markt\/?s={search_term_string}"},"query-input":{"@type":"PropertyValueSpecification","valueRequired":true,"valueName":"search_term_string"}}],"inLanguage":"de"},{"@type":"Organization","@id":"https:\/\/marktxxl.de\/markt\/#organization","name":"Markt-XXL","url":"https:\/\/marktxxl.de\/markt\/","logo":{"@type":"ImageObject","inLanguage":"de","@id":"https:\/\/marktxxl.de\/markt\/#\/schema\/logo\/image\/","url":"https:\/\/marktxxl.de\/markt\/wp-content\/uploads\/sites\/3\/2020\/12\/logo.png","contentUrl":"https:\/\/marktxxl.de\/markt\/wp-content\/uploads\/sites\/3\/2020\/12\/logo.png","width":200,"height":70,"caption":"Markt-XXL"},"image":{"@id":"https:\/\/marktxxl.de\/markt\/#\/schema\/logo\/image\/"}}]}},"_links":{"self":[{"href":"https:\/\/marktxxl.de\/markt\/wp-json\/wp\/v2\/product\/166906","targetHints":{"allow":["GET"]}}],"collection":[{"href":"https:\/\/marktxxl.de\/markt\/wp-json\/wp\/v2\/product"}],"about":[{"href":"https:\/\/marktxxl.de\/markt\/wp-json\/wp\/v2\/types\/product"}],"replies":[{"embeddable":true,"href":"https:\/\/marktxxl.de\/markt\/wp-json\/wp\/v2\/comments?post=166906"}],"wp:featuredmedia":[{"embeddable":true,"href":"https:\/\/marktxxl.de\/markt\/wp-json\/wp\/v2\/media\/166907"}],"wp:attachment":[{"href":"https:\/\/marktxxl.de\/markt\/wp-json\/wp\/v2\/media?parent=166906"}],"wp:term":[{"taxonomy":"product_brand","embeddable":true,"href":"https:\/\/marktxxl.de\/markt\/wp-json\/wp\/v2\/product_brand?post=166906"},{"taxonomy":"product_cat","embeddable":true,"href":"https:\/\/marktxxl.de\/markt\/wp-json\/wp\/v2\/product_cat?post=166906"},{"taxonomy":"product_tag","embeddable":true,"href":"https:\/\/marktxxl.de\/markt\/wp-json\/wp\/v2\/product_tag?post=166906"}],"curies":[{"name":"wp","href":"https:\/\/api.w.org\/{rel}","templated":true}]}}