{"id":166845,"date":"2022-11-11T08:32:45","date_gmt":"2022-11-11T07:32:45","guid":{"rendered":"https:\/\/marktxxl.de\/markt\/produkt\/ib-style-kaya-tuerschutzgitter-erhaeltlich-bis-175cm-treppengitter-inkl-wandschutzkappen-ohne-bohren-auto-close-90-stop-2-farben\/"},"modified":"2023-04-11T04:52:14","modified_gmt":"2023-04-11T02:52:14","slug":"ib-style-kaya-tuerschutzgitter-erhaeltlich-bis-175cm-treppengitter-inkl-wandschutzkappen-ohne-bohren-auto-close-90-stop-2-farben","status":"publish","type":"product","link":"https:\/\/marktxxl.de\/markt\/produkt\/ib-style-kaya-tuerschutzgitter-erhaeltlich-bis-175cm-treppengitter-inkl-wandschutzkappen-ohne-bohren-auto-close-90-stop-2-farben\/","title":{"rendered":"ib style\u00ae Kaya T\u00fcrschutzgitter erh\u00e4ltlich bis 175cm | Treppengitter | ! Inkl. Wandschutzkappen ! | Ohne Bohren | Auto\u2026"},"content":{"rendered":"<p>\ud83e\uddf8EINFACHE MONTAGE: Das Treppengitter ist direkt einsatzbereit. Das Sicherheitsgitter kann direkt eingespannt werden. Es ist KEIN BOHREN notwendig! F\u00fcr den schnellen Aufbau finden Sie auf unserer Anleitung einen QR-Code zu unserem Anleitungsvideo!<br \/>\n\ud83e\uddf8KLEMMGITTER: mit Hilfe der Regulierschrauben k\u00f6nnen Sie das Gitter einfach und schnell einspannen und an den gew\u00fcnschten Einsatzort anpassen. Das Gitter erscheint \u201cschief\u201d bei der Lieferung. Durch das Drehen der Regulierschrauben wird die n\u00f6tige Spannung erzeugt, damit sich der Spalt im Gitter schlie\u00dft und das Gitter einen festen Halt hat. Die Gummierung an den Stellschrauben sorgt f\u00fcr optimalen halt und verhindert Kratzer an der Wand oder im T\u00fcrrahmen.<br \/>\n\ud83e\uddf8SICHERHEIT: Das Kaya hat eine 2-Schritt Sicherheits\u00f6ffnung, welche \u00fcber eine Doppelverriegelung verf\u00fcgt, sodass das Gitter nur von Erwachsenen ge\u00f6ffnet werden kann. Das Tor wird am Verschluss und zus\u00e4tzlich am unteren Rahmen fixiert. Das Sicherheitsgitter verwendet nur kindergerechte Materialien und entspricht den EU-Sicherheitsstandards EN 1930:2011!<br \/>\n\ud83e\uddf8AUTO-CLOSE: F\u00fcr den extra Komfort, schlie\u00dft das Gitter automatisch nach dem Durchgehen. So m\u00fcssen Sie sich auch bei h\u00e4ufigem Durchgehen, keine Sorgen machen, dass das Gitter offen stehen bleibt!<br \/>\n\ud83e\uddf890\u00b0 STOPP: Die praktische 90\u00b0 Stopp Funktion, erm\u00f6glicht es das Gitter, wenn es 90\u00b0ge\u00f6ffnet ist, zu arretieren. So bleibt das Gitter ge\u00f6ffnet und Sie k\u00f6nnen entspannt durchgehen, auch wenn Sie keine Hand frei haben!<br \/>\n\ud83e\uddf8TREPPENGEL\u00c4NDER: F\u00fcr die Montage an Treppengel\u00e4ndern mit Rundst\u00e4ben, bestellen Sie einfach die Y-Spindeln direkt mit. Diese werden einfach statt der Regulierschrauben verwendet!<br \/>\n\ud83e\uddf8ZUBEH\u00d6R: F\u00fcr noch mehr Komfort kaufen Sie das passende Zubeh\u00f6r einfach direkt mit. Die Wandschutzkappen (ASIN B07T9ZT6MJ) haben ein Anti-Rutsch Oberfl\u00e4che und sorgen f\u00fcr noch besseren Halt besonders auf glatten Oberfl\u00e4chen. Die Bodenplatte (ASIN B07T58YF8Q) gleicht die Kante an der Unterseite aus, sodass keine Stolperkante entsteht!<br \/>\n<div class=\"main-cross-sell\" data-asin=\"B08LK8DC3Y\">\n\n\t<div class=\"WooZone-cross-sell-loader\">\n\t\t<div>\n\t\t\t<div id=\"floatingBarsG\">\n\t\t\t\t<div class=\"blockG\" id=\"rotateG_01\"><\/div>\n\t\t\t\t<div class=\"blockG\" id=\"rotateG_02\"><\/div>\n\t\t\t\t<div class=\"blockG\" id=\"rotateG_03\"><\/div>\n\t\t\t\t<div class=\"blockG\" id=\"rotateG_04\"><\/div>\n\t\t\t\t<div class=\"blockG\" id=\"rotateG_05\"><\/div>\n\t\t\t\t<div class=\"blockG\" id=\"rotateG_06\"><\/div>\n\t\t\t\t<div class=\"blockG\" id=\"rotateG_07\"><\/div>\n\t\t\t\t<div class=\"blockG\" id=\"rotateG_08\"><\/div>\n\t\t\t<\/div>\n\t\t\t<div class=\"WooZone-cross-sell-loader-text\"><\/div>\n\t\t<\/div>\n\t<\/div>\n\n\t\t\n<\/div>\n<div style=\"clear:both;\"><\/div><\/p>\n","protected":false},"excerpt":{"rendered":"<p>\ud83e\uddf8EINFACHE MONTAGE: Das Treppengitter ist direkt einsatzbereit. Das Sicherheitsgitter kann direkt eingespannt werden. Es ist KEIN BOHREN notwendig! F\u00fcr den schnellen Aufbau finden Sie auf unserer Anleitung einen QR-Code zu unserem Anleitungsvideo!<br \/>\n\ud83e\uddf8KLEMMGITTER: mit Hilfe der Regulierschrauben k\u00f6nnen Sie das Gitter einfach und schnell einspannen und an den gew\u00fcnschten Einsatzort anpassen. Das Gitter erscheint \u201cschief\u201d bei der Lieferung. Durch das Drehen der Regulierschrauben wird die n\u00f6tige Spannung erzeugt, damit sich der Spalt im Gitter schlie\u00dft und das Gitter einen festen Halt hat. Die Gummierung an den Stellschrauben sorgt f\u00fcr optimalen halt und verhindert Kratzer an der Wand oder im T\u00fcrrahmen.<br \/>\n\ud83e\uddf8SICHERHEIT: Das Kaya hat eine 2-Schritt Sicherheits\u00f6ffnung, welche \u00fcber eine Doppelverriegelung verf\u00fcgt, sodass das Gitter nur von Erwachsenen ge\u00f6ffnet werden kann. Das Tor wird am Verschluss und zus\u00e4tzlich am unteren Rahmen fixiert. Das Sicherheitsgitter verwendet nur kindergerechte Materialien und entspricht den EU-Sicherheitsstandards EN 1930:2011!<\/p>\n","protected":false},"featured_media":166846,"comment_status":"open","ping_status":"closed","template":"","meta":[],"product_brand":[],"product_cat":[21,9378],"product_tag":[],"class_list":{"0":"post-166845","1":"product","2":"type-product","3":"status-publish","4":"has-post-thumbnail","6":"product_cat-baby","7":"product_cat-sicherheit-baby","8":"pa_brand-ib-style","9":"pa_manufacturer-ib-style","11":"first","12":"instock","13":"shipping-taxable","14":"purchasable","15":"product-type-simple","16":"customify-col","17":"product-has-gallery"},"yoast_head":"<!-- This site is optimized with the Yoast SEO plugin v27.4 - https:\/\/yoast.com\/product\/yoast-seo-wordpress\/ -->\n<title>ib style\u00ae Kaya T\u00fcrschutzgitter erh\u00e4ltlich bis 175cm | Treppengitter | ! Inkl. Wandschutzkappen ! | Ohne Bohren | Auto\u2026 - Markt-XXL<\/title>\n<meta name=\"description\" content=\"Markt-XXL ib style\u00ae Kaya T\u00fcrschutzgitter erh\u00e4ltlich bis 175cm | Treppengitter | ! Inkl. Wandschutzkappen ! | Ohne Bohren | Auto\u2026\" \/>\n<meta name=\"robots\" content=\"index, follow, max-snippet:-1, max-image-preview:large, max-video-preview:-1\" \/>\n<link rel=\"canonical\" href=\"https:\/\/marktxxl.de\/markt\/produkt\/ib-style-kaya-tuerschutzgitter-erhaeltlich-bis-175cm-treppengitter-inkl-wandschutzkappen-ohne-bohren-auto-close-90-stop-2-farben\/\" \/>\n<meta property=\"og:locale\" content=\"de_DE\" \/>\n<meta property=\"og:type\" content=\"article\" \/>\n<meta property=\"og:title\" content=\"ib style\u00ae Kaya T\u00fcrschutzgitter erh\u00e4ltlich bis 175cm | Treppengitter | ! Inkl. Wandschutzkappen ! | Ohne Bohren | Auto\u2026 - Markt-XXL\" \/>\n<meta property=\"og:description\" content=\"Markt-XXL ib style\u00ae Kaya T\u00fcrschutzgitter erh\u00e4ltlich bis 175cm | Treppengitter | ! Inkl. Wandschutzkappen ! | Ohne Bohren | Auto\u2026\" \/>\n<meta property=\"og:url\" content=\"https:\/\/marktxxl.de\/markt\/produkt\/ib-style-kaya-tuerschutzgitter-erhaeltlich-bis-175cm-treppengitter-inkl-wandschutzkappen-ohne-bohren-auto-close-90-stop-2-farben\/\" \/>\n<meta property=\"og:site_name\" content=\"Markt-XXL\" \/>\n<meta property=\"article:modified_time\" content=\"2023-04-11T02:52:14+00:00\" \/>\n<meta property=\"og:image\" content=\"https:\/\/m.media-amazon.com\/images\/I\/4151Np41k6L._SL500_.jpg\" \/>\n\t<meta property=\"og:image:width\" content=\"500\" \/>\n\t<meta property=\"og:image:height\" content=\"500\" \/>\n\t<meta property=\"og:image:type\" content=\"image\/jpeg\" \/>\n<meta name=\"twitter:card\" content=\"summary_large_image\" \/>\n<meta name=\"twitter:label1\" content=\"Gesch\u00e4tzte Lesezeit\" \/>\n\t<meta name=\"twitter:data1\" content=\"2\u00a0Minuten\" \/>\n<script type=\"application\/ld+json\" class=\"yoast-schema-graph\">{\"@context\":\"https:\\\/\\\/schema.org\",\"@graph\":[{\"@type\":\"WebPage\",\"@id\":\"https:\\\/\\\/marktxxl.de\\\/markt\\\/produkt\\\/ib-style-kaya-tuerschutzgitter-erhaeltlich-bis-175cm-treppengitter-inkl-wandschutzkappen-ohne-bohren-auto-close-90-stop-2-farben\\\/\",\"url\":\"https:\\\/\\\/marktxxl.de\\\/markt\\\/produkt\\\/ib-style-kaya-tuerschutzgitter-erhaeltlich-bis-175cm-treppengitter-inkl-wandschutzkappen-ohne-bohren-auto-close-90-stop-2-farben\\\/\",\"name\":\"ib style\u00ae Kaya T\u00fcrschutzgitter erh\u00e4ltlich bis 175cm | Treppengitter | ! Inkl. Wandschutzkappen ! | Ohne Bohren | Auto\u2026 - Markt-XXL\",\"isPartOf\":{\"@id\":\"https:\\\/\\\/marktxxl.de\\\/markt\\\/#website\"},\"primaryImageOfPage\":{\"@id\":\"https:\\\/\\\/marktxxl.de\\\/markt\\\/produkt\\\/ib-style-kaya-tuerschutzgitter-erhaeltlich-bis-175cm-treppengitter-inkl-wandschutzkappen-ohne-bohren-auto-close-90-stop-2-farben\\\/#primaryimage\"},\"image\":{\"@id\":\"https:\\\/\\\/marktxxl.de\\\/markt\\\/produkt\\\/ib-style-kaya-tuerschutzgitter-erhaeltlich-bis-175cm-treppengitter-inkl-wandschutzkappen-ohne-bohren-auto-close-90-stop-2-farben\\\/#primaryimage\"},\"thumbnailUrl\":\"https:\\\/\\\/m.media-amazon.com\\\/images\\\/I\\\/4151Np41k6L._SL500_.jpg\",\"datePublished\":\"2022-11-11T07:32:45+00:00\",\"dateModified\":\"2023-04-11T02:52:14+00:00\",\"description\":\"Markt-XXL ib style\u00ae Kaya T\u00fcrschutzgitter erh\u00e4ltlich bis 175cm | Treppengitter | ! Inkl. Wandschutzkappen ! | Ohne Bohren | Auto\u2026\",\"breadcrumb\":{\"@id\":\"https:\\\/\\\/marktxxl.de\\\/markt\\\/produkt\\\/ib-style-kaya-tuerschutzgitter-erhaeltlich-bis-175cm-treppengitter-inkl-wandschutzkappen-ohne-bohren-auto-close-90-stop-2-farben\\\/#breadcrumb\"},\"inLanguage\":\"de\",\"potentialAction\":[{\"@type\":\"ReadAction\",\"target\":[\"https:\\\/\\\/marktxxl.de\\\/markt\\\/produkt\\\/ib-style-kaya-tuerschutzgitter-erhaeltlich-bis-175cm-treppengitter-inkl-wandschutzkappen-ohne-bohren-auto-close-90-stop-2-farben\\\/\"]}]},{\"@type\":\"ImageObject\",\"inLanguage\":\"de\",\"@id\":\"https:\\\/\\\/marktxxl.de\\\/markt\\\/produkt\\\/ib-style-kaya-tuerschutzgitter-erhaeltlich-bis-175cm-treppengitter-inkl-wandschutzkappen-ohne-bohren-auto-close-90-stop-2-farben\\\/#primaryimage\",\"url\":\"https:\\\/\\\/m.media-amazon.com\\\/images\\\/I\\\/4151Np41k6L._SL500_.jpg\",\"contentUrl\":\"https:\\\/\\\/m.media-amazon.com\\\/images\\\/I\\\/4151Np41k6L._SL500_.jpg\",\"width\":500,\"height\":500},{\"@type\":\"BreadcrumbList\",\"@id\":\"https:\\\/\\\/marktxxl.de\\\/markt\\\/produkt\\\/ib-style-kaya-tuerschutzgitter-erhaeltlich-bis-175cm-treppengitter-inkl-wandschutzkappen-ohne-bohren-auto-close-90-stop-2-farben\\\/#breadcrumb\",\"itemListElement\":[{\"@type\":\"ListItem\",\"position\":1,\"name\":\"Startseite\",\"item\":\"https:\\\/\\\/marktxxl.de\\\/markt\\\/\"},{\"@type\":\"ListItem\",\"position\":2,\"name\":\"Markt\",\"item\":\"https:\\\/\\\/marktxxl.de\\\/markt\\\/\"},{\"@type\":\"ListItem\",\"position\":3,\"name\":\"ib style\u00ae Kaya T\u00fcrschutzgitter erh\u00e4ltlich bis 175cm | Treppengitter | ! Inkl. Wandschutzkappen ! | Ohne Bohren | Auto\u2026\"}]},{\"@type\":\"WebSite\",\"@id\":\"https:\\\/\\\/marktxxl.de\\\/markt\\\/#website\",\"url\":\"https:\\\/\\\/marktxxl.de\\\/markt\\\/\",\"name\":\"Markt-XXL\",\"description\":\"Ihr Markt Online\",\"publisher\":{\"@id\":\"https:\\\/\\\/marktxxl.de\\\/markt\\\/#organization\"},\"potentialAction\":[{\"@type\":\"SearchAction\",\"target\":{\"@type\":\"EntryPoint\",\"urlTemplate\":\"https:\\\/\\\/marktxxl.de\\\/markt\\\/?s={search_term_string}\"},\"query-input\":{\"@type\":\"PropertyValueSpecification\",\"valueRequired\":true,\"valueName\":\"search_term_string\"}}],\"inLanguage\":\"de\"},{\"@type\":\"Organization\",\"@id\":\"https:\\\/\\\/marktxxl.de\\\/markt\\\/#organization\",\"name\":\"Markt-XXL\",\"url\":\"https:\\\/\\\/marktxxl.de\\\/markt\\\/\",\"logo\":{\"@type\":\"ImageObject\",\"inLanguage\":\"de\",\"@id\":\"https:\\\/\\\/marktxxl.de\\\/markt\\\/#\\\/schema\\\/logo\\\/image\\\/\",\"url\":\"https:\\\/\\\/marktxxl.de\\\/markt\\\/wp-content\\\/uploads\\\/sites\\\/3\\\/2020\\\/12\\\/logo.png\",\"contentUrl\":\"https:\\\/\\\/marktxxl.de\\\/markt\\\/wp-content\\\/uploads\\\/sites\\\/3\\\/2020\\\/12\\\/logo.png\",\"width\":200,\"height\":70,\"caption\":\"Markt-XXL\"},\"image\":{\"@id\":\"https:\\\/\\\/marktxxl.de\\\/markt\\\/#\\\/schema\\\/logo\\\/image\\\/\"}}]}<\/script>\n<!-- \/ Yoast SEO plugin. -->","yoast_head_json":{"title":"ib style\u00ae Kaya T\u00fcrschutzgitter erh\u00e4ltlich bis 175cm | Treppengitter | ! Inkl. Wandschutzkappen ! | Ohne Bohren | Auto\u2026 - Markt-XXL","description":"Markt-XXL ib style\u00ae Kaya T\u00fcrschutzgitter erh\u00e4ltlich bis 175cm | Treppengitter | ! Inkl. Wandschutzkappen ! | Ohne Bohren | Auto\u2026","robots":{"index":"index","follow":"follow","max-snippet":"max-snippet:-1","max-image-preview":"max-image-preview:large","max-video-preview":"max-video-preview:-1"},"canonical":"https:\/\/marktxxl.de\/markt\/produkt\/ib-style-kaya-tuerschutzgitter-erhaeltlich-bis-175cm-treppengitter-inkl-wandschutzkappen-ohne-bohren-auto-close-90-stop-2-farben\/","og_locale":"de_DE","og_type":"article","og_title":"ib style\u00ae Kaya T\u00fcrschutzgitter erh\u00e4ltlich bis 175cm | Treppengitter | ! Inkl. Wandschutzkappen ! | Ohne Bohren | Auto\u2026 - Markt-XXL","og_description":"Markt-XXL ib style\u00ae Kaya T\u00fcrschutzgitter erh\u00e4ltlich bis 175cm | Treppengitter | ! Inkl. Wandschutzkappen ! | Ohne Bohren | Auto\u2026","og_url":"https:\/\/marktxxl.de\/markt\/produkt\/ib-style-kaya-tuerschutzgitter-erhaeltlich-bis-175cm-treppengitter-inkl-wandschutzkappen-ohne-bohren-auto-close-90-stop-2-farben\/","og_site_name":"Markt-XXL","article_modified_time":"2023-04-11T02:52:14+00:00","og_image":[{"width":500,"height":500,"url":"https:\/\/m.media-amazon.com\/images\/I\/4151Np41k6L._SL500_.jpg","type":"image\/jpeg"}],"twitter_card":"summary_large_image","twitter_misc":{"Gesch\u00e4tzte Lesezeit":"2\u00a0Minuten"},"schema":{"@context":"https:\/\/schema.org","@graph":[{"@type":"WebPage","@id":"https:\/\/marktxxl.de\/markt\/produkt\/ib-style-kaya-tuerschutzgitter-erhaeltlich-bis-175cm-treppengitter-inkl-wandschutzkappen-ohne-bohren-auto-close-90-stop-2-farben\/","url":"https:\/\/marktxxl.de\/markt\/produkt\/ib-style-kaya-tuerschutzgitter-erhaeltlich-bis-175cm-treppengitter-inkl-wandschutzkappen-ohne-bohren-auto-close-90-stop-2-farben\/","name":"ib style\u00ae Kaya T\u00fcrschutzgitter erh\u00e4ltlich bis 175cm | Treppengitter | ! Inkl. Wandschutzkappen ! | Ohne Bohren | Auto\u2026 - Markt-XXL","isPartOf":{"@id":"https:\/\/marktxxl.de\/markt\/#website"},"primaryImageOfPage":{"@id":"https:\/\/marktxxl.de\/markt\/produkt\/ib-style-kaya-tuerschutzgitter-erhaeltlich-bis-175cm-treppengitter-inkl-wandschutzkappen-ohne-bohren-auto-close-90-stop-2-farben\/#primaryimage"},"image":{"@id":"https:\/\/marktxxl.de\/markt\/produkt\/ib-style-kaya-tuerschutzgitter-erhaeltlich-bis-175cm-treppengitter-inkl-wandschutzkappen-ohne-bohren-auto-close-90-stop-2-farben\/#primaryimage"},"thumbnailUrl":"https:\/\/m.media-amazon.com\/images\/I\/4151Np41k6L._SL500_.jpg","datePublished":"2022-11-11T07:32:45+00:00","dateModified":"2023-04-11T02:52:14+00:00","description":"Markt-XXL ib style\u00ae Kaya T\u00fcrschutzgitter erh\u00e4ltlich bis 175cm | Treppengitter | ! Inkl. Wandschutzkappen ! | Ohne Bohren | Auto\u2026","breadcrumb":{"@id":"https:\/\/marktxxl.de\/markt\/produkt\/ib-style-kaya-tuerschutzgitter-erhaeltlich-bis-175cm-treppengitter-inkl-wandschutzkappen-ohne-bohren-auto-close-90-stop-2-farben\/#breadcrumb"},"inLanguage":"de","potentialAction":[{"@type":"ReadAction","target":["https:\/\/marktxxl.de\/markt\/produkt\/ib-style-kaya-tuerschutzgitter-erhaeltlich-bis-175cm-treppengitter-inkl-wandschutzkappen-ohne-bohren-auto-close-90-stop-2-farben\/"]}]},{"@type":"ImageObject","inLanguage":"de","@id":"https:\/\/marktxxl.de\/markt\/produkt\/ib-style-kaya-tuerschutzgitter-erhaeltlich-bis-175cm-treppengitter-inkl-wandschutzkappen-ohne-bohren-auto-close-90-stop-2-farben\/#primaryimage","url":"https:\/\/m.media-amazon.com\/images\/I\/4151Np41k6L._SL500_.jpg","contentUrl":"https:\/\/m.media-amazon.com\/images\/I\/4151Np41k6L._SL500_.jpg","width":500,"height":500},{"@type":"BreadcrumbList","@id":"https:\/\/marktxxl.de\/markt\/produkt\/ib-style-kaya-tuerschutzgitter-erhaeltlich-bis-175cm-treppengitter-inkl-wandschutzkappen-ohne-bohren-auto-close-90-stop-2-farben\/#breadcrumb","itemListElement":[{"@type":"ListItem","position":1,"name":"Startseite","item":"https:\/\/marktxxl.de\/markt\/"},{"@type":"ListItem","position":2,"name":"Markt","item":"https:\/\/marktxxl.de\/markt\/"},{"@type":"ListItem","position":3,"name":"ib style\u00ae Kaya T\u00fcrschutzgitter erh\u00e4ltlich bis 175cm | Treppengitter | ! Inkl. Wandschutzkappen ! | Ohne Bohren | Auto\u2026"}]},{"@type":"WebSite","@id":"https:\/\/marktxxl.de\/markt\/#website","url":"https:\/\/marktxxl.de\/markt\/","name":"Markt-XXL","description":"Ihr Markt Online","publisher":{"@id":"https:\/\/marktxxl.de\/markt\/#organization"},"potentialAction":[{"@type":"SearchAction","target":{"@type":"EntryPoint","urlTemplate":"https:\/\/marktxxl.de\/markt\/?s={search_term_string}"},"query-input":{"@type":"PropertyValueSpecification","valueRequired":true,"valueName":"search_term_string"}}],"inLanguage":"de"},{"@type":"Organization","@id":"https:\/\/marktxxl.de\/markt\/#organization","name":"Markt-XXL","url":"https:\/\/marktxxl.de\/markt\/","logo":{"@type":"ImageObject","inLanguage":"de","@id":"https:\/\/marktxxl.de\/markt\/#\/schema\/logo\/image\/","url":"https:\/\/marktxxl.de\/markt\/wp-content\/uploads\/sites\/3\/2020\/12\/logo.png","contentUrl":"https:\/\/marktxxl.de\/markt\/wp-content\/uploads\/sites\/3\/2020\/12\/logo.png","width":200,"height":70,"caption":"Markt-XXL"},"image":{"@id":"https:\/\/marktxxl.de\/markt\/#\/schema\/logo\/image\/"}}]}},"_links":{"self":[{"href":"https:\/\/marktxxl.de\/markt\/wp-json\/wp\/v2\/product\/166845","targetHints":{"allow":["GET"]}}],"collection":[{"href":"https:\/\/marktxxl.de\/markt\/wp-json\/wp\/v2\/product"}],"about":[{"href":"https:\/\/marktxxl.de\/markt\/wp-json\/wp\/v2\/types\/product"}],"replies":[{"embeddable":true,"href":"https:\/\/marktxxl.de\/markt\/wp-json\/wp\/v2\/comments?post=166845"}],"wp:featuredmedia":[{"embeddable":true,"href":"https:\/\/marktxxl.de\/markt\/wp-json\/wp\/v2\/media\/166846"}],"wp:attachment":[{"href":"https:\/\/marktxxl.de\/markt\/wp-json\/wp\/v2\/media?parent=166845"}],"wp:term":[{"taxonomy":"product_brand","embeddable":true,"href":"https:\/\/marktxxl.de\/markt\/wp-json\/wp\/v2\/product_brand?post=166845"},{"taxonomy":"product_cat","embeddable":true,"href":"https:\/\/marktxxl.de\/markt\/wp-json\/wp\/v2\/product_cat?post=166845"},{"taxonomy":"product_tag","embeddable":true,"href":"https:\/\/marktxxl.de\/markt\/wp-json\/wp\/v2\/product_tag?post=166845"}],"curies":[{"name":"wp","href":"https:\/\/api.w.org\/{rel}","templated":true}]}}