{"id":166306,"date":"2022-11-11T07:40:54","date_gmt":"2022-11-11T06:40:54","guid":{"rendered":"https:\/\/marktxxl.de\/markt\/produkt\/solar-laterne-fuer-aussenled-solarlaterne-fuer-draussensolarlampen-fuer-aussen-ip65-wasserdicht-haengend-garten-deko-solarleuchten-gartenlicht-fuer-weihnachten-balkon-terrasse-rasen-aussen-dekorativ\/"},"modified":"2023-04-11T04:51:21","modified_gmt":"2023-04-11T02:51:21","slug":"solar-laterne-fuer-aussenled-solarlaterne-fuer-draussensolarlampen-fuer-aussen-ip65-wasserdicht-haengend-garten-deko-solarleuchten-gartenlicht-fuer-weihnachten-balkon-terrasse-rasen-aussen-dekorativ","status":"publish","type":"product","link":"https:\/\/marktxxl.de\/markt\/produkt\/solar-laterne-fuer-aussenled-solarlaterne-fuer-draussensolarlampen-fuer-aussen-ip65-wasserdicht-haengend-garten-deko-solarleuchten-gartenlicht-fuer-weihnachten-balkon-terrasse-rasen-aussen-dekorativ\/","title":{"rendered":"Solar Laterne f\u00fcr Au\u00dfen,LED Solarlaterne f\u00fcr Drau\u00dfen,Solarlampen f\u00fcr Au\u00dfen IP65 Wasserdicht H\u00e4ngend Garten Deko\u2026"},"content":{"rendered":"<p>LED Solar Laterne H\u00e4ngende f\u00fcr Drau\u00dfen:Wundersch\u00f6nes Vintage-Design,Diese Solarlaterne im Freien versch\u00f6nert Ihren Garten. Das attraktive ausgeh\u00f6hlte Muster und das subtile Leuchten erleuchten Ihren Garten auf wundersch\u00f6ne Weise. Die unerwarteten visuellen Effekte schaffen ein exotisches Ambiente.Es beleuchtet die Szene mit einem warmwei\u00dfen Licht sowie einem atemberaubenden Design.<br \/>\nSolarbetrieben und energiesparend:Dank der integrierten Solarzellen,Mit 800mAh Batterie, die eine eingebaute Batterie aufladen, k\u00f6nnen diese Leuchten vollst\u00e4ndig ohne Stromanschluss in Ihrem Au\u00dfenbereich platziert werden. Diese Solarleuchten werden tags\u00fcber aufgeladen und geben bei Dunkelheit Ihr gespeichertes Licht ab. Dadurch ist Ihre Solarlaterne umweltfreundlich,einfach zu bedienen.<br \/>\nLanglebig und IP65 wasserdicht:Wenn es um einen Au\u00dfenbereich geht, ist Haltbarkeit entscheidend. Entwickelt mit einem starken Bronzemetallgeh\u00e4use, kann es nicht leicht besch\u00e4digt werden. Der wasserdichte St\u00e4nder dieser Solar-Gartenlampe f\u00fcr den Au\u00dfenbereich ist IP65. DKeine Kabel erforderlich, legen Sie es einfach in Ihren Garten oder Weg,wo immer Sie m\u00f6chten.<br \/>\nAuto Ein&amp;Aus:100% solarbetrieben,Wenn der Akku l\u00e4nger als 6 Stunden bei ausreichendem Sonnenschein vollst\u00e4ndig aufgeladen ist, leuchtet die Lampe f\u00fcr das Dekor nachts 8 bis 10 Stunden lang auf.Au\u00dferdem sind die LED-Leuchten energieeffizient und langlebiger.Lange Arbeitszeit,Diese Solarlaterne im Freien misst 18 x 27 x 10 cm (mit Griff). Bitte schalten der Schalter vor dem Aufladen ein.<br \/>\nPerfekte Garten Deko: Solarleuchten bieten eine romantische oder festliche Atmosph\u00e4re f\u00fcr Partys, Hochzeiten, Weihnachten und andere Partys: Party, Camping, Grill, Schwimmbad, Strand, Garten, Haust\u00fcr,Wanderweg, Innenhof, Caf\u00e9, Schaufenster,Stra\u00dfe,Rasen usw. Hier kommt auch mit 100% Zufriedenheitsgarantie und zuverl\u00e4ssigem Kundenservice.<br \/>\n<div class=\"main-cross-sell\" data-asin=\"B08ZD91WC4\">\n\n\t<div class=\"WooZone-cross-sell-loader\">\n\t\t<div>\n\t\t\t<div id=\"floatingBarsG\">\n\t\t\t\t<div class=\"blockG\" id=\"rotateG_01\"><\/div>\n\t\t\t\t<div class=\"blockG\" id=\"rotateG_02\"><\/div>\n\t\t\t\t<div class=\"blockG\" id=\"rotateG_03\"><\/div>\n\t\t\t\t<div class=\"blockG\" id=\"rotateG_04\"><\/div>\n\t\t\t\t<div class=\"blockG\" id=\"rotateG_05\"><\/div>\n\t\t\t\t<div class=\"blockG\" id=\"rotateG_06\"><\/div>\n\t\t\t\t<div class=\"blockG\" id=\"rotateG_07\"><\/div>\n\t\t\t\t<div class=\"blockG\" id=\"rotateG_08\"><\/div>\n\t\t\t<\/div>\n\t\t\t<div class=\"WooZone-cross-sell-loader-text\"><\/div>\n\t\t<\/div>\n\t<\/div>\n\n\t\t\n<\/div>\n<div style=\"clear:both;\"><\/div><\/p>\n","protected":false},"excerpt":{"rendered":"<p>LED Solar Laterne H\u00e4ngende f\u00fcr Drau\u00dfen:Wundersch\u00f6nes Vintage-Design,Diese Solarlaterne im Freien versch\u00f6nert Ihren Garten. Das attraktive ausgeh\u00f6hlte Muster und das subtile Leuchten erleuchten Ihren Garten auf wundersch\u00f6ne Weise. Die unerwarteten visuellen Effekte schaffen ein exotisches Ambiente.Es beleuchtet die Szene mit einem warmwei\u00dfen Licht sowie einem atemberaubenden Design.<br \/>\nSolarbetrieben und energiesparend:Dank der integrierten Solarzellen,Mit 800mAh Batterie, die eine eingebaute Batterie aufladen, k\u00f6nnen diese Leuchten vollst\u00e4ndig ohne Stromanschluss in Ihrem Au\u00dfenbereich platziert werden. Diese Solarleuchten werden tags\u00fcber aufgeladen und geben bei Dunkelheit Ihr gespeichertes Licht ab. Dadurch ist Ihre Solarlaterne umweltfreundlich,einfach zu bedienen.<br \/>\nLanglebig und IP65 wasserdicht:Wenn es um einen Au\u00dfenbereich geht, ist Haltbarkeit entscheidend. Entwickelt mit einem starken Bronzemetallgeh\u00e4use, kann es nicht leicht besch\u00e4digt werden. Der wasserdichte St\u00e4nder dieser Solar-Gartenlampe f\u00fcr den Au\u00dfenbereich ist IP65. DKeine Kabel erforderlich, legen Sie es einfach in Ihren Garten oder Weg,wo immer Sie m\u00f6chten.<\/p>\n","protected":false},"featured_media":166307,"comment_status":"open","ping_status":"closed","template":"","meta":[],"product_brand":[],"product_cat":[11446,2108],"product_tag":[],"class_list":{"0":"post-166306","1":"product","2":"type-product","3":"status-publish","4":"has-post-thumbnail","6":"product_cat-aussenbeleuchtung","7":"product_cat-beleuchtung","8":"pa_brand-foris","9":"pa_manufacturer-guangzhou-qianchen-maoyiyouxiangongsi","11":"first","12":"instock","13":"shipping-taxable","14":"purchasable","15":"product-type-simple","16":"customify-col","17":"product-has-gallery"},"yoast_head":"<!-- This site is optimized with the Yoast SEO plugin v27.4 - https:\/\/yoast.com\/product\/yoast-seo-wordpress\/ -->\n<title>Solar Laterne f\u00fcr Au\u00dfen,LED Solarlaterne f\u00fcr Drau\u00dfen,Solarlampen f\u00fcr Au\u00dfen IP65 Wasserdicht H\u00e4ngend Garten Deko\u2026 - Markt-XXL<\/title>\n<meta name=\"description\" content=\"Markt-XXL Solar Laterne f\u00fcr Au\u00dfen,LED Solarlaterne f\u00fcr Drau\u00dfen,Solarlampen f\u00fcr Au\u00dfen IP65 Wasserdicht H\u00e4ngend Garten Deko\u2026\" \/>\n<meta name=\"robots\" content=\"index, follow, max-snippet:-1, max-image-preview:large, max-video-preview:-1\" \/>\n<link rel=\"canonical\" href=\"https:\/\/marktxxl.de\/markt\/produkt\/solar-laterne-fuer-aussenled-solarlaterne-fuer-draussensolarlampen-fuer-aussen-ip65-wasserdicht-haengend-garten-deko-solarleuchten-gartenlicht-fuer-weihnachten-balkon-terrasse-rasen-aussen-dekorativ\/\" \/>\n<meta property=\"og:locale\" content=\"de_DE\" \/>\n<meta property=\"og:type\" content=\"article\" \/>\n<meta property=\"og:title\" content=\"Solar Laterne f\u00fcr Au\u00dfen,LED Solarlaterne f\u00fcr Drau\u00dfen,Solarlampen f\u00fcr Au\u00dfen IP65 Wasserdicht H\u00e4ngend Garten Deko\u2026 - Markt-XXL\" \/>\n<meta property=\"og:description\" content=\"Markt-XXL Solar Laterne f\u00fcr Au\u00dfen,LED Solarlaterne f\u00fcr Drau\u00dfen,Solarlampen f\u00fcr Au\u00dfen IP65 Wasserdicht H\u00e4ngend Garten Deko\u2026\" \/>\n<meta property=\"og:url\" content=\"https:\/\/marktxxl.de\/markt\/produkt\/solar-laterne-fuer-aussenled-solarlaterne-fuer-draussensolarlampen-fuer-aussen-ip65-wasserdicht-haengend-garten-deko-solarleuchten-gartenlicht-fuer-weihnachten-balkon-terrasse-rasen-aussen-dekorativ\/\" \/>\n<meta property=\"og:site_name\" content=\"Markt-XXL\" \/>\n<meta property=\"article:modified_time\" content=\"2023-04-11T02:51:21+00:00\" \/>\n<meta property=\"og:image\" content=\"https:\/\/m.media-amazon.com\/images\/I\/61bpD72KSdL._SL500_.jpg\" \/>\n\t<meta property=\"og:image:width\" content=\"500\" \/>\n\t<meta property=\"og:image:height\" content=\"500\" \/>\n\t<meta property=\"og:image:type\" content=\"image\/jpeg\" \/>\n<meta name=\"twitter:card\" content=\"summary_large_image\" \/>\n<meta name=\"twitter:label1\" content=\"Gesch\u00e4tzte Lesezeit\" \/>\n\t<meta name=\"twitter:data1\" content=\"1\u00a0Minute\" \/>\n<script type=\"application\/ld+json\" class=\"yoast-schema-graph\">{\"@context\":\"https:\\\/\\\/schema.org\",\"@graph\":[{\"@type\":\"WebPage\",\"@id\":\"https:\\\/\\\/marktxxl.de\\\/markt\\\/produkt\\\/solar-laterne-fuer-aussenled-solarlaterne-fuer-draussensolarlampen-fuer-aussen-ip65-wasserdicht-haengend-garten-deko-solarleuchten-gartenlicht-fuer-weihnachten-balkon-terrasse-rasen-aussen-dekorativ\\\/\",\"url\":\"https:\\\/\\\/marktxxl.de\\\/markt\\\/produkt\\\/solar-laterne-fuer-aussenled-solarlaterne-fuer-draussensolarlampen-fuer-aussen-ip65-wasserdicht-haengend-garten-deko-solarleuchten-gartenlicht-fuer-weihnachten-balkon-terrasse-rasen-aussen-dekorativ\\\/\",\"name\":\"Solar Laterne f\u00fcr Au\u00dfen,LED Solarlaterne f\u00fcr Drau\u00dfen,Solarlampen f\u00fcr Au\u00dfen IP65 Wasserdicht H\u00e4ngend Garten Deko\u2026 - Markt-XXL\",\"isPartOf\":{\"@id\":\"https:\\\/\\\/marktxxl.de\\\/markt\\\/#website\"},\"primaryImageOfPage\":{\"@id\":\"https:\\\/\\\/marktxxl.de\\\/markt\\\/produkt\\\/solar-laterne-fuer-aussenled-solarlaterne-fuer-draussensolarlampen-fuer-aussen-ip65-wasserdicht-haengend-garten-deko-solarleuchten-gartenlicht-fuer-weihnachten-balkon-terrasse-rasen-aussen-dekorativ\\\/#primaryimage\"},\"image\":{\"@id\":\"https:\\\/\\\/marktxxl.de\\\/markt\\\/produkt\\\/solar-laterne-fuer-aussenled-solarlaterne-fuer-draussensolarlampen-fuer-aussen-ip65-wasserdicht-haengend-garten-deko-solarleuchten-gartenlicht-fuer-weihnachten-balkon-terrasse-rasen-aussen-dekorativ\\\/#primaryimage\"},\"thumbnailUrl\":\"https:\\\/\\\/m.media-amazon.com\\\/images\\\/I\\\/61bpD72KSdL._SL500_.jpg\",\"datePublished\":\"2022-11-11T06:40:54+00:00\",\"dateModified\":\"2023-04-11T02:51:21+00:00\",\"description\":\"Markt-XXL Solar Laterne f\u00fcr Au\u00dfen,LED Solarlaterne f\u00fcr Drau\u00dfen,Solarlampen f\u00fcr Au\u00dfen IP65 Wasserdicht H\u00e4ngend Garten Deko\u2026\",\"breadcrumb\":{\"@id\":\"https:\\\/\\\/marktxxl.de\\\/markt\\\/produkt\\\/solar-laterne-fuer-aussenled-solarlaterne-fuer-draussensolarlampen-fuer-aussen-ip65-wasserdicht-haengend-garten-deko-solarleuchten-gartenlicht-fuer-weihnachten-balkon-terrasse-rasen-aussen-dekorativ\\\/#breadcrumb\"},\"inLanguage\":\"de\",\"potentialAction\":[{\"@type\":\"ReadAction\",\"target\":[\"https:\\\/\\\/marktxxl.de\\\/markt\\\/produkt\\\/solar-laterne-fuer-aussenled-solarlaterne-fuer-draussensolarlampen-fuer-aussen-ip65-wasserdicht-haengend-garten-deko-solarleuchten-gartenlicht-fuer-weihnachten-balkon-terrasse-rasen-aussen-dekorativ\\\/\"]}]},{\"@type\":\"ImageObject\",\"inLanguage\":\"de\",\"@id\":\"https:\\\/\\\/marktxxl.de\\\/markt\\\/produkt\\\/solar-laterne-fuer-aussenled-solarlaterne-fuer-draussensolarlampen-fuer-aussen-ip65-wasserdicht-haengend-garten-deko-solarleuchten-gartenlicht-fuer-weihnachten-balkon-terrasse-rasen-aussen-dekorativ\\\/#primaryimage\",\"url\":\"https:\\\/\\\/m.media-amazon.com\\\/images\\\/I\\\/61bpD72KSdL._SL500_.jpg\",\"contentUrl\":\"https:\\\/\\\/m.media-amazon.com\\\/images\\\/I\\\/61bpD72KSdL._SL500_.jpg\",\"width\":500,\"height\":500},{\"@type\":\"BreadcrumbList\",\"@id\":\"https:\\\/\\\/marktxxl.de\\\/markt\\\/produkt\\\/solar-laterne-fuer-aussenled-solarlaterne-fuer-draussensolarlampen-fuer-aussen-ip65-wasserdicht-haengend-garten-deko-solarleuchten-gartenlicht-fuer-weihnachten-balkon-terrasse-rasen-aussen-dekorativ\\\/#breadcrumb\",\"itemListElement\":[{\"@type\":\"ListItem\",\"position\":1,\"name\":\"Startseite\",\"item\":\"https:\\\/\\\/marktxxl.de\\\/markt\\\/\"},{\"@type\":\"ListItem\",\"position\":2,\"name\":\"Markt\",\"item\":\"https:\\\/\\\/marktxxl.de\\\/markt\\\/\"},{\"@type\":\"ListItem\",\"position\":3,\"name\":\"Solar Laterne f\u00fcr Au\u00dfen,LED Solarlaterne f\u00fcr Drau\u00dfen,Solarlampen f\u00fcr Au\u00dfen IP65 Wasserdicht H\u00e4ngend Garten Deko\u2026\"}]},{\"@type\":\"WebSite\",\"@id\":\"https:\\\/\\\/marktxxl.de\\\/markt\\\/#website\",\"url\":\"https:\\\/\\\/marktxxl.de\\\/markt\\\/\",\"name\":\"Markt-XXL\",\"description\":\"Ihr Markt Online\",\"publisher\":{\"@id\":\"https:\\\/\\\/marktxxl.de\\\/markt\\\/#organization\"},\"potentialAction\":[{\"@type\":\"SearchAction\",\"target\":{\"@type\":\"EntryPoint\",\"urlTemplate\":\"https:\\\/\\\/marktxxl.de\\\/markt\\\/?s={search_term_string}\"},\"query-input\":{\"@type\":\"PropertyValueSpecification\",\"valueRequired\":true,\"valueName\":\"search_term_string\"}}],\"inLanguage\":\"de\"},{\"@type\":\"Organization\",\"@id\":\"https:\\\/\\\/marktxxl.de\\\/markt\\\/#organization\",\"name\":\"Markt-XXL\",\"url\":\"https:\\\/\\\/marktxxl.de\\\/markt\\\/\",\"logo\":{\"@type\":\"ImageObject\",\"inLanguage\":\"de\",\"@id\":\"https:\\\/\\\/marktxxl.de\\\/markt\\\/#\\\/schema\\\/logo\\\/image\\\/\",\"url\":\"https:\\\/\\\/marktxxl.de\\\/markt\\\/wp-content\\\/uploads\\\/sites\\\/3\\\/2020\\\/12\\\/logo.png\",\"contentUrl\":\"https:\\\/\\\/marktxxl.de\\\/markt\\\/wp-content\\\/uploads\\\/sites\\\/3\\\/2020\\\/12\\\/logo.png\",\"width\":200,\"height\":70,\"caption\":\"Markt-XXL\"},\"image\":{\"@id\":\"https:\\\/\\\/marktxxl.de\\\/markt\\\/#\\\/schema\\\/logo\\\/image\\\/\"}}]}<\/script>\n<!-- \/ Yoast SEO plugin. -->","yoast_head_json":{"title":"Solar Laterne f\u00fcr Au\u00dfen,LED Solarlaterne f\u00fcr Drau\u00dfen,Solarlampen f\u00fcr Au\u00dfen IP65 Wasserdicht H\u00e4ngend Garten Deko\u2026 - Markt-XXL","description":"Markt-XXL Solar Laterne f\u00fcr Au\u00dfen,LED Solarlaterne f\u00fcr Drau\u00dfen,Solarlampen f\u00fcr Au\u00dfen IP65 Wasserdicht H\u00e4ngend Garten Deko\u2026","robots":{"index":"index","follow":"follow","max-snippet":"max-snippet:-1","max-image-preview":"max-image-preview:large","max-video-preview":"max-video-preview:-1"},"canonical":"https:\/\/marktxxl.de\/markt\/produkt\/solar-laterne-fuer-aussenled-solarlaterne-fuer-draussensolarlampen-fuer-aussen-ip65-wasserdicht-haengend-garten-deko-solarleuchten-gartenlicht-fuer-weihnachten-balkon-terrasse-rasen-aussen-dekorativ\/","og_locale":"de_DE","og_type":"article","og_title":"Solar Laterne f\u00fcr Au\u00dfen,LED Solarlaterne f\u00fcr Drau\u00dfen,Solarlampen f\u00fcr Au\u00dfen IP65 Wasserdicht H\u00e4ngend Garten Deko\u2026 - Markt-XXL","og_description":"Markt-XXL Solar Laterne f\u00fcr Au\u00dfen,LED Solarlaterne f\u00fcr Drau\u00dfen,Solarlampen f\u00fcr Au\u00dfen IP65 Wasserdicht H\u00e4ngend Garten Deko\u2026","og_url":"https:\/\/marktxxl.de\/markt\/produkt\/solar-laterne-fuer-aussenled-solarlaterne-fuer-draussensolarlampen-fuer-aussen-ip65-wasserdicht-haengend-garten-deko-solarleuchten-gartenlicht-fuer-weihnachten-balkon-terrasse-rasen-aussen-dekorativ\/","og_site_name":"Markt-XXL","article_modified_time":"2023-04-11T02:51:21+00:00","og_image":[{"width":500,"height":500,"url":"https:\/\/m.media-amazon.com\/images\/I\/61bpD72KSdL._SL500_.jpg","type":"image\/jpeg"}],"twitter_card":"summary_large_image","twitter_misc":{"Gesch\u00e4tzte Lesezeit":"1\u00a0Minute"},"schema":{"@context":"https:\/\/schema.org","@graph":[{"@type":"WebPage","@id":"https:\/\/marktxxl.de\/markt\/produkt\/solar-laterne-fuer-aussenled-solarlaterne-fuer-draussensolarlampen-fuer-aussen-ip65-wasserdicht-haengend-garten-deko-solarleuchten-gartenlicht-fuer-weihnachten-balkon-terrasse-rasen-aussen-dekorativ\/","url":"https:\/\/marktxxl.de\/markt\/produkt\/solar-laterne-fuer-aussenled-solarlaterne-fuer-draussensolarlampen-fuer-aussen-ip65-wasserdicht-haengend-garten-deko-solarleuchten-gartenlicht-fuer-weihnachten-balkon-terrasse-rasen-aussen-dekorativ\/","name":"Solar Laterne f\u00fcr Au\u00dfen,LED Solarlaterne f\u00fcr Drau\u00dfen,Solarlampen f\u00fcr Au\u00dfen IP65 Wasserdicht H\u00e4ngend Garten Deko\u2026 - Markt-XXL","isPartOf":{"@id":"https:\/\/marktxxl.de\/markt\/#website"},"primaryImageOfPage":{"@id":"https:\/\/marktxxl.de\/markt\/produkt\/solar-laterne-fuer-aussenled-solarlaterne-fuer-draussensolarlampen-fuer-aussen-ip65-wasserdicht-haengend-garten-deko-solarleuchten-gartenlicht-fuer-weihnachten-balkon-terrasse-rasen-aussen-dekorativ\/#primaryimage"},"image":{"@id":"https:\/\/marktxxl.de\/markt\/produkt\/solar-laterne-fuer-aussenled-solarlaterne-fuer-draussensolarlampen-fuer-aussen-ip65-wasserdicht-haengend-garten-deko-solarleuchten-gartenlicht-fuer-weihnachten-balkon-terrasse-rasen-aussen-dekorativ\/#primaryimage"},"thumbnailUrl":"https:\/\/m.media-amazon.com\/images\/I\/61bpD72KSdL._SL500_.jpg","datePublished":"2022-11-11T06:40:54+00:00","dateModified":"2023-04-11T02:51:21+00:00","description":"Markt-XXL Solar Laterne f\u00fcr Au\u00dfen,LED Solarlaterne f\u00fcr Drau\u00dfen,Solarlampen f\u00fcr Au\u00dfen IP65 Wasserdicht H\u00e4ngend Garten Deko\u2026","breadcrumb":{"@id":"https:\/\/marktxxl.de\/markt\/produkt\/solar-laterne-fuer-aussenled-solarlaterne-fuer-draussensolarlampen-fuer-aussen-ip65-wasserdicht-haengend-garten-deko-solarleuchten-gartenlicht-fuer-weihnachten-balkon-terrasse-rasen-aussen-dekorativ\/#breadcrumb"},"inLanguage":"de","potentialAction":[{"@type":"ReadAction","target":["https:\/\/marktxxl.de\/markt\/produkt\/solar-laterne-fuer-aussenled-solarlaterne-fuer-draussensolarlampen-fuer-aussen-ip65-wasserdicht-haengend-garten-deko-solarleuchten-gartenlicht-fuer-weihnachten-balkon-terrasse-rasen-aussen-dekorativ\/"]}]},{"@type":"ImageObject","inLanguage":"de","@id":"https:\/\/marktxxl.de\/markt\/produkt\/solar-laterne-fuer-aussenled-solarlaterne-fuer-draussensolarlampen-fuer-aussen-ip65-wasserdicht-haengend-garten-deko-solarleuchten-gartenlicht-fuer-weihnachten-balkon-terrasse-rasen-aussen-dekorativ\/#primaryimage","url":"https:\/\/m.media-amazon.com\/images\/I\/61bpD72KSdL._SL500_.jpg","contentUrl":"https:\/\/m.media-amazon.com\/images\/I\/61bpD72KSdL._SL500_.jpg","width":500,"height":500},{"@type":"BreadcrumbList","@id":"https:\/\/marktxxl.de\/markt\/produkt\/solar-laterne-fuer-aussenled-solarlaterne-fuer-draussensolarlampen-fuer-aussen-ip65-wasserdicht-haengend-garten-deko-solarleuchten-gartenlicht-fuer-weihnachten-balkon-terrasse-rasen-aussen-dekorativ\/#breadcrumb","itemListElement":[{"@type":"ListItem","position":1,"name":"Startseite","item":"https:\/\/marktxxl.de\/markt\/"},{"@type":"ListItem","position":2,"name":"Markt","item":"https:\/\/marktxxl.de\/markt\/"},{"@type":"ListItem","position":3,"name":"Solar Laterne f\u00fcr Au\u00dfen,LED Solarlaterne f\u00fcr Drau\u00dfen,Solarlampen f\u00fcr Au\u00dfen IP65 Wasserdicht H\u00e4ngend Garten Deko\u2026"}]},{"@type":"WebSite","@id":"https:\/\/marktxxl.de\/markt\/#website","url":"https:\/\/marktxxl.de\/markt\/","name":"Markt-XXL","description":"Ihr Markt Online","publisher":{"@id":"https:\/\/marktxxl.de\/markt\/#organization"},"potentialAction":[{"@type":"SearchAction","target":{"@type":"EntryPoint","urlTemplate":"https:\/\/marktxxl.de\/markt\/?s={search_term_string}"},"query-input":{"@type":"PropertyValueSpecification","valueRequired":true,"valueName":"search_term_string"}}],"inLanguage":"de"},{"@type":"Organization","@id":"https:\/\/marktxxl.de\/markt\/#organization","name":"Markt-XXL","url":"https:\/\/marktxxl.de\/markt\/","logo":{"@type":"ImageObject","inLanguage":"de","@id":"https:\/\/marktxxl.de\/markt\/#\/schema\/logo\/image\/","url":"https:\/\/marktxxl.de\/markt\/wp-content\/uploads\/sites\/3\/2020\/12\/logo.png","contentUrl":"https:\/\/marktxxl.de\/markt\/wp-content\/uploads\/sites\/3\/2020\/12\/logo.png","width":200,"height":70,"caption":"Markt-XXL"},"image":{"@id":"https:\/\/marktxxl.de\/markt\/#\/schema\/logo\/image\/"}}]}},"_links":{"self":[{"href":"https:\/\/marktxxl.de\/markt\/wp-json\/wp\/v2\/product\/166306","targetHints":{"allow":["GET"]}}],"collection":[{"href":"https:\/\/marktxxl.de\/markt\/wp-json\/wp\/v2\/product"}],"about":[{"href":"https:\/\/marktxxl.de\/markt\/wp-json\/wp\/v2\/types\/product"}],"replies":[{"embeddable":true,"href":"https:\/\/marktxxl.de\/markt\/wp-json\/wp\/v2\/comments?post=166306"}],"wp:featuredmedia":[{"embeddable":true,"href":"https:\/\/marktxxl.de\/markt\/wp-json\/wp\/v2\/media\/166307"}],"wp:attachment":[{"href":"https:\/\/marktxxl.de\/markt\/wp-json\/wp\/v2\/media?parent=166306"}],"wp:term":[{"taxonomy":"product_brand","embeddable":true,"href":"https:\/\/marktxxl.de\/markt\/wp-json\/wp\/v2\/product_brand?post=166306"},{"taxonomy":"product_cat","embeddable":true,"href":"https:\/\/marktxxl.de\/markt\/wp-json\/wp\/v2\/product_cat?post=166306"},{"taxonomy":"product_tag","embeddable":true,"href":"https:\/\/marktxxl.de\/markt\/wp-json\/wp\/v2\/product_tag?post=166306"}],"curies":[{"name":"wp","href":"https:\/\/api.w.org\/{rel}","templated":true}]}}