{"id":165734,"date":"2022-11-11T07:14:36","date_gmt":"2022-11-11T06:14:36","guid":{"rendered":"https:\/\/marktxxl.de\/markt\/produkt\/studypro-handcreme-set-10-stueck-handcreme-moisturize-hands-feuchtigkeitscreme-pflegecreme-geschenkset-fuer-frauen-und-maenner-perfekte-geschenk-fuer-frauen-mama-freundin-frau-mutter\/"},"modified":"2023-04-11T04:51:12","modified_gmt":"2023-04-11T02:51:12","slug":"studypro-handcreme-set-10-stueck-handcreme-moisturize-hands-feuchtigkeitscreme-pflegecreme-geschenkset-fuer-frauen-und-maenner-perfekte-geschenk-fuer-frauen-mama-freundin-frau-mutter","status":"publish","type":"product","link":"https:\/\/marktxxl.de\/markt\/produkt\/studypro-handcreme-set-10-stueck-handcreme-moisturize-hands-feuchtigkeitscreme-pflegecreme-geschenkset-fuer-frauen-und-maenner-perfekte-geschenk-fuer-frauen-mama-freundin-frau-mutter\/","title":{"rendered":"studypro Handcreme Set (10 St\u00fcck), Moisturize hands, Feuchtigkeitscreme Pflegecreme Geschenkset f\u00fcr Frauen und M\u00e4nner\u2026"},"content":{"rendered":"<p>\u3010Handcreme Set 10 D\u00fcfte\u3011: Unser Handcreme-Set enth\u00e4lt 10 Blumen- und Pflanzenaromen, darunter: Rose, Kamille, Kirschbl\u00fcte, Sheabutter, Mango, Aloe, Pfirsich, Bergamotte, Sandelholz, Grapefruit. Handcreme ist reich an nat\u00fcrlichen \u00e4therischen Pflanzen\u00f6len, die Ihre Haut und H\u00e4nde den ganzen Tag lang mit Feuchtigkeit versorgen k\u00f6nnen. Jeden Tag kannst du aus unseren 10 Handcremes nach Lust und Laune dein Lieblingsaroma w\u00e4hlen.<br \/>\n\u3010Pflegend und Feuchtigkeitsspendend\u3011:Handcreme zieht schnell ein, fettet nicht und hat eine tief feuchtigkeitsspendende Wirkung. Die feuchtigkeitsspendenden Inhaltsstoffe verleihen Haut und H\u00e4nden ein angenehmes Gef\u00fchl, sind weich und seidig, pflegen die Haut, machen die H\u00e4nde nicht mehr trocken, immer glatt und elastisch.<br \/>\n\u3010F\u00fcr alle Hauttypen Geeignet\u3011: Die nat\u00fcrliche Formel ist f\u00fcr alle Hauttypen geeignet. Besonders geeignet f\u00fcr trockene, dehydrierte und rissige Haut. Befeuchten und erweichen, n\u00e4hren trockene Haut, erweichen und verj\u00fcngen die Haut. Die Creme kann als Handcreme und Feuchtigkeitscreme f\u00fcr Frauen, M\u00e4nner und Kinder verwendet werden. Handcreme hat eine beruhigende Wirkung auf die Haut und kann sicher auf gereizte Haut aufgetragen werden.<br \/>\n\u3010Leicht zu Tragen\u3011: Handcreme kann raue Haut wie Ellbogen, Knie, F\u00fc\u00dfe und trockene H\u00e4nde mit Feuchtigkeit versorgen. Durch die F\u00f6rderung der nat\u00fcrlichen Hautregeneration kann die Haut weicher und glatter werden als zuvor. Es ist leicht und einfach zu transportieren und aufzubewahren und kann jederzeit und \u00fcberall als gutes Reisewerkzeug verwendet werdenSch\u00fctzen und befeuchten Sie Ihre H\u00e4nde jederzeit.<br \/>\n\u3010Ausdruck der Liebe\u3011: Dieses Handcreme-Set ist einzigartig gestaltet und nicht nur f\u00fcr den t\u00e4glichen pers\u00f6nlichen Gebrauch geeignet. Es kann auch das perfekte Geschenk f\u00fcr Weihnachten, Neujahr, Geburtstag, Valentinstag, Muttertag, Jubil\u00e4um oder jeden anderen besonderen Tag sein. Spendet der Haut der H\u00e4nde Feuchtigkeit und verstr\u00f6mt einen bezaubernden Duft.Es ist die beste Geschenkwahl f\u00fcr Eltern und Freunde.<br \/>\nAnzahl\u00a0der\u00a0einheiten: 10.0<br \/>\n<div class=\"main-cross-sell\" data-asin=\"B09FL93YGN\">\n\n\t<div class=\"WooZone-cross-sell-loader\">\n\t\t<div>\n\t\t\t<div id=\"floatingBarsG\">\n\t\t\t\t<div class=\"blockG\" id=\"rotateG_01\"><\/div>\n\t\t\t\t<div class=\"blockG\" id=\"rotateG_02\"><\/div>\n\t\t\t\t<div class=\"blockG\" id=\"rotateG_03\"><\/div>\n\t\t\t\t<div class=\"blockG\" id=\"rotateG_04\"><\/div>\n\t\t\t\t<div class=\"blockG\" id=\"rotateG_05\"><\/div>\n\t\t\t\t<div class=\"blockG\" id=\"rotateG_06\"><\/div>\n\t\t\t\t<div class=\"blockG\" id=\"rotateG_07\"><\/div>\n\t\t\t\t<div class=\"blockG\" id=\"rotateG_08\"><\/div>\n\t\t\t<\/div>\n\t\t\t<div class=\"WooZone-cross-sell-loader-text\"><\/div>\n\t\t<\/div>\n\t<\/div>\n\n\t\t\n<\/div>\n<div style=\"clear:both;\"><\/div><\/p>\n","protected":false},"excerpt":{"rendered":"<p>\u3010Handcreme Set 10 D\u00fcfte\u3011: Unser Handcreme-Set enth\u00e4lt 10 Blumen- und Pflanzenaromen, darunter: Rose, Kamille, Kirschbl\u00fcte, Sheabutter, Mango, Aloe, Pfirsich, Bergamotte, Sandelholz, Grapefruit. Handcreme ist reich an nat\u00fcrlichen \u00e4therischen Pflanzen\u00f6len, die Ihre Haut und H\u00e4nde den ganzen Tag lang mit Feuchtigkeit versorgen k\u00f6nnen. Jeden Tag kannst du aus unseren 10 Handcremes nach Lust und Laune dein Lieblingsaroma w\u00e4hlen.<br \/>\n\u3010Pflegend und Feuchtigkeitsspendend\u3011:Handcreme zieht schnell ein, fettet nicht und hat eine tief feuchtigkeitsspendende Wirkung. Die feuchtigkeitsspendenden Inhaltsstoffe verleihen Haut und H\u00e4nden ein angenehmes Gef\u00fchl, sind weich und seidig, pflegen die Haut, machen die H\u00e4nde nicht mehr trocken, immer glatt und elastisch.<br \/>\n\u3010F\u00fcr alle Hauttypen Geeignet\u3011: Die nat\u00fcrliche Formel ist f\u00fcr alle Hauttypen geeignet. Besonders geeignet f\u00fcr trockene, dehydrierte und rissige Haut. Befeuchten und erweichen, n\u00e4hren trockene Haut, erweichen und verj\u00fcngen die Haut. Die Creme kann als Handcreme und Feuchtigkeitscreme f\u00fcr Frauen, M\u00e4nner und Kinder verwendet werden. Handcreme hat eine beruhigende Wirkung auf die Haut und kann sicher auf gereizte Haut aufgetragen werden.<\/p>\n","protected":false},"featured_media":165735,"comment_status":"open","ping_status":"closed","template":"","meta":[],"product_brand":[],"product_cat":[2858,7659],"product_tag":[],"class_list":{"0":"post-165734","1":"product","2":"type-product","3":"status-publish","4":"has-post-thumbnail","6":"product_cat-beauty","7":"product_cat-manikuere-pedikuere","8":"pa_brand-studypro","9":"pa_color-rot02","10":"pa_manufacturer-studypro","11":"pa_size-28-g-10er-pack","13":"first","14":"instock","15":"shipping-taxable","16":"purchasable","17":"product-type-simple","18":"customify-col","19":"product-has-gallery"},"yoast_head":"<!-- This site is optimized with the Yoast SEO plugin v27.4 - https:\/\/yoast.com\/product\/yoast-seo-wordpress\/ -->\n<title>studypro Handcreme Set (10 St\u00fcck), Moisturize hands, Feuchtigkeitscreme Pflegecreme Geschenkset f\u00fcr Frauen und M\u00e4nner\u2026 - Markt-XXL<\/title>\n<meta name=\"description\" content=\"Markt-XXL studypro Handcreme Set (10 St\u00fcck), Moisturize hands, Feuchtigkeitscreme Pflegecreme Geschenkset f\u00fcr Frauen und M\u00e4nner\u2026\" \/>\n<meta name=\"robots\" content=\"index, follow, max-snippet:-1, max-image-preview:large, max-video-preview:-1\" \/>\n<link rel=\"canonical\" href=\"https:\/\/marktxxl.de\/markt\/produkt\/studypro-handcreme-set-10-stueck-handcreme-moisturize-hands-feuchtigkeitscreme-pflegecreme-geschenkset-fuer-frauen-und-maenner-perfekte-geschenk-fuer-frauen-mama-freundin-frau-mutter\/\" \/>\n<meta property=\"og:locale\" content=\"de_DE\" \/>\n<meta property=\"og:type\" content=\"article\" \/>\n<meta property=\"og:title\" content=\"studypro Handcreme Set (10 St\u00fcck), Moisturize hands, Feuchtigkeitscreme Pflegecreme Geschenkset f\u00fcr Frauen und M\u00e4nner\u2026 - Markt-XXL\" \/>\n<meta property=\"og:description\" content=\"Markt-XXL studypro Handcreme Set (10 St\u00fcck), Moisturize hands, Feuchtigkeitscreme Pflegecreme Geschenkset f\u00fcr Frauen und M\u00e4nner\u2026\" \/>\n<meta property=\"og:url\" content=\"https:\/\/marktxxl.de\/markt\/produkt\/studypro-handcreme-set-10-stueck-handcreme-moisturize-hands-feuchtigkeitscreme-pflegecreme-geschenkset-fuer-frauen-und-maenner-perfekte-geschenk-fuer-frauen-mama-freundin-frau-mutter\/\" \/>\n<meta property=\"og:site_name\" content=\"Markt-XXL\" \/>\n<meta property=\"article:modified_time\" content=\"2023-04-11T02:51:12+00:00\" \/>\n<meta property=\"og:image\" content=\"https:\/\/m.media-amazon.com\/images\/I\/51icVTq7XqL._SL500_.jpg\" \/>\n\t<meta property=\"og:image:width\" content=\"500\" \/>\n\t<meta property=\"og:image:height\" content=\"500\" \/>\n\t<meta property=\"og:image:type\" content=\"image\/jpeg\" \/>\n<meta name=\"twitter:card\" content=\"summary_large_image\" \/>\n<meta name=\"twitter:label1\" content=\"Gesch\u00e4tzte Lesezeit\" \/>\n\t<meta name=\"twitter:data1\" content=\"2\u00a0Minuten\" \/>\n<script type=\"application\/ld+json\" class=\"yoast-schema-graph\">{\"@context\":\"https:\\\/\\\/schema.org\",\"@graph\":[{\"@type\":\"WebPage\",\"@id\":\"https:\\\/\\\/marktxxl.de\\\/markt\\\/produkt\\\/studypro-handcreme-set-10-stueck-handcreme-moisturize-hands-feuchtigkeitscreme-pflegecreme-geschenkset-fuer-frauen-und-maenner-perfekte-geschenk-fuer-frauen-mama-freundin-frau-mutter\\\/\",\"url\":\"https:\\\/\\\/marktxxl.de\\\/markt\\\/produkt\\\/studypro-handcreme-set-10-stueck-handcreme-moisturize-hands-feuchtigkeitscreme-pflegecreme-geschenkset-fuer-frauen-und-maenner-perfekte-geschenk-fuer-frauen-mama-freundin-frau-mutter\\\/\",\"name\":\"studypro Handcreme Set (10 St\u00fcck), Moisturize hands, Feuchtigkeitscreme Pflegecreme Geschenkset f\u00fcr Frauen und M\u00e4nner\u2026 - Markt-XXL\",\"isPartOf\":{\"@id\":\"https:\\\/\\\/marktxxl.de\\\/markt\\\/#website\"},\"primaryImageOfPage\":{\"@id\":\"https:\\\/\\\/marktxxl.de\\\/markt\\\/produkt\\\/studypro-handcreme-set-10-stueck-handcreme-moisturize-hands-feuchtigkeitscreme-pflegecreme-geschenkset-fuer-frauen-und-maenner-perfekte-geschenk-fuer-frauen-mama-freundin-frau-mutter\\\/#primaryimage\"},\"image\":{\"@id\":\"https:\\\/\\\/marktxxl.de\\\/markt\\\/produkt\\\/studypro-handcreme-set-10-stueck-handcreme-moisturize-hands-feuchtigkeitscreme-pflegecreme-geschenkset-fuer-frauen-und-maenner-perfekte-geschenk-fuer-frauen-mama-freundin-frau-mutter\\\/#primaryimage\"},\"thumbnailUrl\":\"https:\\\/\\\/m.media-amazon.com\\\/images\\\/I\\\/51icVTq7XqL._SL500_.jpg\",\"datePublished\":\"2022-11-11T06:14:36+00:00\",\"dateModified\":\"2023-04-11T02:51:12+00:00\",\"description\":\"Markt-XXL studypro Handcreme Set (10 St\u00fcck), Moisturize hands, Feuchtigkeitscreme Pflegecreme Geschenkset f\u00fcr Frauen und M\u00e4nner\u2026\",\"breadcrumb\":{\"@id\":\"https:\\\/\\\/marktxxl.de\\\/markt\\\/produkt\\\/studypro-handcreme-set-10-stueck-handcreme-moisturize-hands-feuchtigkeitscreme-pflegecreme-geschenkset-fuer-frauen-und-maenner-perfekte-geschenk-fuer-frauen-mama-freundin-frau-mutter\\\/#breadcrumb\"},\"inLanguage\":\"de\",\"potentialAction\":[{\"@type\":\"ReadAction\",\"target\":[\"https:\\\/\\\/marktxxl.de\\\/markt\\\/produkt\\\/studypro-handcreme-set-10-stueck-handcreme-moisturize-hands-feuchtigkeitscreme-pflegecreme-geschenkset-fuer-frauen-und-maenner-perfekte-geschenk-fuer-frauen-mama-freundin-frau-mutter\\\/\"]}]},{\"@type\":\"ImageObject\",\"inLanguage\":\"de\",\"@id\":\"https:\\\/\\\/marktxxl.de\\\/markt\\\/produkt\\\/studypro-handcreme-set-10-stueck-handcreme-moisturize-hands-feuchtigkeitscreme-pflegecreme-geschenkset-fuer-frauen-und-maenner-perfekte-geschenk-fuer-frauen-mama-freundin-frau-mutter\\\/#primaryimage\",\"url\":\"https:\\\/\\\/m.media-amazon.com\\\/images\\\/I\\\/51icVTq7XqL._SL500_.jpg\",\"contentUrl\":\"https:\\\/\\\/m.media-amazon.com\\\/images\\\/I\\\/51icVTq7XqL._SL500_.jpg\",\"width\":500,\"height\":500},{\"@type\":\"BreadcrumbList\",\"@id\":\"https:\\\/\\\/marktxxl.de\\\/markt\\\/produkt\\\/studypro-handcreme-set-10-stueck-handcreme-moisturize-hands-feuchtigkeitscreme-pflegecreme-geschenkset-fuer-frauen-und-maenner-perfekte-geschenk-fuer-frauen-mama-freundin-frau-mutter\\\/#breadcrumb\",\"itemListElement\":[{\"@type\":\"ListItem\",\"position\":1,\"name\":\"Startseite\",\"item\":\"https:\\\/\\\/marktxxl.de\\\/markt\\\/\"},{\"@type\":\"ListItem\",\"position\":2,\"name\":\"Markt\",\"item\":\"https:\\\/\\\/marktxxl.de\\\/markt\\\/\"},{\"@type\":\"ListItem\",\"position\":3,\"name\":\"studypro Handcreme Set (10 St\u00fcck), Moisturize hands, Feuchtigkeitscreme Pflegecreme Geschenkset f\u00fcr Frauen und M\u00e4nner\u2026\"}]},{\"@type\":\"WebSite\",\"@id\":\"https:\\\/\\\/marktxxl.de\\\/markt\\\/#website\",\"url\":\"https:\\\/\\\/marktxxl.de\\\/markt\\\/\",\"name\":\"Markt-XXL\",\"description\":\"Ihr Markt Online\",\"publisher\":{\"@id\":\"https:\\\/\\\/marktxxl.de\\\/markt\\\/#organization\"},\"potentialAction\":[{\"@type\":\"SearchAction\",\"target\":{\"@type\":\"EntryPoint\",\"urlTemplate\":\"https:\\\/\\\/marktxxl.de\\\/markt\\\/?s={search_term_string}\"},\"query-input\":{\"@type\":\"PropertyValueSpecification\",\"valueRequired\":true,\"valueName\":\"search_term_string\"}}],\"inLanguage\":\"de\"},{\"@type\":\"Organization\",\"@id\":\"https:\\\/\\\/marktxxl.de\\\/markt\\\/#organization\",\"name\":\"Markt-XXL\",\"url\":\"https:\\\/\\\/marktxxl.de\\\/markt\\\/\",\"logo\":{\"@type\":\"ImageObject\",\"inLanguage\":\"de\",\"@id\":\"https:\\\/\\\/marktxxl.de\\\/markt\\\/#\\\/schema\\\/logo\\\/image\\\/\",\"url\":\"https:\\\/\\\/marktxxl.de\\\/markt\\\/wp-content\\\/uploads\\\/sites\\\/3\\\/2020\\\/12\\\/logo.png\",\"contentUrl\":\"https:\\\/\\\/marktxxl.de\\\/markt\\\/wp-content\\\/uploads\\\/sites\\\/3\\\/2020\\\/12\\\/logo.png\",\"width\":200,\"height\":70,\"caption\":\"Markt-XXL\"},\"image\":{\"@id\":\"https:\\\/\\\/marktxxl.de\\\/markt\\\/#\\\/schema\\\/logo\\\/image\\\/\"}}]}<\/script>\n<!-- \/ Yoast SEO plugin. -->","yoast_head_json":{"title":"studypro Handcreme Set (10 St\u00fcck), Moisturize hands, Feuchtigkeitscreme Pflegecreme Geschenkset f\u00fcr Frauen und M\u00e4nner\u2026 - Markt-XXL","description":"Markt-XXL studypro Handcreme Set (10 St\u00fcck), Moisturize hands, Feuchtigkeitscreme Pflegecreme Geschenkset f\u00fcr Frauen und M\u00e4nner\u2026","robots":{"index":"index","follow":"follow","max-snippet":"max-snippet:-1","max-image-preview":"max-image-preview:large","max-video-preview":"max-video-preview:-1"},"canonical":"https:\/\/marktxxl.de\/markt\/produkt\/studypro-handcreme-set-10-stueck-handcreme-moisturize-hands-feuchtigkeitscreme-pflegecreme-geschenkset-fuer-frauen-und-maenner-perfekte-geschenk-fuer-frauen-mama-freundin-frau-mutter\/","og_locale":"de_DE","og_type":"article","og_title":"studypro Handcreme Set (10 St\u00fcck), Moisturize hands, Feuchtigkeitscreme Pflegecreme Geschenkset f\u00fcr Frauen und M\u00e4nner\u2026 - Markt-XXL","og_description":"Markt-XXL studypro Handcreme Set (10 St\u00fcck), Moisturize hands, Feuchtigkeitscreme Pflegecreme Geschenkset f\u00fcr Frauen und M\u00e4nner\u2026","og_url":"https:\/\/marktxxl.de\/markt\/produkt\/studypro-handcreme-set-10-stueck-handcreme-moisturize-hands-feuchtigkeitscreme-pflegecreme-geschenkset-fuer-frauen-und-maenner-perfekte-geschenk-fuer-frauen-mama-freundin-frau-mutter\/","og_site_name":"Markt-XXL","article_modified_time":"2023-04-11T02:51:12+00:00","og_image":[{"width":500,"height":500,"url":"https:\/\/m.media-amazon.com\/images\/I\/51icVTq7XqL._SL500_.jpg","type":"image\/jpeg"}],"twitter_card":"summary_large_image","twitter_misc":{"Gesch\u00e4tzte Lesezeit":"2\u00a0Minuten"},"schema":{"@context":"https:\/\/schema.org","@graph":[{"@type":"WebPage","@id":"https:\/\/marktxxl.de\/markt\/produkt\/studypro-handcreme-set-10-stueck-handcreme-moisturize-hands-feuchtigkeitscreme-pflegecreme-geschenkset-fuer-frauen-und-maenner-perfekte-geschenk-fuer-frauen-mama-freundin-frau-mutter\/","url":"https:\/\/marktxxl.de\/markt\/produkt\/studypro-handcreme-set-10-stueck-handcreme-moisturize-hands-feuchtigkeitscreme-pflegecreme-geschenkset-fuer-frauen-und-maenner-perfekte-geschenk-fuer-frauen-mama-freundin-frau-mutter\/","name":"studypro Handcreme Set (10 St\u00fcck), Moisturize hands, Feuchtigkeitscreme Pflegecreme Geschenkset f\u00fcr Frauen und M\u00e4nner\u2026 - Markt-XXL","isPartOf":{"@id":"https:\/\/marktxxl.de\/markt\/#website"},"primaryImageOfPage":{"@id":"https:\/\/marktxxl.de\/markt\/produkt\/studypro-handcreme-set-10-stueck-handcreme-moisturize-hands-feuchtigkeitscreme-pflegecreme-geschenkset-fuer-frauen-und-maenner-perfekte-geschenk-fuer-frauen-mama-freundin-frau-mutter\/#primaryimage"},"image":{"@id":"https:\/\/marktxxl.de\/markt\/produkt\/studypro-handcreme-set-10-stueck-handcreme-moisturize-hands-feuchtigkeitscreme-pflegecreme-geschenkset-fuer-frauen-und-maenner-perfekte-geschenk-fuer-frauen-mama-freundin-frau-mutter\/#primaryimage"},"thumbnailUrl":"https:\/\/m.media-amazon.com\/images\/I\/51icVTq7XqL._SL500_.jpg","datePublished":"2022-11-11T06:14:36+00:00","dateModified":"2023-04-11T02:51:12+00:00","description":"Markt-XXL studypro Handcreme Set (10 St\u00fcck), Moisturize hands, Feuchtigkeitscreme Pflegecreme Geschenkset f\u00fcr Frauen und M\u00e4nner\u2026","breadcrumb":{"@id":"https:\/\/marktxxl.de\/markt\/produkt\/studypro-handcreme-set-10-stueck-handcreme-moisturize-hands-feuchtigkeitscreme-pflegecreme-geschenkset-fuer-frauen-und-maenner-perfekte-geschenk-fuer-frauen-mama-freundin-frau-mutter\/#breadcrumb"},"inLanguage":"de","potentialAction":[{"@type":"ReadAction","target":["https:\/\/marktxxl.de\/markt\/produkt\/studypro-handcreme-set-10-stueck-handcreme-moisturize-hands-feuchtigkeitscreme-pflegecreme-geschenkset-fuer-frauen-und-maenner-perfekte-geschenk-fuer-frauen-mama-freundin-frau-mutter\/"]}]},{"@type":"ImageObject","inLanguage":"de","@id":"https:\/\/marktxxl.de\/markt\/produkt\/studypro-handcreme-set-10-stueck-handcreme-moisturize-hands-feuchtigkeitscreme-pflegecreme-geschenkset-fuer-frauen-und-maenner-perfekte-geschenk-fuer-frauen-mama-freundin-frau-mutter\/#primaryimage","url":"https:\/\/m.media-amazon.com\/images\/I\/51icVTq7XqL._SL500_.jpg","contentUrl":"https:\/\/m.media-amazon.com\/images\/I\/51icVTq7XqL._SL500_.jpg","width":500,"height":500},{"@type":"BreadcrumbList","@id":"https:\/\/marktxxl.de\/markt\/produkt\/studypro-handcreme-set-10-stueck-handcreme-moisturize-hands-feuchtigkeitscreme-pflegecreme-geschenkset-fuer-frauen-und-maenner-perfekte-geschenk-fuer-frauen-mama-freundin-frau-mutter\/#breadcrumb","itemListElement":[{"@type":"ListItem","position":1,"name":"Startseite","item":"https:\/\/marktxxl.de\/markt\/"},{"@type":"ListItem","position":2,"name":"Markt","item":"https:\/\/marktxxl.de\/markt\/"},{"@type":"ListItem","position":3,"name":"studypro Handcreme Set (10 St\u00fcck), Moisturize hands, Feuchtigkeitscreme Pflegecreme Geschenkset f\u00fcr Frauen und M\u00e4nner\u2026"}]},{"@type":"WebSite","@id":"https:\/\/marktxxl.de\/markt\/#website","url":"https:\/\/marktxxl.de\/markt\/","name":"Markt-XXL","description":"Ihr Markt Online","publisher":{"@id":"https:\/\/marktxxl.de\/markt\/#organization"},"potentialAction":[{"@type":"SearchAction","target":{"@type":"EntryPoint","urlTemplate":"https:\/\/marktxxl.de\/markt\/?s={search_term_string}"},"query-input":{"@type":"PropertyValueSpecification","valueRequired":true,"valueName":"search_term_string"}}],"inLanguage":"de"},{"@type":"Organization","@id":"https:\/\/marktxxl.de\/markt\/#organization","name":"Markt-XXL","url":"https:\/\/marktxxl.de\/markt\/","logo":{"@type":"ImageObject","inLanguage":"de","@id":"https:\/\/marktxxl.de\/markt\/#\/schema\/logo\/image\/","url":"https:\/\/marktxxl.de\/markt\/wp-content\/uploads\/sites\/3\/2020\/12\/logo.png","contentUrl":"https:\/\/marktxxl.de\/markt\/wp-content\/uploads\/sites\/3\/2020\/12\/logo.png","width":200,"height":70,"caption":"Markt-XXL"},"image":{"@id":"https:\/\/marktxxl.de\/markt\/#\/schema\/logo\/image\/"}}]}},"_links":{"self":[{"href":"https:\/\/marktxxl.de\/markt\/wp-json\/wp\/v2\/product\/165734","targetHints":{"allow":["GET"]}}],"collection":[{"href":"https:\/\/marktxxl.de\/markt\/wp-json\/wp\/v2\/product"}],"about":[{"href":"https:\/\/marktxxl.de\/markt\/wp-json\/wp\/v2\/types\/product"}],"replies":[{"embeddable":true,"href":"https:\/\/marktxxl.de\/markt\/wp-json\/wp\/v2\/comments?post=165734"}],"wp:featuredmedia":[{"embeddable":true,"href":"https:\/\/marktxxl.de\/markt\/wp-json\/wp\/v2\/media\/165735"}],"wp:attachment":[{"href":"https:\/\/marktxxl.de\/markt\/wp-json\/wp\/v2\/media?parent=165734"}],"wp:term":[{"taxonomy":"product_brand","embeddable":true,"href":"https:\/\/marktxxl.de\/markt\/wp-json\/wp\/v2\/product_brand?post=165734"},{"taxonomy":"product_cat","embeddable":true,"href":"https:\/\/marktxxl.de\/markt\/wp-json\/wp\/v2\/product_cat?post=165734"},{"taxonomy":"product_tag","embeddable":true,"href":"https:\/\/marktxxl.de\/markt\/wp-json\/wp\/v2\/product_tag?post=165734"}],"curies":[{"name":"wp","href":"https:\/\/api.w.org\/{rel}","templated":true}]}}