{"id":165659,"date":"2022-11-11T07:11:17","date_gmt":"2022-11-11T06:11:17","guid":{"rendered":"https:\/\/marktxxl.de\/markt\/produkt\/kanzy-teebaumoel-bio-naturrein-60ml-mit-pipette-kaltgepresst-tea-tree-oil-fuer-gesicht-haut-und-nagel-anti-pickel-akne-oel-acne-serum-gegen-unreine-haut-aetherische-oele-fuer-diffuser\/"},"modified":"2023-04-11T04:51:11","modified_gmt":"2023-04-11T02:51:11","slug":"kanzy-teebaumoel-bio-naturrein-60ml-mit-pipette-kaltgepresst-tea-tree-oil-fuer-gesicht-haut-und-nagel-anti-pickel-akne-oel-acne-serum-gegen-unreine-haut-aetherische-oele-fuer-diffuser","status":"publish","type":"product","link":"https:\/\/marktxxl.de\/markt\/produkt\/kanzy-teebaumoel-bio-naturrein-60ml-mit-pipette-kaltgepresst-tea-tree-oil-fuer-gesicht-haut-und-nagel-anti-pickel-akne-oel-acne-serum-gegen-unreine-haut-aetherische-oele-fuer-diffuser\/","title":{"rendered":"Kanzy Teebaum\u00f6l Bio Naturrein 60ml mit Pipette Kaltgepresst Tea Tree Oil f\u00fcr Gesicht, Haut, und Nagel Anti Pickel, Akne\u2026"},"content":{"rendered":"<p>Teebaum\u00f6l f\u00fcr die Haut &#8211; Mit unseren Teebaum\u00f6l-Pickeln k\u00f6nnen Sie sehen, wie es Wunder bewirken kann, die bereits mit Traubenkern\u00f6l gemischt sind, um es hautfreundlich zu machen und angenehm zu riechen, da reines Teebaum\u00f6l nicht direkt auf die Haut aufgetragen werden kann<br \/>\nTee trea \u00f6l haarpflege &#8211; Haar\u00f6l f\u00fcr trockene Kopfhaut spendet Feuchtigkeit und hilft bei der Reinigung Ihrer Locken, um ein Haar\u00f6l f\u00fcr trockenes Haar zu erhalten, das die Feuchtigkeit wiederherstellt und Ihr Haar blitzsauber und frisch h\u00e4lt<br \/>\nBio teebaum\u00f6l gesichts\u00f6l &#8211; Unsere 100% nat\u00fcrliche formel aus teebaum\u00f6l ist ein ausgezeichnetes aroma\u00f6l, das auch unerw\u00fcnschte \u00f6le f\u00fcr eine herrlich strahlende haut reinigt, die sie zur schau stellen k\u00f6nnen<br \/>\nAustralisches teebaum\u00f6l f\u00fcr den kopfhautreiniger &#8211; Teebaum\u00f6l ist ein starkes kopfhaut\u00f6l, das die ablagerungen kl\u00e4rt und reinigt, um eine besser aussehende kopfhaut zu erhalten, die das auftreten von flocken f\u00fcr makelloses haar minimiert<br \/>\nTeebaum\u00f6l f\u00fcr n\u00e4gel &#8211; Teebaum\u00f6l f\u00fcr f\u00fc\u00dfe und h\u00e4nde verbessert Ihre nagelpflege, wir sch\u00e4tzen jeden einzelnen kunden. wenn sie mit unserem nicht zufrieden sind, k\u00f6nnen Sie sich gerne an uns wenden teebaum\u00f6l<br \/>\n<div class=\"main-cross-sell\" data-asin=\"B06VT4G8BD\">\n\n\t<div class=\"WooZone-cross-sell-loader\">\n\t\t<div>\n\t\t\t<div id=\"floatingBarsG\">\n\t\t\t\t<div class=\"blockG\" id=\"rotateG_01\"><\/div>\n\t\t\t\t<div class=\"blockG\" id=\"rotateG_02\"><\/div>\n\t\t\t\t<div class=\"blockG\" id=\"rotateG_03\"><\/div>\n\t\t\t\t<div class=\"blockG\" id=\"rotateG_04\"><\/div>\n\t\t\t\t<div class=\"blockG\" id=\"rotateG_05\"><\/div>\n\t\t\t\t<div class=\"blockG\" id=\"rotateG_06\"><\/div>\n\t\t\t\t<div class=\"blockG\" id=\"rotateG_07\"><\/div>\n\t\t\t\t<div class=\"blockG\" id=\"rotateG_08\"><\/div>\n\t\t\t<\/div>\n\t\t\t<div class=\"WooZone-cross-sell-loader-text\"><\/div>\n\t\t<\/div>\n\t<\/div>\n\n\t\t\n<\/div>\n<div style=\"clear:both;\"><\/div><\/p>\n","protected":false},"excerpt":{"rendered":"<p>Teebaum\u00f6l f\u00fcr die Haut &#8211; Mit unseren Teebaum\u00f6l-Pickeln k\u00f6nnen Sie sehen, wie es Wunder bewirken kann, die bereits mit Traubenkern\u00f6l gemischt sind, um es hautfreundlich zu machen und angenehm zu riechen, da reines Teebaum\u00f6l nicht direkt auf die Haut aufgetragen werden kann<br \/>\nTee trea \u00f6l haarpflege &#8211; Haar\u00f6l f\u00fcr trockene Kopfhaut spendet Feuchtigkeit und hilft bei der Reinigung Ihrer Locken, um ein Haar\u00f6l f\u00fcr trockenes Haar zu erhalten, das die Feuchtigkeit wiederherstellt und Ihr Haar blitzsauber und frisch h\u00e4lt<br \/>\nBio teebaum\u00f6l gesichts\u00f6l &#8211; Unsere 100% nat\u00fcrliche formel aus teebaum\u00f6l ist ein ausgezeichnetes aroma\u00f6l, das auch unerw\u00fcnschte \u00f6le f\u00fcr eine herrlich strahlende haut reinigt, die sie zur schau stellen k\u00f6nnen<\/p>\n","protected":false},"featured_media":165660,"comment_status":"open","ping_status":"closed","template":"","meta":[],"product_brand":[],"product_cat":[2858,7659],"product_tag":[],"class_list":{"0":"post-165659","1":"product","2":"type-product","3":"status-publish","4":"has-post-thumbnail","6":"product_cat-beauty","7":"product_cat-manikuere-pedikuere","8":"pa_binding-unbekannter-einband","9":"pa_brand-kanzy-hair-and-beauty","10":"pa_color-teebaumoel","11":"pa_manufacturer-kanzy","12":"pa_model-kan-423","13":"pa_size-60-ml-1er-pack","15":"first","16":"instock","17":"shipping-taxable","18":"purchasable","19":"product-type-simple","20":"customify-col","21":"product-has-gallery"},"yoast_head":"<!-- This site is optimized with the Yoast SEO plugin v27.4 - https:\/\/yoast.com\/product\/yoast-seo-wordpress\/ -->\n<title>Kanzy Teebaum\u00f6l Bio Naturrein 60ml mit Pipette Kaltgepresst Tea Tree Oil f\u00fcr Gesicht, Haut, und Nagel Anti Pickel, Akne\u2026 - Markt-XXL<\/title>\n<meta name=\"description\" content=\"Markt-XXL Kanzy Teebaum\u00f6l Bio Naturrein 60ml mit Pipette Kaltgepresst Tea Tree Oil f\u00fcr Gesicht, Haut, und Nagel Anti Pickel, Akne\u2026\" \/>\n<meta name=\"robots\" content=\"index, follow, max-snippet:-1, max-image-preview:large, max-video-preview:-1\" \/>\n<link rel=\"canonical\" href=\"https:\/\/marktxxl.de\/markt\/produkt\/kanzy-teebaumoel-bio-naturrein-60ml-mit-pipette-kaltgepresst-tea-tree-oil-fuer-gesicht-haut-und-nagel-anti-pickel-akne-oel-acne-serum-gegen-unreine-haut-aetherische-oele-fuer-diffuser\/\" \/>\n<meta property=\"og:locale\" content=\"de_DE\" \/>\n<meta property=\"og:type\" content=\"article\" \/>\n<meta property=\"og:title\" content=\"Kanzy Teebaum\u00f6l Bio Naturrein 60ml mit Pipette Kaltgepresst Tea Tree Oil f\u00fcr Gesicht, Haut, und Nagel Anti Pickel, Akne\u2026 - Markt-XXL\" \/>\n<meta property=\"og:description\" content=\"Markt-XXL Kanzy Teebaum\u00f6l Bio Naturrein 60ml mit Pipette Kaltgepresst Tea Tree Oil f\u00fcr Gesicht, Haut, und Nagel Anti Pickel, Akne\u2026\" \/>\n<meta property=\"og:url\" content=\"https:\/\/marktxxl.de\/markt\/produkt\/kanzy-teebaumoel-bio-naturrein-60ml-mit-pipette-kaltgepresst-tea-tree-oil-fuer-gesicht-haut-und-nagel-anti-pickel-akne-oel-acne-serum-gegen-unreine-haut-aetherische-oele-fuer-diffuser\/\" \/>\n<meta property=\"og:site_name\" content=\"Markt-XXL\" \/>\n<meta property=\"article:modified_time\" content=\"2023-04-11T02:51:11+00:00\" \/>\n<meta property=\"og:image\" content=\"https:\/\/m.media-amazon.com\/images\/I\/51yxrM51-vS._SL500_.jpg\" \/>\n\t<meta property=\"og:image:width\" content=\"500\" \/>\n\t<meta property=\"og:image:height\" content=\"500\" \/>\n\t<meta property=\"og:image:type\" content=\"image\/jpeg\" \/>\n<meta name=\"twitter:card\" content=\"summary_large_image\" \/>\n<meta name=\"twitter:label1\" content=\"Gesch\u00e4tzte Lesezeit\" \/>\n\t<meta name=\"twitter:data1\" content=\"1\u00a0Minute\" \/>\n<script type=\"application\/ld+json\" class=\"yoast-schema-graph\">{\"@context\":\"https:\\\/\\\/schema.org\",\"@graph\":[{\"@type\":\"WebPage\",\"@id\":\"https:\\\/\\\/marktxxl.de\\\/markt\\\/produkt\\\/kanzy-teebaumoel-bio-naturrein-60ml-mit-pipette-kaltgepresst-tea-tree-oil-fuer-gesicht-haut-und-nagel-anti-pickel-akne-oel-acne-serum-gegen-unreine-haut-aetherische-oele-fuer-diffuser\\\/\",\"url\":\"https:\\\/\\\/marktxxl.de\\\/markt\\\/produkt\\\/kanzy-teebaumoel-bio-naturrein-60ml-mit-pipette-kaltgepresst-tea-tree-oil-fuer-gesicht-haut-und-nagel-anti-pickel-akne-oel-acne-serum-gegen-unreine-haut-aetherische-oele-fuer-diffuser\\\/\",\"name\":\"Kanzy Teebaum\u00f6l Bio Naturrein 60ml mit Pipette Kaltgepresst Tea Tree Oil f\u00fcr Gesicht, Haut, und Nagel Anti Pickel, Akne\u2026 - Markt-XXL\",\"isPartOf\":{\"@id\":\"https:\\\/\\\/marktxxl.de\\\/markt\\\/#website\"},\"primaryImageOfPage\":{\"@id\":\"https:\\\/\\\/marktxxl.de\\\/markt\\\/produkt\\\/kanzy-teebaumoel-bio-naturrein-60ml-mit-pipette-kaltgepresst-tea-tree-oil-fuer-gesicht-haut-und-nagel-anti-pickel-akne-oel-acne-serum-gegen-unreine-haut-aetherische-oele-fuer-diffuser\\\/#primaryimage\"},\"image\":{\"@id\":\"https:\\\/\\\/marktxxl.de\\\/markt\\\/produkt\\\/kanzy-teebaumoel-bio-naturrein-60ml-mit-pipette-kaltgepresst-tea-tree-oil-fuer-gesicht-haut-und-nagel-anti-pickel-akne-oel-acne-serum-gegen-unreine-haut-aetherische-oele-fuer-diffuser\\\/#primaryimage\"},\"thumbnailUrl\":\"https:\\\/\\\/m.media-amazon.com\\\/images\\\/I\\\/51yxrM51-vS._SL500_.jpg\",\"datePublished\":\"2022-11-11T06:11:17+00:00\",\"dateModified\":\"2023-04-11T02:51:11+00:00\",\"description\":\"Markt-XXL Kanzy Teebaum\u00f6l Bio Naturrein 60ml mit Pipette Kaltgepresst Tea Tree Oil f\u00fcr Gesicht, Haut, und Nagel Anti Pickel, Akne\u2026\",\"breadcrumb\":{\"@id\":\"https:\\\/\\\/marktxxl.de\\\/markt\\\/produkt\\\/kanzy-teebaumoel-bio-naturrein-60ml-mit-pipette-kaltgepresst-tea-tree-oil-fuer-gesicht-haut-und-nagel-anti-pickel-akne-oel-acne-serum-gegen-unreine-haut-aetherische-oele-fuer-diffuser\\\/#breadcrumb\"},\"inLanguage\":\"de\",\"potentialAction\":[{\"@type\":\"ReadAction\",\"target\":[\"https:\\\/\\\/marktxxl.de\\\/markt\\\/produkt\\\/kanzy-teebaumoel-bio-naturrein-60ml-mit-pipette-kaltgepresst-tea-tree-oil-fuer-gesicht-haut-und-nagel-anti-pickel-akne-oel-acne-serum-gegen-unreine-haut-aetherische-oele-fuer-diffuser\\\/\"]}]},{\"@type\":\"ImageObject\",\"inLanguage\":\"de\",\"@id\":\"https:\\\/\\\/marktxxl.de\\\/markt\\\/produkt\\\/kanzy-teebaumoel-bio-naturrein-60ml-mit-pipette-kaltgepresst-tea-tree-oil-fuer-gesicht-haut-und-nagel-anti-pickel-akne-oel-acne-serum-gegen-unreine-haut-aetherische-oele-fuer-diffuser\\\/#primaryimage\",\"url\":\"https:\\\/\\\/m.media-amazon.com\\\/images\\\/I\\\/51yxrM51-vS._SL500_.jpg\",\"contentUrl\":\"https:\\\/\\\/m.media-amazon.com\\\/images\\\/I\\\/51yxrM51-vS._SL500_.jpg\",\"width\":500,\"height\":500},{\"@type\":\"BreadcrumbList\",\"@id\":\"https:\\\/\\\/marktxxl.de\\\/markt\\\/produkt\\\/kanzy-teebaumoel-bio-naturrein-60ml-mit-pipette-kaltgepresst-tea-tree-oil-fuer-gesicht-haut-und-nagel-anti-pickel-akne-oel-acne-serum-gegen-unreine-haut-aetherische-oele-fuer-diffuser\\\/#breadcrumb\",\"itemListElement\":[{\"@type\":\"ListItem\",\"position\":1,\"name\":\"Startseite\",\"item\":\"https:\\\/\\\/marktxxl.de\\\/markt\\\/\"},{\"@type\":\"ListItem\",\"position\":2,\"name\":\"Markt\",\"item\":\"https:\\\/\\\/marktxxl.de\\\/markt\\\/\"},{\"@type\":\"ListItem\",\"position\":3,\"name\":\"Kanzy Teebaum\u00f6l Bio Naturrein 60ml mit Pipette Kaltgepresst Tea Tree Oil f\u00fcr Gesicht, Haut, und Nagel Anti Pickel, Akne\u2026\"}]},{\"@type\":\"WebSite\",\"@id\":\"https:\\\/\\\/marktxxl.de\\\/markt\\\/#website\",\"url\":\"https:\\\/\\\/marktxxl.de\\\/markt\\\/\",\"name\":\"Markt-XXL\",\"description\":\"Ihr Markt Online\",\"publisher\":{\"@id\":\"https:\\\/\\\/marktxxl.de\\\/markt\\\/#organization\"},\"potentialAction\":[{\"@type\":\"SearchAction\",\"target\":{\"@type\":\"EntryPoint\",\"urlTemplate\":\"https:\\\/\\\/marktxxl.de\\\/markt\\\/?s={search_term_string}\"},\"query-input\":{\"@type\":\"PropertyValueSpecification\",\"valueRequired\":true,\"valueName\":\"search_term_string\"}}],\"inLanguage\":\"de\"},{\"@type\":\"Organization\",\"@id\":\"https:\\\/\\\/marktxxl.de\\\/markt\\\/#organization\",\"name\":\"Markt-XXL\",\"url\":\"https:\\\/\\\/marktxxl.de\\\/markt\\\/\",\"logo\":{\"@type\":\"ImageObject\",\"inLanguage\":\"de\",\"@id\":\"https:\\\/\\\/marktxxl.de\\\/markt\\\/#\\\/schema\\\/logo\\\/image\\\/\",\"url\":\"https:\\\/\\\/marktxxl.de\\\/markt\\\/wp-content\\\/uploads\\\/sites\\\/3\\\/2020\\\/12\\\/logo.png\",\"contentUrl\":\"https:\\\/\\\/marktxxl.de\\\/markt\\\/wp-content\\\/uploads\\\/sites\\\/3\\\/2020\\\/12\\\/logo.png\",\"width\":200,\"height\":70,\"caption\":\"Markt-XXL\"},\"image\":{\"@id\":\"https:\\\/\\\/marktxxl.de\\\/markt\\\/#\\\/schema\\\/logo\\\/image\\\/\"}}]}<\/script>\n<!-- \/ Yoast SEO plugin. -->","yoast_head_json":{"title":"Kanzy Teebaum\u00f6l Bio Naturrein 60ml mit Pipette Kaltgepresst Tea Tree Oil f\u00fcr Gesicht, Haut, und Nagel Anti Pickel, Akne\u2026 - Markt-XXL","description":"Markt-XXL Kanzy Teebaum\u00f6l Bio Naturrein 60ml mit Pipette Kaltgepresst Tea Tree Oil f\u00fcr Gesicht, Haut, und Nagel Anti Pickel, Akne\u2026","robots":{"index":"index","follow":"follow","max-snippet":"max-snippet:-1","max-image-preview":"max-image-preview:large","max-video-preview":"max-video-preview:-1"},"canonical":"https:\/\/marktxxl.de\/markt\/produkt\/kanzy-teebaumoel-bio-naturrein-60ml-mit-pipette-kaltgepresst-tea-tree-oil-fuer-gesicht-haut-und-nagel-anti-pickel-akne-oel-acne-serum-gegen-unreine-haut-aetherische-oele-fuer-diffuser\/","og_locale":"de_DE","og_type":"article","og_title":"Kanzy Teebaum\u00f6l Bio Naturrein 60ml mit Pipette Kaltgepresst Tea Tree Oil f\u00fcr Gesicht, Haut, und Nagel Anti Pickel, Akne\u2026 - Markt-XXL","og_description":"Markt-XXL Kanzy Teebaum\u00f6l Bio Naturrein 60ml mit Pipette Kaltgepresst Tea Tree Oil f\u00fcr Gesicht, Haut, und Nagel Anti Pickel, Akne\u2026","og_url":"https:\/\/marktxxl.de\/markt\/produkt\/kanzy-teebaumoel-bio-naturrein-60ml-mit-pipette-kaltgepresst-tea-tree-oil-fuer-gesicht-haut-und-nagel-anti-pickel-akne-oel-acne-serum-gegen-unreine-haut-aetherische-oele-fuer-diffuser\/","og_site_name":"Markt-XXL","article_modified_time":"2023-04-11T02:51:11+00:00","og_image":[{"width":500,"height":500,"url":"https:\/\/m.media-amazon.com\/images\/I\/51yxrM51-vS._SL500_.jpg","type":"image\/jpeg"}],"twitter_card":"summary_large_image","twitter_misc":{"Gesch\u00e4tzte Lesezeit":"1\u00a0Minute"},"schema":{"@context":"https:\/\/schema.org","@graph":[{"@type":"WebPage","@id":"https:\/\/marktxxl.de\/markt\/produkt\/kanzy-teebaumoel-bio-naturrein-60ml-mit-pipette-kaltgepresst-tea-tree-oil-fuer-gesicht-haut-und-nagel-anti-pickel-akne-oel-acne-serum-gegen-unreine-haut-aetherische-oele-fuer-diffuser\/","url":"https:\/\/marktxxl.de\/markt\/produkt\/kanzy-teebaumoel-bio-naturrein-60ml-mit-pipette-kaltgepresst-tea-tree-oil-fuer-gesicht-haut-und-nagel-anti-pickel-akne-oel-acne-serum-gegen-unreine-haut-aetherische-oele-fuer-diffuser\/","name":"Kanzy Teebaum\u00f6l Bio Naturrein 60ml mit Pipette Kaltgepresst Tea Tree Oil f\u00fcr Gesicht, Haut, und Nagel Anti Pickel, Akne\u2026 - Markt-XXL","isPartOf":{"@id":"https:\/\/marktxxl.de\/markt\/#website"},"primaryImageOfPage":{"@id":"https:\/\/marktxxl.de\/markt\/produkt\/kanzy-teebaumoel-bio-naturrein-60ml-mit-pipette-kaltgepresst-tea-tree-oil-fuer-gesicht-haut-und-nagel-anti-pickel-akne-oel-acne-serum-gegen-unreine-haut-aetherische-oele-fuer-diffuser\/#primaryimage"},"image":{"@id":"https:\/\/marktxxl.de\/markt\/produkt\/kanzy-teebaumoel-bio-naturrein-60ml-mit-pipette-kaltgepresst-tea-tree-oil-fuer-gesicht-haut-und-nagel-anti-pickel-akne-oel-acne-serum-gegen-unreine-haut-aetherische-oele-fuer-diffuser\/#primaryimage"},"thumbnailUrl":"https:\/\/m.media-amazon.com\/images\/I\/51yxrM51-vS._SL500_.jpg","datePublished":"2022-11-11T06:11:17+00:00","dateModified":"2023-04-11T02:51:11+00:00","description":"Markt-XXL Kanzy Teebaum\u00f6l Bio Naturrein 60ml mit Pipette Kaltgepresst Tea Tree Oil f\u00fcr Gesicht, Haut, und Nagel Anti Pickel, Akne\u2026","breadcrumb":{"@id":"https:\/\/marktxxl.de\/markt\/produkt\/kanzy-teebaumoel-bio-naturrein-60ml-mit-pipette-kaltgepresst-tea-tree-oil-fuer-gesicht-haut-und-nagel-anti-pickel-akne-oel-acne-serum-gegen-unreine-haut-aetherische-oele-fuer-diffuser\/#breadcrumb"},"inLanguage":"de","potentialAction":[{"@type":"ReadAction","target":["https:\/\/marktxxl.de\/markt\/produkt\/kanzy-teebaumoel-bio-naturrein-60ml-mit-pipette-kaltgepresst-tea-tree-oil-fuer-gesicht-haut-und-nagel-anti-pickel-akne-oel-acne-serum-gegen-unreine-haut-aetherische-oele-fuer-diffuser\/"]}]},{"@type":"ImageObject","inLanguage":"de","@id":"https:\/\/marktxxl.de\/markt\/produkt\/kanzy-teebaumoel-bio-naturrein-60ml-mit-pipette-kaltgepresst-tea-tree-oil-fuer-gesicht-haut-und-nagel-anti-pickel-akne-oel-acne-serum-gegen-unreine-haut-aetherische-oele-fuer-diffuser\/#primaryimage","url":"https:\/\/m.media-amazon.com\/images\/I\/51yxrM51-vS._SL500_.jpg","contentUrl":"https:\/\/m.media-amazon.com\/images\/I\/51yxrM51-vS._SL500_.jpg","width":500,"height":500},{"@type":"BreadcrumbList","@id":"https:\/\/marktxxl.de\/markt\/produkt\/kanzy-teebaumoel-bio-naturrein-60ml-mit-pipette-kaltgepresst-tea-tree-oil-fuer-gesicht-haut-und-nagel-anti-pickel-akne-oel-acne-serum-gegen-unreine-haut-aetherische-oele-fuer-diffuser\/#breadcrumb","itemListElement":[{"@type":"ListItem","position":1,"name":"Startseite","item":"https:\/\/marktxxl.de\/markt\/"},{"@type":"ListItem","position":2,"name":"Markt","item":"https:\/\/marktxxl.de\/markt\/"},{"@type":"ListItem","position":3,"name":"Kanzy Teebaum\u00f6l Bio Naturrein 60ml mit Pipette Kaltgepresst Tea Tree Oil f\u00fcr Gesicht, Haut, und Nagel Anti Pickel, Akne\u2026"}]},{"@type":"WebSite","@id":"https:\/\/marktxxl.de\/markt\/#website","url":"https:\/\/marktxxl.de\/markt\/","name":"Markt-XXL","description":"Ihr Markt Online","publisher":{"@id":"https:\/\/marktxxl.de\/markt\/#organization"},"potentialAction":[{"@type":"SearchAction","target":{"@type":"EntryPoint","urlTemplate":"https:\/\/marktxxl.de\/markt\/?s={search_term_string}"},"query-input":{"@type":"PropertyValueSpecification","valueRequired":true,"valueName":"search_term_string"}}],"inLanguage":"de"},{"@type":"Organization","@id":"https:\/\/marktxxl.de\/markt\/#organization","name":"Markt-XXL","url":"https:\/\/marktxxl.de\/markt\/","logo":{"@type":"ImageObject","inLanguage":"de","@id":"https:\/\/marktxxl.de\/markt\/#\/schema\/logo\/image\/","url":"https:\/\/marktxxl.de\/markt\/wp-content\/uploads\/sites\/3\/2020\/12\/logo.png","contentUrl":"https:\/\/marktxxl.de\/markt\/wp-content\/uploads\/sites\/3\/2020\/12\/logo.png","width":200,"height":70,"caption":"Markt-XXL"},"image":{"@id":"https:\/\/marktxxl.de\/markt\/#\/schema\/logo\/image\/"}}]}},"_links":{"self":[{"href":"https:\/\/marktxxl.de\/markt\/wp-json\/wp\/v2\/product\/165659","targetHints":{"allow":["GET"]}}],"collection":[{"href":"https:\/\/marktxxl.de\/markt\/wp-json\/wp\/v2\/product"}],"about":[{"href":"https:\/\/marktxxl.de\/markt\/wp-json\/wp\/v2\/types\/product"}],"replies":[{"embeddable":true,"href":"https:\/\/marktxxl.de\/markt\/wp-json\/wp\/v2\/comments?post=165659"}],"wp:featuredmedia":[{"embeddable":true,"href":"https:\/\/marktxxl.de\/markt\/wp-json\/wp\/v2\/media\/165660"}],"wp:attachment":[{"href":"https:\/\/marktxxl.de\/markt\/wp-json\/wp\/v2\/media?parent=165659"}],"wp:term":[{"taxonomy":"product_brand","embeddable":true,"href":"https:\/\/marktxxl.de\/markt\/wp-json\/wp\/v2\/product_brand?post=165659"},{"taxonomy":"product_cat","embeddable":true,"href":"https:\/\/marktxxl.de\/markt\/wp-json\/wp\/v2\/product_cat?post=165659"},{"taxonomy":"product_tag","embeddable":true,"href":"https:\/\/marktxxl.de\/markt\/wp-json\/wp\/v2\/product_tag?post=165659"}],"curies":[{"name":"wp","href":"https:\/\/api.w.org\/{rel}","templated":true}]}}