{"id":164871,"date":"2022-11-11T06:08:01","date_gmt":"2022-11-11T05:08:01","guid":{"rendered":"https:\/\/marktxxl.de\/markt\/produkt\/creative-hobbies-keramik-weihnachtsbaum-ersatzleuchten-mittlere-drehlicht-ornamente-kristallklar-144-stueck\/"},"modified":"2023-04-10T04:57:17","modified_gmt":"2023-04-10T02:57:17","slug":"creative-hobbies-keramik-weihnachtsbaum-ersatzleuchten-mittlere-drehlicht-ornamente-kristallklar-144-stueck","status":"publish","type":"product","link":"https:\/\/marktxxl.de\/markt\/produkt\/creative-hobbies-keramik-weihnachtsbaum-ersatzleuchten-mittlere-drehlicht-ornamente-kristallklar-144-stueck\/","title":{"rendered":"Creative Hobbies Keramik-Weihnachtsbaum-Ersatzleuchten, mittlere Drehlicht-Ornamente, kristallklar, 144 St\u00fcck"},"content":{"rendered":"<p>Creative Hobbies Kunststoff-Leuchten f\u00fcr Keramik-Weihnachtsb\u00e4ume, mittelgro\u00df<br \/>\nMa\u00dfe: Stab ist 1,9 cm Durchmesser x 2,2 cm lang \u2013 Drehwirbel ist 1,6 cm hoch x 9,5 cm Durchmesser.<br \/>\nIdeal zur Versch\u00f6nerung von Keramikb\u00e4umen, Porzellanb\u00e4umen, Styropor, neuartigen Lampen und anderen Projekten. Auch toll zum Auffrischen von Vintage-St\u00fccken.<br \/>\nInternational products have separate terms, are sold from abroad and may differ from local products, including fit, age ratings, and language of product, labeling or instructions.<br \/>\n<div class=\"main-cross-sell\" data-asin=\"B0161ILTIG\">\n\n\t<div class=\"WooZone-cross-sell-loader\">\n\t\t<div>\n\t\t\t<div id=\"floatingBarsG\">\n\t\t\t\t<div class=\"blockG\" id=\"rotateG_01\"><\/div>\n\t\t\t\t<div class=\"blockG\" id=\"rotateG_02\"><\/div>\n\t\t\t\t<div class=\"blockG\" id=\"rotateG_03\"><\/div>\n\t\t\t\t<div class=\"blockG\" id=\"rotateG_04\"><\/div>\n\t\t\t\t<div class=\"blockG\" id=\"rotateG_05\"><\/div>\n\t\t\t\t<div class=\"blockG\" id=\"rotateG_06\"><\/div>\n\t\t\t\t<div class=\"blockG\" id=\"rotateG_07\"><\/div>\n\t\t\t\t<div class=\"blockG\" id=\"rotateG_08\"><\/div>\n\t\t\t<\/div>\n\t\t\t<div class=\"WooZone-cross-sell-loader-text\"><\/div>\n\t\t<\/div>\n\t<\/div>\n\n\t\t\n<\/div>\n<div style=\"clear:both;\"><\/div><\/p>\n","protected":false},"excerpt":{"rendered":"<p>Creative Hobbies Kunststoff-Leuchten f\u00fcr Keramik-Weihnachtsb\u00e4ume, mittelgro\u00df<br \/>\nMa\u00dfe: Stab ist 1,9 cm Durchmesser x 2,2 cm lang \u2013 Drehwirbel ist 1,6 cm hoch x 9,5 cm Durchmesser.<br \/>\nIdeal zur Versch\u00f6nerung von Keramikb\u00e4umen, Porzellanb\u00e4umen, Styropor, neuartigen Lampen und anderen Projekten. Auch toll zum Auffrischen von Vintage-St\u00fccken.<\/p>\n","protected":false},"featured_media":164872,"comment_status":"open","ping_status":"closed","template":"","meta":[],"product_brand":[],"product_cat":[2108,15624],"product_tag":[],"class_list":{"0":"post-164871","1":"product","2":"type-product","3":"status-publish","4":"has-post-thumbnail","6":"product_cat-beleuchtung","7":"product_cat-weihnachtsbeleuchtung","8":"pa_binding-haushaltswaren","9":"pa_brand-creative-hobbies","10":"pa_color-farblos","11":"pa_height-1-zoll","12":"pa_length-6-zoll","13":"pa_manufacturer-creative-hobbies","14":"pa_model-9gm7","15":"pa_width-5-zoll","17":"first","18":"instock","19":"shipping-taxable","20":"purchasable","21":"product-type-simple","22":"customify-col","23":"product-has-gallery"},"yoast_head":"<!-- This site is optimized with the Yoast SEO plugin v27.4 - https:\/\/yoast.com\/product\/yoast-seo-wordpress\/ -->\n<title>Creative Hobbies Keramik-Weihnachtsbaum-Ersatzleuchten, mittlere Drehlicht-Ornamente, kristallklar, 144 St\u00fcck - Markt-XXL<\/title>\n<meta name=\"description\" content=\"Markt-XXL Creative Hobbies Keramik-Weihnachtsbaum-Ersatzleuchten, mittlere Drehlicht-Ornamente, kristallklar, 144 St\u00fcck\" \/>\n<meta name=\"robots\" content=\"index, follow, max-snippet:-1, max-image-preview:large, max-video-preview:-1\" \/>\n<link rel=\"canonical\" href=\"https:\/\/marktxxl.de\/markt\/produkt\/creative-hobbies-keramik-weihnachtsbaum-ersatzleuchten-mittlere-drehlicht-ornamente-kristallklar-144-stueck\/\" \/>\n<meta property=\"og:locale\" content=\"de_DE\" \/>\n<meta property=\"og:type\" content=\"article\" \/>\n<meta property=\"og:title\" content=\"Creative Hobbies Keramik-Weihnachtsbaum-Ersatzleuchten, mittlere Drehlicht-Ornamente, kristallklar, 144 St\u00fcck - Markt-XXL\" \/>\n<meta property=\"og:description\" content=\"Markt-XXL Creative Hobbies Keramik-Weihnachtsbaum-Ersatzleuchten, mittlere Drehlicht-Ornamente, kristallklar, 144 St\u00fcck\" \/>\n<meta property=\"og:url\" content=\"https:\/\/marktxxl.de\/markt\/produkt\/creative-hobbies-keramik-weihnachtsbaum-ersatzleuchten-mittlere-drehlicht-ornamente-kristallklar-144-stueck\/\" \/>\n<meta property=\"og:site_name\" content=\"Markt-XXL\" \/>\n<meta property=\"article:modified_time\" content=\"2023-04-10T02:57:17+00:00\" \/>\n<meta property=\"og:image\" content=\"https:\/\/m.media-amazon.com\/images\/I\/31c3MSWz8uL._SL500_.jpg\" \/>\n\t<meta property=\"og:image:width\" content=\"500\" \/>\n\t<meta property=\"og:image:height\" content=\"233\" \/>\n\t<meta property=\"og:image:type\" content=\"image\/jpeg\" \/>\n<meta name=\"twitter:card\" content=\"summary_large_image\" \/>\n<script type=\"application\/ld+json\" class=\"yoast-schema-graph\">{\"@context\":\"https:\\\/\\\/schema.org\",\"@graph\":[{\"@type\":\"WebPage\",\"@id\":\"https:\\\/\\\/marktxxl.de\\\/markt\\\/produkt\\\/creative-hobbies-keramik-weihnachtsbaum-ersatzleuchten-mittlere-drehlicht-ornamente-kristallklar-144-stueck\\\/\",\"url\":\"https:\\\/\\\/marktxxl.de\\\/markt\\\/produkt\\\/creative-hobbies-keramik-weihnachtsbaum-ersatzleuchten-mittlere-drehlicht-ornamente-kristallklar-144-stueck\\\/\",\"name\":\"Creative Hobbies Keramik-Weihnachtsbaum-Ersatzleuchten, mittlere Drehlicht-Ornamente, kristallklar, 144 St\u00fcck - Markt-XXL\",\"isPartOf\":{\"@id\":\"https:\\\/\\\/marktxxl.de\\\/markt\\\/#website\"},\"primaryImageOfPage\":{\"@id\":\"https:\\\/\\\/marktxxl.de\\\/markt\\\/produkt\\\/creative-hobbies-keramik-weihnachtsbaum-ersatzleuchten-mittlere-drehlicht-ornamente-kristallklar-144-stueck\\\/#primaryimage\"},\"image\":{\"@id\":\"https:\\\/\\\/marktxxl.de\\\/markt\\\/produkt\\\/creative-hobbies-keramik-weihnachtsbaum-ersatzleuchten-mittlere-drehlicht-ornamente-kristallklar-144-stueck\\\/#primaryimage\"},\"thumbnailUrl\":\"https:\\\/\\\/m.media-amazon.com\\\/images\\\/I\\\/31c3MSWz8uL._SL500_.jpg\",\"datePublished\":\"2022-11-11T05:08:01+00:00\",\"dateModified\":\"2023-04-10T02:57:17+00:00\",\"description\":\"Markt-XXL Creative Hobbies Keramik-Weihnachtsbaum-Ersatzleuchten, mittlere Drehlicht-Ornamente, kristallklar, 144 St\u00fcck\",\"breadcrumb\":{\"@id\":\"https:\\\/\\\/marktxxl.de\\\/markt\\\/produkt\\\/creative-hobbies-keramik-weihnachtsbaum-ersatzleuchten-mittlere-drehlicht-ornamente-kristallklar-144-stueck\\\/#breadcrumb\"},\"inLanguage\":\"de\",\"potentialAction\":[{\"@type\":\"ReadAction\",\"target\":[\"https:\\\/\\\/marktxxl.de\\\/markt\\\/produkt\\\/creative-hobbies-keramik-weihnachtsbaum-ersatzleuchten-mittlere-drehlicht-ornamente-kristallklar-144-stueck\\\/\"]}]},{\"@type\":\"ImageObject\",\"inLanguage\":\"de\",\"@id\":\"https:\\\/\\\/marktxxl.de\\\/markt\\\/produkt\\\/creative-hobbies-keramik-weihnachtsbaum-ersatzleuchten-mittlere-drehlicht-ornamente-kristallklar-144-stueck\\\/#primaryimage\",\"url\":\"https:\\\/\\\/m.media-amazon.com\\\/images\\\/I\\\/31c3MSWz8uL._SL500_.jpg\",\"contentUrl\":\"https:\\\/\\\/m.media-amazon.com\\\/images\\\/I\\\/31c3MSWz8uL._SL500_.jpg\",\"width\":500,\"height\":233},{\"@type\":\"BreadcrumbList\",\"@id\":\"https:\\\/\\\/marktxxl.de\\\/markt\\\/produkt\\\/creative-hobbies-keramik-weihnachtsbaum-ersatzleuchten-mittlere-drehlicht-ornamente-kristallklar-144-stueck\\\/#breadcrumb\",\"itemListElement\":[{\"@type\":\"ListItem\",\"position\":1,\"name\":\"Startseite\",\"item\":\"https:\\\/\\\/marktxxl.de\\\/markt\\\/\"},{\"@type\":\"ListItem\",\"position\":2,\"name\":\"Markt\",\"item\":\"https:\\\/\\\/marktxxl.de\\\/markt\\\/\"},{\"@type\":\"ListItem\",\"position\":3,\"name\":\"Creative Hobbies Keramik-Weihnachtsbaum-Ersatzleuchten, mittlere Drehlicht-Ornamente, kristallklar, 144 St\u00fcck\"}]},{\"@type\":\"WebSite\",\"@id\":\"https:\\\/\\\/marktxxl.de\\\/markt\\\/#website\",\"url\":\"https:\\\/\\\/marktxxl.de\\\/markt\\\/\",\"name\":\"Markt-XXL\",\"description\":\"Ihr Markt Online\",\"publisher\":{\"@id\":\"https:\\\/\\\/marktxxl.de\\\/markt\\\/#organization\"},\"potentialAction\":[{\"@type\":\"SearchAction\",\"target\":{\"@type\":\"EntryPoint\",\"urlTemplate\":\"https:\\\/\\\/marktxxl.de\\\/markt\\\/?s={search_term_string}\"},\"query-input\":{\"@type\":\"PropertyValueSpecification\",\"valueRequired\":true,\"valueName\":\"search_term_string\"}}],\"inLanguage\":\"de\"},{\"@type\":\"Organization\",\"@id\":\"https:\\\/\\\/marktxxl.de\\\/markt\\\/#organization\",\"name\":\"Markt-XXL\",\"url\":\"https:\\\/\\\/marktxxl.de\\\/markt\\\/\",\"logo\":{\"@type\":\"ImageObject\",\"inLanguage\":\"de\",\"@id\":\"https:\\\/\\\/marktxxl.de\\\/markt\\\/#\\\/schema\\\/logo\\\/image\\\/\",\"url\":\"https:\\\/\\\/marktxxl.de\\\/markt\\\/wp-content\\\/uploads\\\/sites\\\/3\\\/2020\\\/12\\\/logo.png\",\"contentUrl\":\"https:\\\/\\\/marktxxl.de\\\/markt\\\/wp-content\\\/uploads\\\/sites\\\/3\\\/2020\\\/12\\\/logo.png\",\"width\":200,\"height\":70,\"caption\":\"Markt-XXL\"},\"image\":{\"@id\":\"https:\\\/\\\/marktxxl.de\\\/markt\\\/#\\\/schema\\\/logo\\\/image\\\/\"}}]}<\/script>\n<!-- \/ Yoast SEO plugin. -->","yoast_head_json":{"title":"Creative Hobbies Keramik-Weihnachtsbaum-Ersatzleuchten, mittlere Drehlicht-Ornamente, kristallklar, 144 St\u00fcck - Markt-XXL","description":"Markt-XXL Creative Hobbies Keramik-Weihnachtsbaum-Ersatzleuchten, mittlere Drehlicht-Ornamente, kristallklar, 144 St\u00fcck","robots":{"index":"index","follow":"follow","max-snippet":"max-snippet:-1","max-image-preview":"max-image-preview:large","max-video-preview":"max-video-preview:-1"},"canonical":"https:\/\/marktxxl.de\/markt\/produkt\/creative-hobbies-keramik-weihnachtsbaum-ersatzleuchten-mittlere-drehlicht-ornamente-kristallklar-144-stueck\/","og_locale":"de_DE","og_type":"article","og_title":"Creative Hobbies Keramik-Weihnachtsbaum-Ersatzleuchten, mittlere Drehlicht-Ornamente, kristallklar, 144 St\u00fcck - Markt-XXL","og_description":"Markt-XXL Creative Hobbies Keramik-Weihnachtsbaum-Ersatzleuchten, mittlere Drehlicht-Ornamente, kristallklar, 144 St\u00fcck","og_url":"https:\/\/marktxxl.de\/markt\/produkt\/creative-hobbies-keramik-weihnachtsbaum-ersatzleuchten-mittlere-drehlicht-ornamente-kristallklar-144-stueck\/","og_site_name":"Markt-XXL","article_modified_time":"2023-04-10T02:57:17+00:00","og_image":[{"width":500,"height":233,"url":"https:\/\/m.media-amazon.com\/images\/I\/31c3MSWz8uL._SL500_.jpg","type":"image\/jpeg"}],"twitter_card":"summary_large_image","schema":{"@context":"https:\/\/schema.org","@graph":[{"@type":"WebPage","@id":"https:\/\/marktxxl.de\/markt\/produkt\/creative-hobbies-keramik-weihnachtsbaum-ersatzleuchten-mittlere-drehlicht-ornamente-kristallklar-144-stueck\/","url":"https:\/\/marktxxl.de\/markt\/produkt\/creative-hobbies-keramik-weihnachtsbaum-ersatzleuchten-mittlere-drehlicht-ornamente-kristallklar-144-stueck\/","name":"Creative Hobbies Keramik-Weihnachtsbaum-Ersatzleuchten, mittlere Drehlicht-Ornamente, kristallklar, 144 St\u00fcck - Markt-XXL","isPartOf":{"@id":"https:\/\/marktxxl.de\/markt\/#website"},"primaryImageOfPage":{"@id":"https:\/\/marktxxl.de\/markt\/produkt\/creative-hobbies-keramik-weihnachtsbaum-ersatzleuchten-mittlere-drehlicht-ornamente-kristallklar-144-stueck\/#primaryimage"},"image":{"@id":"https:\/\/marktxxl.de\/markt\/produkt\/creative-hobbies-keramik-weihnachtsbaum-ersatzleuchten-mittlere-drehlicht-ornamente-kristallklar-144-stueck\/#primaryimage"},"thumbnailUrl":"https:\/\/m.media-amazon.com\/images\/I\/31c3MSWz8uL._SL500_.jpg","datePublished":"2022-11-11T05:08:01+00:00","dateModified":"2023-04-10T02:57:17+00:00","description":"Markt-XXL Creative Hobbies Keramik-Weihnachtsbaum-Ersatzleuchten, mittlere Drehlicht-Ornamente, kristallklar, 144 St\u00fcck","breadcrumb":{"@id":"https:\/\/marktxxl.de\/markt\/produkt\/creative-hobbies-keramik-weihnachtsbaum-ersatzleuchten-mittlere-drehlicht-ornamente-kristallklar-144-stueck\/#breadcrumb"},"inLanguage":"de","potentialAction":[{"@type":"ReadAction","target":["https:\/\/marktxxl.de\/markt\/produkt\/creative-hobbies-keramik-weihnachtsbaum-ersatzleuchten-mittlere-drehlicht-ornamente-kristallklar-144-stueck\/"]}]},{"@type":"ImageObject","inLanguage":"de","@id":"https:\/\/marktxxl.de\/markt\/produkt\/creative-hobbies-keramik-weihnachtsbaum-ersatzleuchten-mittlere-drehlicht-ornamente-kristallklar-144-stueck\/#primaryimage","url":"https:\/\/m.media-amazon.com\/images\/I\/31c3MSWz8uL._SL500_.jpg","contentUrl":"https:\/\/m.media-amazon.com\/images\/I\/31c3MSWz8uL._SL500_.jpg","width":500,"height":233},{"@type":"BreadcrumbList","@id":"https:\/\/marktxxl.de\/markt\/produkt\/creative-hobbies-keramik-weihnachtsbaum-ersatzleuchten-mittlere-drehlicht-ornamente-kristallklar-144-stueck\/#breadcrumb","itemListElement":[{"@type":"ListItem","position":1,"name":"Startseite","item":"https:\/\/marktxxl.de\/markt\/"},{"@type":"ListItem","position":2,"name":"Markt","item":"https:\/\/marktxxl.de\/markt\/"},{"@type":"ListItem","position":3,"name":"Creative Hobbies Keramik-Weihnachtsbaum-Ersatzleuchten, mittlere Drehlicht-Ornamente, kristallklar, 144 St\u00fcck"}]},{"@type":"WebSite","@id":"https:\/\/marktxxl.de\/markt\/#website","url":"https:\/\/marktxxl.de\/markt\/","name":"Markt-XXL","description":"Ihr Markt Online","publisher":{"@id":"https:\/\/marktxxl.de\/markt\/#organization"},"potentialAction":[{"@type":"SearchAction","target":{"@type":"EntryPoint","urlTemplate":"https:\/\/marktxxl.de\/markt\/?s={search_term_string}"},"query-input":{"@type":"PropertyValueSpecification","valueRequired":true,"valueName":"search_term_string"}}],"inLanguage":"de"},{"@type":"Organization","@id":"https:\/\/marktxxl.de\/markt\/#organization","name":"Markt-XXL","url":"https:\/\/marktxxl.de\/markt\/","logo":{"@type":"ImageObject","inLanguage":"de","@id":"https:\/\/marktxxl.de\/markt\/#\/schema\/logo\/image\/","url":"https:\/\/marktxxl.de\/markt\/wp-content\/uploads\/sites\/3\/2020\/12\/logo.png","contentUrl":"https:\/\/marktxxl.de\/markt\/wp-content\/uploads\/sites\/3\/2020\/12\/logo.png","width":200,"height":70,"caption":"Markt-XXL"},"image":{"@id":"https:\/\/marktxxl.de\/markt\/#\/schema\/logo\/image\/"}}]}},"_links":{"self":[{"href":"https:\/\/marktxxl.de\/markt\/wp-json\/wp\/v2\/product\/164871","targetHints":{"allow":["GET"]}}],"collection":[{"href":"https:\/\/marktxxl.de\/markt\/wp-json\/wp\/v2\/product"}],"about":[{"href":"https:\/\/marktxxl.de\/markt\/wp-json\/wp\/v2\/types\/product"}],"replies":[{"embeddable":true,"href":"https:\/\/marktxxl.de\/markt\/wp-json\/wp\/v2\/comments?post=164871"}],"wp:featuredmedia":[{"embeddable":true,"href":"https:\/\/marktxxl.de\/markt\/wp-json\/wp\/v2\/media\/164872"}],"wp:attachment":[{"href":"https:\/\/marktxxl.de\/markt\/wp-json\/wp\/v2\/media?parent=164871"}],"wp:term":[{"taxonomy":"product_brand","embeddable":true,"href":"https:\/\/marktxxl.de\/markt\/wp-json\/wp\/v2\/product_brand?post=164871"},{"taxonomy":"product_cat","embeddable":true,"href":"https:\/\/marktxxl.de\/markt\/wp-json\/wp\/v2\/product_cat?post=164871"},{"taxonomy":"product_tag","embeddable":true,"href":"https:\/\/marktxxl.de\/markt\/wp-json\/wp\/v2\/product_tag?post=164871"}],"curies":[{"name":"wp","href":"https:\/\/api.w.org\/{rel}","templated":true}]}}