{"id":164206,"date":"2022-11-11T04:58:28","date_gmt":"2022-11-11T03:58:28","guid":{"rendered":"https:\/\/marktxxl.de\/markt\/produkt\/columbia-baby-maedchen-benton-springs-fleecejacke\/"},"modified":"2023-04-10T04:57:08","modified_gmt":"2023-04-10T02:57:08","slug":"columbia-baby-maedchen-benton-springs-fleecejacke","status":"publish","type":"product","link":"https:\/\/marktxxl.de\/markt\/produkt\/columbia-baby-maedchen-benton-springs-fleecejacke\/","title":{"rendered":"Columbia Baby-M\u00e4dchen Benton Springs Fleecejacke"},"content":{"rendered":"<p>Klassisches Fleece: Warm, gem\u00fctlich und vielseitig, das Columbia Girls Benton Springs Fleece ist so unverzichtbar wie der Klassiker, den wir f\u00fcr Mama herstellen<br \/>\nPl\u00fcsch-Komfort: weich und warm, das Pl\u00fcsch-MTR-Filament-Material ist die perfekte Jacke zum Tragen allein oder als Zwischenschicht f\u00fcr zus\u00e4tzliche W\u00e4rme bei jeder Winteraktivit\u00e4t<br \/>\nKernw\u00e4rme: Ein moderner Klassiker mit einem super tiefen 250 g Fleece, machen diese Jacke zu einem Grundst\u00fcck f\u00fcr k\u00fchle Morgen oder k\u00fchle Abende, die Marshmallows rund um das Lagerfeuer braten<br \/>\nPraktische Funktionen: Dieser Fleece-Mantel bietet zwei Eingrifftaschen mit Rei\u00dfverschluss, um Sch\u00e4tze auf dem Weg sicher und sicher aufzubewahren<br \/>\nLanglebig: Columbias Liebe zum Detail hebt unsere Bekleidung von anderen ab. Wir verwenden nur die hochwertigsten Materialien, fachm\u00e4nnische Handwerkskunst und langlebige N\u00e4hte. Dies ist ein langanhaltendes Fell, das sie jedes Mal genie\u00dfen wird, wenn sie es anziehen<br \/>\nR\u00fcckenl\u00e4nge (Mitte): 48,3 cm<br \/>\n<div class=\"main-cross-sell\" data-asin=\"B0BJ7QLXMC\">\n\n\t<div class=\"WooZone-cross-sell-loader\">\n\t\t<div>\n\t\t\t<div id=\"floatingBarsG\">\n\t\t\t\t<div class=\"blockG\" id=\"rotateG_01\"><\/div>\n\t\t\t\t<div class=\"blockG\" id=\"rotateG_02\"><\/div>\n\t\t\t\t<div class=\"blockG\" id=\"rotateG_03\"><\/div>\n\t\t\t\t<div class=\"blockG\" id=\"rotateG_04\"><\/div>\n\t\t\t\t<div class=\"blockG\" id=\"rotateG_05\"><\/div>\n\t\t\t\t<div class=\"blockG\" id=\"rotateG_06\"><\/div>\n\t\t\t\t<div class=\"blockG\" id=\"rotateG_07\"><\/div>\n\t\t\t\t<div class=\"blockG\" id=\"rotateG_08\"><\/div>\n\t\t\t<\/div>\n\t\t\t<div class=\"WooZone-cross-sell-loader-text\"><\/div>\n\t\t<\/div>\n\t<\/div>\n\n\t\t\n<\/div>\n<div style=\"clear:both;\"><\/div><\/p>\n","protected":false},"excerpt":{"rendered":"<p>Klassisches Fleece: Warm, gem\u00fctlich und vielseitig, das Columbia Girls Benton Springs Fleece ist so unverzichtbar wie der Klassiker, den wir f\u00fcr Mama herstellen<br \/>\nPl\u00fcsch-Komfort: weich und warm, das Pl\u00fcsch-MTR-Filament-Material ist die perfekte Jacke zum Tragen allein oder als Zwischenschicht f\u00fcr zus\u00e4tzliche W\u00e4rme bei jeder Winteraktivit\u00e4t<br \/>\nKernw\u00e4rme: Ein moderner Klassiker mit einem super tiefen 250 g Fleece, machen diese Jacke zu einem Grundst\u00fcck f\u00fcr k\u00fchle Morgen oder k\u00fchle Abende, die Marshmallows rund um das Lagerfeuer braten<\/p>\n","protected":false},"featured_media":164207,"comment_status":"open","ping_status":"closed","template":"","meta":[],"product_brand":[],"product_cat":[1186,3990],"product_tag":[],"class_list":{"0":"post-164206","1":"product","2":"type-product","3":"status-publish","4":"has-post-thumbnail","6":"product_cat-bekleidung","7":"product_cat-maedchen","8":"pa_binding-textilien","9":"pa_brand-columbia","10":"pa_manufacturer-columbia","11":"pa_manufacturer-columbia-childrens-apparel","12":"pa_model-15357","14":"first","15":"instock","16":"shipping-taxable","17":"purchasable","18":"product-type-simple","19":"customify-col","20":"product-has-gallery"},"yoast_head":"<!-- This site is optimized with the Yoast SEO plugin v27.3 - https:\/\/yoast.com\/product\/yoast-seo-wordpress\/ -->\n<title>Columbia Baby-M\u00e4dchen Benton Springs Fleecejacke - Markt-XXL<\/title>\n<meta name=\"description\" content=\"Markt-XXL Columbia Baby-M\u00e4dchen Benton Springs Fleecejacke\" \/>\n<meta name=\"robots\" content=\"index, follow, max-snippet:-1, max-image-preview:large, max-video-preview:-1\" \/>\n<link rel=\"canonical\" href=\"https:\/\/marktxxl.de\/markt\/produkt\/columbia-baby-maedchen-benton-springs-fleecejacke\/\" \/>\n<meta property=\"og:locale\" content=\"de_DE\" \/>\n<meta property=\"og:type\" content=\"article\" \/>\n<meta property=\"og:title\" content=\"Columbia Baby-M\u00e4dchen Benton Springs Fleecejacke - Markt-XXL\" \/>\n<meta property=\"og:description\" content=\"Markt-XXL Columbia Baby-M\u00e4dchen Benton Springs Fleecejacke\" \/>\n<meta property=\"og:url\" content=\"https:\/\/marktxxl.de\/markt\/produkt\/columbia-baby-maedchen-benton-springs-fleecejacke\/\" \/>\n<meta property=\"og:site_name\" content=\"Markt-XXL\" \/>\n<meta property=\"article:modified_time\" content=\"2023-04-10T02:57:08+00:00\" \/>\n<meta property=\"og:image\" content=\"https:\/\/m.media-amazon.com\/images\/I\/41IB3dYcnZL._SL500_.jpg\" \/>\n\t<meta property=\"og:image:width\" content=\"476\" \/>\n\t<meta property=\"og:image:height\" content=\"500\" \/>\n\t<meta property=\"og:image:type\" content=\"image\/jpeg\" \/>\n<meta name=\"twitter:card\" content=\"summary_large_image\" \/>\n<meta name=\"twitter:label1\" content=\"Gesch\u00e4tzte Lesezeit\" \/>\n\t<meta name=\"twitter:data1\" content=\"1\u00a0Minute\" \/>\n<script type=\"application\/ld+json\" class=\"yoast-schema-graph\">{\"@context\":\"https:\\\/\\\/schema.org\",\"@graph\":[{\"@type\":\"WebPage\",\"@id\":\"https:\\\/\\\/marktxxl.de\\\/markt\\\/produkt\\\/columbia-baby-maedchen-benton-springs-fleecejacke\\\/\",\"url\":\"https:\\\/\\\/marktxxl.de\\\/markt\\\/produkt\\\/columbia-baby-maedchen-benton-springs-fleecejacke\\\/\",\"name\":\"Columbia Baby-M\u00e4dchen Benton Springs Fleecejacke - Markt-XXL\",\"isPartOf\":{\"@id\":\"https:\\\/\\\/marktxxl.de\\\/markt\\\/#website\"},\"primaryImageOfPage\":{\"@id\":\"https:\\\/\\\/marktxxl.de\\\/markt\\\/produkt\\\/columbia-baby-maedchen-benton-springs-fleecejacke\\\/#primaryimage\"},\"image\":{\"@id\":\"https:\\\/\\\/marktxxl.de\\\/markt\\\/produkt\\\/columbia-baby-maedchen-benton-springs-fleecejacke\\\/#primaryimage\"},\"thumbnailUrl\":\"https:\\\/\\\/m.media-amazon.com\\\/images\\\/I\\\/41IB3dYcnZL._SL500_.jpg\",\"datePublished\":\"2022-11-11T03:58:28+00:00\",\"dateModified\":\"2023-04-10T02:57:08+00:00\",\"description\":\"Markt-XXL Columbia Baby-M\u00e4dchen Benton Springs Fleecejacke\",\"breadcrumb\":{\"@id\":\"https:\\\/\\\/marktxxl.de\\\/markt\\\/produkt\\\/columbia-baby-maedchen-benton-springs-fleecejacke\\\/#breadcrumb\"},\"inLanguage\":\"de\",\"potentialAction\":[{\"@type\":\"ReadAction\",\"target\":[\"https:\\\/\\\/marktxxl.de\\\/markt\\\/produkt\\\/columbia-baby-maedchen-benton-springs-fleecejacke\\\/\"]}]},{\"@type\":\"ImageObject\",\"inLanguage\":\"de\",\"@id\":\"https:\\\/\\\/marktxxl.de\\\/markt\\\/produkt\\\/columbia-baby-maedchen-benton-springs-fleecejacke\\\/#primaryimage\",\"url\":\"https:\\\/\\\/m.media-amazon.com\\\/images\\\/I\\\/41IB3dYcnZL._SL500_.jpg\",\"contentUrl\":\"https:\\\/\\\/m.media-amazon.com\\\/images\\\/I\\\/41IB3dYcnZL._SL500_.jpg\",\"width\":476,\"height\":500},{\"@type\":\"BreadcrumbList\",\"@id\":\"https:\\\/\\\/marktxxl.de\\\/markt\\\/produkt\\\/columbia-baby-maedchen-benton-springs-fleecejacke\\\/#breadcrumb\",\"itemListElement\":[{\"@type\":\"ListItem\",\"position\":1,\"name\":\"Startseite\",\"item\":\"https:\\\/\\\/marktxxl.de\\\/markt\\\/\"},{\"@type\":\"ListItem\",\"position\":2,\"name\":\"Markt\",\"item\":\"https:\\\/\\\/marktxxl.de\\\/markt\\\/\"},{\"@type\":\"ListItem\",\"position\":3,\"name\":\"Columbia Baby-M\u00e4dchen Benton Springs Fleecejacke\"}]},{\"@type\":\"WebSite\",\"@id\":\"https:\\\/\\\/marktxxl.de\\\/markt\\\/#website\",\"url\":\"https:\\\/\\\/marktxxl.de\\\/markt\\\/\",\"name\":\"Markt-XXL\",\"description\":\"Ihr Markt Online\",\"publisher\":{\"@id\":\"https:\\\/\\\/marktxxl.de\\\/markt\\\/#organization\"},\"potentialAction\":[{\"@type\":\"SearchAction\",\"target\":{\"@type\":\"EntryPoint\",\"urlTemplate\":\"https:\\\/\\\/marktxxl.de\\\/markt\\\/?s={search_term_string}\"},\"query-input\":{\"@type\":\"PropertyValueSpecification\",\"valueRequired\":true,\"valueName\":\"search_term_string\"}}],\"inLanguage\":\"de\"},{\"@type\":\"Organization\",\"@id\":\"https:\\\/\\\/marktxxl.de\\\/markt\\\/#organization\",\"name\":\"Markt-XXL\",\"url\":\"https:\\\/\\\/marktxxl.de\\\/markt\\\/\",\"logo\":{\"@type\":\"ImageObject\",\"inLanguage\":\"de\",\"@id\":\"https:\\\/\\\/marktxxl.de\\\/markt\\\/#\\\/schema\\\/logo\\\/image\\\/\",\"url\":\"https:\\\/\\\/marktxxl.de\\\/markt\\\/wp-content\\\/uploads\\\/sites\\\/3\\\/2020\\\/12\\\/logo.png\",\"contentUrl\":\"https:\\\/\\\/marktxxl.de\\\/markt\\\/wp-content\\\/uploads\\\/sites\\\/3\\\/2020\\\/12\\\/logo.png\",\"width\":200,\"height\":70,\"caption\":\"Markt-XXL\"},\"image\":{\"@id\":\"https:\\\/\\\/marktxxl.de\\\/markt\\\/#\\\/schema\\\/logo\\\/image\\\/\"}}]}<\/script>\n<!-- \/ Yoast SEO plugin. -->","yoast_head_json":{"title":"Columbia Baby-M\u00e4dchen Benton Springs Fleecejacke - Markt-XXL","description":"Markt-XXL Columbia Baby-M\u00e4dchen Benton Springs Fleecejacke","robots":{"index":"index","follow":"follow","max-snippet":"max-snippet:-1","max-image-preview":"max-image-preview:large","max-video-preview":"max-video-preview:-1"},"canonical":"https:\/\/marktxxl.de\/markt\/produkt\/columbia-baby-maedchen-benton-springs-fleecejacke\/","og_locale":"de_DE","og_type":"article","og_title":"Columbia Baby-M\u00e4dchen Benton Springs Fleecejacke - Markt-XXL","og_description":"Markt-XXL Columbia Baby-M\u00e4dchen Benton Springs Fleecejacke","og_url":"https:\/\/marktxxl.de\/markt\/produkt\/columbia-baby-maedchen-benton-springs-fleecejacke\/","og_site_name":"Markt-XXL","article_modified_time":"2023-04-10T02:57:08+00:00","og_image":[{"width":476,"height":500,"url":"https:\/\/m.media-amazon.com\/images\/I\/41IB3dYcnZL._SL500_.jpg","type":"image\/jpeg"}],"twitter_card":"summary_large_image","twitter_misc":{"Gesch\u00e4tzte Lesezeit":"1\u00a0Minute"},"schema":{"@context":"https:\/\/schema.org","@graph":[{"@type":"WebPage","@id":"https:\/\/marktxxl.de\/markt\/produkt\/columbia-baby-maedchen-benton-springs-fleecejacke\/","url":"https:\/\/marktxxl.de\/markt\/produkt\/columbia-baby-maedchen-benton-springs-fleecejacke\/","name":"Columbia Baby-M\u00e4dchen Benton Springs Fleecejacke - Markt-XXL","isPartOf":{"@id":"https:\/\/marktxxl.de\/markt\/#website"},"primaryImageOfPage":{"@id":"https:\/\/marktxxl.de\/markt\/produkt\/columbia-baby-maedchen-benton-springs-fleecejacke\/#primaryimage"},"image":{"@id":"https:\/\/marktxxl.de\/markt\/produkt\/columbia-baby-maedchen-benton-springs-fleecejacke\/#primaryimage"},"thumbnailUrl":"https:\/\/m.media-amazon.com\/images\/I\/41IB3dYcnZL._SL500_.jpg","datePublished":"2022-11-11T03:58:28+00:00","dateModified":"2023-04-10T02:57:08+00:00","description":"Markt-XXL Columbia Baby-M\u00e4dchen Benton Springs Fleecejacke","breadcrumb":{"@id":"https:\/\/marktxxl.de\/markt\/produkt\/columbia-baby-maedchen-benton-springs-fleecejacke\/#breadcrumb"},"inLanguage":"de","potentialAction":[{"@type":"ReadAction","target":["https:\/\/marktxxl.de\/markt\/produkt\/columbia-baby-maedchen-benton-springs-fleecejacke\/"]}]},{"@type":"ImageObject","inLanguage":"de","@id":"https:\/\/marktxxl.de\/markt\/produkt\/columbia-baby-maedchen-benton-springs-fleecejacke\/#primaryimage","url":"https:\/\/m.media-amazon.com\/images\/I\/41IB3dYcnZL._SL500_.jpg","contentUrl":"https:\/\/m.media-amazon.com\/images\/I\/41IB3dYcnZL._SL500_.jpg","width":476,"height":500},{"@type":"BreadcrumbList","@id":"https:\/\/marktxxl.de\/markt\/produkt\/columbia-baby-maedchen-benton-springs-fleecejacke\/#breadcrumb","itemListElement":[{"@type":"ListItem","position":1,"name":"Startseite","item":"https:\/\/marktxxl.de\/markt\/"},{"@type":"ListItem","position":2,"name":"Markt","item":"https:\/\/marktxxl.de\/markt\/"},{"@type":"ListItem","position":3,"name":"Columbia Baby-M\u00e4dchen Benton Springs Fleecejacke"}]},{"@type":"WebSite","@id":"https:\/\/marktxxl.de\/markt\/#website","url":"https:\/\/marktxxl.de\/markt\/","name":"Markt-XXL","description":"Ihr Markt Online","publisher":{"@id":"https:\/\/marktxxl.de\/markt\/#organization"},"potentialAction":[{"@type":"SearchAction","target":{"@type":"EntryPoint","urlTemplate":"https:\/\/marktxxl.de\/markt\/?s={search_term_string}"},"query-input":{"@type":"PropertyValueSpecification","valueRequired":true,"valueName":"search_term_string"}}],"inLanguage":"de"},{"@type":"Organization","@id":"https:\/\/marktxxl.de\/markt\/#organization","name":"Markt-XXL","url":"https:\/\/marktxxl.de\/markt\/","logo":{"@type":"ImageObject","inLanguage":"de","@id":"https:\/\/marktxxl.de\/markt\/#\/schema\/logo\/image\/","url":"https:\/\/marktxxl.de\/markt\/wp-content\/uploads\/sites\/3\/2020\/12\/logo.png","contentUrl":"https:\/\/marktxxl.de\/markt\/wp-content\/uploads\/sites\/3\/2020\/12\/logo.png","width":200,"height":70,"caption":"Markt-XXL"},"image":{"@id":"https:\/\/marktxxl.de\/markt\/#\/schema\/logo\/image\/"}}]}},"_links":{"self":[{"href":"https:\/\/marktxxl.de\/markt\/wp-json\/wp\/v2\/product\/164206","targetHints":{"allow":["GET"]}}],"collection":[{"href":"https:\/\/marktxxl.de\/markt\/wp-json\/wp\/v2\/product"}],"about":[{"href":"https:\/\/marktxxl.de\/markt\/wp-json\/wp\/v2\/types\/product"}],"replies":[{"embeddable":true,"href":"https:\/\/marktxxl.de\/markt\/wp-json\/wp\/v2\/comments?post=164206"}],"wp:featuredmedia":[{"embeddable":true,"href":"https:\/\/marktxxl.de\/markt\/wp-json\/wp\/v2\/media\/164207"}],"wp:attachment":[{"href":"https:\/\/marktxxl.de\/markt\/wp-json\/wp\/v2\/media?parent=164206"}],"wp:term":[{"taxonomy":"product_brand","embeddable":true,"href":"https:\/\/marktxxl.de\/markt\/wp-json\/wp\/v2\/product_brand?post=164206"},{"taxonomy":"product_cat","embeddable":true,"href":"https:\/\/marktxxl.de\/markt\/wp-json\/wp\/v2\/product_cat?post=164206"},{"taxonomy":"product_tag","embeddable":true,"href":"https:\/\/marktxxl.de\/markt\/wp-json\/wp\/v2\/product_tag?post=164206"}],"curies":[{"name":"wp","href":"https:\/\/api.w.org\/{rel}","templated":true}]}}