{"id":164102,"date":"2022-11-11T04:52:45","date_gmt":"2022-11-11T03:52:45","guid":{"rendered":"https:\/\/marktxxl.de\/markt\/produkt\/copper-pearl-baby-dehnbare-weiche-strickstirnband-bowautumn\/"},"modified":"2023-04-11T04:48:31","modified_gmt":"2023-04-11T02:48:31","slug":"copper-pearl-baby-dehnbare-weiche-strickstirnband-bowautumn","status":"publish","type":"product","link":"https:\/\/marktxxl.de\/markt\/produkt\/copper-pearl-baby-dehnbare-weiche-strickstirnband-bowautumn\/","title":{"rendered":"Copper Pearl Baby dehnbare weiche Strickstirnband Bow&#8221;Autumn&#8221;"},"content":{"rendered":"<p>PREMIUM POLYESTER \/ RAYON BLEND &#8211; Unser stilvolles Stirnband mit Schleife wurde speziell f\u00fcr den Komfort Ihres Babys entwickelt. Deshalb haben wir es aus ultraweichem, atmungsaktivem Material mit genau der richtigen Dehnung hergestellt.<br \/>\nGR\u00d6SSE &#8211; Perfekt f\u00fcr Neugeborene geeignet, bietet es gen\u00fcgend Dehnung, um in den ersten Monaten mit dem Baby zu wachsen.<br \/>\nTRENDIGE, HOCHWERTIGE ENTW\u00dcRFE &#8211; Bei Copper Pearl sind wir stolz darauf, hochwertige Produkte herzustellen, die auf Babys, M\u00fcttern oder in Ihrem Kinderzimmer immer gut aussehen. Unsere Schleifenstirnb\u00e4nder sind in einer Vielzahl unserer trendigen Drucke erh\u00e4ltlich, die den Stil jedes Babys aufwerten werden. Weitere werden folgen!<br \/>\nPAAR PERFEKT MIT KUPFERPERLENPRODUKTEN &#8211; Unsere trendigen Schleifenstirnb\u00e4nder zeigen unsere charakteristischen Drucke und Muster und sind perfekt auf Produkte abgestimmt, die Sie bereits besitzen und lieben!<br \/>\nEIN EINFACHES GESCHENK &#8211; Unsere Schleifenstirnb\u00e4nder werden in einer neuen Geschenkverpackung geliefert, die sie zu einem perfekten Geschenk f\u00fcr die Dusche macht. Du wirst der Lieblingsfreund, die Tante oder die Oma der Party sein!<br \/>\n<div class=\"main-cross-sell\" data-asin=\"B081ZFMSJF\">\n\n\t<div class=\"WooZone-cross-sell-loader\">\n\t\t<div>\n\t\t\t<div id=\"floatingBarsG\">\n\t\t\t\t<div class=\"blockG\" id=\"rotateG_01\"><\/div>\n\t\t\t\t<div class=\"blockG\" id=\"rotateG_02\"><\/div>\n\t\t\t\t<div class=\"blockG\" id=\"rotateG_03\"><\/div>\n\t\t\t\t<div class=\"blockG\" id=\"rotateG_04\"><\/div>\n\t\t\t\t<div class=\"blockG\" id=\"rotateG_05\"><\/div>\n\t\t\t\t<div class=\"blockG\" id=\"rotateG_06\"><\/div>\n\t\t\t\t<div class=\"blockG\" id=\"rotateG_07\"><\/div>\n\t\t\t\t<div class=\"blockG\" id=\"rotateG_08\"><\/div>\n\t\t\t<\/div>\n\t\t\t<div class=\"WooZone-cross-sell-loader-text\"><\/div>\n\t\t<\/div>\n\t<\/div>\n\n\t\t\n<\/div>\n<div style=\"clear:both;\"><\/div><\/p>\n","protected":false},"excerpt":{"rendered":"<p>PREMIUM POLYESTER \/ RAYON BLEND &#8211; Unser stilvolles Stirnband mit Schleife wurde speziell f\u00fcr den Komfort Ihres Babys entwickelt. Deshalb haben wir es aus ultraweichem, atmungsaktivem Material mit genau der richtigen Dehnung hergestellt.<br \/>\nGR\u00d6SSE &#8211; Perfekt f\u00fcr Neugeborene geeignet, bietet es gen\u00fcgend Dehnung, um in den ersten Monaten mit dem Baby zu wachsen.<br \/>\nTRENDIGE, HOCHWERTIGE ENTW\u00dcRFE &#8211; Bei Copper Pearl sind wir stolz darauf, hochwertige Produkte herzustellen, die auf Babys, M\u00fcttern oder in Ihrem Kinderzimmer immer gut aussehen. Unsere Schleifenstirnb\u00e4nder sind in einer Vielzahl unserer trendigen Drucke erh\u00e4ltlich, die den Stil jedes Babys aufwerten werden. Weitere werden folgen!<\/p>\n","protected":false},"featured_media":164103,"comment_status":"open","ping_status":"closed","template":"","meta":[],"product_brand":[],"product_cat":[1186,3990],"product_tag":[],"class_list":{"0":"post-164102","1":"product","2":"type-product","3":"status-publish","4":"has-post-thumbnail","6":"product_cat-bekleidung","7":"product_cat-maedchen","8":"pa_binding-babyartikel","9":"pa_brand-copper-pearl","10":"pa_height-2-5-zoll","11":"pa_length-6-25-zoll","12":"pa_manufacturer-copper-pearl","13":"pa_model-x002ean9t9","14":"pa_weight-0-1-pfund","15":"pa_width-0-1-zoll","17":"first","18":"instock","19":"shipping-taxable","20":"purchasable","21":"product-type-simple","22":"customify-col","23":"product-has-gallery"},"yoast_head":"<!-- This site is optimized with the Yoast SEO plugin v27.3 - https:\/\/yoast.com\/product\/yoast-seo-wordpress\/ -->\n<title>Copper Pearl Baby dehnbare weiche Strickstirnband Bow&quot;Autumn&quot; - Markt-XXL<\/title>\n<meta name=\"description\" content=\"Markt-XXL Copper Pearl Baby dehnbare weiche Strickstirnband Bow&quot;Autumn&quot;\" \/>\n<meta name=\"robots\" content=\"index, follow, max-snippet:-1, max-image-preview:large, max-video-preview:-1\" \/>\n<link rel=\"canonical\" href=\"https:\/\/marktxxl.de\/markt\/produkt\/copper-pearl-baby-dehnbare-weiche-strickstirnband-bowautumn\/\" \/>\n<meta property=\"og:locale\" content=\"de_DE\" \/>\n<meta property=\"og:type\" content=\"article\" \/>\n<meta property=\"og:title\" content=\"Copper Pearl Baby dehnbare weiche Strickstirnband Bow&quot;Autumn&quot; - Markt-XXL\" \/>\n<meta property=\"og:description\" content=\"Markt-XXL Copper Pearl Baby dehnbare weiche Strickstirnband Bow&quot;Autumn&quot;\" \/>\n<meta property=\"og:url\" content=\"https:\/\/marktxxl.de\/markt\/produkt\/copper-pearl-baby-dehnbare-weiche-strickstirnband-bowautumn\/\" \/>\n<meta property=\"og:site_name\" content=\"Markt-XXL\" \/>\n<meta property=\"article:modified_time\" content=\"2023-04-11T02:48:31+00:00\" \/>\n<meta property=\"og:image\" content=\"https:\/\/m.media-amazon.com\/images\/I\/41m-3LcapDL._SL500_.jpg\" \/>\n\t<meta property=\"og:image:width\" content=\"500\" \/>\n\t<meta property=\"og:image:height\" content=\"500\" \/>\n\t<meta property=\"og:image:type\" content=\"image\/jpeg\" \/>\n<meta name=\"twitter:card\" content=\"summary_large_image\" \/>\n<meta name=\"twitter:label1\" content=\"Gesch\u00e4tzte Lesezeit\" \/>\n\t<meta name=\"twitter:data1\" content=\"1\u00a0Minute\" \/>\n<script type=\"application\/ld+json\" class=\"yoast-schema-graph\">{\"@context\":\"https:\\\/\\\/schema.org\",\"@graph\":[{\"@type\":\"WebPage\",\"@id\":\"https:\\\/\\\/marktxxl.de\\\/markt\\\/produkt\\\/copper-pearl-baby-dehnbare-weiche-strickstirnband-bowautumn\\\/\",\"url\":\"https:\\\/\\\/marktxxl.de\\\/markt\\\/produkt\\\/copper-pearl-baby-dehnbare-weiche-strickstirnband-bowautumn\\\/\",\"name\":\"Copper Pearl Baby dehnbare weiche Strickstirnband Bow\\\"Autumn\\\" - Markt-XXL\",\"isPartOf\":{\"@id\":\"https:\\\/\\\/marktxxl.de\\\/markt\\\/#website\"},\"primaryImageOfPage\":{\"@id\":\"https:\\\/\\\/marktxxl.de\\\/markt\\\/produkt\\\/copper-pearl-baby-dehnbare-weiche-strickstirnband-bowautumn\\\/#primaryimage\"},\"image\":{\"@id\":\"https:\\\/\\\/marktxxl.de\\\/markt\\\/produkt\\\/copper-pearl-baby-dehnbare-weiche-strickstirnband-bowautumn\\\/#primaryimage\"},\"thumbnailUrl\":\"https:\\\/\\\/m.media-amazon.com\\\/images\\\/I\\\/41m-3LcapDL._SL500_.jpg\",\"datePublished\":\"2022-11-11T03:52:45+00:00\",\"dateModified\":\"2023-04-11T02:48:31+00:00\",\"description\":\"Markt-XXL Copper Pearl Baby dehnbare weiche Strickstirnband Bow\\\"Autumn\\\"\",\"breadcrumb\":{\"@id\":\"https:\\\/\\\/marktxxl.de\\\/markt\\\/produkt\\\/copper-pearl-baby-dehnbare-weiche-strickstirnband-bowautumn\\\/#breadcrumb\"},\"inLanguage\":\"de\",\"potentialAction\":[{\"@type\":\"ReadAction\",\"target\":[\"https:\\\/\\\/marktxxl.de\\\/markt\\\/produkt\\\/copper-pearl-baby-dehnbare-weiche-strickstirnband-bowautumn\\\/\"]}]},{\"@type\":\"ImageObject\",\"inLanguage\":\"de\",\"@id\":\"https:\\\/\\\/marktxxl.de\\\/markt\\\/produkt\\\/copper-pearl-baby-dehnbare-weiche-strickstirnband-bowautumn\\\/#primaryimage\",\"url\":\"https:\\\/\\\/m.media-amazon.com\\\/images\\\/I\\\/41m-3LcapDL._SL500_.jpg\",\"contentUrl\":\"https:\\\/\\\/m.media-amazon.com\\\/images\\\/I\\\/41m-3LcapDL._SL500_.jpg\",\"width\":500,\"height\":500},{\"@type\":\"BreadcrumbList\",\"@id\":\"https:\\\/\\\/marktxxl.de\\\/markt\\\/produkt\\\/copper-pearl-baby-dehnbare-weiche-strickstirnband-bowautumn\\\/#breadcrumb\",\"itemListElement\":[{\"@type\":\"ListItem\",\"position\":1,\"name\":\"Startseite\",\"item\":\"https:\\\/\\\/marktxxl.de\\\/markt\\\/\"},{\"@type\":\"ListItem\",\"position\":2,\"name\":\"Markt\",\"item\":\"https:\\\/\\\/marktxxl.de\\\/markt\\\/\"},{\"@type\":\"ListItem\",\"position\":3,\"name\":\"Copper Pearl Baby dehnbare weiche Strickstirnband Bow&#8221;Autumn&#8221;\"}]},{\"@type\":\"WebSite\",\"@id\":\"https:\\\/\\\/marktxxl.de\\\/markt\\\/#website\",\"url\":\"https:\\\/\\\/marktxxl.de\\\/markt\\\/\",\"name\":\"Markt-XXL\",\"description\":\"Ihr Markt Online\",\"publisher\":{\"@id\":\"https:\\\/\\\/marktxxl.de\\\/markt\\\/#organization\"},\"potentialAction\":[{\"@type\":\"SearchAction\",\"target\":{\"@type\":\"EntryPoint\",\"urlTemplate\":\"https:\\\/\\\/marktxxl.de\\\/markt\\\/?s={search_term_string}\"},\"query-input\":{\"@type\":\"PropertyValueSpecification\",\"valueRequired\":true,\"valueName\":\"search_term_string\"}}],\"inLanguage\":\"de\"},{\"@type\":\"Organization\",\"@id\":\"https:\\\/\\\/marktxxl.de\\\/markt\\\/#organization\",\"name\":\"Markt-XXL\",\"url\":\"https:\\\/\\\/marktxxl.de\\\/markt\\\/\",\"logo\":{\"@type\":\"ImageObject\",\"inLanguage\":\"de\",\"@id\":\"https:\\\/\\\/marktxxl.de\\\/markt\\\/#\\\/schema\\\/logo\\\/image\\\/\",\"url\":\"https:\\\/\\\/marktxxl.de\\\/markt\\\/wp-content\\\/uploads\\\/sites\\\/3\\\/2020\\\/12\\\/logo.png\",\"contentUrl\":\"https:\\\/\\\/marktxxl.de\\\/markt\\\/wp-content\\\/uploads\\\/sites\\\/3\\\/2020\\\/12\\\/logo.png\",\"width\":200,\"height\":70,\"caption\":\"Markt-XXL\"},\"image\":{\"@id\":\"https:\\\/\\\/marktxxl.de\\\/markt\\\/#\\\/schema\\\/logo\\\/image\\\/\"}}]}<\/script>\n<!-- \/ Yoast SEO plugin. -->","yoast_head_json":{"title":"Copper Pearl Baby dehnbare weiche Strickstirnband Bow\"Autumn\" - Markt-XXL","description":"Markt-XXL Copper Pearl Baby dehnbare weiche Strickstirnband Bow\"Autumn\"","robots":{"index":"index","follow":"follow","max-snippet":"max-snippet:-1","max-image-preview":"max-image-preview:large","max-video-preview":"max-video-preview:-1"},"canonical":"https:\/\/marktxxl.de\/markt\/produkt\/copper-pearl-baby-dehnbare-weiche-strickstirnband-bowautumn\/","og_locale":"de_DE","og_type":"article","og_title":"Copper Pearl Baby dehnbare weiche Strickstirnband Bow\"Autumn\" - Markt-XXL","og_description":"Markt-XXL Copper Pearl Baby dehnbare weiche Strickstirnband Bow\"Autumn\"","og_url":"https:\/\/marktxxl.de\/markt\/produkt\/copper-pearl-baby-dehnbare-weiche-strickstirnband-bowautumn\/","og_site_name":"Markt-XXL","article_modified_time":"2023-04-11T02:48:31+00:00","og_image":[{"width":500,"height":500,"url":"https:\/\/m.media-amazon.com\/images\/I\/41m-3LcapDL._SL500_.jpg","type":"image\/jpeg"}],"twitter_card":"summary_large_image","twitter_misc":{"Gesch\u00e4tzte Lesezeit":"1\u00a0Minute"},"schema":{"@context":"https:\/\/schema.org","@graph":[{"@type":"WebPage","@id":"https:\/\/marktxxl.de\/markt\/produkt\/copper-pearl-baby-dehnbare-weiche-strickstirnband-bowautumn\/","url":"https:\/\/marktxxl.de\/markt\/produkt\/copper-pearl-baby-dehnbare-weiche-strickstirnband-bowautumn\/","name":"Copper Pearl Baby dehnbare weiche Strickstirnband Bow\"Autumn\" - Markt-XXL","isPartOf":{"@id":"https:\/\/marktxxl.de\/markt\/#website"},"primaryImageOfPage":{"@id":"https:\/\/marktxxl.de\/markt\/produkt\/copper-pearl-baby-dehnbare-weiche-strickstirnband-bowautumn\/#primaryimage"},"image":{"@id":"https:\/\/marktxxl.de\/markt\/produkt\/copper-pearl-baby-dehnbare-weiche-strickstirnband-bowautumn\/#primaryimage"},"thumbnailUrl":"https:\/\/m.media-amazon.com\/images\/I\/41m-3LcapDL._SL500_.jpg","datePublished":"2022-11-11T03:52:45+00:00","dateModified":"2023-04-11T02:48:31+00:00","description":"Markt-XXL Copper Pearl Baby dehnbare weiche Strickstirnband Bow\"Autumn\"","breadcrumb":{"@id":"https:\/\/marktxxl.de\/markt\/produkt\/copper-pearl-baby-dehnbare-weiche-strickstirnband-bowautumn\/#breadcrumb"},"inLanguage":"de","potentialAction":[{"@type":"ReadAction","target":["https:\/\/marktxxl.de\/markt\/produkt\/copper-pearl-baby-dehnbare-weiche-strickstirnband-bowautumn\/"]}]},{"@type":"ImageObject","inLanguage":"de","@id":"https:\/\/marktxxl.de\/markt\/produkt\/copper-pearl-baby-dehnbare-weiche-strickstirnband-bowautumn\/#primaryimage","url":"https:\/\/m.media-amazon.com\/images\/I\/41m-3LcapDL._SL500_.jpg","contentUrl":"https:\/\/m.media-amazon.com\/images\/I\/41m-3LcapDL._SL500_.jpg","width":500,"height":500},{"@type":"BreadcrumbList","@id":"https:\/\/marktxxl.de\/markt\/produkt\/copper-pearl-baby-dehnbare-weiche-strickstirnband-bowautumn\/#breadcrumb","itemListElement":[{"@type":"ListItem","position":1,"name":"Startseite","item":"https:\/\/marktxxl.de\/markt\/"},{"@type":"ListItem","position":2,"name":"Markt","item":"https:\/\/marktxxl.de\/markt\/"},{"@type":"ListItem","position":3,"name":"Copper Pearl Baby dehnbare weiche Strickstirnband Bow&#8221;Autumn&#8221;"}]},{"@type":"WebSite","@id":"https:\/\/marktxxl.de\/markt\/#website","url":"https:\/\/marktxxl.de\/markt\/","name":"Markt-XXL","description":"Ihr Markt Online","publisher":{"@id":"https:\/\/marktxxl.de\/markt\/#organization"},"potentialAction":[{"@type":"SearchAction","target":{"@type":"EntryPoint","urlTemplate":"https:\/\/marktxxl.de\/markt\/?s={search_term_string}"},"query-input":{"@type":"PropertyValueSpecification","valueRequired":true,"valueName":"search_term_string"}}],"inLanguage":"de"},{"@type":"Organization","@id":"https:\/\/marktxxl.de\/markt\/#organization","name":"Markt-XXL","url":"https:\/\/marktxxl.de\/markt\/","logo":{"@type":"ImageObject","inLanguage":"de","@id":"https:\/\/marktxxl.de\/markt\/#\/schema\/logo\/image\/","url":"https:\/\/marktxxl.de\/markt\/wp-content\/uploads\/sites\/3\/2020\/12\/logo.png","contentUrl":"https:\/\/marktxxl.de\/markt\/wp-content\/uploads\/sites\/3\/2020\/12\/logo.png","width":200,"height":70,"caption":"Markt-XXL"},"image":{"@id":"https:\/\/marktxxl.de\/markt\/#\/schema\/logo\/image\/"}}]}},"_links":{"self":[{"href":"https:\/\/marktxxl.de\/markt\/wp-json\/wp\/v2\/product\/164102","targetHints":{"allow":["GET"]}}],"collection":[{"href":"https:\/\/marktxxl.de\/markt\/wp-json\/wp\/v2\/product"}],"about":[{"href":"https:\/\/marktxxl.de\/markt\/wp-json\/wp\/v2\/types\/product"}],"replies":[{"embeddable":true,"href":"https:\/\/marktxxl.de\/markt\/wp-json\/wp\/v2\/comments?post=164102"}],"wp:featuredmedia":[{"embeddable":true,"href":"https:\/\/marktxxl.de\/markt\/wp-json\/wp\/v2\/media\/164103"}],"wp:attachment":[{"href":"https:\/\/marktxxl.de\/markt\/wp-json\/wp\/v2\/media?parent=164102"}],"wp:term":[{"taxonomy":"product_brand","embeddable":true,"href":"https:\/\/marktxxl.de\/markt\/wp-json\/wp\/v2\/product_brand?post=164102"},{"taxonomy":"product_cat","embeddable":true,"href":"https:\/\/marktxxl.de\/markt\/wp-json\/wp\/v2\/product_cat?post=164102"},{"taxonomy":"product_tag","embeddable":true,"href":"https:\/\/marktxxl.de\/markt\/wp-json\/wp\/v2\/product_tag?post=164102"}],"curies":[{"name":"wp","href":"https:\/\/api.w.org\/{rel}","templated":true}]}}