{"id":163362,"date":"2022-11-11T04:08:33","date_gmt":"2022-11-11T03:08:33","guid":{"rendered":"https:\/\/marktxxl.de\/markt\/produkt\/glass-polish-15907-handschleifklotz-haken-loop-handschleifteller-o-125-mm\/"},"modified":"2023-04-11T04:47:18","modified_gmt":"2023-04-11T02:47:18","slug":"glass-polish-15907-handschleifklotz-haken-loop-handschleifteller-o-125-mm","status":"publish","type":"product","link":"https:\/\/marktxxl.de\/markt\/produkt\/glass-polish-15907-handschleifklotz-haken-loop-handschleifteller-o-125-mm\/","title":{"rendered":"Glass Polish 15907 Handschleifklotz, Haken- &amp; Loop, Handschleifteller | \u00d8 125 mm"},"content":{"rendered":"<p>\u2705 \u00d8 125 mm \u2705 Langlebige und flexible PUR Konstruktion mit Klettverschluss<br \/>\n\u2705 Ergonomisches Design mit komfortablem, aber leistungsstarkem Griff bei gleichzeitiger Reduzierung der Belastung der Hand.<br \/>\n\u2705 Ideal f\u00fcr Holzbearbeitung, Lackierung, Schleifen von flachen und gew\u00f6lbten Oberfl\u00e4chen.<br \/>\n\u2705 Geeignet f\u00fcr den Einsatz mit Schleifscheiben, Polierscheiben, Detailsch\u00e4umen.<br \/>\n<div class=\"main-cross-sell\" data-asin=\"B01MZWKU21\">\n\n\t<div class=\"WooZone-cross-sell-loader\">\n\t\t<div>\n\t\t\t<div id=\"floatingBarsG\">\n\t\t\t\t<div class=\"blockG\" id=\"rotateG_01\"><\/div>\n\t\t\t\t<div class=\"blockG\" id=\"rotateG_02\"><\/div>\n\t\t\t\t<div class=\"blockG\" id=\"rotateG_03\"><\/div>\n\t\t\t\t<div class=\"blockG\" id=\"rotateG_04\"><\/div>\n\t\t\t\t<div class=\"blockG\" id=\"rotateG_05\"><\/div>\n\t\t\t\t<div class=\"blockG\" id=\"rotateG_06\"><\/div>\n\t\t\t\t<div class=\"blockG\" id=\"rotateG_07\"><\/div>\n\t\t\t\t<div class=\"blockG\" id=\"rotateG_08\"><\/div>\n\t\t\t<\/div>\n\t\t\t<div class=\"WooZone-cross-sell-loader-text\"><\/div>\n\t\t<\/div>\n\t<\/div>\n\n\t\t\n<\/div>\n<div style=\"clear:both;\"><\/div><\/p>\n","protected":false},"excerpt":{"rendered":"<p>\u2705 \u00d8 125 mm \u2705 Langlebige und flexible PUR Konstruktion mit Klettverschluss<br \/>\n\u2705 Ergonomisches Design mit komfortablem, aber leistungsstarkem Griff bei gleichzeitiger Reduzierung der Belastung der Hand.<br \/>\n\u2705 Ideal f\u00fcr Holzbearbeitung, Lackierung, Schleifen von flachen und gew\u00f6lbten Oberfl\u00e4chen.<\/p>\n","protected":false},"featured_media":163363,"comment_status":"open","ping_status":"closed","template":"","meta":[],"product_brand":[],"product_cat":[1983,11212],"product_tag":[],"class_list":{"0":"post-163362","1":"product","2":"type-product","3":"status-publish","4":"has-post-thumbnail","6":"product_cat-baumarkt","7":"product_cat-malerbedarf-werkzeuge-tapeten","8":"pa_binding-nicht-gebunden","9":"pa_brand-glass-polish","10":"pa_manufacturer-glass-polish","11":"pa_model-43984","12":"pa_size-125-mm","13":"pa_weight-0-110231131-pfund","15":"first","16":"instock","17":"shipping-taxable","18":"purchasable","19":"product-type-simple","20":"customify-col","21":"product-has-gallery"},"yoast_head":"<!-- This site is optimized with the Yoast SEO plugin v27.3 - https:\/\/yoast.com\/product\/yoast-seo-wordpress\/ -->\n<title>Glass Polish 15907 Handschleifklotz, Haken- &amp; Loop, Handschleifteller | \u00d8 125 mm - Markt-XXL<\/title>\n<meta name=\"description\" content=\"Markt-XXL Glass Polish 15907 Handschleifklotz, Haken- &amp; Loop, Handschleifteller | \u00d8 125 mm\" \/>\n<meta name=\"robots\" content=\"index, follow, max-snippet:-1, max-image-preview:large, max-video-preview:-1\" \/>\n<link rel=\"canonical\" href=\"https:\/\/marktxxl.de\/markt\/produkt\/glass-polish-15907-handschleifklotz-haken-loop-handschleifteller-o-125-mm\/\" \/>\n<meta property=\"og:locale\" content=\"de_DE\" \/>\n<meta property=\"og:type\" content=\"article\" \/>\n<meta property=\"og:title\" content=\"Glass Polish 15907 Handschleifklotz, Haken- &amp; Loop, Handschleifteller | \u00d8 125 mm - Markt-XXL\" \/>\n<meta property=\"og:description\" content=\"Markt-XXL Glass Polish 15907 Handschleifklotz, Haken- &amp; Loop, Handschleifteller | \u00d8 125 mm\" \/>\n<meta property=\"og:url\" content=\"https:\/\/marktxxl.de\/markt\/produkt\/glass-polish-15907-handschleifklotz-haken-loop-handschleifteller-o-125-mm\/\" \/>\n<meta property=\"og:site_name\" content=\"Markt-XXL\" \/>\n<meta property=\"article:modified_time\" content=\"2023-04-11T02:47:18+00:00\" \/>\n<meta property=\"og:image\" content=\"https:\/\/m.media-amazon.com\/images\/I\/31TDWDLRjlL._SL500_.jpg\" \/>\n\t<meta property=\"og:image:width\" content=\"500\" \/>\n\t<meta property=\"og:image:height\" content=\"500\" \/>\n\t<meta property=\"og:image:type\" content=\"image\/jpeg\" \/>\n<meta name=\"twitter:card\" content=\"summary_large_image\" \/>\n<script type=\"application\/ld+json\" class=\"yoast-schema-graph\">{\"@context\":\"https:\\\/\\\/schema.org\",\"@graph\":[{\"@type\":\"WebPage\",\"@id\":\"https:\\\/\\\/marktxxl.de\\\/markt\\\/produkt\\\/glass-polish-15907-handschleifklotz-haken-loop-handschleifteller-o-125-mm\\\/\",\"url\":\"https:\\\/\\\/marktxxl.de\\\/markt\\\/produkt\\\/glass-polish-15907-handschleifklotz-haken-loop-handschleifteller-o-125-mm\\\/\",\"name\":\"Glass Polish 15907 Handschleifklotz, Haken- &amp; Loop, Handschleifteller | \u00d8 125 mm - Markt-XXL\",\"isPartOf\":{\"@id\":\"https:\\\/\\\/marktxxl.de\\\/markt\\\/#website\"},\"primaryImageOfPage\":{\"@id\":\"https:\\\/\\\/marktxxl.de\\\/markt\\\/produkt\\\/glass-polish-15907-handschleifklotz-haken-loop-handschleifteller-o-125-mm\\\/#primaryimage\"},\"image\":{\"@id\":\"https:\\\/\\\/marktxxl.de\\\/markt\\\/produkt\\\/glass-polish-15907-handschleifklotz-haken-loop-handschleifteller-o-125-mm\\\/#primaryimage\"},\"thumbnailUrl\":\"https:\\\/\\\/m.media-amazon.com\\\/images\\\/I\\\/31TDWDLRjlL._SL500_.jpg\",\"datePublished\":\"2022-11-11T03:08:33+00:00\",\"dateModified\":\"2023-04-11T02:47:18+00:00\",\"description\":\"Markt-XXL Glass Polish 15907 Handschleifklotz, Haken- &amp; Loop, Handschleifteller | \u00d8 125 mm\",\"breadcrumb\":{\"@id\":\"https:\\\/\\\/marktxxl.de\\\/markt\\\/produkt\\\/glass-polish-15907-handschleifklotz-haken-loop-handschleifteller-o-125-mm\\\/#breadcrumb\"},\"inLanguage\":\"de\",\"potentialAction\":[{\"@type\":\"ReadAction\",\"target\":[\"https:\\\/\\\/marktxxl.de\\\/markt\\\/produkt\\\/glass-polish-15907-handschleifklotz-haken-loop-handschleifteller-o-125-mm\\\/\"]}]},{\"@type\":\"ImageObject\",\"inLanguage\":\"de\",\"@id\":\"https:\\\/\\\/marktxxl.de\\\/markt\\\/produkt\\\/glass-polish-15907-handschleifklotz-haken-loop-handschleifteller-o-125-mm\\\/#primaryimage\",\"url\":\"https:\\\/\\\/m.media-amazon.com\\\/images\\\/I\\\/31TDWDLRjlL._SL500_.jpg\",\"contentUrl\":\"https:\\\/\\\/m.media-amazon.com\\\/images\\\/I\\\/31TDWDLRjlL._SL500_.jpg\",\"width\":500,\"height\":500},{\"@type\":\"BreadcrumbList\",\"@id\":\"https:\\\/\\\/marktxxl.de\\\/markt\\\/produkt\\\/glass-polish-15907-handschleifklotz-haken-loop-handschleifteller-o-125-mm\\\/#breadcrumb\",\"itemListElement\":[{\"@type\":\"ListItem\",\"position\":1,\"name\":\"Startseite\",\"item\":\"https:\\\/\\\/marktxxl.de\\\/markt\\\/\"},{\"@type\":\"ListItem\",\"position\":2,\"name\":\"Markt\",\"item\":\"https:\\\/\\\/marktxxl.de\\\/markt\\\/\"},{\"@type\":\"ListItem\",\"position\":3,\"name\":\"Glass Polish 15907 Handschleifklotz, Haken- &amp; Loop, Handschleifteller | \u00d8 125 mm\"}]},{\"@type\":\"WebSite\",\"@id\":\"https:\\\/\\\/marktxxl.de\\\/markt\\\/#website\",\"url\":\"https:\\\/\\\/marktxxl.de\\\/markt\\\/\",\"name\":\"Markt-XXL\",\"description\":\"Ihr Markt Online\",\"publisher\":{\"@id\":\"https:\\\/\\\/marktxxl.de\\\/markt\\\/#organization\"},\"potentialAction\":[{\"@type\":\"SearchAction\",\"target\":{\"@type\":\"EntryPoint\",\"urlTemplate\":\"https:\\\/\\\/marktxxl.de\\\/markt\\\/?s={search_term_string}\"},\"query-input\":{\"@type\":\"PropertyValueSpecification\",\"valueRequired\":true,\"valueName\":\"search_term_string\"}}],\"inLanguage\":\"de\"},{\"@type\":\"Organization\",\"@id\":\"https:\\\/\\\/marktxxl.de\\\/markt\\\/#organization\",\"name\":\"Markt-XXL\",\"url\":\"https:\\\/\\\/marktxxl.de\\\/markt\\\/\",\"logo\":{\"@type\":\"ImageObject\",\"inLanguage\":\"de\",\"@id\":\"https:\\\/\\\/marktxxl.de\\\/markt\\\/#\\\/schema\\\/logo\\\/image\\\/\",\"url\":\"https:\\\/\\\/marktxxl.de\\\/markt\\\/wp-content\\\/uploads\\\/sites\\\/3\\\/2020\\\/12\\\/logo.png\",\"contentUrl\":\"https:\\\/\\\/marktxxl.de\\\/markt\\\/wp-content\\\/uploads\\\/sites\\\/3\\\/2020\\\/12\\\/logo.png\",\"width\":200,\"height\":70,\"caption\":\"Markt-XXL\"},\"image\":{\"@id\":\"https:\\\/\\\/marktxxl.de\\\/markt\\\/#\\\/schema\\\/logo\\\/image\\\/\"}}]}<\/script>\n<!-- \/ Yoast SEO plugin. -->","yoast_head_json":{"title":"Glass Polish 15907 Handschleifklotz, Haken- &amp; Loop, Handschleifteller | \u00d8 125 mm - Markt-XXL","description":"Markt-XXL Glass Polish 15907 Handschleifklotz, Haken- &amp; Loop, Handschleifteller | \u00d8 125 mm","robots":{"index":"index","follow":"follow","max-snippet":"max-snippet:-1","max-image-preview":"max-image-preview:large","max-video-preview":"max-video-preview:-1"},"canonical":"https:\/\/marktxxl.de\/markt\/produkt\/glass-polish-15907-handschleifklotz-haken-loop-handschleifteller-o-125-mm\/","og_locale":"de_DE","og_type":"article","og_title":"Glass Polish 15907 Handschleifklotz, Haken- &amp; Loop, Handschleifteller | \u00d8 125 mm - Markt-XXL","og_description":"Markt-XXL Glass Polish 15907 Handschleifklotz, Haken- &amp; Loop, Handschleifteller | \u00d8 125 mm","og_url":"https:\/\/marktxxl.de\/markt\/produkt\/glass-polish-15907-handschleifklotz-haken-loop-handschleifteller-o-125-mm\/","og_site_name":"Markt-XXL","article_modified_time":"2023-04-11T02:47:18+00:00","og_image":[{"width":500,"height":500,"url":"https:\/\/m.media-amazon.com\/images\/I\/31TDWDLRjlL._SL500_.jpg","type":"image\/jpeg"}],"twitter_card":"summary_large_image","schema":{"@context":"https:\/\/schema.org","@graph":[{"@type":"WebPage","@id":"https:\/\/marktxxl.de\/markt\/produkt\/glass-polish-15907-handschleifklotz-haken-loop-handschleifteller-o-125-mm\/","url":"https:\/\/marktxxl.de\/markt\/produkt\/glass-polish-15907-handschleifklotz-haken-loop-handschleifteller-o-125-mm\/","name":"Glass Polish 15907 Handschleifklotz, Haken- &amp; Loop, Handschleifteller | \u00d8 125 mm - Markt-XXL","isPartOf":{"@id":"https:\/\/marktxxl.de\/markt\/#website"},"primaryImageOfPage":{"@id":"https:\/\/marktxxl.de\/markt\/produkt\/glass-polish-15907-handschleifklotz-haken-loop-handschleifteller-o-125-mm\/#primaryimage"},"image":{"@id":"https:\/\/marktxxl.de\/markt\/produkt\/glass-polish-15907-handschleifklotz-haken-loop-handschleifteller-o-125-mm\/#primaryimage"},"thumbnailUrl":"https:\/\/m.media-amazon.com\/images\/I\/31TDWDLRjlL._SL500_.jpg","datePublished":"2022-11-11T03:08:33+00:00","dateModified":"2023-04-11T02:47:18+00:00","description":"Markt-XXL Glass Polish 15907 Handschleifklotz, Haken- &amp; Loop, Handschleifteller | \u00d8 125 mm","breadcrumb":{"@id":"https:\/\/marktxxl.de\/markt\/produkt\/glass-polish-15907-handschleifklotz-haken-loop-handschleifteller-o-125-mm\/#breadcrumb"},"inLanguage":"de","potentialAction":[{"@type":"ReadAction","target":["https:\/\/marktxxl.de\/markt\/produkt\/glass-polish-15907-handschleifklotz-haken-loop-handschleifteller-o-125-mm\/"]}]},{"@type":"ImageObject","inLanguage":"de","@id":"https:\/\/marktxxl.de\/markt\/produkt\/glass-polish-15907-handschleifklotz-haken-loop-handschleifteller-o-125-mm\/#primaryimage","url":"https:\/\/m.media-amazon.com\/images\/I\/31TDWDLRjlL._SL500_.jpg","contentUrl":"https:\/\/m.media-amazon.com\/images\/I\/31TDWDLRjlL._SL500_.jpg","width":500,"height":500},{"@type":"BreadcrumbList","@id":"https:\/\/marktxxl.de\/markt\/produkt\/glass-polish-15907-handschleifklotz-haken-loop-handschleifteller-o-125-mm\/#breadcrumb","itemListElement":[{"@type":"ListItem","position":1,"name":"Startseite","item":"https:\/\/marktxxl.de\/markt\/"},{"@type":"ListItem","position":2,"name":"Markt","item":"https:\/\/marktxxl.de\/markt\/"},{"@type":"ListItem","position":3,"name":"Glass Polish 15907 Handschleifklotz, Haken- &amp; Loop, Handschleifteller | \u00d8 125 mm"}]},{"@type":"WebSite","@id":"https:\/\/marktxxl.de\/markt\/#website","url":"https:\/\/marktxxl.de\/markt\/","name":"Markt-XXL","description":"Ihr Markt Online","publisher":{"@id":"https:\/\/marktxxl.de\/markt\/#organization"},"potentialAction":[{"@type":"SearchAction","target":{"@type":"EntryPoint","urlTemplate":"https:\/\/marktxxl.de\/markt\/?s={search_term_string}"},"query-input":{"@type":"PropertyValueSpecification","valueRequired":true,"valueName":"search_term_string"}}],"inLanguage":"de"},{"@type":"Organization","@id":"https:\/\/marktxxl.de\/markt\/#organization","name":"Markt-XXL","url":"https:\/\/marktxxl.de\/markt\/","logo":{"@type":"ImageObject","inLanguage":"de","@id":"https:\/\/marktxxl.de\/markt\/#\/schema\/logo\/image\/","url":"https:\/\/marktxxl.de\/markt\/wp-content\/uploads\/sites\/3\/2020\/12\/logo.png","contentUrl":"https:\/\/marktxxl.de\/markt\/wp-content\/uploads\/sites\/3\/2020\/12\/logo.png","width":200,"height":70,"caption":"Markt-XXL"},"image":{"@id":"https:\/\/marktxxl.de\/markt\/#\/schema\/logo\/image\/"}}]}},"_links":{"self":[{"href":"https:\/\/marktxxl.de\/markt\/wp-json\/wp\/v2\/product\/163362","targetHints":{"allow":["GET"]}}],"collection":[{"href":"https:\/\/marktxxl.de\/markt\/wp-json\/wp\/v2\/product"}],"about":[{"href":"https:\/\/marktxxl.de\/markt\/wp-json\/wp\/v2\/types\/product"}],"replies":[{"embeddable":true,"href":"https:\/\/marktxxl.de\/markt\/wp-json\/wp\/v2\/comments?post=163362"}],"wp:featuredmedia":[{"embeddable":true,"href":"https:\/\/marktxxl.de\/markt\/wp-json\/wp\/v2\/media\/163363"}],"wp:attachment":[{"href":"https:\/\/marktxxl.de\/markt\/wp-json\/wp\/v2\/media?parent=163362"}],"wp:term":[{"taxonomy":"product_brand","embeddable":true,"href":"https:\/\/marktxxl.de\/markt\/wp-json\/wp\/v2\/product_brand?post=163362"},{"taxonomy":"product_cat","embeddable":true,"href":"https:\/\/marktxxl.de\/markt\/wp-json\/wp\/v2\/product_cat?post=163362"},{"taxonomy":"product_tag","embeddable":true,"href":"https:\/\/marktxxl.de\/markt\/wp-json\/wp\/v2\/product_tag?post=163362"}],"curies":[{"name":"wp","href":"https:\/\/api.w.org\/{rel}","templated":true}]}}