{"id":162641,"date":"2022-11-11T02:16:50","date_gmt":"2022-11-11T01:16:50","guid":{"rendered":"https:\/\/marktxxl.de\/markt\/produkt\/framar-party-animal-embossed-roll\/"},"modified":"2023-04-10T04:54:38","modified_gmt":"2023-04-10T02:54:38","slug":"framar-party-animal-embossed-roll","status":"publish","type":"product","link":"https:\/\/marktxxl.de\/markt\/produkt\/framar-party-animal-embossed-roll\/","title":{"rendered":"Framar Party Animal Embossed Roll"},"content":{"rendered":"<p>Hohe Qualit\u00e4t \u2013 die weltweit beste Haarf\u00e4rbefolie, in unserem neuen Leopardenmuster! Diese Folien haften nicht und rei\u00dfen nicht, wenn sie aus der Box kommen. Und weil unsere Aluminiumfolie gepr\u00e4gt ist, rutschen sie nicht aus den Haaren.<br \/>\nEinfach zu bedienen \u2013 kommt in einer eigenen Spenderbox, die eine Klinge enth\u00e4lt, so dass Sie die Folie an jeder Stelle schneiden k\u00f6nnen. Die Box ist stabil und verrutscht nicht von der Platzierung.<br \/>\nPraktisch \u2013 gibt Ihnen den Komfort, jede gew\u00fcnschte L\u00e4nge zu schneiden. Dies funktioniert perfekt f\u00fcr Kunden mit langen Haaren, sodass Sie ein langes St\u00fcck Folie w\u00e4hlen k\u00f6nnen. 97,5 m L\u00e4nge<br \/>\nHergestellt f\u00fcr den Colorist \u2013 diese Framar Folien wurden von Coloristen f\u00fcr Coloristen kreiert, nicht f\u00fcr Lebensmittel.<br \/>\nGUT VERARBEITET &#8211; Die Box besteht aus einem starken, robusten Karton, der die Folie nicht besch\u00e4digt. Die Folienrolle bleibt leicht in der Box aufbewahrt, oder unser Folien-Spender<br \/>\n<div class=\"main-cross-sell\" data-asin=\"B09X8TMQ7Z\">\n\n\t<div class=\"WooZone-cross-sell-loader\">\n\t\t<div>\n\t\t\t<div id=\"floatingBarsG\">\n\t\t\t\t<div class=\"blockG\" id=\"rotateG_01\"><\/div>\n\t\t\t\t<div class=\"blockG\" id=\"rotateG_02\"><\/div>\n\t\t\t\t<div class=\"blockG\" id=\"rotateG_03\"><\/div>\n\t\t\t\t<div class=\"blockG\" id=\"rotateG_04\"><\/div>\n\t\t\t\t<div class=\"blockG\" id=\"rotateG_05\"><\/div>\n\t\t\t\t<div class=\"blockG\" id=\"rotateG_06\"><\/div>\n\t\t\t\t<div class=\"blockG\" id=\"rotateG_07\"><\/div>\n\t\t\t\t<div class=\"blockG\" id=\"rotateG_08\"><\/div>\n\t\t\t<\/div>\n\t\t\t<div class=\"WooZone-cross-sell-loader-text\"><\/div>\n\t\t<\/div>\n\t<\/div>\n\n\t\t\n<\/div>\n<div style=\"clear:both;\"><\/div><\/p>\n","protected":false},"excerpt":{"rendered":"<p>Hohe Qualit\u00e4t \u2013 die weltweit beste Haarf\u00e4rbefolie, in unserem neuen Leopardenmuster! Diese Folien haften nicht und rei\u00dfen nicht, wenn sie aus der Box kommen. Und weil unsere Aluminiumfolie gepr\u00e4gt ist, rutschen sie nicht aus den Haaren.<br \/>\nEinfach zu bedienen \u2013 kommt in einer eigenen Spenderbox, die eine Klinge enth\u00e4lt, so dass Sie die Folie an jeder Stelle schneiden k\u00f6nnen. Die Box ist stabil und verrutscht nicht von der Platzierung.<br \/>\nPraktisch \u2013 gibt Ihnen den Komfort, jede gew\u00fcnschte L\u00e4nge zu schneiden. Dies funktioniert perfekt f\u00fcr Kunden mit langen Haaren, sodass Sie ein langes St\u00fcck Folie w\u00e4hlen k\u00f6nnen. 97,5 m L\u00e4nge<\/p>\n","protected":false},"featured_media":162642,"comment_status":"open","ping_status":"closed","template":"","meta":[],"product_brand":[],"product_cat":[2858,6994],"product_tag":[],"class_list":{"0":"post-162641","1":"product","2":"type-product","3":"status-publish","4":"has-post-thumbnail","6":"product_cat-beauty","7":"product_cat-haarpflege-styling","8":"pa_binding-badartikel","9":"pa_brand-framar","10":"pa_color-leopard","11":"pa_manufacturer-framar","12":"pa_model-r-emb-mpa","13":"pa_weight-1-322773572-pfund","15":"first","16":"instock","17":"shipping-taxable","18":"purchasable","19":"product-type-simple","20":"customify-col","21":"product-has-gallery"},"yoast_head":"<!-- This site is optimized with the Yoast SEO plugin v27.3 - https:\/\/yoast.com\/product\/yoast-seo-wordpress\/ -->\n<title>Framar Party Animal Embossed Roll - Markt-XXL<\/title>\n<meta name=\"description\" content=\"Markt-XXL Framar Party Animal Embossed Roll\" \/>\n<meta name=\"robots\" content=\"index, follow, max-snippet:-1, max-image-preview:large, max-video-preview:-1\" \/>\n<link rel=\"canonical\" href=\"https:\/\/marktxxl.de\/markt\/produkt\/framar-party-animal-embossed-roll\/\" \/>\n<meta property=\"og:locale\" content=\"de_DE\" \/>\n<meta property=\"og:type\" content=\"article\" \/>\n<meta property=\"og:title\" content=\"Framar Party Animal Embossed Roll - Markt-XXL\" \/>\n<meta property=\"og:description\" content=\"Markt-XXL Framar Party Animal Embossed Roll\" \/>\n<meta property=\"og:url\" content=\"https:\/\/marktxxl.de\/markt\/produkt\/framar-party-animal-embossed-roll\/\" \/>\n<meta property=\"og:site_name\" content=\"Markt-XXL\" \/>\n<meta property=\"article:modified_time\" content=\"2023-04-10T02:54:38+00:00\" \/>\n<meta property=\"og:image\" content=\"https:\/\/m.media-amazon.com\/images\/I\/518yOooo73L._SL500_.jpg\" \/>\n\t<meta property=\"og:image:width\" content=\"500\" \/>\n\t<meta property=\"og:image:height\" content=\"500\" \/>\n\t<meta property=\"og:image:type\" content=\"image\/jpeg\" \/>\n<meta name=\"twitter:card\" content=\"summary_large_image\" \/>\n<meta name=\"twitter:label1\" content=\"Gesch\u00e4tzte Lesezeit\" \/>\n\t<meta name=\"twitter:data1\" content=\"1\u00a0Minute\" \/>\n<script type=\"application\/ld+json\" class=\"yoast-schema-graph\">{\"@context\":\"https:\\\/\\\/schema.org\",\"@graph\":[{\"@type\":\"WebPage\",\"@id\":\"https:\\\/\\\/marktxxl.de\\\/markt\\\/produkt\\\/framar-party-animal-embossed-roll\\\/\",\"url\":\"https:\\\/\\\/marktxxl.de\\\/markt\\\/produkt\\\/framar-party-animal-embossed-roll\\\/\",\"name\":\"Framar Party Animal Embossed Roll - Markt-XXL\",\"isPartOf\":{\"@id\":\"https:\\\/\\\/marktxxl.de\\\/markt\\\/#website\"},\"primaryImageOfPage\":{\"@id\":\"https:\\\/\\\/marktxxl.de\\\/markt\\\/produkt\\\/framar-party-animal-embossed-roll\\\/#primaryimage\"},\"image\":{\"@id\":\"https:\\\/\\\/marktxxl.de\\\/markt\\\/produkt\\\/framar-party-animal-embossed-roll\\\/#primaryimage\"},\"thumbnailUrl\":\"https:\\\/\\\/m.media-amazon.com\\\/images\\\/I\\\/518yOooo73L._SL500_.jpg\",\"datePublished\":\"2022-11-11T01:16:50+00:00\",\"dateModified\":\"2023-04-10T02:54:38+00:00\",\"description\":\"Markt-XXL Framar Party Animal Embossed Roll\",\"breadcrumb\":{\"@id\":\"https:\\\/\\\/marktxxl.de\\\/markt\\\/produkt\\\/framar-party-animal-embossed-roll\\\/#breadcrumb\"},\"inLanguage\":\"de\",\"potentialAction\":[{\"@type\":\"ReadAction\",\"target\":[\"https:\\\/\\\/marktxxl.de\\\/markt\\\/produkt\\\/framar-party-animal-embossed-roll\\\/\"]}]},{\"@type\":\"ImageObject\",\"inLanguage\":\"de\",\"@id\":\"https:\\\/\\\/marktxxl.de\\\/markt\\\/produkt\\\/framar-party-animal-embossed-roll\\\/#primaryimage\",\"url\":\"https:\\\/\\\/m.media-amazon.com\\\/images\\\/I\\\/518yOooo73L._SL500_.jpg\",\"contentUrl\":\"https:\\\/\\\/m.media-amazon.com\\\/images\\\/I\\\/518yOooo73L._SL500_.jpg\",\"width\":500,\"height\":500},{\"@type\":\"BreadcrumbList\",\"@id\":\"https:\\\/\\\/marktxxl.de\\\/markt\\\/produkt\\\/framar-party-animal-embossed-roll\\\/#breadcrumb\",\"itemListElement\":[{\"@type\":\"ListItem\",\"position\":1,\"name\":\"Startseite\",\"item\":\"https:\\\/\\\/marktxxl.de\\\/markt\\\/\"},{\"@type\":\"ListItem\",\"position\":2,\"name\":\"Markt\",\"item\":\"https:\\\/\\\/marktxxl.de\\\/markt\\\/\"},{\"@type\":\"ListItem\",\"position\":3,\"name\":\"Framar Party Animal Embossed Roll\"}]},{\"@type\":\"WebSite\",\"@id\":\"https:\\\/\\\/marktxxl.de\\\/markt\\\/#website\",\"url\":\"https:\\\/\\\/marktxxl.de\\\/markt\\\/\",\"name\":\"Markt-XXL\",\"description\":\"Ihr Markt Online\",\"publisher\":{\"@id\":\"https:\\\/\\\/marktxxl.de\\\/markt\\\/#organization\"},\"potentialAction\":[{\"@type\":\"SearchAction\",\"target\":{\"@type\":\"EntryPoint\",\"urlTemplate\":\"https:\\\/\\\/marktxxl.de\\\/markt\\\/?s={search_term_string}\"},\"query-input\":{\"@type\":\"PropertyValueSpecification\",\"valueRequired\":true,\"valueName\":\"search_term_string\"}}],\"inLanguage\":\"de\"},{\"@type\":\"Organization\",\"@id\":\"https:\\\/\\\/marktxxl.de\\\/markt\\\/#organization\",\"name\":\"Markt-XXL\",\"url\":\"https:\\\/\\\/marktxxl.de\\\/markt\\\/\",\"logo\":{\"@type\":\"ImageObject\",\"inLanguage\":\"de\",\"@id\":\"https:\\\/\\\/marktxxl.de\\\/markt\\\/#\\\/schema\\\/logo\\\/image\\\/\",\"url\":\"https:\\\/\\\/marktxxl.de\\\/markt\\\/wp-content\\\/uploads\\\/sites\\\/3\\\/2020\\\/12\\\/logo.png\",\"contentUrl\":\"https:\\\/\\\/marktxxl.de\\\/markt\\\/wp-content\\\/uploads\\\/sites\\\/3\\\/2020\\\/12\\\/logo.png\",\"width\":200,\"height\":70,\"caption\":\"Markt-XXL\"},\"image\":{\"@id\":\"https:\\\/\\\/marktxxl.de\\\/markt\\\/#\\\/schema\\\/logo\\\/image\\\/\"}}]}<\/script>\n<!-- \/ Yoast SEO plugin. -->","yoast_head_json":{"title":"Framar Party Animal Embossed Roll - Markt-XXL","description":"Markt-XXL Framar Party Animal Embossed Roll","robots":{"index":"index","follow":"follow","max-snippet":"max-snippet:-1","max-image-preview":"max-image-preview:large","max-video-preview":"max-video-preview:-1"},"canonical":"https:\/\/marktxxl.de\/markt\/produkt\/framar-party-animal-embossed-roll\/","og_locale":"de_DE","og_type":"article","og_title":"Framar Party Animal Embossed Roll - Markt-XXL","og_description":"Markt-XXL Framar Party Animal Embossed Roll","og_url":"https:\/\/marktxxl.de\/markt\/produkt\/framar-party-animal-embossed-roll\/","og_site_name":"Markt-XXL","article_modified_time":"2023-04-10T02:54:38+00:00","og_image":[{"width":500,"height":500,"url":"https:\/\/m.media-amazon.com\/images\/I\/518yOooo73L._SL500_.jpg","type":"image\/jpeg"}],"twitter_card":"summary_large_image","twitter_misc":{"Gesch\u00e4tzte Lesezeit":"1\u00a0Minute"},"schema":{"@context":"https:\/\/schema.org","@graph":[{"@type":"WebPage","@id":"https:\/\/marktxxl.de\/markt\/produkt\/framar-party-animal-embossed-roll\/","url":"https:\/\/marktxxl.de\/markt\/produkt\/framar-party-animal-embossed-roll\/","name":"Framar Party Animal Embossed Roll - Markt-XXL","isPartOf":{"@id":"https:\/\/marktxxl.de\/markt\/#website"},"primaryImageOfPage":{"@id":"https:\/\/marktxxl.de\/markt\/produkt\/framar-party-animal-embossed-roll\/#primaryimage"},"image":{"@id":"https:\/\/marktxxl.de\/markt\/produkt\/framar-party-animal-embossed-roll\/#primaryimage"},"thumbnailUrl":"https:\/\/m.media-amazon.com\/images\/I\/518yOooo73L._SL500_.jpg","datePublished":"2022-11-11T01:16:50+00:00","dateModified":"2023-04-10T02:54:38+00:00","description":"Markt-XXL Framar Party Animal Embossed Roll","breadcrumb":{"@id":"https:\/\/marktxxl.de\/markt\/produkt\/framar-party-animal-embossed-roll\/#breadcrumb"},"inLanguage":"de","potentialAction":[{"@type":"ReadAction","target":["https:\/\/marktxxl.de\/markt\/produkt\/framar-party-animal-embossed-roll\/"]}]},{"@type":"ImageObject","inLanguage":"de","@id":"https:\/\/marktxxl.de\/markt\/produkt\/framar-party-animal-embossed-roll\/#primaryimage","url":"https:\/\/m.media-amazon.com\/images\/I\/518yOooo73L._SL500_.jpg","contentUrl":"https:\/\/m.media-amazon.com\/images\/I\/518yOooo73L._SL500_.jpg","width":500,"height":500},{"@type":"BreadcrumbList","@id":"https:\/\/marktxxl.de\/markt\/produkt\/framar-party-animal-embossed-roll\/#breadcrumb","itemListElement":[{"@type":"ListItem","position":1,"name":"Startseite","item":"https:\/\/marktxxl.de\/markt\/"},{"@type":"ListItem","position":2,"name":"Markt","item":"https:\/\/marktxxl.de\/markt\/"},{"@type":"ListItem","position":3,"name":"Framar Party Animal Embossed Roll"}]},{"@type":"WebSite","@id":"https:\/\/marktxxl.de\/markt\/#website","url":"https:\/\/marktxxl.de\/markt\/","name":"Markt-XXL","description":"Ihr Markt Online","publisher":{"@id":"https:\/\/marktxxl.de\/markt\/#organization"},"potentialAction":[{"@type":"SearchAction","target":{"@type":"EntryPoint","urlTemplate":"https:\/\/marktxxl.de\/markt\/?s={search_term_string}"},"query-input":{"@type":"PropertyValueSpecification","valueRequired":true,"valueName":"search_term_string"}}],"inLanguage":"de"},{"@type":"Organization","@id":"https:\/\/marktxxl.de\/markt\/#organization","name":"Markt-XXL","url":"https:\/\/marktxxl.de\/markt\/","logo":{"@type":"ImageObject","inLanguage":"de","@id":"https:\/\/marktxxl.de\/markt\/#\/schema\/logo\/image\/","url":"https:\/\/marktxxl.de\/markt\/wp-content\/uploads\/sites\/3\/2020\/12\/logo.png","contentUrl":"https:\/\/marktxxl.de\/markt\/wp-content\/uploads\/sites\/3\/2020\/12\/logo.png","width":200,"height":70,"caption":"Markt-XXL"},"image":{"@id":"https:\/\/marktxxl.de\/markt\/#\/schema\/logo\/image\/"}}]}},"_links":{"self":[{"href":"https:\/\/marktxxl.de\/markt\/wp-json\/wp\/v2\/product\/162641","targetHints":{"allow":["GET"]}}],"collection":[{"href":"https:\/\/marktxxl.de\/markt\/wp-json\/wp\/v2\/product"}],"about":[{"href":"https:\/\/marktxxl.de\/markt\/wp-json\/wp\/v2\/types\/product"}],"replies":[{"embeddable":true,"href":"https:\/\/marktxxl.de\/markt\/wp-json\/wp\/v2\/comments?post=162641"}],"wp:featuredmedia":[{"embeddable":true,"href":"https:\/\/marktxxl.de\/markt\/wp-json\/wp\/v2\/media\/162642"}],"wp:attachment":[{"href":"https:\/\/marktxxl.de\/markt\/wp-json\/wp\/v2\/media?parent=162641"}],"wp:term":[{"taxonomy":"product_brand","embeddable":true,"href":"https:\/\/marktxxl.de\/markt\/wp-json\/wp\/v2\/product_brand?post=162641"},{"taxonomy":"product_cat","embeddable":true,"href":"https:\/\/marktxxl.de\/markt\/wp-json\/wp\/v2\/product_cat?post=162641"},{"taxonomy":"product_tag","embeddable":true,"href":"https:\/\/marktxxl.de\/markt\/wp-json\/wp\/v2\/product_tag?post=162641"}],"curies":[{"name":"wp","href":"https:\/\/api.w.org\/{rel}","templated":true}]}}