{"id":162501,"date":"2022-11-11T01:17:37","date_gmt":"2022-11-11T00:17:37","guid":{"rendered":"https:\/\/marktxxl.de\/markt\/produkt\/fembw-glitzersteine-selbstklebend2300-stueck-selbstklebend-strasssteine-schmucksteineglitzer-basteln-diamanten-fuer-gesichts-make-up-fingernagel-dekorationen-und-urlaubszubehoer-14-blaetter\/"},"modified":"2023-04-10T04:54:36","modified_gmt":"2023-04-10T02:54:36","slug":"fembw-glitzersteine-selbstklebend2300-stueck-selbstklebend-strasssteine-schmucksteineglitzer-basteln-diamanten-fuer-gesichts-make-up-fingernagel-dekorationen-und-urlaubszubehoer-14-blaetter","status":"publish","type":"product","link":"https:\/\/marktxxl.de\/markt\/produkt\/fembw-glitzersteine-selbstklebend2300-stueck-selbstklebend-strasssteine-schmucksteineglitzer-basteln-diamanten-fuer-gesichts-make-up-fingernagel-dekorationen-und-urlaubszubehoer-14-blaetter\/","title":{"rendered":"FEMBW Glitzersteine Selbstklebend,2300 St\u00fcck Selbstklebend Strasssteine Schmucksteine,Glitzer Basteln Diamanten f\u00fcr\u2026"},"content":{"rendered":"<p>\u2728 Einfach zu bedienen \u2014\u2014 Sie k\u00f6nnen diese Kristallaufkleber ganz einfach von der Kunststoff-Klebefolie abziehen und an der richtigen Stelle anbringen. Nach dem Einf\u00fcgen k\u00f6nnen Sie Ihre N\u00e4gel leicht darunter schieben und herausdr\u00fccken.<br \/>\n\u2728 Starke Haftung \u2014\u2014 Die Strassaufkleber bestehen aus hochwertigem Acrylmaterial und die R\u00fcckseite des Strasssteins ist selbstklebend, kein Klebstoff erforderlich. Der starke Klebstoff sorgt daf\u00fcr, dass die Gesichtsschmuckst\u00fccke gut haften und lange halten, ohne herunterzufallen.<br \/>\n\u2728 Mehrere Farben und Gr\u00f6\u00dfen \u2014\u2014 Diese Strassaufkleber zum Basteln haben 14 Farben und 4 verschiedene Gr\u00f6\u00dfen, die Gr\u00f6\u00dfe betr\u00e4gt 6 mm, 5 mm, 4 mm und 3 mm. Eine Vielzahl von Farben und Gr\u00f6\u00dfen kann Ihnen helfen, Ihre Lieblingsmuster besser zu kombinieren und anzupassen, um Ihren unterschiedlichen Bed\u00fcrfnissen gerecht zu werden.<br \/>\n\u2728 Tolles Preis-Leistungs-Verh\u00e4ltnis \u2014\u2014 Der selbstklebende Schmuck hat bis zu 2310 runde Strasssteine, insgesamt 14 Bl\u00e4tter. Jedes Blatt hat 165 Strasssteine \u200b\u200bin verschiedenen Farben und Gr\u00f6\u00dfen. Es gibt 33 6 mm Strasssteine, 36 5 mm Strasssteine, 42 4 mm Strasssteine \u200b\u200bund 54 3 mm Strasssteine.<br \/>\n\u2728 Hervorragende Versch\u00f6nerung \u2014\u2014 Die Gesichtssteine \u200b\u200blassen sich gut auf verschiedene Gegenst\u00e4nde und Oberfl\u00e4chen kleben. Kann nicht nur f\u00fcr Fotorahmen, Handyh\u00fcllen, Kinderzeichnungen, Gru\u00dfkarten, Bastelarbeiten, Geburtstagskronen, glitzer make up , Abschlusskappen usw. verwendet werden, sondern auch f\u00fcr Partys, Halloween, Karneval usw. Die beste Wahl, um Ihr Gesicht zu schm\u00fccken und N\u00e4gel f\u00fcr die Feiertage.<br \/>\n<div class=\"main-cross-sell\" data-asin=\"B09QM3MLBG\">\n\n\t<div class=\"WooZone-cross-sell-loader\">\n\t\t<div>\n\t\t\t<div id=\"floatingBarsG\">\n\t\t\t\t<div class=\"blockG\" id=\"rotateG_01\"><\/div>\n\t\t\t\t<div class=\"blockG\" id=\"rotateG_02\"><\/div>\n\t\t\t\t<div class=\"blockG\" id=\"rotateG_03\"><\/div>\n\t\t\t\t<div class=\"blockG\" id=\"rotateG_04\"><\/div>\n\t\t\t\t<div class=\"blockG\" id=\"rotateG_05\"><\/div>\n\t\t\t\t<div class=\"blockG\" id=\"rotateG_06\"><\/div>\n\t\t\t\t<div class=\"blockG\" id=\"rotateG_07\"><\/div>\n\t\t\t\t<div class=\"blockG\" id=\"rotateG_08\"><\/div>\n\t\t\t<\/div>\n\t\t\t<div class=\"WooZone-cross-sell-loader-text\"><\/div>\n\t\t<\/div>\n\t<\/div>\n\n\t\t\n<\/div>\n<div style=\"clear:both;\"><\/div><\/p>\n","protected":false},"excerpt":{"rendered":"<p>\u2728 Einfach zu bedienen \u2014\u2014 Sie k\u00f6nnen diese Kristallaufkleber ganz einfach von der Kunststoff-Klebefolie abziehen und an der richtigen Stelle anbringen. Nach dem Einf\u00fcgen k\u00f6nnen Sie Ihre N\u00e4gel leicht darunter schieben und herausdr\u00fccken.<br \/>\n\u2728 Starke Haftung \u2014\u2014 Die Strassaufkleber bestehen aus hochwertigem Acrylmaterial und die R\u00fcckseite des Strasssteins ist selbstklebend, kein Klebstoff erforderlich. Der starke Klebstoff sorgt daf\u00fcr, dass die Gesichtsschmuckst\u00fccke gut haften und lange halten, ohne herunterzufallen.<br \/>\n\u2728 Mehrere Farben und Gr\u00f6\u00dfen \u2014\u2014 Diese Strassaufkleber zum Basteln haben 14 Farben und 4 verschiedene Gr\u00f6\u00dfen, die Gr\u00f6\u00dfe betr\u00e4gt 6 mm, 5 mm, 4 mm und 3 mm. Eine Vielzahl von Farben und Gr\u00f6\u00dfen kann Ihnen helfen, Ihre Lieblingsmuster besser zu kombinieren und anzupassen, um Ihren unterschiedlichen Bed\u00fcrfnissen gerecht zu werden.<\/p>\n","protected":false},"featured_media":162502,"comment_status":"open","ping_status":"closed","template":"","meta":[],"product_brand":[],"product_cat":[2858,7575],"product_tag":[],"class_list":{"0":"post-162501","1":"product","2":"type-product","3":"status-publish","4":"has-post-thumbnail","6":"product_cat-beauty","7":"product_cat-make-up","8":"pa_brand-fembw","9":"pa_color-mehrere-farben","10":"pa_manufacturer-qe-6pb8-y1gn","12":"first","13":"instock","14":"shipping-taxable","15":"purchasable","16":"product-type-simple","17":"customify-col","18":"product-has-gallery"},"yoast_head":"<!-- This site is optimized with the Yoast SEO plugin v27.4 - https:\/\/yoast.com\/product\/yoast-seo-wordpress\/ -->\n<title>FEMBW Glitzersteine Selbstklebend,2300 St\u00fcck Selbstklebend Strasssteine Schmucksteine,Glitzer Basteln Diamanten f\u00fcr\u2026 - Markt-XXL<\/title>\n<meta name=\"description\" content=\"Markt-XXL FEMBW Glitzersteine Selbstklebend,2300 St\u00fcck Selbstklebend Strasssteine Schmucksteine,Glitzer Basteln Diamanten f\u00fcr\u2026\" \/>\n<meta name=\"robots\" content=\"index, follow, max-snippet:-1, max-image-preview:large, max-video-preview:-1\" \/>\n<link rel=\"canonical\" href=\"https:\/\/marktxxl.de\/markt\/produkt\/fembw-glitzersteine-selbstklebend2300-stueck-selbstklebend-strasssteine-schmucksteineglitzer-basteln-diamanten-fuer-gesichts-make-up-fingernagel-dekorationen-und-urlaubszubehoer-14-blaetter\/\" \/>\n<meta property=\"og:locale\" content=\"de_DE\" \/>\n<meta property=\"og:type\" content=\"article\" \/>\n<meta property=\"og:title\" content=\"FEMBW Glitzersteine Selbstklebend,2300 St\u00fcck Selbstklebend Strasssteine Schmucksteine,Glitzer Basteln Diamanten f\u00fcr\u2026 - Markt-XXL\" \/>\n<meta property=\"og:description\" content=\"Markt-XXL FEMBW Glitzersteine Selbstklebend,2300 St\u00fcck Selbstklebend Strasssteine Schmucksteine,Glitzer Basteln Diamanten f\u00fcr\u2026\" \/>\n<meta property=\"og:url\" content=\"https:\/\/marktxxl.de\/markt\/produkt\/fembw-glitzersteine-selbstklebend2300-stueck-selbstklebend-strasssteine-schmucksteineglitzer-basteln-diamanten-fuer-gesichts-make-up-fingernagel-dekorationen-und-urlaubszubehoer-14-blaetter\/\" \/>\n<meta property=\"og:site_name\" content=\"Markt-XXL\" \/>\n<meta property=\"article:modified_time\" content=\"2023-04-10T02:54:36+00:00\" \/>\n<meta property=\"og:image\" content=\"https:\/\/m.media-amazon.com\/images\/I\/61eZ+MlXPgL._SL500_.jpg\" \/>\n\t<meta property=\"og:image:width\" content=\"500\" \/>\n\t<meta property=\"og:image:height\" content=\"500\" \/>\n\t<meta property=\"og:image:type\" content=\"image\/jpeg\" \/>\n<meta name=\"twitter:card\" content=\"summary_large_image\" \/>\n<meta name=\"twitter:label1\" content=\"Gesch\u00e4tzte Lesezeit\" \/>\n\t<meta name=\"twitter:data1\" content=\"1\u00a0Minute\" \/>\n<script type=\"application\/ld+json\" class=\"yoast-schema-graph\">{\"@context\":\"https:\\\/\\\/schema.org\",\"@graph\":[{\"@type\":\"WebPage\",\"@id\":\"https:\\\/\\\/marktxxl.de\\\/markt\\\/produkt\\\/fembw-glitzersteine-selbstklebend2300-stueck-selbstklebend-strasssteine-schmucksteineglitzer-basteln-diamanten-fuer-gesichts-make-up-fingernagel-dekorationen-und-urlaubszubehoer-14-blaetter\\\/\",\"url\":\"https:\\\/\\\/marktxxl.de\\\/markt\\\/produkt\\\/fembw-glitzersteine-selbstklebend2300-stueck-selbstklebend-strasssteine-schmucksteineglitzer-basteln-diamanten-fuer-gesichts-make-up-fingernagel-dekorationen-und-urlaubszubehoer-14-blaetter\\\/\",\"name\":\"FEMBW Glitzersteine Selbstklebend,2300 St\u00fcck Selbstklebend Strasssteine Schmucksteine,Glitzer Basteln Diamanten f\u00fcr\u2026 - Markt-XXL\",\"isPartOf\":{\"@id\":\"https:\\\/\\\/marktxxl.de\\\/markt\\\/#website\"},\"primaryImageOfPage\":{\"@id\":\"https:\\\/\\\/marktxxl.de\\\/markt\\\/produkt\\\/fembw-glitzersteine-selbstklebend2300-stueck-selbstklebend-strasssteine-schmucksteineglitzer-basteln-diamanten-fuer-gesichts-make-up-fingernagel-dekorationen-und-urlaubszubehoer-14-blaetter\\\/#primaryimage\"},\"image\":{\"@id\":\"https:\\\/\\\/marktxxl.de\\\/markt\\\/produkt\\\/fembw-glitzersteine-selbstklebend2300-stueck-selbstklebend-strasssteine-schmucksteineglitzer-basteln-diamanten-fuer-gesichts-make-up-fingernagel-dekorationen-und-urlaubszubehoer-14-blaetter\\\/#primaryimage\"},\"thumbnailUrl\":\"https:\\\/\\\/m.media-amazon.com\\\/images\\\/I\\\/61eZ+MlXPgL._SL500_.jpg\",\"datePublished\":\"2022-11-11T00:17:37+00:00\",\"dateModified\":\"2023-04-10T02:54:36+00:00\",\"description\":\"Markt-XXL FEMBW Glitzersteine Selbstklebend,2300 St\u00fcck Selbstklebend Strasssteine Schmucksteine,Glitzer Basteln Diamanten f\u00fcr\u2026\",\"breadcrumb\":{\"@id\":\"https:\\\/\\\/marktxxl.de\\\/markt\\\/produkt\\\/fembw-glitzersteine-selbstklebend2300-stueck-selbstklebend-strasssteine-schmucksteineglitzer-basteln-diamanten-fuer-gesichts-make-up-fingernagel-dekorationen-und-urlaubszubehoer-14-blaetter\\\/#breadcrumb\"},\"inLanguage\":\"de\",\"potentialAction\":[{\"@type\":\"ReadAction\",\"target\":[\"https:\\\/\\\/marktxxl.de\\\/markt\\\/produkt\\\/fembw-glitzersteine-selbstklebend2300-stueck-selbstklebend-strasssteine-schmucksteineglitzer-basteln-diamanten-fuer-gesichts-make-up-fingernagel-dekorationen-und-urlaubszubehoer-14-blaetter\\\/\"]}]},{\"@type\":\"ImageObject\",\"inLanguage\":\"de\",\"@id\":\"https:\\\/\\\/marktxxl.de\\\/markt\\\/produkt\\\/fembw-glitzersteine-selbstklebend2300-stueck-selbstklebend-strasssteine-schmucksteineglitzer-basteln-diamanten-fuer-gesichts-make-up-fingernagel-dekorationen-und-urlaubszubehoer-14-blaetter\\\/#primaryimage\",\"url\":\"https:\\\/\\\/m.media-amazon.com\\\/images\\\/I\\\/61eZ+MlXPgL._SL500_.jpg\",\"contentUrl\":\"https:\\\/\\\/m.media-amazon.com\\\/images\\\/I\\\/61eZ+MlXPgL._SL500_.jpg\",\"width\":500,\"height\":500},{\"@type\":\"BreadcrumbList\",\"@id\":\"https:\\\/\\\/marktxxl.de\\\/markt\\\/produkt\\\/fembw-glitzersteine-selbstklebend2300-stueck-selbstklebend-strasssteine-schmucksteineglitzer-basteln-diamanten-fuer-gesichts-make-up-fingernagel-dekorationen-und-urlaubszubehoer-14-blaetter\\\/#breadcrumb\",\"itemListElement\":[{\"@type\":\"ListItem\",\"position\":1,\"name\":\"Startseite\",\"item\":\"https:\\\/\\\/marktxxl.de\\\/markt\\\/\"},{\"@type\":\"ListItem\",\"position\":2,\"name\":\"Markt\",\"item\":\"https:\\\/\\\/marktxxl.de\\\/markt\\\/\"},{\"@type\":\"ListItem\",\"position\":3,\"name\":\"FEMBW Glitzersteine Selbstklebend,2300 St\u00fcck Selbstklebend Strasssteine Schmucksteine,Glitzer Basteln Diamanten f\u00fcr\u2026\"}]},{\"@type\":\"WebSite\",\"@id\":\"https:\\\/\\\/marktxxl.de\\\/markt\\\/#website\",\"url\":\"https:\\\/\\\/marktxxl.de\\\/markt\\\/\",\"name\":\"Markt-XXL\",\"description\":\"Ihr Markt Online\",\"publisher\":{\"@id\":\"https:\\\/\\\/marktxxl.de\\\/markt\\\/#organization\"},\"potentialAction\":[{\"@type\":\"SearchAction\",\"target\":{\"@type\":\"EntryPoint\",\"urlTemplate\":\"https:\\\/\\\/marktxxl.de\\\/markt\\\/?s={search_term_string}\"},\"query-input\":{\"@type\":\"PropertyValueSpecification\",\"valueRequired\":true,\"valueName\":\"search_term_string\"}}],\"inLanguage\":\"de\"},{\"@type\":\"Organization\",\"@id\":\"https:\\\/\\\/marktxxl.de\\\/markt\\\/#organization\",\"name\":\"Markt-XXL\",\"url\":\"https:\\\/\\\/marktxxl.de\\\/markt\\\/\",\"logo\":{\"@type\":\"ImageObject\",\"inLanguage\":\"de\",\"@id\":\"https:\\\/\\\/marktxxl.de\\\/markt\\\/#\\\/schema\\\/logo\\\/image\\\/\",\"url\":\"https:\\\/\\\/marktxxl.de\\\/markt\\\/wp-content\\\/uploads\\\/sites\\\/3\\\/2020\\\/12\\\/logo.png\",\"contentUrl\":\"https:\\\/\\\/marktxxl.de\\\/markt\\\/wp-content\\\/uploads\\\/sites\\\/3\\\/2020\\\/12\\\/logo.png\",\"width\":200,\"height\":70,\"caption\":\"Markt-XXL\"},\"image\":{\"@id\":\"https:\\\/\\\/marktxxl.de\\\/markt\\\/#\\\/schema\\\/logo\\\/image\\\/\"}}]}<\/script>\n<!-- \/ Yoast SEO plugin. -->","yoast_head_json":{"title":"FEMBW Glitzersteine Selbstklebend,2300 St\u00fcck Selbstklebend Strasssteine Schmucksteine,Glitzer Basteln Diamanten f\u00fcr\u2026 - Markt-XXL","description":"Markt-XXL FEMBW Glitzersteine Selbstklebend,2300 St\u00fcck Selbstklebend Strasssteine Schmucksteine,Glitzer Basteln Diamanten f\u00fcr\u2026","robots":{"index":"index","follow":"follow","max-snippet":"max-snippet:-1","max-image-preview":"max-image-preview:large","max-video-preview":"max-video-preview:-1"},"canonical":"https:\/\/marktxxl.de\/markt\/produkt\/fembw-glitzersteine-selbstklebend2300-stueck-selbstklebend-strasssteine-schmucksteineglitzer-basteln-diamanten-fuer-gesichts-make-up-fingernagel-dekorationen-und-urlaubszubehoer-14-blaetter\/","og_locale":"de_DE","og_type":"article","og_title":"FEMBW Glitzersteine Selbstklebend,2300 St\u00fcck Selbstklebend Strasssteine Schmucksteine,Glitzer Basteln Diamanten f\u00fcr\u2026 - Markt-XXL","og_description":"Markt-XXL FEMBW Glitzersteine Selbstklebend,2300 St\u00fcck Selbstklebend Strasssteine Schmucksteine,Glitzer Basteln Diamanten f\u00fcr\u2026","og_url":"https:\/\/marktxxl.de\/markt\/produkt\/fembw-glitzersteine-selbstklebend2300-stueck-selbstklebend-strasssteine-schmucksteineglitzer-basteln-diamanten-fuer-gesichts-make-up-fingernagel-dekorationen-und-urlaubszubehoer-14-blaetter\/","og_site_name":"Markt-XXL","article_modified_time":"2023-04-10T02:54:36+00:00","og_image":[{"width":500,"height":500,"url":"https:\/\/m.media-amazon.com\/images\/I\/61eZ+MlXPgL._SL500_.jpg","type":"image\/jpeg"}],"twitter_card":"summary_large_image","twitter_misc":{"Gesch\u00e4tzte Lesezeit":"1\u00a0Minute"},"schema":{"@context":"https:\/\/schema.org","@graph":[{"@type":"WebPage","@id":"https:\/\/marktxxl.de\/markt\/produkt\/fembw-glitzersteine-selbstklebend2300-stueck-selbstklebend-strasssteine-schmucksteineglitzer-basteln-diamanten-fuer-gesichts-make-up-fingernagel-dekorationen-und-urlaubszubehoer-14-blaetter\/","url":"https:\/\/marktxxl.de\/markt\/produkt\/fembw-glitzersteine-selbstklebend2300-stueck-selbstklebend-strasssteine-schmucksteineglitzer-basteln-diamanten-fuer-gesichts-make-up-fingernagel-dekorationen-und-urlaubszubehoer-14-blaetter\/","name":"FEMBW Glitzersteine Selbstklebend,2300 St\u00fcck Selbstklebend Strasssteine Schmucksteine,Glitzer Basteln Diamanten f\u00fcr\u2026 - Markt-XXL","isPartOf":{"@id":"https:\/\/marktxxl.de\/markt\/#website"},"primaryImageOfPage":{"@id":"https:\/\/marktxxl.de\/markt\/produkt\/fembw-glitzersteine-selbstklebend2300-stueck-selbstklebend-strasssteine-schmucksteineglitzer-basteln-diamanten-fuer-gesichts-make-up-fingernagel-dekorationen-und-urlaubszubehoer-14-blaetter\/#primaryimage"},"image":{"@id":"https:\/\/marktxxl.de\/markt\/produkt\/fembw-glitzersteine-selbstklebend2300-stueck-selbstklebend-strasssteine-schmucksteineglitzer-basteln-diamanten-fuer-gesichts-make-up-fingernagel-dekorationen-und-urlaubszubehoer-14-blaetter\/#primaryimage"},"thumbnailUrl":"https:\/\/m.media-amazon.com\/images\/I\/61eZ+MlXPgL._SL500_.jpg","datePublished":"2022-11-11T00:17:37+00:00","dateModified":"2023-04-10T02:54:36+00:00","description":"Markt-XXL FEMBW Glitzersteine Selbstklebend,2300 St\u00fcck Selbstklebend Strasssteine Schmucksteine,Glitzer Basteln Diamanten f\u00fcr\u2026","breadcrumb":{"@id":"https:\/\/marktxxl.de\/markt\/produkt\/fembw-glitzersteine-selbstklebend2300-stueck-selbstklebend-strasssteine-schmucksteineglitzer-basteln-diamanten-fuer-gesichts-make-up-fingernagel-dekorationen-und-urlaubszubehoer-14-blaetter\/#breadcrumb"},"inLanguage":"de","potentialAction":[{"@type":"ReadAction","target":["https:\/\/marktxxl.de\/markt\/produkt\/fembw-glitzersteine-selbstklebend2300-stueck-selbstklebend-strasssteine-schmucksteineglitzer-basteln-diamanten-fuer-gesichts-make-up-fingernagel-dekorationen-und-urlaubszubehoer-14-blaetter\/"]}]},{"@type":"ImageObject","inLanguage":"de","@id":"https:\/\/marktxxl.de\/markt\/produkt\/fembw-glitzersteine-selbstklebend2300-stueck-selbstklebend-strasssteine-schmucksteineglitzer-basteln-diamanten-fuer-gesichts-make-up-fingernagel-dekorationen-und-urlaubszubehoer-14-blaetter\/#primaryimage","url":"https:\/\/m.media-amazon.com\/images\/I\/61eZ+MlXPgL._SL500_.jpg","contentUrl":"https:\/\/m.media-amazon.com\/images\/I\/61eZ+MlXPgL._SL500_.jpg","width":500,"height":500},{"@type":"BreadcrumbList","@id":"https:\/\/marktxxl.de\/markt\/produkt\/fembw-glitzersteine-selbstklebend2300-stueck-selbstklebend-strasssteine-schmucksteineglitzer-basteln-diamanten-fuer-gesichts-make-up-fingernagel-dekorationen-und-urlaubszubehoer-14-blaetter\/#breadcrumb","itemListElement":[{"@type":"ListItem","position":1,"name":"Startseite","item":"https:\/\/marktxxl.de\/markt\/"},{"@type":"ListItem","position":2,"name":"Markt","item":"https:\/\/marktxxl.de\/markt\/"},{"@type":"ListItem","position":3,"name":"FEMBW Glitzersteine Selbstklebend,2300 St\u00fcck Selbstklebend Strasssteine Schmucksteine,Glitzer Basteln Diamanten f\u00fcr\u2026"}]},{"@type":"WebSite","@id":"https:\/\/marktxxl.de\/markt\/#website","url":"https:\/\/marktxxl.de\/markt\/","name":"Markt-XXL","description":"Ihr Markt Online","publisher":{"@id":"https:\/\/marktxxl.de\/markt\/#organization"},"potentialAction":[{"@type":"SearchAction","target":{"@type":"EntryPoint","urlTemplate":"https:\/\/marktxxl.de\/markt\/?s={search_term_string}"},"query-input":{"@type":"PropertyValueSpecification","valueRequired":true,"valueName":"search_term_string"}}],"inLanguage":"de"},{"@type":"Organization","@id":"https:\/\/marktxxl.de\/markt\/#organization","name":"Markt-XXL","url":"https:\/\/marktxxl.de\/markt\/","logo":{"@type":"ImageObject","inLanguage":"de","@id":"https:\/\/marktxxl.de\/markt\/#\/schema\/logo\/image\/","url":"https:\/\/marktxxl.de\/markt\/wp-content\/uploads\/sites\/3\/2020\/12\/logo.png","contentUrl":"https:\/\/marktxxl.de\/markt\/wp-content\/uploads\/sites\/3\/2020\/12\/logo.png","width":200,"height":70,"caption":"Markt-XXL"},"image":{"@id":"https:\/\/marktxxl.de\/markt\/#\/schema\/logo\/image\/"}}]}},"_links":{"self":[{"href":"https:\/\/marktxxl.de\/markt\/wp-json\/wp\/v2\/product\/162501","targetHints":{"allow":["GET"]}}],"collection":[{"href":"https:\/\/marktxxl.de\/markt\/wp-json\/wp\/v2\/product"}],"about":[{"href":"https:\/\/marktxxl.de\/markt\/wp-json\/wp\/v2\/types\/product"}],"replies":[{"embeddable":true,"href":"https:\/\/marktxxl.de\/markt\/wp-json\/wp\/v2\/comments?post=162501"}],"wp:featuredmedia":[{"embeddable":true,"href":"https:\/\/marktxxl.de\/markt\/wp-json\/wp\/v2\/media\/162502"}],"wp:attachment":[{"href":"https:\/\/marktxxl.de\/markt\/wp-json\/wp\/v2\/media?parent=162501"}],"wp:term":[{"taxonomy":"product_brand","embeddable":true,"href":"https:\/\/marktxxl.de\/markt\/wp-json\/wp\/v2\/product_brand?post=162501"},{"taxonomy":"product_cat","embeddable":true,"href":"https:\/\/marktxxl.de\/markt\/wp-json\/wp\/v2\/product_cat?post=162501"},{"taxonomy":"product_tag","embeddable":true,"href":"https:\/\/marktxxl.de\/markt\/wp-json\/wp\/v2\/product_tag?post=162501"}],"curies":[{"name":"wp","href":"https:\/\/api.w.org\/{rel}","templated":true}]}}