{"id":162485,"date":"2022-11-11T01:17:16","date_gmt":"2022-11-11T00:17:16","guid":{"rendered":"https:\/\/marktxxl.de\/markt\/produkt\/fleeky-wimpernlifting-set-veganes-tierversuchfreies-lash-lifting-kit-fuer-wimpern-on-fleek-natuerlicher-und-ausdrucksvoller-wimpernschwung-ganz-ohne-wimpernzange-no-need-to-mascara-effekt\/"},"modified":"2023-04-10T04:54:36","modified_gmt":"2023-04-10T02:54:36","slug":"fleeky-wimpernlifting-set-veganes-tierversuchfreies-lash-lifting-kit-fuer-wimpern-on-fleek-natuerlicher-und-ausdrucksvoller-wimpernschwung-ganz-ohne-wimpernzange-no-need-to-mascara-effekt","status":"publish","type":"product","link":"https:\/\/marktxxl.de\/markt\/produkt\/fleeky-wimpernlifting-set-veganes-tierversuchfreies-lash-lifting-kit-fuer-wimpern-on-fleek-natuerlicher-und-ausdrucksvoller-wimpernschwung-ganz-ohne-wimpernzange-no-need-to-mascara-effekt\/","title":{"rendered":"fleeky Augenbrauen &amp; Wimpernlifting Set &#8211; Veganes &amp; tierversuchfreies Lash &amp; Brow Lifting Kit f\u00fcr den Look on fleek\u2026"},"content":{"rendered":"<p>\u2705 Nice to know: Unser fleeky lash lift ist sanft zur Haut und den Wimpern, dennoch stark in der Wirkung und kann deshalb mehrfach genutzt werden, ohne dass die Wimpern oder das Ergebnis darunter leiden<br \/>\n\ud83d\udc81\ud83c\udffc\u200d\u2640\ufe0f Quick and expressive: Das fleeky Lash Lifting Set verleiht den Wimpern in nur 4 Schritten einen perfekten Augenaufschlag ohne Wimpernzange oder k\u00fcnstliche Lashes<br \/>\n\ud83d\ude4c\ud83c\udffc Long lashes for weeks: H\u00f6chste Qualit\u00e4t, wiederverwendbare Tools, lange Wirkungsdauer und Lift-Effekt von 6 &#8211; 8 Wochen machen das fleeky Lashlift zur idealen Wahl f\u00fcr den Lash Beauty Trend<br \/>\n\ud83d\udcaa Our benefits: Zufriedenheitsgarantie, \u00fcber 100.000 Anwendungen pro Jahr, in Deutschland entwickelte Produkte und mehrsprachiger hamburger Kundendienst, der dir t\u00e4glich zur Verf\u00fcgung steht und dich ber\u00e4t!<br \/>\n\ud83c\udfc5 On fleek: Bekannt aus den Style-Magazinen Grazia, Elle, Closer, Glamour und InStyle<br \/>\n<div class=\"main-cross-sell\" data-asin=\"B0BJBRD8W1\">\n\n\t<div class=\"WooZone-cross-sell-loader\">\n\t\t<div>\n\t\t\t<div id=\"floatingBarsG\">\n\t\t\t\t<div class=\"blockG\" id=\"rotateG_01\"><\/div>\n\t\t\t\t<div class=\"blockG\" id=\"rotateG_02\"><\/div>\n\t\t\t\t<div class=\"blockG\" id=\"rotateG_03\"><\/div>\n\t\t\t\t<div class=\"blockG\" id=\"rotateG_04\"><\/div>\n\t\t\t\t<div class=\"blockG\" id=\"rotateG_05\"><\/div>\n\t\t\t\t<div class=\"blockG\" id=\"rotateG_06\"><\/div>\n\t\t\t\t<div class=\"blockG\" id=\"rotateG_07\"><\/div>\n\t\t\t\t<div class=\"blockG\" id=\"rotateG_08\"><\/div>\n\t\t\t<\/div>\n\t\t\t<div class=\"WooZone-cross-sell-loader-text\"><\/div>\n\t\t<\/div>\n\t<\/div>\n\n\t\t\n<\/div>\n<div style=\"clear:both;\"><\/div><\/p>\n","protected":false},"excerpt":{"rendered":"<p>\u2705 Nice to know: Unser fleeky lash lift ist sanft zur Haut und den Wimpern, dennoch stark in der Wirkung und kann deshalb mehrfach genutzt werden, ohne dass die Wimpern oder das Ergebnis darunter leiden<br \/>\n\ud83d\udc81\ud83c\udffc\u200d\u2640\ufe0f Quick and expressive: Das fleeky Lash Lifting Set verleiht den Wimpern in nur 4 Schritten einen perfekten Augenaufschlag ohne Wimpernzange oder k\u00fcnstliche Lashes<br \/>\n\ud83d\ude4c\ud83c\udffc Long lashes for weeks: H\u00f6chste Qualit\u00e4t, wiederverwendbare Tools, lange Wirkungsdauer und Lift-Effekt von 6 &#8211; 8 Wochen machen das fleeky Lashlift zur idealen Wahl f\u00fcr den Lash Beauty Trend<\/p>\n","protected":false},"featured_media":162486,"comment_status":"open","ping_status":"closed","template":"","meta":[],"product_brand":[],"product_cat":[2858,7575],"product_tag":[],"class_list":{"0":"post-162485","1":"product","2":"type-product","3":"status-publish","4":"has-post-thumbnail","6":"product_cat-beauty","7":"product_cat-make-up","8":"pa_brand-fleeky-brow","9":"pa_manufacturer-fleeky-gmbh","11":"first","12":"instock","13":"shipping-taxable","14":"purchasable","15":"product-type-simple","16":"customify-col","17":"product-has-gallery"},"yoast_head":"<!-- This site is optimized with the Yoast SEO plugin v27.4 - https:\/\/yoast.com\/product\/yoast-seo-wordpress\/ -->\n<title>fleeky Augenbrauen &amp; Wimpernlifting Set - Veganes &amp; tierversuchfreies Lash &amp; Brow Lifting Kit f\u00fcr den Look on fleek\u2026 - Markt-XXL<\/title>\n<meta name=\"description\" content=\"Markt-XXL fleeky Augenbrauen &amp; Wimpernlifting Set - Veganes &amp; tierversuchfreies Lash &amp; Brow Lifting Kit f\u00fcr den Look on fleek\u2026\" \/>\n<meta name=\"robots\" content=\"index, follow, max-snippet:-1, max-image-preview:large, max-video-preview:-1\" \/>\n<link rel=\"canonical\" href=\"https:\/\/marktxxl.de\/markt\/produkt\/fleeky-wimpernlifting-set-veganes-tierversuchfreies-lash-lifting-kit-fuer-wimpern-on-fleek-natuerlicher-und-ausdrucksvoller-wimpernschwung-ganz-ohne-wimpernzange-no-need-to-mascara-effekt\/\" \/>\n<meta property=\"og:locale\" content=\"de_DE\" \/>\n<meta property=\"og:type\" content=\"article\" \/>\n<meta property=\"og:title\" content=\"fleeky Augenbrauen &amp; Wimpernlifting Set - Veganes &amp; tierversuchfreies Lash &amp; Brow Lifting Kit f\u00fcr den Look on fleek\u2026 - Markt-XXL\" \/>\n<meta property=\"og:description\" content=\"Markt-XXL fleeky Augenbrauen &amp; Wimpernlifting Set - Veganes &amp; tierversuchfreies Lash &amp; Brow Lifting Kit f\u00fcr den Look on fleek\u2026\" \/>\n<meta property=\"og:url\" content=\"https:\/\/marktxxl.de\/markt\/produkt\/fleeky-wimpernlifting-set-veganes-tierversuchfreies-lash-lifting-kit-fuer-wimpern-on-fleek-natuerlicher-und-ausdrucksvoller-wimpernschwung-ganz-ohne-wimpernzange-no-need-to-mascara-effekt\/\" \/>\n<meta property=\"og:site_name\" content=\"Markt-XXL\" \/>\n<meta property=\"article:modified_time\" content=\"2023-04-10T02:54:36+00:00\" \/>\n<meta property=\"og:image\" content=\"https:\/\/m.media-amazon.com\/images\/I\/31e3+C+QPvL._SL500_.jpg\" \/>\n\t<meta property=\"og:image:width\" content=\"500\" \/>\n\t<meta property=\"og:image:height\" content=\"500\" \/>\n\t<meta property=\"og:image:type\" content=\"image\/jpeg\" \/>\n<meta name=\"twitter:card\" content=\"summary_large_image\" \/>\n<meta name=\"twitter:label1\" content=\"Gesch\u00e4tzte Lesezeit\" \/>\n\t<meta name=\"twitter:data1\" content=\"1\u00a0Minute\" \/>\n<script type=\"application\/ld+json\" class=\"yoast-schema-graph\">{\"@context\":\"https:\\\/\\\/schema.org\",\"@graph\":[{\"@type\":\"WebPage\",\"@id\":\"https:\\\/\\\/marktxxl.de\\\/markt\\\/produkt\\\/fleeky-wimpernlifting-set-veganes-tierversuchfreies-lash-lifting-kit-fuer-wimpern-on-fleek-natuerlicher-und-ausdrucksvoller-wimpernschwung-ganz-ohne-wimpernzange-no-need-to-mascara-effekt\\\/\",\"url\":\"https:\\\/\\\/marktxxl.de\\\/markt\\\/produkt\\\/fleeky-wimpernlifting-set-veganes-tierversuchfreies-lash-lifting-kit-fuer-wimpern-on-fleek-natuerlicher-und-ausdrucksvoller-wimpernschwung-ganz-ohne-wimpernzange-no-need-to-mascara-effekt\\\/\",\"name\":\"fleeky Augenbrauen &amp; Wimpernlifting Set - Veganes &amp; tierversuchfreies Lash &amp; Brow Lifting Kit f\u00fcr den Look on fleek\u2026 - Markt-XXL\",\"isPartOf\":{\"@id\":\"https:\\\/\\\/marktxxl.de\\\/markt\\\/#website\"},\"primaryImageOfPage\":{\"@id\":\"https:\\\/\\\/marktxxl.de\\\/markt\\\/produkt\\\/fleeky-wimpernlifting-set-veganes-tierversuchfreies-lash-lifting-kit-fuer-wimpern-on-fleek-natuerlicher-und-ausdrucksvoller-wimpernschwung-ganz-ohne-wimpernzange-no-need-to-mascara-effekt\\\/#primaryimage\"},\"image\":{\"@id\":\"https:\\\/\\\/marktxxl.de\\\/markt\\\/produkt\\\/fleeky-wimpernlifting-set-veganes-tierversuchfreies-lash-lifting-kit-fuer-wimpern-on-fleek-natuerlicher-und-ausdrucksvoller-wimpernschwung-ganz-ohne-wimpernzange-no-need-to-mascara-effekt\\\/#primaryimage\"},\"thumbnailUrl\":\"https:\\\/\\\/m.media-amazon.com\\\/images\\\/I\\\/31e3+C+QPvL._SL500_.jpg\",\"datePublished\":\"2022-11-11T00:17:16+00:00\",\"dateModified\":\"2023-04-10T02:54:36+00:00\",\"description\":\"Markt-XXL fleeky Augenbrauen &amp; Wimpernlifting Set - Veganes &amp; tierversuchfreies Lash &amp; Brow Lifting Kit f\u00fcr den Look on fleek\u2026\",\"breadcrumb\":{\"@id\":\"https:\\\/\\\/marktxxl.de\\\/markt\\\/produkt\\\/fleeky-wimpernlifting-set-veganes-tierversuchfreies-lash-lifting-kit-fuer-wimpern-on-fleek-natuerlicher-und-ausdrucksvoller-wimpernschwung-ganz-ohne-wimpernzange-no-need-to-mascara-effekt\\\/#breadcrumb\"},\"inLanguage\":\"de\",\"potentialAction\":[{\"@type\":\"ReadAction\",\"target\":[\"https:\\\/\\\/marktxxl.de\\\/markt\\\/produkt\\\/fleeky-wimpernlifting-set-veganes-tierversuchfreies-lash-lifting-kit-fuer-wimpern-on-fleek-natuerlicher-und-ausdrucksvoller-wimpernschwung-ganz-ohne-wimpernzange-no-need-to-mascara-effekt\\\/\"]}]},{\"@type\":\"ImageObject\",\"inLanguage\":\"de\",\"@id\":\"https:\\\/\\\/marktxxl.de\\\/markt\\\/produkt\\\/fleeky-wimpernlifting-set-veganes-tierversuchfreies-lash-lifting-kit-fuer-wimpern-on-fleek-natuerlicher-und-ausdrucksvoller-wimpernschwung-ganz-ohne-wimpernzange-no-need-to-mascara-effekt\\\/#primaryimage\",\"url\":\"https:\\\/\\\/m.media-amazon.com\\\/images\\\/I\\\/31e3+C+QPvL._SL500_.jpg\",\"contentUrl\":\"https:\\\/\\\/m.media-amazon.com\\\/images\\\/I\\\/31e3+C+QPvL._SL500_.jpg\",\"width\":500,\"height\":500},{\"@type\":\"BreadcrumbList\",\"@id\":\"https:\\\/\\\/marktxxl.de\\\/markt\\\/produkt\\\/fleeky-wimpernlifting-set-veganes-tierversuchfreies-lash-lifting-kit-fuer-wimpern-on-fleek-natuerlicher-und-ausdrucksvoller-wimpernschwung-ganz-ohne-wimpernzange-no-need-to-mascara-effekt\\\/#breadcrumb\",\"itemListElement\":[{\"@type\":\"ListItem\",\"position\":1,\"name\":\"Startseite\",\"item\":\"https:\\\/\\\/marktxxl.de\\\/markt\\\/\"},{\"@type\":\"ListItem\",\"position\":2,\"name\":\"Markt\",\"item\":\"https:\\\/\\\/marktxxl.de\\\/markt\\\/\"},{\"@type\":\"ListItem\",\"position\":3,\"name\":\"fleeky Augenbrauen &amp; Wimpernlifting Set &#8211; Veganes &amp; tierversuchfreies Lash &amp; Brow Lifting Kit f\u00fcr den Look on fleek\u2026\"}]},{\"@type\":\"WebSite\",\"@id\":\"https:\\\/\\\/marktxxl.de\\\/markt\\\/#website\",\"url\":\"https:\\\/\\\/marktxxl.de\\\/markt\\\/\",\"name\":\"Markt-XXL\",\"description\":\"Ihr Markt Online\",\"publisher\":{\"@id\":\"https:\\\/\\\/marktxxl.de\\\/markt\\\/#organization\"},\"potentialAction\":[{\"@type\":\"SearchAction\",\"target\":{\"@type\":\"EntryPoint\",\"urlTemplate\":\"https:\\\/\\\/marktxxl.de\\\/markt\\\/?s={search_term_string}\"},\"query-input\":{\"@type\":\"PropertyValueSpecification\",\"valueRequired\":true,\"valueName\":\"search_term_string\"}}],\"inLanguage\":\"de\"},{\"@type\":\"Organization\",\"@id\":\"https:\\\/\\\/marktxxl.de\\\/markt\\\/#organization\",\"name\":\"Markt-XXL\",\"url\":\"https:\\\/\\\/marktxxl.de\\\/markt\\\/\",\"logo\":{\"@type\":\"ImageObject\",\"inLanguage\":\"de\",\"@id\":\"https:\\\/\\\/marktxxl.de\\\/markt\\\/#\\\/schema\\\/logo\\\/image\\\/\",\"url\":\"https:\\\/\\\/marktxxl.de\\\/markt\\\/wp-content\\\/uploads\\\/sites\\\/3\\\/2020\\\/12\\\/logo.png\",\"contentUrl\":\"https:\\\/\\\/marktxxl.de\\\/markt\\\/wp-content\\\/uploads\\\/sites\\\/3\\\/2020\\\/12\\\/logo.png\",\"width\":200,\"height\":70,\"caption\":\"Markt-XXL\"},\"image\":{\"@id\":\"https:\\\/\\\/marktxxl.de\\\/markt\\\/#\\\/schema\\\/logo\\\/image\\\/\"}}]}<\/script>\n<!-- \/ Yoast SEO plugin. -->","yoast_head_json":{"title":"fleeky Augenbrauen &amp; Wimpernlifting Set - Veganes &amp; tierversuchfreies Lash &amp; Brow Lifting Kit f\u00fcr den Look on fleek\u2026 - Markt-XXL","description":"Markt-XXL fleeky Augenbrauen &amp; Wimpernlifting Set - Veganes &amp; tierversuchfreies Lash &amp; Brow Lifting Kit f\u00fcr den Look on fleek\u2026","robots":{"index":"index","follow":"follow","max-snippet":"max-snippet:-1","max-image-preview":"max-image-preview:large","max-video-preview":"max-video-preview:-1"},"canonical":"https:\/\/marktxxl.de\/markt\/produkt\/fleeky-wimpernlifting-set-veganes-tierversuchfreies-lash-lifting-kit-fuer-wimpern-on-fleek-natuerlicher-und-ausdrucksvoller-wimpernschwung-ganz-ohne-wimpernzange-no-need-to-mascara-effekt\/","og_locale":"de_DE","og_type":"article","og_title":"fleeky Augenbrauen &amp; Wimpernlifting Set - Veganes &amp; tierversuchfreies Lash &amp; Brow Lifting Kit f\u00fcr den Look on fleek\u2026 - Markt-XXL","og_description":"Markt-XXL fleeky Augenbrauen &amp; Wimpernlifting Set - Veganes &amp; tierversuchfreies Lash &amp; Brow Lifting Kit f\u00fcr den Look on fleek\u2026","og_url":"https:\/\/marktxxl.de\/markt\/produkt\/fleeky-wimpernlifting-set-veganes-tierversuchfreies-lash-lifting-kit-fuer-wimpern-on-fleek-natuerlicher-und-ausdrucksvoller-wimpernschwung-ganz-ohne-wimpernzange-no-need-to-mascara-effekt\/","og_site_name":"Markt-XXL","article_modified_time":"2023-04-10T02:54:36+00:00","og_image":[{"width":500,"height":500,"url":"https:\/\/m.media-amazon.com\/images\/I\/31e3+C+QPvL._SL500_.jpg","type":"image\/jpeg"}],"twitter_card":"summary_large_image","twitter_misc":{"Gesch\u00e4tzte Lesezeit":"1\u00a0Minute"},"schema":{"@context":"https:\/\/schema.org","@graph":[{"@type":"WebPage","@id":"https:\/\/marktxxl.de\/markt\/produkt\/fleeky-wimpernlifting-set-veganes-tierversuchfreies-lash-lifting-kit-fuer-wimpern-on-fleek-natuerlicher-und-ausdrucksvoller-wimpernschwung-ganz-ohne-wimpernzange-no-need-to-mascara-effekt\/","url":"https:\/\/marktxxl.de\/markt\/produkt\/fleeky-wimpernlifting-set-veganes-tierversuchfreies-lash-lifting-kit-fuer-wimpern-on-fleek-natuerlicher-und-ausdrucksvoller-wimpernschwung-ganz-ohne-wimpernzange-no-need-to-mascara-effekt\/","name":"fleeky Augenbrauen &amp; Wimpernlifting Set - Veganes &amp; tierversuchfreies Lash &amp; Brow Lifting Kit f\u00fcr den Look on fleek\u2026 - Markt-XXL","isPartOf":{"@id":"https:\/\/marktxxl.de\/markt\/#website"},"primaryImageOfPage":{"@id":"https:\/\/marktxxl.de\/markt\/produkt\/fleeky-wimpernlifting-set-veganes-tierversuchfreies-lash-lifting-kit-fuer-wimpern-on-fleek-natuerlicher-und-ausdrucksvoller-wimpernschwung-ganz-ohne-wimpernzange-no-need-to-mascara-effekt\/#primaryimage"},"image":{"@id":"https:\/\/marktxxl.de\/markt\/produkt\/fleeky-wimpernlifting-set-veganes-tierversuchfreies-lash-lifting-kit-fuer-wimpern-on-fleek-natuerlicher-und-ausdrucksvoller-wimpernschwung-ganz-ohne-wimpernzange-no-need-to-mascara-effekt\/#primaryimage"},"thumbnailUrl":"https:\/\/m.media-amazon.com\/images\/I\/31e3+C+QPvL._SL500_.jpg","datePublished":"2022-11-11T00:17:16+00:00","dateModified":"2023-04-10T02:54:36+00:00","description":"Markt-XXL fleeky Augenbrauen &amp; Wimpernlifting Set - Veganes &amp; tierversuchfreies Lash &amp; Brow Lifting Kit f\u00fcr den Look on fleek\u2026","breadcrumb":{"@id":"https:\/\/marktxxl.de\/markt\/produkt\/fleeky-wimpernlifting-set-veganes-tierversuchfreies-lash-lifting-kit-fuer-wimpern-on-fleek-natuerlicher-und-ausdrucksvoller-wimpernschwung-ganz-ohne-wimpernzange-no-need-to-mascara-effekt\/#breadcrumb"},"inLanguage":"de","potentialAction":[{"@type":"ReadAction","target":["https:\/\/marktxxl.de\/markt\/produkt\/fleeky-wimpernlifting-set-veganes-tierversuchfreies-lash-lifting-kit-fuer-wimpern-on-fleek-natuerlicher-und-ausdrucksvoller-wimpernschwung-ganz-ohne-wimpernzange-no-need-to-mascara-effekt\/"]}]},{"@type":"ImageObject","inLanguage":"de","@id":"https:\/\/marktxxl.de\/markt\/produkt\/fleeky-wimpernlifting-set-veganes-tierversuchfreies-lash-lifting-kit-fuer-wimpern-on-fleek-natuerlicher-und-ausdrucksvoller-wimpernschwung-ganz-ohne-wimpernzange-no-need-to-mascara-effekt\/#primaryimage","url":"https:\/\/m.media-amazon.com\/images\/I\/31e3+C+QPvL._SL500_.jpg","contentUrl":"https:\/\/m.media-amazon.com\/images\/I\/31e3+C+QPvL._SL500_.jpg","width":500,"height":500},{"@type":"BreadcrumbList","@id":"https:\/\/marktxxl.de\/markt\/produkt\/fleeky-wimpernlifting-set-veganes-tierversuchfreies-lash-lifting-kit-fuer-wimpern-on-fleek-natuerlicher-und-ausdrucksvoller-wimpernschwung-ganz-ohne-wimpernzange-no-need-to-mascara-effekt\/#breadcrumb","itemListElement":[{"@type":"ListItem","position":1,"name":"Startseite","item":"https:\/\/marktxxl.de\/markt\/"},{"@type":"ListItem","position":2,"name":"Markt","item":"https:\/\/marktxxl.de\/markt\/"},{"@type":"ListItem","position":3,"name":"fleeky Augenbrauen &amp; Wimpernlifting Set &#8211; Veganes &amp; tierversuchfreies Lash &amp; Brow Lifting Kit f\u00fcr den Look on fleek\u2026"}]},{"@type":"WebSite","@id":"https:\/\/marktxxl.de\/markt\/#website","url":"https:\/\/marktxxl.de\/markt\/","name":"Markt-XXL","description":"Ihr Markt Online","publisher":{"@id":"https:\/\/marktxxl.de\/markt\/#organization"},"potentialAction":[{"@type":"SearchAction","target":{"@type":"EntryPoint","urlTemplate":"https:\/\/marktxxl.de\/markt\/?s={search_term_string}"},"query-input":{"@type":"PropertyValueSpecification","valueRequired":true,"valueName":"search_term_string"}}],"inLanguage":"de"},{"@type":"Organization","@id":"https:\/\/marktxxl.de\/markt\/#organization","name":"Markt-XXL","url":"https:\/\/marktxxl.de\/markt\/","logo":{"@type":"ImageObject","inLanguage":"de","@id":"https:\/\/marktxxl.de\/markt\/#\/schema\/logo\/image\/","url":"https:\/\/marktxxl.de\/markt\/wp-content\/uploads\/sites\/3\/2020\/12\/logo.png","contentUrl":"https:\/\/marktxxl.de\/markt\/wp-content\/uploads\/sites\/3\/2020\/12\/logo.png","width":200,"height":70,"caption":"Markt-XXL"},"image":{"@id":"https:\/\/marktxxl.de\/markt\/#\/schema\/logo\/image\/"}}]}},"_links":{"self":[{"href":"https:\/\/marktxxl.de\/markt\/wp-json\/wp\/v2\/product\/162485","targetHints":{"allow":["GET"]}}],"collection":[{"href":"https:\/\/marktxxl.de\/markt\/wp-json\/wp\/v2\/product"}],"about":[{"href":"https:\/\/marktxxl.de\/markt\/wp-json\/wp\/v2\/types\/product"}],"replies":[{"embeddable":true,"href":"https:\/\/marktxxl.de\/markt\/wp-json\/wp\/v2\/comments?post=162485"}],"wp:featuredmedia":[{"embeddable":true,"href":"https:\/\/marktxxl.de\/markt\/wp-json\/wp\/v2\/media\/162486"}],"wp:attachment":[{"href":"https:\/\/marktxxl.de\/markt\/wp-json\/wp\/v2\/media?parent=162485"}],"wp:term":[{"taxonomy":"product_brand","embeddable":true,"href":"https:\/\/marktxxl.de\/markt\/wp-json\/wp\/v2\/product_brand?post=162485"},{"taxonomy":"product_cat","embeddable":true,"href":"https:\/\/marktxxl.de\/markt\/wp-json\/wp\/v2\/product_cat?post=162485"},{"taxonomy":"product_tag","embeddable":true,"href":"https:\/\/marktxxl.de\/markt\/wp-json\/wp\/v2\/product_tag?post=162485"}],"curies":[{"name":"wp","href":"https:\/\/api.w.org\/{rel}","templated":true}]}}