{"id":162223,"date":"2022-11-10T23:35:54","date_gmt":"2022-11-10T22:35:54","guid":{"rendered":"https:\/\/marktxxl.de\/markt\/produkt\/original-loewe-8-profi-amboss-gartenschere-8-107-mit-bypass-geometrie-scharfe-handliche-schere-mit-stahl-klinge-antihaftbeschichtung-und-ergonomisch-geformte-griffe-fuer-schneidarbeiten-im-garten\/"},"modified":"2023-04-10T04:54:31","modified_gmt":"2023-04-10T02:54:31","slug":"original-loewe-8-profi-amboss-gartenschere-8-107-mit-bypass-geometrie-scharfe-handliche-schere-mit-stahl-klinge-antihaftbeschichtung-und-ergonomisch-geformte-griffe-fuer-schneidarbeiten-im-garten","status":"publish","type":"product","link":"https:\/\/marktxxl.de\/markt\/produkt\/original-loewe-8-profi-amboss-gartenschere-8-107-mit-bypass-geometrie-scharfe-handliche-schere-mit-stahl-klinge-antihaftbeschichtung-und-ergonomisch-geformte-griffe-fuer-schneidarbeiten-im-garten\/","title":{"rendered":"Original L\u00d6WE 8 Profi Amboss Gartenschere 8.107 mit Bypass Geometrie &#8211; scharfe handliche Schere mit Stahl-Klinge\u2026"},"content":{"rendered":"<p>Langlebige Original L\u00d6WE Ambossschere 8.107 mit Bypass Geometrie f\u00fcr Links- und Rechtsh\u00e4nder schneidet harte \u00c4ste, Zweige und Holz wie Eibe, Kirsche oder Walnuss bis zu einem Durchmesser von 25 mm<br \/>\nDas kraftvolle Schnittsystem der Amboss-Schere ist vereint mit der Geometrie der Bypass-Schere und erm\u00f6glicht so einen leichten sowie zugleich schonenden Schnitt dank optimaler Kraft\u00fcbertragung<br \/>\nHochwertige Pflanzenschere verf\u00fcgt \u00fcber eine gebogene Klinge mit Korrosionsschutz, die ein Herausrutschen des Schnittgutes verhindert und optimal f\u00fcr den Schnitt in engen Ver\u00e4stelungen geeignet ist<br \/>\nDank des nach innen geschwungenen, unteren Griffes \u00f6ffnen die ergonomischen Kunststoff-Griffe der 250 g leichten Rosenschere weniger weit &amp; eignen sich somit besonders f\u00fcr kleine bis mittlere H\u00e4nde<br \/>\nVielseitig einsetzbare Baumschere f\u00fcr alle Schnittarbeiten mit einem Gewicht von 250 g eignet sich ideal f\u00fcr anspruchsvolle G\u00e4rtner und professionelle Anwender im Obstbau und der Forstwirtschaft<br \/>\n<div class=\"main-cross-sell\" data-asin=\"B004I65GRO\">\n\n\t<div class=\"WooZone-cross-sell-loader\">\n\t\t<div>\n\t\t\t<div id=\"floatingBarsG\">\n\t\t\t\t<div class=\"blockG\" id=\"rotateG_01\"><\/div>\n\t\t\t\t<div class=\"blockG\" id=\"rotateG_02\"><\/div>\n\t\t\t\t<div class=\"blockG\" id=\"rotateG_03\"><\/div>\n\t\t\t\t<div class=\"blockG\" id=\"rotateG_04\"><\/div>\n\t\t\t\t<div class=\"blockG\" id=\"rotateG_05\"><\/div>\n\t\t\t\t<div class=\"blockG\" id=\"rotateG_06\"><\/div>\n\t\t\t\t<div class=\"blockG\" id=\"rotateG_07\"><\/div>\n\t\t\t\t<div class=\"blockG\" id=\"rotateG_08\"><\/div>\n\t\t\t<\/div>\n\t\t\t<div class=\"WooZone-cross-sell-loader-text\"><\/div>\n\t\t<\/div>\n\t<\/div>\n\n\t\t\n<\/div>\n<div style=\"clear:both;\"><\/div><\/p>\n","protected":false},"excerpt":{"rendered":"<p>Langlebige Original L\u00d6WE Ambossschere 8.107 mit Bypass Geometrie f\u00fcr Links- und Rechtsh\u00e4nder schneidet harte \u00c4ste, Zweige und Holz wie Eibe, Kirsche oder Walnuss bis zu einem Durchmesser von 25 mm<br \/>\nDas kraftvolle Schnittsystem der Amboss-Schere ist vereint mit der Geometrie der Bypass-Schere und erm\u00f6glicht so einen leichten sowie zugleich schonenden Schnitt dank optimaler Kraft\u00fcbertragung<br \/>\nHochwertige Pflanzenschere verf\u00fcgt \u00fcber eine gebogene Klinge mit Korrosionsschutz, die ein Herausrutschen des Schnittgutes verhindert und optimal f\u00fcr den Schnitt in engen Ver\u00e4stelungen geeignet ist<\/p>\n","protected":false},"featured_media":162224,"comment_status":"open","ping_status":"closed","template":"","meta":[],"product_brand":[],"product_cat":[1983,10970],"product_tag":[],"class_list":{"0":"post-162223","1":"product","2":"type-product","3":"status-publish","4":"has-post-thumbnail","6":"product_cat-baumarkt","7":"product_cat-elektro-handwerkzeuge","8":"pa_binding-gartenartikel","9":"pa_brand-original-loewe","10":"pa_color-metall","11":"pa_height-0-98425-zoll","12":"pa_length-8-267716527-zoll","13":"pa_manufacturer-original-loewe","14":"pa_model-43763","15":"pa_size-m","16":"pa_warranty-2-jahre-herstellergarantie","17":"pa_weight-0-551155655-pfund","18":"pa_width-3-937-zoll","20":"first","21":"instock","22":"shipping-taxable","23":"purchasable","24":"product-type-simple","25":"customify-col","26":"product-has-gallery"},"yoast_head":"<!-- This site is optimized with the Yoast SEO plugin v27.3 - https:\/\/yoast.com\/product\/yoast-seo-wordpress\/ -->\n<title>Original L\u00d6WE 8 Profi Amboss Gartenschere 8.107 mit Bypass Geometrie - scharfe handliche Schere mit Stahl-Klinge\u2026 - Markt-XXL<\/title>\n<meta name=\"description\" content=\"Markt-XXL Original L\u00d6WE 8 Profi Amboss Gartenschere 8.107 mit Bypass Geometrie - scharfe handliche Schere mit Stahl-Klinge\u2026\" \/>\n<meta name=\"robots\" content=\"index, follow, max-snippet:-1, max-image-preview:large, max-video-preview:-1\" \/>\n<link rel=\"canonical\" href=\"https:\/\/marktxxl.de\/markt\/produkt\/original-loewe-8-profi-amboss-gartenschere-8-107-mit-bypass-geometrie-scharfe-handliche-schere-mit-stahl-klinge-antihaftbeschichtung-und-ergonomisch-geformte-griffe-fuer-schneidarbeiten-im-garten\/\" \/>\n<meta property=\"og:locale\" content=\"de_DE\" \/>\n<meta property=\"og:type\" content=\"article\" \/>\n<meta property=\"og:title\" content=\"Original L\u00d6WE 8 Profi Amboss Gartenschere 8.107 mit Bypass Geometrie - scharfe handliche Schere mit Stahl-Klinge\u2026 - Markt-XXL\" \/>\n<meta property=\"og:description\" content=\"Markt-XXL Original L\u00d6WE 8 Profi Amboss Gartenschere 8.107 mit Bypass Geometrie - scharfe handliche Schere mit Stahl-Klinge\u2026\" \/>\n<meta property=\"og:url\" content=\"https:\/\/marktxxl.de\/markt\/produkt\/original-loewe-8-profi-amboss-gartenschere-8-107-mit-bypass-geometrie-scharfe-handliche-schere-mit-stahl-klinge-antihaftbeschichtung-und-ergonomisch-geformte-griffe-fuer-schneidarbeiten-im-garten\/\" \/>\n<meta property=\"og:site_name\" content=\"Markt-XXL\" \/>\n<meta property=\"article:modified_time\" content=\"2023-04-10T02:54:31+00:00\" \/>\n<meta property=\"og:image\" content=\"https:\/\/m.media-amazon.com\/images\/I\/31CVKob4qGL._SL500_.jpg\" \/>\n\t<meta property=\"og:image:width\" content=\"500\" \/>\n\t<meta property=\"og:image:height\" content=\"157\" \/>\n\t<meta property=\"og:image:type\" content=\"image\/jpeg\" \/>\n<meta name=\"twitter:card\" content=\"summary_large_image\" \/>\n<meta name=\"twitter:label1\" content=\"Gesch\u00e4tzte Lesezeit\" \/>\n\t<meta name=\"twitter:data1\" content=\"1\u00a0Minute\" \/>\n<script type=\"application\/ld+json\" class=\"yoast-schema-graph\">{\"@context\":\"https:\\\/\\\/schema.org\",\"@graph\":[{\"@type\":\"WebPage\",\"@id\":\"https:\\\/\\\/marktxxl.de\\\/markt\\\/produkt\\\/original-loewe-8-profi-amboss-gartenschere-8-107-mit-bypass-geometrie-scharfe-handliche-schere-mit-stahl-klinge-antihaftbeschichtung-und-ergonomisch-geformte-griffe-fuer-schneidarbeiten-im-garten\\\/\",\"url\":\"https:\\\/\\\/marktxxl.de\\\/markt\\\/produkt\\\/original-loewe-8-profi-amboss-gartenschere-8-107-mit-bypass-geometrie-scharfe-handliche-schere-mit-stahl-klinge-antihaftbeschichtung-und-ergonomisch-geformte-griffe-fuer-schneidarbeiten-im-garten\\\/\",\"name\":\"Original L\u00d6WE 8 Profi Amboss Gartenschere 8.107 mit Bypass Geometrie - scharfe handliche Schere mit Stahl-Klinge\u2026 - Markt-XXL\",\"isPartOf\":{\"@id\":\"https:\\\/\\\/marktxxl.de\\\/markt\\\/#website\"},\"primaryImageOfPage\":{\"@id\":\"https:\\\/\\\/marktxxl.de\\\/markt\\\/produkt\\\/original-loewe-8-profi-amboss-gartenschere-8-107-mit-bypass-geometrie-scharfe-handliche-schere-mit-stahl-klinge-antihaftbeschichtung-und-ergonomisch-geformte-griffe-fuer-schneidarbeiten-im-garten\\\/#primaryimage\"},\"image\":{\"@id\":\"https:\\\/\\\/marktxxl.de\\\/markt\\\/produkt\\\/original-loewe-8-profi-amboss-gartenschere-8-107-mit-bypass-geometrie-scharfe-handliche-schere-mit-stahl-klinge-antihaftbeschichtung-und-ergonomisch-geformte-griffe-fuer-schneidarbeiten-im-garten\\\/#primaryimage\"},\"thumbnailUrl\":\"https:\\\/\\\/m.media-amazon.com\\\/images\\\/I\\\/31CVKob4qGL._SL500_.jpg\",\"datePublished\":\"2022-11-10T22:35:54+00:00\",\"dateModified\":\"2023-04-10T02:54:31+00:00\",\"description\":\"Markt-XXL Original L\u00d6WE 8 Profi Amboss Gartenschere 8.107 mit Bypass Geometrie - scharfe handliche Schere mit Stahl-Klinge\u2026\",\"breadcrumb\":{\"@id\":\"https:\\\/\\\/marktxxl.de\\\/markt\\\/produkt\\\/original-loewe-8-profi-amboss-gartenschere-8-107-mit-bypass-geometrie-scharfe-handliche-schere-mit-stahl-klinge-antihaftbeschichtung-und-ergonomisch-geformte-griffe-fuer-schneidarbeiten-im-garten\\\/#breadcrumb\"},\"inLanguage\":\"de\",\"potentialAction\":[{\"@type\":\"ReadAction\",\"target\":[\"https:\\\/\\\/marktxxl.de\\\/markt\\\/produkt\\\/original-loewe-8-profi-amboss-gartenschere-8-107-mit-bypass-geometrie-scharfe-handliche-schere-mit-stahl-klinge-antihaftbeschichtung-und-ergonomisch-geformte-griffe-fuer-schneidarbeiten-im-garten\\\/\"]}]},{\"@type\":\"ImageObject\",\"inLanguage\":\"de\",\"@id\":\"https:\\\/\\\/marktxxl.de\\\/markt\\\/produkt\\\/original-loewe-8-profi-amboss-gartenschere-8-107-mit-bypass-geometrie-scharfe-handliche-schere-mit-stahl-klinge-antihaftbeschichtung-und-ergonomisch-geformte-griffe-fuer-schneidarbeiten-im-garten\\\/#primaryimage\",\"url\":\"https:\\\/\\\/m.media-amazon.com\\\/images\\\/I\\\/31CVKob4qGL._SL500_.jpg\",\"contentUrl\":\"https:\\\/\\\/m.media-amazon.com\\\/images\\\/I\\\/31CVKob4qGL._SL500_.jpg\",\"width\":500,\"height\":157},{\"@type\":\"BreadcrumbList\",\"@id\":\"https:\\\/\\\/marktxxl.de\\\/markt\\\/produkt\\\/original-loewe-8-profi-amboss-gartenschere-8-107-mit-bypass-geometrie-scharfe-handliche-schere-mit-stahl-klinge-antihaftbeschichtung-und-ergonomisch-geformte-griffe-fuer-schneidarbeiten-im-garten\\\/#breadcrumb\",\"itemListElement\":[{\"@type\":\"ListItem\",\"position\":1,\"name\":\"Startseite\",\"item\":\"https:\\\/\\\/marktxxl.de\\\/markt\\\/\"},{\"@type\":\"ListItem\",\"position\":2,\"name\":\"Markt\",\"item\":\"https:\\\/\\\/marktxxl.de\\\/markt\\\/\"},{\"@type\":\"ListItem\",\"position\":3,\"name\":\"Original L\u00d6WE 8 Profi Amboss Gartenschere 8.107 mit Bypass Geometrie &#8211; scharfe handliche Schere mit Stahl-Klinge\u2026\"}]},{\"@type\":\"WebSite\",\"@id\":\"https:\\\/\\\/marktxxl.de\\\/markt\\\/#website\",\"url\":\"https:\\\/\\\/marktxxl.de\\\/markt\\\/\",\"name\":\"Markt-XXL\",\"description\":\"Ihr Markt Online\",\"publisher\":{\"@id\":\"https:\\\/\\\/marktxxl.de\\\/markt\\\/#organization\"},\"potentialAction\":[{\"@type\":\"SearchAction\",\"target\":{\"@type\":\"EntryPoint\",\"urlTemplate\":\"https:\\\/\\\/marktxxl.de\\\/markt\\\/?s={search_term_string}\"},\"query-input\":{\"@type\":\"PropertyValueSpecification\",\"valueRequired\":true,\"valueName\":\"search_term_string\"}}],\"inLanguage\":\"de\"},{\"@type\":\"Organization\",\"@id\":\"https:\\\/\\\/marktxxl.de\\\/markt\\\/#organization\",\"name\":\"Markt-XXL\",\"url\":\"https:\\\/\\\/marktxxl.de\\\/markt\\\/\",\"logo\":{\"@type\":\"ImageObject\",\"inLanguage\":\"de\",\"@id\":\"https:\\\/\\\/marktxxl.de\\\/markt\\\/#\\\/schema\\\/logo\\\/image\\\/\",\"url\":\"https:\\\/\\\/marktxxl.de\\\/markt\\\/wp-content\\\/uploads\\\/sites\\\/3\\\/2020\\\/12\\\/logo.png\",\"contentUrl\":\"https:\\\/\\\/marktxxl.de\\\/markt\\\/wp-content\\\/uploads\\\/sites\\\/3\\\/2020\\\/12\\\/logo.png\",\"width\":200,\"height\":70,\"caption\":\"Markt-XXL\"},\"image\":{\"@id\":\"https:\\\/\\\/marktxxl.de\\\/markt\\\/#\\\/schema\\\/logo\\\/image\\\/\"}}]}<\/script>\n<!-- \/ Yoast SEO plugin. -->","yoast_head_json":{"title":"Original L\u00d6WE 8 Profi Amboss Gartenschere 8.107 mit Bypass Geometrie - scharfe handliche Schere mit Stahl-Klinge\u2026 - Markt-XXL","description":"Markt-XXL Original L\u00d6WE 8 Profi Amboss Gartenschere 8.107 mit Bypass Geometrie - scharfe handliche Schere mit Stahl-Klinge\u2026","robots":{"index":"index","follow":"follow","max-snippet":"max-snippet:-1","max-image-preview":"max-image-preview:large","max-video-preview":"max-video-preview:-1"},"canonical":"https:\/\/marktxxl.de\/markt\/produkt\/original-loewe-8-profi-amboss-gartenschere-8-107-mit-bypass-geometrie-scharfe-handliche-schere-mit-stahl-klinge-antihaftbeschichtung-und-ergonomisch-geformte-griffe-fuer-schneidarbeiten-im-garten\/","og_locale":"de_DE","og_type":"article","og_title":"Original L\u00d6WE 8 Profi Amboss Gartenschere 8.107 mit Bypass Geometrie - scharfe handliche Schere mit Stahl-Klinge\u2026 - Markt-XXL","og_description":"Markt-XXL Original L\u00d6WE 8 Profi Amboss Gartenschere 8.107 mit Bypass Geometrie - scharfe handliche Schere mit Stahl-Klinge\u2026","og_url":"https:\/\/marktxxl.de\/markt\/produkt\/original-loewe-8-profi-amboss-gartenschere-8-107-mit-bypass-geometrie-scharfe-handliche-schere-mit-stahl-klinge-antihaftbeschichtung-und-ergonomisch-geformte-griffe-fuer-schneidarbeiten-im-garten\/","og_site_name":"Markt-XXL","article_modified_time":"2023-04-10T02:54:31+00:00","og_image":[{"width":500,"height":157,"url":"https:\/\/m.media-amazon.com\/images\/I\/31CVKob4qGL._SL500_.jpg","type":"image\/jpeg"}],"twitter_card":"summary_large_image","twitter_misc":{"Gesch\u00e4tzte Lesezeit":"1\u00a0Minute"},"schema":{"@context":"https:\/\/schema.org","@graph":[{"@type":"WebPage","@id":"https:\/\/marktxxl.de\/markt\/produkt\/original-loewe-8-profi-amboss-gartenschere-8-107-mit-bypass-geometrie-scharfe-handliche-schere-mit-stahl-klinge-antihaftbeschichtung-und-ergonomisch-geformte-griffe-fuer-schneidarbeiten-im-garten\/","url":"https:\/\/marktxxl.de\/markt\/produkt\/original-loewe-8-profi-amboss-gartenschere-8-107-mit-bypass-geometrie-scharfe-handliche-schere-mit-stahl-klinge-antihaftbeschichtung-und-ergonomisch-geformte-griffe-fuer-schneidarbeiten-im-garten\/","name":"Original L\u00d6WE 8 Profi Amboss Gartenschere 8.107 mit Bypass Geometrie - scharfe handliche Schere mit Stahl-Klinge\u2026 - Markt-XXL","isPartOf":{"@id":"https:\/\/marktxxl.de\/markt\/#website"},"primaryImageOfPage":{"@id":"https:\/\/marktxxl.de\/markt\/produkt\/original-loewe-8-profi-amboss-gartenschere-8-107-mit-bypass-geometrie-scharfe-handliche-schere-mit-stahl-klinge-antihaftbeschichtung-und-ergonomisch-geformte-griffe-fuer-schneidarbeiten-im-garten\/#primaryimage"},"image":{"@id":"https:\/\/marktxxl.de\/markt\/produkt\/original-loewe-8-profi-amboss-gartenschere-8-107-mit-bypass-geometrie-scharfe-handliche-schere-mit-stahl-klinge-antihaftbeschichtung-und-ergonomisch-geformte-griffe-fuer-schneidarbeiten-im-garten\/#primaryimage"},"thumbnailUrl":"https:\/\/m.media-amazon.com\/images\/I\/31CVKob4qGL._SL500_.jpg","datePublished":"2022-11-10T22:35:54+00:00","dateModified":"2023-04-10T02:54:31+00:00","description":"Markt-XXL Original L\u00d6WE 8 Profi Amboss Gartenschere 8.107 mit Bypass Geometrie - scharfe handliche Schere mit Stahl-Klinge\u2026","breadcrumb":{"@id":"https:\/\/marktxxl.de\/markt\/produkt\/original-loewe-8-profi-amboss-gartenschere-8-107-mit-bypass-geometrie-scharfe-handliche-schere-mit-stahl-klinge-antihaftbeschichtung-und-ergonomisch-geformte-griffe-fuer-schneidarbeiten-im-garten\/#breadcrumb"},"inLanguage":"de","potentialAction":[{"@type":"ReadAction","target":["https:\/\/marktxxl.de\/markt\/produkt\/original-loewe-8-profi-amboss-gartenschere-8-107-mit-bypass-geometrie-scharfe-handliche-schere-mit-stahl-klinge-antihaftbeschichtung-und-ergonomisch-geformte-griffe-fuer-schneidarbeiten-im-garten\/"]}]},{"@type":"ImageObject","inLanguage":"de","@id":"https:\/\/marktxxl.de\/markt\/produkt\/original-loewe-8-profi-amboss-gartenschere-8-107-mit-bypass-geometrie-scharfe-handliche-schere-mit-stahl-klinge-antihaftbeschichtung-und-ergonomisch-geformte-griffe-fuer-schneidarbeiten-im-garten\/#primaryimage","url":"https:\/\/m.media-amazon.com\/images\/I\/31CVKob4qGL._SL500_.jpg","contentUrl":"https:\/\/m.media-amazon.com\/images\/I\/31CVKob4qGL._SL500_.jpg","width":500,"height":157},{"@type":"BreadcrumbList","@id":"https:\/\/marktxxl.de\/markt\/produkt\/original-loewe-8-profi-amboss-gartenschere-8-107-mit-bypass-geometrie-scharfe-handliche-schere-mit-stahl-klinge-antihaftbeschichtung-und-ergonomisch-geformte-griffe-fuer-schneidarbeiten-im-garten\/#breadcrumb","itemListElement":[{"@type":"ListItem","position":1,"name":"Startseite","item":"https:\/\/marktxxl.de\/markt\/"},{"@type":"ListItem","position":2,"name":"Markt","item":"https:\/\/marktxxl.de\/markt\/"},{"@type":"ListItem","position":3,"name":"Original L\u00d6WE 8 Profi Amboss Gartenschere 8.107 mit Bypass Geometrie &#8211; scharfe handliche Schere mit Stahl-Klinge\u2026"}]},{"@type":"WebSite","@id":"https:\/\/marktxxl.de\/markt\/#website","url":"https:\/\/marktxxl.de\/markt\/","name":"Markt-XXL","description":"Ihr Markt Online","publisher":{"@id":"https:\/\/marktxxl.de\/markt\/#organization"},"potentialAction":[{"@type":"SearchAction","target":{"@type":"EntryPoint","urlTemplate":"https:\/\/marktxxl.de\/markt\/?s={search_term_string}"},"query-input":{"@type":"PropertyValueSpecification","valueRequired":true,"valueName":"search_term_string"}}],"inLanguage":"de"},{"@type":"Organization","@id":"https:\/\/marktxxl.de\/markt\/#organization","name":"Markt-XXL","url":"https:\/\/marktxxl.de\/markt\/","logo":{"@type":"ImageObject","inLanguage":"de","@id":"https:\/\/marktxxl.de\/markt\/#\/schema\/logo\/image\/","url":"https:\/\/marktxxl.de\/markt\/wp-content\/uploads\/sites\/3\/2020\/12\/logo.png","contentUrl":"https:\/\/marktxxl.de\/markt\/wp-content\/uploads\/sites\/3\/2020\/12\/logo.png","width":200,"height":70,"caption":"Markt-XXL"},"image":{"@id":"https:\/\/marktxxl.de\/markt\/#\/schema\/logo\/image\/"}}]}},"_links":{"self":[{"href":"https:\/\/marktxxl.de\/markt\/wp-json\/wp\/v2\/product\/162223","targetHints":{"allow":["GET"]}}],"collection":[{"href":"https:\/\/marktxxl.de\/markt\/wp-json\/wp\/v2\/product"}],"about":[{"href":"https:\/\/marktxxl.de\/markt\/wp-json\/wp\/v2\/types\/product"}],"replies":[{"embeddable":true,"href":"https:\/\/marktxxl.de\/markt\/wp-json\/wp\/v2\/comments?post=162223"}],"wp:featuredmedia":[{"embeddable":true,"href":"https:\/\/marktxxl.de\/markt\/wp-json\/wp\/v2\/media\/162224"}],"wp:attachment":[{"href":"https:\/\/marktxxl.de\/markt\/wp-json\/wp\/v2\/media?parent=162223"}],"wp:term":[{"taxonomy":"product_brand","embeddable":true,"href":"https:\/\/marktxxl.de\/markt\/wp-json\/wp\/v2\/product_brand?post=162223"},{"taxonomy":"product_cat","embeddable":true,"href":"https:\/\/marktxxl.de\/markt\/wp-json\/wp\/v2\/product_cat?post=162223"},{"taxonomy":"product_tag","embeddable":true,"href":"https:\/\/marktxxl.de\/markt\/wp-json\/wp\/v2\/product_tag?post=162223"}],"curies":[{"name":"wp","href":"https:\/\/api.w.org\/{rel}","templated":true}]}}