{"id":162026,"date":"2022-11-10T23:02:02","date_gmt":"2022-11-10T22:02:02","guid":{"rendered":"https:\/\/marktxxl.de\/markt\/produkt\/luftbefeuchter-2-2-l-humidifier-mit-360drehbare-duese-luftbefeuchter-schlafzimmer-mit-28db-leise-auto-abschaltung-leicht-zu-reinigender-raumluftbefeuchter-fuer-kinderzimmer-buero-yoga-pflanz\/"},"modified":"2023-04-08T04:14:36","modified_gmt":"2023-04-08T02:14:36","slug":"luftbefeuchter-2-2-l-humidifier-mit-360drehbare-duese-luftbefeuchter-schlafzimmer-mit-28db-leise-auto-abschaltung-leicht-zu-reinigender-raumluftbefeuchter-fuer-kinderzimmer-buero-yoga-pflanz","status":"publish","type":"product","link":"https:\/\/marktxxl.de\/markt\/produkt\/luftbefeuchter-2-2-l-humidifier-mit-360drehbare-duese-luftbefeuchter-schlafzimmer-mit-28db-leise-auto-abschaltung-leicht-zu-reinigender-raumluftbefeuchter-fuer-kinderzimmer-buero-yoga-pflanz\/","title":{"rendered":"Luftbefeuchter, 2.2 L Humidifier mit 360\u00b0Drehbare D\u00fcse, Luftbefeuchter Schlafzimmer mit 28dB Leise, Auto Abschaltung\u2026"},"content":{"rendered":"<p>\u301028dB-Fl\u00fcster- \/Stummbetrieb\u3011Durch millionenfache Hochfrequenzvibrationen pro Sekunde bricht das Wasser in einen mikrofeinen, k\u00fchlen Nebel auf, der die Luft in Ihrem Raum befeuchtet und die Luftfeuchtigkeit erh\u00f6ht. Ein geringer Ger\u00e4uschpegel ( Luftbefeuchter geringer als 28 dB) reduziert St\u00f6rungen, ideal f\u00fcr das kinderzimmer. Tipps: Sorgen Sie f\u00fcr eine gute Bel\u00fcftung des Zimmers, um den Raum mit Nebel zu f\u00fcllen.<br \/>\n\u3010Leicht zu reinigen &#8211; gesund bleiben\u3011Der Durchsichtige Raumbefeuchter Wassertank erm\u00f6glicht es Ihnen, den Echtzeitwasserstand und den Grad der Sauberkeit f\u00fcr das Auff\u00fcllen von Wasser und die Tankreinigung zu pr\u00fcfen. Mit einer gro\u00dfen \u00d6ffnung von bis zu 8 cm Innendurchmesser, k\u00f6nnen Sie die Hand f\u00fcr eine gr\u00fcndliche und m\u00fchelose Reinigung ohne tote Winkel ins Innere des Tanks stecken\u2014zwecks Hygiene regelm\u00e4\u00dfig reinigen.<br \/>\n\u3010Stufenlose Steuerung, 360\u00b0-Drehung\u3011Die Ausstattung mit einem Drehknauf erleichtert die Einstellung des Nebelpegels mit einer Ausgabe von 100ml\/h bis 200ml\/h. Kippen Sie die D\u00fcse, um einen feinen, k\u00fchlen Nebel zu erzeugen. Sie l\u00e4sst sich um 360 Grad drehen, wodurch die Richtung des Nebels bei Luftbefeuchter f\u00fcr gro\u00dfe R\u00e4ume leicht gesteuert werden kann.<br \/>\n\u30102.2-Liter-Wassertank, 24-Stunden-Benebelung\u3011Der k\u00fchle Nebel wird f\u00fcr mehr als 10 Stunden andauern, wenn die h\u00f6chste Nebelstufe eingestellt ist oder f\u00fcr mehr als 24 Stunden, wenn die Einstellung auf der niedrigsten Stufe ist. Ein unendlicher k\u00fchler Nebel kommt aus den K\u00fchlnebelluftbefeuchtern, um die Luft, w\u00e4hrend des Arbeitsstages oder die ganze Nacht hindurch zu befeuchten. Dies erspart Ihnen das l\u00e4stige, h\u00e4ufige Auff\u00fcllen von Wasser.<br \/>\n\u3010Automatische Abschaltfunktion, Sicherheitsschutz\u3011Es besteht keine Notwendigkeit, die Baby\/kinderzimmer Luftbefeuchter jederzeit zu beaufsichtigen. Der Humidifier schaltet sich auf intelligente Weise automatisch ab, wenn der Wasserstand niedrig ist, und verhindert so ein Auskochen des Wassers und eine Besch\u00e4digung des Produkts. Wir versichern Ihnen, dass jedes Produkt eine entsprechende Zertifizierung f\u00fcr Ihre Sicherheit erhalten hat.<br \/>\n<div class=\"main-cross-sell\" data-asin=\"B0BD4MBJ6Q\">\n\n\t<div class=\"WooZone-cross-sell-loader\">\n\t\t<div>\n\t\t\t<div id=\"floatingBarsG\">\n\t\t\t\t<div class=\"blockG\" id=\"rotateG_01\"><\/div>\n\t\t\t\t<div class=\"blockG\" id=\"rotateG_02\"><\/div>\n\t\t\t\t<div class=\"blockG\" id=\"rotateG_03\"><\/div>\n\t\t\t\t<div class=\"blockG\" id=\"rotateG_04\"><\/div>\n\t\t\t\t<div class=\"blockG\" id=\"rotateG_05\"><\/div>\n\t\t\t\t<div class=\"blockG\" id=\"rotateG_06\"><\/div>\n\t\t\t\t<div class=\"blockG\" id=\"rotateG_07\"><\/div>\n\t\t\t\t<div class=\"blockG\" id=\"rotateG_08\"><\/div>\n\t\t\t<\/div>\n\t\t\t<div class=\"WooZone-cross-sell-loader-text\"><\/div>\n\t\t<\/div>\n\t<\/div>\n\n\t\t\n<\/div>\n<div style=\"clear:both;\"><\/div><\/p>\n","protected":false},"excerpt":{"rendered":"<p>\u301028dB-Fl\u00fcster- \/Stummbetrieb\u3011Durch millionenfache Hochfrequenzvibrationen pro Sekunde bricht das Wasser in einen mikrofeinen, k\u00fchlen Nebel auf, der die Luft in Ihrem Raum befeuchtet und die Luftfeuchtigkeit erh\u00f6ht. Ein geringer Ger\u00e4uschpegel ( Luftbefeuchter geringer als 28 dB) reduziert St\u00f6rungen, ideal f\u00fcr das kinderzimmer. Tipps: Sorgen Sie f\u00fcr eine gute Bel\u00fcftung des Zimmers, um den Raum mit Nebel zu f\u00fcllen.<br \/>\n\u3010Leicht zu reinigen &#8211; gesund bleiben\u3011Der Durchsichtige Raumbefeuchter Wassertank erm\u00f6glicht es Ihnen, den Echtzeitwasserstand und den Grad der Sauberkeit f\u00fcr das Auff\u00fcllen von Wasser und die Tankreinigung zu pr\u00fcfen. Mit einer gro\u00dfen \u00d6ffnung von bis zu 8 cm Innendurchmesser, k\u00f6nnen Sie die Hand f\u00fcr eine gr\u00fcndliche und m\u00fchelose Reinigung ohne tote Winkel ins Innere des Tanks stecken\u2014zwecks Hygiene regelm\u00e4\u00dfig reinigen.<br \/>\n\u3010Stufenlose Steuerung, 360\u00b0-Drehung\u3011Die Ausstattung mit einem Drehknauf erleichtert die Einstellung des Nebelpegels mit einer Ausgabe von 100ml\/h bis 200ml\/h. Kippen Sie die D\u00fcse, um einen feinen, k\u00fchlen Nebel zu erzeugen. Sie l\u00e4sst sich um 360 Grad drehen, wodurch die Richtung des Nebels bei Luftbefeuchter f\u00fcr gro\u00dfe R\u00e4ume leicht gesteuert werden kann.<\/p>\n","protected":false},"featured_media":162027,"comment_status":"open","ping_status":"closed","template":"","meta":[],"product_brand":[],"product_cat":[1983],"product_tag":[],"class_list":{"0":"post-162026","1":"product","2":"type-product","3":"status-publish","4":"has-post-thumbnail","6":"product_cat-baumarkt","7":"pa_brand-aribio","8":"pa_height-9-5275590454-zoll","9":"pa_length-8-7401574714-zoll","10":"pa_model-stl-2209","11":"pa_width-6-299212592-zoll","13":"first","14":"instock","15":"shipping-taxable","16":"purchasable","17":"product-type-simple","18":"customify-col","19":"product-has-gallery"},"yoast_head":"<!-- This site is optimized with the Yoast SEO plugin v27.4 - https:\/\/yoast.com\/product\/yoast-seo-wordpress\/ -->\n<title>Luftbefeuchter, 2.2 L Humidifier mit 360\u00b0Drehbare D\u00fcse, Luftbefeuchter Schlafzimmer mit 28dB Leise, Auto Abschaltung\u2026 - Markt-XXL<\/title>\n<meta name=\"description\" content=\"Markt-XXL Luftbefeuchter, 2.2 L Humidifier mit 360\u00b0Drehbare D\u00fcse, Luftbefeuchter Schlafzimmer mit 28dB Leise, Auto Abschaltung\u2026\" \/>\n<meta name=\"robots\" content=\"index, follow, max-snippet:-1, max-image-preview:large, max-video-preview:-1\" \/>\n<link rel=\"canonical\" href=\"https:\/\/marktxxl.de\/markt\/produkt\/luftbefeuchter-2-2-l-humidifier-mit-360drehbare-duese-luftbefeuchter-schlafzimmer-mit-28db-leise-auto-abschaltung-leicht-zu-reinigender-raumluftbefeuchter-fuer-kinderzimmer-buero-yoga-pflanz\/\" \/>\n<meta property=\"og:locale\" content=\"de_DE\" \/>\n<meta property=\"og:type\" content=\"article\" \/>\n<meta property=\"og:title\" content=\"Luftbefeuchter, 2.2 L Humidifier mit 360\u00b0Drehbare D\u00fcse, Luftbefeuchter Schlafzimmer mit 28dB Leise, Auto Abschaltung\u2026 - Markt-XXL\" \/>\n<meta property=\"og:description\" content=\"Markt-XXL Luftbefeuchter, 2.2 L Humidifier mit 360\u00b0Drehbare D\u00fcse, Luftbefeuchter Schlafzimmer mit 28dB Leise, Auto Abschaltung\u2026\" \/>\n<meta property=\"og:url\" content=\"https:\/\/marktxxl.de\/markt\/produkt\/luftbefeuchter-2-2-l-humidifier-mit-360drehbare-duese-luftbefeuchter-schlafzimmer-mit-28db-leise-auto-abschaltung-leicht-zu-reinigender-raumluftbefeuchter-fuer-kinderzimmer-buero-yoga-pflanz\/\" \/>\n<meta property=\"og:site_name\" content=\"Markt-XXL\" \/>\n<meta property=\"article:modified_time\" content=\"2023-04-08T02:14:36+00:00\" \/>\n<meta property=\"og:image\" content=\"https:\/\/m.media-amazon.com\/images\/I\/51shStjHo-L._SL500_.jpg\" \/>\n\t<meta property=\"og:image:width\" content=\"500\" \/>\n\t<meta property=\"og:image:height\" content=\"500\" \/>\n\t<meta property=\"og:image:type\" content=\"image\/jpeg\" \/>\n<meta name=\"twitter:card\" content=\"summary_large_image\" \/>\n<meta name=\"twitter:label1\" content=\"Gesch\u00e4tzte Lesezeit\" \/>\n\t<meta name=\"twitter:data1\" content=\"2\u00a0Minuten\" \/>\n<script type=\"application\/ld+json\" class=\"yoast-schema-graph\">{\"@context\":\"https:\\\/\\\/schema.org\",\"@graph\":[{\"@type\":\"WebPage\",\"@id\":\"https:\\\/\\\/marktxxl.de\\\/markt\\\/produkt\\\/luftbefeuchter-2-2-l-humidifier-mit-360drehbare-duese-luftbefeuchter-schlafzimmer-mit-28db-leise-auto-abschaltung-leicht-zu-reinigender-raumluftbefeuchter-fuer-kinderzimmer-buero-yoga-pflanz\\\/\",\"url\":\"https:\\\/\\\/marktxxl.de\\\/markt\\\/produkt\\\/luftbefeuchter-2-2-l-humidifier-mit-360drehbare-duese-luftbefeuchter-schlafzimmer-mit-28db-leise-auto-abschaltung-leicht-zu-reinigender-raumluftbefeuchter-fuer-kinderzimmer-buero-yoga-pflanz\\\/\",\"name\":\"Luftbefeuchter, 2.2 L Humidifier mit 360\u00b0Drehbare D\u00fcse, Luftbefeuchter Schlafzimmer mit 28dB Leise, Auto Abschaltung\u2026 - Markt-XXL\",\"isPartOf\":{\"@id\":\"https:\\\/\\\/marktxxl.de\\\/markt\\\/#website\"},\"primaryImageOfPage\":{\"@id\":\"https:\\\/\\\/marktxxl.de\\\/markt\\\/produkt\\\/luftbefeuchter-2-2-l-humidifier-mit-360drehbare-duese-luftbefeuchter-schlafzimmer-mit-28db-leise-auto-abschaltung-leicht-zu-reinigender-raumluftbefeuchter-fuer-kinderzimmer-buero-yoga-pflanz\\\/#primaryimage\"},\"image\":{\"@id\":\"https:\\\/\\\/marktxxl.de\\\/markt\\\/produkt\\\/luftbefeuchter-2-2-l-humidifier-mit-360drehbare-duese-luftbefeuchter-schlafzimmer-mit-28db-leise-auto-abschaltung-leicht-zu-reinigender-raumluftbefeuchter-fuer-kinderzimmer-buero-yoga-pflanz\\\/#primaryimage\"},\"thumbnailUrl\":\"https:\\\/\\\/m.media-amazon.com\\\/images\\\/I\\\/51shStjHo-L._SL500_.jpg\",\"datePublished\":\"2022-11-10T22:02:02+00:00\",\"dateModified\":\"2023-04-08T02:14:36+00:00\",\"description\":\"Markt-XXL Luftbefeuchter, 2.2 L Humidifier mit 360\u00b0Drehbare D\u00fcse, Luftbefeuchter Schlafzimmer mit 28dB Leise, Auto Abschaltung\u2026\",\"breadcrumb\":{\"@id\":\"https:\\\/\\\/marktxxl.de\\\/markt\\\/produkt\\\/luftbefeuchter-2-2-l-humidifier-mit-360drehbare-duese-luftbefeuchter-schlafzimmer-mit-28db-leise-auto-abschaltung-leicht-zu-reinigender-raumluftbefeuchter-fuer-kinderzimmer-buero-yoga-pflanz\\\/#breadcrumb\"},\"inLanguage\":\"de\",\"potentialAction\":[{\"@type\":\"ReadAction\",\"target\":[\"https:\\\/\\\/marktxxl.de\\\/markt\\\/produkt\\\/luftbefeuchter-2-2-l-humidifier-mit-360drehbare-duese-luftbefeuchter-schlafzimmer-mit-28db-leise-auto-abschaltung-leicht-zu-reinigender-raumluftbefeuchter-fuer-kinderzimmer-buero-yoga-pflanz\\\/\"]}]},{\"@type\":\"ImageObject\",\"inLanguage\":\"de\",\"@id\":\"https:\\\/\\\/marktxxl.de\\\/markt\\\/produkt\\\/luftbefeuchter-2-2-l-humidifier-mit-360drehbare-duese-luftbefeuchter-schlafzimmer-mit-28db-leise-auto-abschaltung-leicht-zu-reinigender-raumluftbefeuchter-fuer-kinderzimmer-buero-yoga-pflanz\\\/#primaryimage\",\"url\":\"https:\\\/\\\/m.media-amazon.com\\\/images\\\/I\\\/51shStjHo-L._SL500_.jpg\",\"contentUrl\":\"https:\\\/\\\/m.media-amazon.com\\\/images\\\/I\\\/51shStjHo-L._SL500_.jpg\",\"width\":500,\"height\":500},{\"@type\":\"BreadcrumbList\",\"@id\":\"https:\\\/\\\/marktxxl.de\\\/markt\\\/produkt\\\/luftbefeuchter-2-2-l-humidifier-mit-360drehbare-duese-luftbefeuchter-schlafzimmer-mit-28db-leise-auto-abschaltung-leicht-zu-reinigender-raumluftbefeuchter-fuer-kinderzimmer-buero-yoga-pflanz\\\/#breadcrumb\",\"itemListElement\":[{\"@type\":\"ListItem\",\"position\":1,\"name\":\"Startseite\",\"item\":\"https:\\\/\\\/marktxxl.de\\\/markt\\\/\"},{\"@type\":\"ListItem\",\"position\":2,\"name\":\"Markt\",\"item\":\"https:\\\/\\\/marktxxl.de\\\/markt\\\/\"},{\"@type\":\"ListItem\",\"position\":3,\"name\":\"Luftbefeuchter, 2.2 L Humidifier mit 360\u00b0Drehbare D\u00fcse, Luftbefeuchter Schlafzimmer mit 28dB Leise, Auto Abschaltung\u2026\"}]},{\"@type\":\"WebSite\",\"@id\":\"https:\\\/\\\/marktxxl.de\\\/markt\\\/#website\",\"url\":\"https:\\\/\\\/marktxxl.de\\\/markt\\\/\",\"name\":\"Markt-XXL\",\"description\":\"Ihr Markt Online\",\"publisher\":{\"@id\":\"https:\\\/\\\/marktxxl.de\\\/markt\\\/#organization\"},\"potentialAction\":[{\"@type\":\"SearchAction\",\"target\":{\"@type\":\"EntryPoint\",\"urlTemplate\":\"https:\\\/\\\/marktxxl.de\\\/markt\\\/?s={search_term_string}\"},\"query-input\":{\"@type\":\"PropertyValueSpecification\",\"valueRequired\":true,\"valueName\":\"search_term_string\"}}],\"inLanguage\":\"de\"},{\"@type\":\"Organization\",\"@id\":\"https:\\\/\\\/marktxxl.de\\\/markt\\\/#organization\",\"name\":\"Markt-XXL\",\"url\":\"https:\\\/\\\/marktxxl.de\\\/markt\\\/\",\"logo\":{\"@type\":\"ImageObject\",\"inLanguage\":\"de\",\"@id\":\"https:\\\/\\\/marktxxl.de\\\/markt\\\/#\\\/schema\\\/logo\\\/image\\\/\",\"url\":\"https:\\\/\\\/marktxxl.de\\\/markt\\\/wp-content\\\/uploads\\\/sites\\\/3\\\/2020\\\/12\\\/logo.png\",\"contentUrl\":\"https:\\\/\\\/marktxxl.de\\\/markt\\\/wp-content\\\/uploads\\\/sites\\\/3\\\/2020\\\/12\\\/logo.png\",\"width\":200,\"height\":70,\"caption\":\"Markt-XXL\"},\"image\":{\"@id\":\"https:\\\/\\\/marktxxl.de\\\/markt\\\/#\\\/schema\\\/logo\\\/image\\\/\"}}]}<\/script>\n<!-- \/ Yoast SEO plugin. -->","yoast_head_json":{"title":"Luftbefeuchter, 2.2 L Humidifier mit 360\u00b0Drehbare D\u00fcse, Luftbefeuchter Schlafzimmer mit 28dB Leise, Auto Abschaltung\u2026 - Markt-XXL","description":"Markt-XXL Luftbefeuchter, 2.2 L Humidifier mit 360\u00b0Drehbare D\u00fcse, Luftbefeuchter Schlafzimmer mit 28dB Leise, Auto Abschaltung\u2026","robots":{"index":"index","follow":"follow","max-snippet":"max-snippet:-1","max-image-preview":"max-image-preview:large","max-video-preview":"max-video-preview:-1"},"canonical":"https:\/\/marktxxl.de\/markt\/produkt\/luftbefeuchter-2-2-l-humidifier-mit-360drehbare-duese-luftbefeuchter-schlafzimmer-mit-28db-leise-auto-abschaltung-leicht-zu-reinigender-raumluftbefeuchter-fuer-kinderzimmer-buero-yoga-pflanz\/","og_locale":"de_DE","og_type":"article","og_title":"Luftbefeuchter, 2.2 L Humidifier mit 360\u00b0Drehbare D\u00fcse, Luftbefeuchter Schlafzimmer mit 28dB Leise, Auto Abschaltung\u2026 - Markt-XXL","og_description":"Markt-XXL Luftbefeuchter, 2.2 L Humidifier mit 360\u00b0Drehbare D\u00fcse, Luftbefeuchter Schlafzimmer mit 28dB Leise, Auto Abschaltung\u2026","og_url":"https:\/\/marktxxl.de\/markt\/produkt\/luftbefeuchter-2-2-l-humidifier-mit-360drehbare-duese-luftbefeuchter-schlafzimmer-mit-28db-leise-auto-abschaltung-leicht-zu-reinigender-raumluftbefeuchter-fuer-kinderzimmer-buero-yoga-pflanz\/","og_site_name":"Markt-XXL","article_modified_time":"2023-04-08T02:14:36+00:00","og_image":[{"width":500,"height":500,"url":"https:\/\/m.media-amazon.com\/images\/I\/51shStjHo-L._SL500_.jpg","type":"image\/jpeg"}],"twitter_card":"summary_large_image","twitter_misc":{"Gesch\u00e4tzte Lesezeit":"2\u00a0Minuten"},"schema":{"@context":"https:\/\/schema.org","@graph":[{"@type":"WebPage","@id":"https:\/\/marktxxl.de\/markt\/produkt\/luftbefeuchter-2-2-l-humidifier-mit-360drehbare-duese-luftbefeuchter-schlafzimmer-mit-28db-leise-auto-abschaltung-leicht-zu-reinigender-raumluftbefeuchter-fuer-kinderzimmer-buero-yoga-pflanz\/","url":"https:\/\/marktxxl.de\/markt\/produkt\/luftbefeuchter-2-2-l-humidifier-mit-360drehbare-duese-luftbefeuchter-schlafzimmer-mit-28db-leise-auto-abschaltung-leicht-zu-reinigender-raumluftbefeuchter-fuer-kinderzimmer-buero-yoga-pflanz\/","name":"Luftbefeuchter, 2.2 L Humidifier mit 360\u00b0Drehbare D\u00fcse, Luftbefeuchter Schlafzimmer mit 28dB Leise, Auto Abschaltung\u2026 - Markt-XXL","isPartOf":{"@id":"https:\/\/marktxxl.de\/markt\/#website"},"primaryImageOfPage":{"@id":"https:\/\/marktxxl.de\/markt\/produkt\/luftbefeuchter-2-2-l-humidifier-mit-360drehbare-duese-luftbefeuchter-schlafzimmer-mit-28db-leise-auto-abschaltung-leicht-zu-reinigender-raumluftbefeuchter-fuer-kinderzimmer-buero-yoga-pflanz\/#primaryimage"},"image":{"@id":"https:\/\/marktxxl.de\/markt\/produkt\/luftbefeuchter-2-2-l-humidifier-mit-360drehbare-duese-luftbefeuchter-schlafzimmer-mit-28db-leise-auto-abschaltung-leicht-zu-reinigender-raumluftbefeuchter-fuer-kinderzimmer-buero-yoga-pflanz\/#primaryimage"},"thumbnailUrl":"https:\/\/m.media-amazon.com\/images\/I\/51shStjHo-L._SL500_.jpg","datePublished":"2022-11-10T22:02:02+00:00","dateModified":"2023-04-08T02:14:36+00:00","description":"Markt-XXL Luftbefeuchter, 2.2 L Humidifier mit 360\u00b0Drehbare D\u00fcse, Luftbefeuchter Schlafzimmer mit 28dB Leise, Auto Abschaltung\u2026","breadcrumb":{"@id":"https:\/\/marktxxl.de\/markt\/produkt\/luftbefeuchter-2-2-l-humidifier-mit-360drehbare-duese-luftbefeuchter-schlafzimmer-mit-28db-leise-auto-abschaltung-leicht-zu-reinigender-raumluftbefeuchter-fuer-kinderzimmer-buero-yoga-pflanz\/#breadcrumb"},"inLanguage":"de","potentialAction":[{"@type":"ReadAction","target":["https:\/\/marktxxl.de\/markt\/produkt\/luftbefeuchter-2-2-l-humidifier-mit-360drehbare-duese-luftbefeuchter-schlafzimmer-mit-28db-leise-auto-abschaltung-leicht-zu-reinigender-raumluftbefeuchter-fuer-kinderzimmer-buero-yoga-pflanz\/"]}]},{"@type":"ImageObject","inLanguage":"de","@id":"https:\/\/marktxxl.de\/markt\/produkt\/luftbefeuchter-2-2-l-humidifier-mit-360drehbare-duese-luftbefeuchter-schlafzimmer-mit-28db-leise-auto-abschaltung-leicht-zu-reinigender-raumluftbefeuchter-fuer-kinderzimmer-buero-yoga-pflanz\/#primaryimage","url":"https:\/\/m.media-amazon.com\/images\/I\/51shStjHo-L._SL500_.jpg","contentUrl":"https:\/\/m.media-amazon.com\/images\/I\/51shStjHo-L._SL500_.jpg","width":500,"height":500},{"@type":"BreadcrumbList","@id":"https:\/\/marktxxl.de\/markt\/produkt\/luftbefeuchter-2-2-l-humidifier-mit-360drehbare-duese-luftbefeuchter-schlafzimmer-mit-28db-leise-auto-abschaltung-leicht-zu-reinigender-raumluftbefeuchter-fuer-kinderzimmer-buero-yoga-pflanz\/#breadcrumb","itemListElement":[{"@type":"ListItem","position":1,"name":"Startseite","item":"https:\/\/marktxxl.de\/markt\/"},{"@type":"ListItem","position":2,"name":"Markt","item":"https:\/\/marktxxl.de\/markt\/"},{"@type":"ListItem","position":3,"name":"Luftbefeuchter, 2.2 L Humidifier mit 360\u00b0Drehbare D\u00fcse, Luftbefeuchter Schlafzimmer mit 28dB Leise, Auto Abschaltung\u2026"}]},{"@type":"WebSite","@id":"https:\/\/marktxxl.de\/markt\/#website","url":"https:\/\/marktxxl.de\/markt\/","name":"Markt-XXL","description":"Ihr Markt Online","publisher":{"@id":"https:\/\/marktxxl.de\/markt\/#organization"},"potentialAction":[{"@type":"SearchAction","target":{"@type":"EntryPoint","urlTemplate":"https:\/\/marktxxl.de\/markt\/?s={search_term_string}"},"query-input":{"@type":"PropertyValueSpecification","valueRequired":true,"valueName":"search_term_string"}}],"inLanguage":"de"},{"@type":"Organization","@id":"https:\/\/marktxxl.de\/markt\/#organization","name":"Markt-XXL","url":"https:\/\/marktxxl.de\/markt\/","logo":{"@type":"ImageObject","inLanguage":"de","@id":"https:\/\/marktxxl.de\/markt\/#\/schema\/logo\/image\/","url":"https:\/\/marktxxl.de\/markt\/wp-content\/uploads\/sites\/3\/2020\/12\/logo.png","contentUrl":"https:\/\/marktxxl.de\/markt\/wp-content\/uploads\/sites\/3\/2020\/12\/logo.png","width":200,"height":70,"caption":"Markt-XXL"},"image":{"@id":"https:\/\/marktxxl.de\/markt\/#\/schema\/logo\/image\/"}}]}},"_links":{"self":[{"href":"https:\/\/marktxxl.de\/markt\/wp-json\/wp\/v2\/product\/162026","targetHints":{"allow":["GET"]}}],"collection":[{"href":"https:\/\/marktxxl.de\/markt\/wp-json\/wp\/v2\/product"}],"about":[{"href":"https:\/\/marktxxl.de\/markt\/wp-json\/wp\/v2\/types\/product"}],"replies":[{"embeddable":true,"href":"https:\/\/marktxxl.de\/markt\/wp-json\/wp\/v2\/comments?post=162026"}],"wp:featuredmedia":[{"embeddable":true,"href":"https:\/\/marktxxl.de\/markt\/wp-json\/wp\/v2\/media\/162027"}],"wp:attachment":[{"href":"https:\/\/marktxxl.de\/markt\/wp-json\/wp\/v2\/media?parent=162026"}],"wp:term":[{"taxonomy":"product_brand","embeddable":true,"href":"https:\/\/marktxxl.de\/markt\/wp-json\/wp\/v2\/product_brand?post=162026"},{"taxonomy":"product_cat","embeddable":true,"href":"https:\/\/marktxxl.de\/markt\/wp-json\/wp\/v2\/product_cat?post=162026"},{"taxonomy":"product_tag","embeddable":true,"href":"https:\/\/marktxxl.de\/markt\/wp-json\/wp\/v2\/product_tag?post=162026"}],"curies":[{"name":"wp","href":"https:\/\/api.w.org\/{rel}","templated":true}]}}