{"id":160892,"date":"2022-10-12T11:41:32","date_gmt":"2022-10-12T09:41:32","guid":{"rendered":"https:\/\/marktxxl.de\/markt\/produkt\/remos-splitterpinzette-aus-rostfreiem-edelstahl\/"},"modified":"2023-04-11T04:44:07","modified_gmt":"2023-04-11T02:44:07","slug":"remos-splitterpinzette-aus-rostfreiem-edelstahl","status":"publish","type":"product","link":"https:\/\/marktxxl.de\/markt\/produkt\/remos-splitterpinzette-aus-rostfreiem-edelstahl\/","title":{"rendered":"REMOS Splitterpinzette &#8211; Edelstahl [INOX] rostfrei 9.5 cm &#8211; feine Spitze blau"},"content":{"rendered":"<p>Entfernt Splitter und Dornen.<br \/>\nMit der sehr d\u00fcnnen und spitz geschliffenen Spitze k\u00f6nnen tief unter der Haut sitzende Splitter oder Dornen m\u00fchelos entfernt werden.<br \/>\nPr\u00e4zise abgestimmte Greiffl\u00e4chen, exakter Schliff und die ergonomische Form sind die qualtit\u00e4tspr\u00e4genden Merkmale dieser Pinzette.<br \/>\nJede handgefertigte Pinzette ist aus rostfreiem elastischem Edelstahl. Die geh\u00e4rteten und speziell geschliffenen Pinzettenspitzen fassen feinste Fremdk\u00f6rper oder eingewachsene H\u00e4rchen.<br \/>\nMatte sandgestrahlte Oberfl\u00e4che. Sterilisierbar.<br \/>\n<div class=\"main-cross-sell\" data-asin=\"B07HQY3MZ2\">\n\n\t<div class=\"WooZone-cross-sell-loader\">\n\t\t<div>\n\t\t\t<div id=\"floatingBarsG\">\n\t\t\t\t<div class=\"blockG\" id=\"rotateG_01\"><\/div>\n\t\t\t\t<div class=\"blockG\" id=\"rotateG_02\"><\/div>\n\t\t\t\t<div class=\"blockG\" id=\"rotateG_03\"><\/div>\n\t\t\t\t<div class=\"blockG\" id=\"rotateG_04\"><\/div>\n\t\t\t\t<div class=\"blockG\" id=\"rotateG_05\"><\/div>\n\t\t\t\t<div class=\"blockG\" id=\"rotateG_06\"><\/div>\n\t\t\t\t<div class=\"blockG\" id=\"rotateG_07\"><\/div>\n\t\t\t\t<div class=\"blockG\" id=\"rotateG_08\"><\/div>\n\t\t\t<\/div>\n\t\t\t<div class=\"WooZone-cross-sell-loader-text\"><\/div>\n\t\t<\/div>\n\t<\/div>\n\n\t\t\n<\/div>\n<div style=\"clear:both;\"><\/div><\/p>\n","protected":false},"excerpt":{"rendered":"<p>Entfernt Splitter und Dornen.<br \/>\nMit der sehr d\u00fcnnen und spitz geschliffenen Spitze k\u00f6nnen tief unter der Haut sitzende Splitter oder Dornen m\u00fchelos entfernt werden.<br \/>\nPr\u00e4zise abgestimmte Greiffl\u00e4chen, exakter Schliff und die ergonomische Form sind die qualtit\u00e4tspr\u00e4genden Merkmale dieser Pinzette.<\/p>\n","protected":false},"featured_media":160893,"comment_status":"open","ping_status":"closed","template":"","meta":[],"product_brand":[],"product_cat":[566,6190],"product_tag":[],"class_list":{"0":"post-160892","1":"product","2":"type-product","3":"status-publish","4":"has-post-thumbnail","6":"product_cat-drogerie-koerperpflege","7":"product_cat-rasur-enthaarung","8":"pa_brand-remos-professional-body-care","9":"pa_manufacturer-remos","10":"pa_weight-0-03968320716-pfund","12":"first","13":"instock","14":"shipping-taxable","15":"purchasable","16":"product-type-simple","17":"customify-col","18":"product-has-gallery"},"yoast_head":"<!-- This site is optimized with the Yoast SEO plugin v27.3 - https:\/\/yoast.com\/product\/yoast-seo-wordpress\/ -->\n<title>REMOS Splitterpinzette - Edelstahl [INOX] rostfrei 9.5 cm - feine Spitze blau - Markt-XXL<\/title>\n<meta name=\"description\" content=\"Markt-XXL REMOS Splitterpinzette - Edelstahl [INOX] rostfrei 9.5 cm - feine Spitze blau\" \/>\n<meta name=\"robots\" content=\"index, follow, max-snippet:-1, max-image-preview:large, max-video-preview:-1\" \/>\n<link rel=\"canonical\" href=\"https:\/\/marktxxl.de\/markt\/produkt\/remos-splitterpinzette-aus-rostfreiem-edelstahl\/\" \/>\n<meta property=\"og:locale\" content=\"de_DE\" \/>\n<meta property=\"og:type\" content=\"article\" \/>\n<meta property=\"og:title\" content=\"REMOS Splitterpinzette - Edelstahl [INOX] rostfrei 9.5 cm - feine Spitze blau - Markt-XXL\" \/>\n<meta property=\"og:description\" content=\"Markt-XXL REMOS Splitterpinzette - Edelstahl [INOX] rostfrei 9.5 cm - feine Spitze blau\" \/>\n<meta property=\"og:url\" content=\"https:\/\/marktxxl.de\/markt\/produkt\/remos-splitterpinzette-aus-rostfreiem-edelstahl\/\" \/>\n<meta property=\"og:site_name\" content=\"Markt-XXL\" \/>\n<meta property=\"article:modified_time\" content=\"2023-04-11T02:44:07+00:00\" \/>\n<meta property=\"og:image\" content=\"https:\/\/m.media-amazon.com\/images\/I\/31eQWzMtcnS._SL500_.jpg\" \/>\n\t<meta property=\"og:image:width\" content=\"319\" \/>\n\t<meta property=\"og:image:height\" content=\"500\" \/>\n\t<meta property=\"og:image:type\" content=\"image\/jpeg\" \/>\n<meta name=\"twitter:card\" content=\"summary_large_image\" \/>\n<script type=\"application\/ld+json\" class=\"yoast-schema-graph\">{\"@context\":\"https:\\\/\\\/schema.org\",\"@graph\":[{\"@type\":\"WebPage\",\"@id\":\"https:\\\/\\\/marktxxl.de\\\/markt\\\/produkt\\\/remos-splitterpinzette-aus-rostfreiem-edelstahl\\\/\",\"url\":\"https:\\\/\\\/marktxxl.de\\\/markt\\\/produkt\\\/remos-splitterpinzette-aus-rostfreiem-edelstahl\\\/\",\"name\":\"REMOS Splitterpinzette - Edelstahl [INOX] rostfrei 9.5 cm - feine Spitze blau - Markt-XXL\",\"isPartOf\":{\"@id\":\"https:\\\/\\\/marktxxl.de\\\/markt\\\/#website\"},\"primaryImageOfPage\":{\"@id\":\"https:\\\/\\\/marktxxl.de\\\/markt\\\/produkt\\\/remos-splitterpinzette-aus-rostfreiem-edelstahl\\\/#primaryimage\"},\"image\":{\"@id\":\"https:\\\/\\\/marktxxl.de\\\/markt\\\/produkt\\\/remos-splitterpinzette-aus-rostfreiem-edelstahl\\\/#primaryimage\"},\"thumbnailUrl\":\"https:\\\/\\\/m.media-amazon.com\\\/images\\\/I\\\/31eQWzMtcnS._SL500_.jpg\",\"datePublished\":\"2022-10-12T09:41:32+00:00\",\"dateModified\":\"2023-04-11T02:44:07+00:00\",\"description\":\"Markt-XXL REMOS Splitterpinzette - Edelstahl [INOX] rostfrei 9.5 cm - feine Spitze blau\",\"breadcrumb\":{\"@id\":\"https:\\\/\\\/marktxxl.de\\\/markt\\\/produkt\\\/remos-splitterpinzette-aus-rostfreiem-edelstahl\\\/#breadcrumb\"},\"inLanguage\":\"de\",\"potentialAction\":[{\"@type\":\"ReadAction\",\"target\":[\"https:\\\/\\\/marktxxl.de\\\/markt\\\/produkt\\\/remos-splitterpinzette-aus-rostfreiem-edelstahl\\\/\"]}]},{\"@type\":\"ImageObject\",\"inLanguage\":\"de\",\"@id\":\"https:\\\/\\\/marktxxl.de\\\/markt\\\/produkt\\\/remos-splitterpinzette-aus-rostfreiem-edelstahl\\\/#primaryimage\",\"url\":\"https:\\\/\\\/m.media-amazon.com\\\/images\\\/I\\\/31eQWzMtcnS._SL500_.jpg\",\"contentUrl\":\"https:\\\/\\\/m.media-amazon.com\\\/images\\\/I\\\/31eQWzMtcnS._SL500_.jpg\",\"width\":319,\"height\":500},{\"@type\":\"BreadcrumbList\",\"@id\":\"https:\\\/\\\/marktxxl.de\\\/markt\\\/produkt\\\/remos-splitterpinzette-aus-rostfreiem-edelstahl\\\/#breadcrumb\",\"itemListElement\":[{\"@type\":\"ListItem\",\"position\":1,\"name\":\"Startseite\",\"item\":\"https:\\\/\\\/marktxxl.de\\\/markt\\\/\"},{\"@type\":\"ListItem\",\"position\":2,\"name\":\"Markt\",\"item\":\"https:\\\/\\\/marktxxl.de\\\/markt\\\/\"},{\"@type\":\"ListItem\",\"position\":3,\"name\":\"REMOS Splitterpinzette &#8211; Edelstahl [INOX] rostfrei 9.5 cm &#8211; feine Spitze blau\"}]},{\"@type\":\"WebSite\",\"@id\":\"https:\\\/\\\/marktxxl.de\\\/markt\\\/#website\",\"url\":\"https:\\\/\\\/marktxxl.de\\\/markt\\\/\",\"name\":\"Markt-XXL\",\"description\":\"Ihr Markt Online\",\"publisher\":{\"@id\":\"https:\\\/\\\/marktxxl.de\\\/markt\\\/#organization\"},\"potentialAction\":[{\"@type\":\"SearchAction\",\"target\":{\"@type\":\"EntryPoint\",\"urlTemplate\":\"https:\\\/\\\/marktxxl.de\\\/markt\\\/?s={search_term_string}\"},\"query-input\":{\"@type\":\"PropertyValueSpecification\",\"valueRequired\":true,\"valueName\":\"search_term_string\"}}],\"inLanguage\":\"de\"},{\"@type\":\"Organization\",\"@id\":\"https:\\\/\\\/marktxxl.de\\\/markt\\\/#organization\",\"name\":\"Markt-XXL\",\"url\":\"https:\\\/\\\/marktxxl.de\\\/markt\\\/\",\"logo\":{\"@type\":\"ImageObject\",\"inLanguage\":\"de\",\"@id\":\"https:\\\/\\\/marktxxl.de\\\/markt\\\/#\\\/schema\\\/logo\\\/image\\\/\",\"url\":\"https:\\\/\\\/marktxxl.de\\\/markt\\\/wp-content\\\/uploads\\\/sites\\\/3\\\/2020\\\/12\\\/logo.png\",\"contentUrl\":\"https:\\\/\\\/marktxxl.de\\\/markt\\\/wp-content\\\/uploads\\\/sites\\\/3\\\/2020\\\/12\\\/logo.png\",\"width\":200,\"height\":70,\"caption\":\"Markt-XXL\"},\"image\":{\"@id\":\"https:\\\/\\\/marktxxl.de\\\/markt\\\/#\\\/schema\\\/logo\\\/image\\\/\"}}]}<\/script>\n<!-- \/ Yoast SEO plugin. -->","yoast_head_json":{"title":"REMOS Splitterpinzette - Edelstahl [INOX] rostfrei 9.5 cm - feine Spitze blau - Markt-XXL","description":"Markt-XXL REMOS Splitterpinzette - Edelstahl [INOX] rostfrei 9.5 cm - feine Spitze blau","robots":{"index":"index","follow":"follow","max-snippet":"max-snippet:-1","max-image-preview":"max-image-preview:large","max-video-preview":"max-video-preview:-1"},"canonical":"https:\/\/marktxxl.de\/markt\/produkt\/remos-splitterpinzette-aus-rostfreiem-edelstahl\/","og_locale":"de_DE","og_type":"article","og_title":"REMOS Splitterpinzette - Edelstahl [INOX] rostfrei 9.5 cm - feine Spitze blau - Markt-XXL","og_description":"Markt-XXL REMOS Splitterpinzette - Edelstahl [INOX] rostfrei 9.5 cm - feine Spitze blau","og_url":"https:\/\/marktxxl.de\/markt\/produkt\/remos-splitterpinzette-aus-rostfreiem-edelstahl\/","og_site_name":"Markt-XXL","article_modified_time":"2023-04-11T02:44:07+00:00","og_image":[{"width":319,"height":500,"url":"https:\/\/m.media-amazon.com\/images\/I\/31eQWzMtcnS._SL500_.jpg","type":"image\/jpeg"}],"twitter_card":"summary_large_image","schema":{"@context":"https:\/\/schema.org","@graph":[{"@type":"WebPage","@id":"https:\/\/marktxxl.de\/markt\/produkt\/remos-splitterpinzette-aus-rostfreiem-edelstahl\/","url":"https:\/\/marktxxl.de\/markt\/produkt\/remos-splitterpinzette-aus-rostfreiem-edelstahl\/","name":"REMOS Splitterpinzette - Edelstahl [INOX] rostfrei 9.5 cm - feine Spitze blau - Markt-XXL","isPartOf":{"@id":"https:\/\/marktxxl.de\/markt\/#website"},"primaryImageOfPage":{"@id":"https:\/\/marktxxl.de\/markt\/produkt\/remos-splitterpinzette-aus-rostfreiem-edelstahl\/#primaryimage"},"image":{"@id":"https:\/\/marktxxl.de\/markt\/produkt\/remos-splitterpinzette-aus-rostfreiem-edelstahl\/#primaryimage"},"thumbnailUrl":"https:\/\/m.media-amazon.com\/images\/I\/31eQWzMtcnS._SL500_.jpg","datePublished":"2022-10-12T09:41:32+00:00","dateModified":"2023-04-11T02:44:07+00:00","description":"Markt-XXL REMOS Splitterpinzette - Edelstahl [INOX] rostfrei 9.5 cm - feine Spitze blau","breadcrumb":{"@id":"https:\/\/marktxxl.de\/markt\/produkt\/remos-splitterpinzette-aus-rostfreiem-edelstahl\/#breadcrumb"},"inLanguage":"de","potentialAction":[{"@type":"ReadAction","target":["https:\/\/marktxxl.de\/markt\/produkt\/remos-splitterpinzette-aus-rostfreiem-edelstahl\/"]}]},{"@type":"ImageObject","inLanguage":"de","@id":"https:\/\/marktxxl.de\/markt\/produkt\/remos-splitterpinzette-aus-rostfreiem-edelstahl\/#primaryimage","url":"https:\/\/m.media-amazon.com\/images\/I\/31eQWzMtcnS._SL500_.jpg","contentUrl":"https:\/\/m.media-amazon.com\/images\/I\/31eQWzMtcnS._SL500_.jpg","width":319,"height":500},{"@type":"BreadcrumbList","@id":"https:\/\/marktxxl.de\/markt\/produkt\/remos-splitterpinzette-aus-rostfreiem-edelstahl\/#breadcrumb","itemListElement":[{"@type":"ListItem","position":1,"name":"Startseite","item":"https:\/\/marktxxl.de\/markt\/"},{"@type":"ListItem","position":2,"name":"Markt","item":"https:\/\/marktxxl.de\/markt\/"},{"@type":"ListItem","position":3,"name":"REMOS Splitterpinzette &#8211; Edelstahl [INOX] rostfrei 9.5 cm &#8211; feine Spitze blau"}]},{"@type":"WebSite","@id":"https:\/\/marktxxl.de\/markt\/#website","url":"https:\/\/marktxxl.de\/markt\/","name":"Markt-XXL","description":"Ihr Markt Online","publisher":{"@id":"https:\/\/marktxxl.de\/markt\/#organization"},"potentialAction":[{"@type":"SearchAction","target":{"@type":"EntryPoint","urlTemplate":"https:\/\/marktxxl.de\/markt\/?s={search_term_string}"},"query-input":{"@type":"PropertyValueSpecification","valueRequired":true,"valueName":"search_term_string"}}],"inLanguage":"de"},{"@type":"Organization","@id":"https:\/\/marktxxl.de\/markt\/#organization","name":"Markt-XXL","url":"https:\/\/marktxxl.de\/markt\/","logo":{"@type":"ImageObject","inLanguage":"de","@id":"https:\/\/marktxxl.de\/markt\/#\/schema\/logo\/image\/","url":"https:\/\/marktxxl.de\/markt\/wp-content\/uploads\/sites\/3\/2020\/12\/logo.png","contentUrl":"https:\/\/marktxxl.de\/markt\/wp-content\/uploads\/sites\/3\/2020\/12\/logo.png","width":200,"height":70,"caption":"Markt-XXL"},"image":{"@id":"https:\/\/marktxxl.de\/markt\/#\/schema\/logo\/image\/"}}]}},"_links":{"self":[{"href":"https:\/\/marktxxl.de\/markt\/wp-json\/wp\/v2\/product\/160892","targetHints":{"allow":["GET"]}}],"collection":[{"href":"https:\/\/marktxxl.de\/markt\/wp-json\/wp\/v2\/product"}],"about":[{"href":"https:\/\/marktxxl.de\/markt\/wp-json\/wp\/v2\/types\/product"}],"replies":[{"embeddable":true,"href":"https:\/\/marktxxl.de\/markt\/wp-json\/wp\/v2\/comments?post=160892"}],"wp:featuredmedia":[{"embeddable":true,"href":"https:\/\/marktxxl.de\/markt\/wp-json\/wp\/v2\/media\/160893"}],"wp:attachment":[{"href":"https:\/\/marktxxl.de\/markt\/wp-json\/wp\/v2\/media?parent=160892"}],"wp:term":[{"taxonomy":"product_brand","embeddable":true,"href":"https:\/\/marktxxl.de\/markt\/wp-json\/wp\/v2\/product_brand?post=160892"},{"taxonomy":"product_cat","embeddable":true,"href":"https:\/\/marktxxl.de\/markt\/wp-json\/wp\/v2\/product_cat?post=160892"},{"taxonomy":"product_tag","embeddable":true,"href":"https:\/\/marktxxl.de\/markt\/wp-json\/wp\/v2\/product_tag?post=160892"}],"curies":[{"name":"wp","href":"https:\/\/api.w.org\/{rel}","templated":true}]}}