{"id":160065,"date":"2022-10-12T09:59:22","date_gmt":"2022-10-12T07:59:22","guid":{"rendered":"https:\/\/marktxxl.de\/markt\/produkt\/usb-stick-982gb-usb-3-0-metall-speicherstick-982gb-memory-stick-wasserdichte-usb-flash-laufwerk-mit-schluesselring-fuer-pc-laptop-auto-externen-computerspeicher-datenspeicher\/"},"modified":"2023-04-09T04:23:51","modified_gmt":"2023-04-09T02:23:51","slug":"usb-stick-982gb-usb-3-0-metall-speicherstick-982gb-memory-stick-wasserdichte-usb-flash-laufwerk-mit-schluesselring-fuer-pc-laptop-auto-externen-computerspeicher-datenspeicher","status":"publish","type":"product","link":"https:\/\/marktxxl.de\/markt\/produkt\/usb-stick-982gb-usb-3-0-metall-speicherstick-982gb-memory-stick-wasserdichte-usb-flash-laufwerk-mit-schluesselring-fuer-pc-laptop-auto-externen-computerspeicher-datenspeicher\/","title":{"rendered":"USB Stick, silver"},"content":{"rendered":"<p>\u3010USB-Stick mit gro\u00dfer Kapazit\u00e4t\u3011 Das Silbergeh\u00e4use besteht aus einer hochwertigen Zinklegierung, wodurch der USB-Flash-Antrieb sehr stark und langlebig ist. Die gro\u00dfe Kapazit\u00e4t von 982 GB, die eine gro\u00dfe Menge an digitalen Daten speichern kann, ist klein und gro\u00df im Speicherplatz<br \/>\n\u3010Schnell\u00fcbertragung Speicherstick \u3011 Schnell in der digitalen Datenspeicherung, -\u00fcbertragung und Freigabe an Familie, Freunde, Kollegen, Clients und Dateien. Sie k\u00f6nnen schnell Musik, Fotos, Filme, Designs, Handb\u00fccher, Programme, Dokumente und mehr speichern<br \/>\n\u3010Breite Kompatibilit\u00e4t\u3011 Das USB -Flash -Laufwerk unterst\u00fctzt fast alle Betriebssysteme, einschlie\u00dflich Windows 7\/8\/10 \/ Vista \/ XP \/ 2000 \/ ME \/ NT Linux und Mac OS. Es ist auch mit Linux und Mac OS 10.3 und h\u00f6her kompatibel. Und der Speicherstick unterst\u00fctzt digitale Daten wie Musik, Video, Fotos, Filme, Handb\u00fccher, Software usw<br \/>\n\u3010Plug and Play\u3011 Es ist nicht erforderlich, einen Treiber zu installieren, zu planen, Zeit zu sparen und die Arbeitseffizienz zu verbessern<br \/>\n\u3010Wasserdicht und schockdes USB -Stick\u3011: Die wasserdichte und schockdes Funktion des USB -Sticks kann dazu f\u00fchren, dass Sie ihn f\u00fcr eine l\u00e4ngere Zeit verwenden. Unabh\u00e4ngig davon, ob es versehentlich ins Wasser fallen oder auf den Boden fallen gelassen wird, wirkt sich die Daten des USB -Flash -Laufwerks in keiner Weise aus, sondern k\u00f6nnen sicher sein<br \/>\n<div class=\"main-cross-sell\" data-asin=\"B0BFKK8SN3\">\n\n\t<div class=\"WooZone-cross-sell-loader\">\n\t\t<div>\n\t\t\t<div id=\"floatingBarsG\">\n\t\t\t\t<div class=\"blockG\" id=\"rotateG_01\"><\/div>\n\t\t\t\t<div class=\"blockG\" id=\"rotateG_02\"><\/div>\n\t\t\t\t<div class=\"blockG\" id=\"rotateG_03\"><\/div>\n\t\t\t\t<div class=\"blockG\" id=\"rotateG_04\"><\/div>\n\t\t\t\t<div class=\"blockG\" id=\"rotateG_05\"><\/div>\n\t\t\t\t<div class=\"blockG\" id=\"rotateG_06\"><\/div>\n\t\t\t\t<div class=\"blockG\" id=\"rotateG_07\"><\/div>\n\t\t\t\t<div class=\"blockG\" id=\"rotateG_08\"><\/div>\n\t\t\t<\/div>\n\t\t\t<div class=\"WooZone-cross-sell-loader-text\"><\/div>\n\t\t<\/div>\n\t<\/div>\n\n\t\t\n<\/div>\n<div style=\"clear:both;\"><\/div><\/p>\n","protected":false},"excerpt":{"rendered":"<p>\u3010USB-Stick mit gro\u00dfer Kapazit\u00e4t\u3011 Das Silbergeh\u00e4use besteht aus einer hochwertigen Zinklegierung, wodurch der USB-Flash-Antrieb sehr stark und langlebig ist. Die gro\u00dfe Kapazit\u00e4t von 982 GB, die eine gro\u00dfe Menge an digitalen Daten speichern kann, ist klein und gro\u00df im Speicherplatz<br \/>\n\u3010Schnell\u00fcbertragung Speicherstick \u3011 Schnell in der digitalen Datenspeicherung, -\u00fcbertragung und Freigabe an Familie, Freunde, Kollegen, Clients und Dateien. Sie k\u00f6nnen schnell Musik, Fotos, Filme, Designs, Handb\u00fccher, Programme, Dokumente und mehr speichern<br \/>\n\u3010Breite Kompatibilit\u00e4t\u3011 Das USB -Flash -Laufwerk unterst\u00fctzt fast alle Betriebssysteme, einschlie\u00dflich Windows 7\/8\/10 \/ Vista \/ XP \/ 2000 \/ ME \/ NT Linux und Mac OS. Es ist auch mit Linux und Mac OS 10.3 und h\u00f6her kompatibel. Und der Speicherstick unterst\u00fctzt digitale Daten wie Musik, Video, Fotos, Filme, Handb\u00fccher, Software usw<\/p>\n","protected":false},"featured_media":160066,"comment_status":"open","ping_status":"closed","template":"","meta":[],"product_brand":[],"product_cat":[863],"product_tag":[],"class_list":{"0":"post-160065","1":"product","2":"type-product","3":"status-publish","4":"has-post-thumbnail","6":"product_cat-computer-zubehoer","7":"pa_height-4-724409444-zoll","8":"pa_length-3-93700787-zoll","9":"pa_manufacturer-ujiwepomfsd","10":"pa_warranty-usb-stick","11":"pa_width-3-93700787-zoll","13":"first","14":"instock","15":"shipping-taxable","16":"purchasable","17":"product-type-simple","18":"customify-col","19":"product-has-gallery"},"yoast_head":"<!-- This site is optimized with the Yoast SEO plugin v27.4 - https:\/\/yoast.com\/product\/yoast-seo-wordpress\/ -->\n<title>USB Stick, silver - Markt-XXL<\/title>\n<meta name=\"description\" content=\"Markt-XXL USB Stick, silver\" \/>\n<meta name=\"robots\" content=\"index, follow, max-snippet:-1, max-image-preview:large, max-video-preview:-1\" \/>\n<link rel=\"canonical\" href=\"https:\/\/marktxxl.de\/markt\/produkt\/usb-stick-982gb-usb-3-0-metall-speicherstick-982gb-memory-stick-wasserdichte-usb-flash-laufwerk-mit-schluesselring-fuer-pc-laptop-auto-externen-computerspeicher-datenspeicher\/\" \/>\n<meta property=\"og:locale\" content=\"de_DE\" \/>\n<meta property=\"og:type\" content=\"article\" \/>\n<meta property=\"og:title\" content=\"USB Stick, silver - Markt-XXL\" \/>\n<meta property=\"og:description\" content=\"Markt-XXL USB Stick, silver\" \/>\n<meta property=\"og:url\" content=\"https:\/\/marktxxl.de\/markt\/produkt\/usb-stick-982gb-usb-3-0-metall-speicherstick-982gb-memory-stick-wasserdichte-usb-flash-laufwerk-mit-schluesselring-fuer-pc-laptop-auto-externen-computerspeicher-datenspeicher\/\" \/>\n<meta property=\"og:site_name\" content=\"Markt-XXL\" \/>\n<meta property=\"article:modified_time\" content=\"2023-04-09T02:23:51+00:00\" \/>\n<meta property=\"og:image\" content=\"https:\/\/m.media-amazon.com\/images\/I\/41tTcihKFEL._SL500_.jpg\" \/>\n\t<meta property=\"og:image:width\" content=\"500\" \/>\n\t<meta property=\"og:image:height\" content=\"500\" \/>\n\t<meta property=\"og:image:type\" content=\"image\/jpeg\" \/>\n<meta name=\"twitter:card\" content=\"summary_large_image\" \/>\n<meta name=\"twitter:label1\" content=\"Gesch\u00e4tzte Lesezeit\" \/>\n\t<meta name=\"twitter:data1\" content=\"1\u00a0Minute\" \/>\n<script type=\"application\/ld+json\" class=\"yoast-schema-graph\">{\"@context\":\"https:\\\/\\\/schema.org\",\"@graph\":[{\"@type\":\"WebPage\",\"@id\":\"https:\\\/\\\/marktxxl.de\\\/markt\\\/produkt\\\/usb-stick-982gb-usb-3-0-metall-speicherstick-982gb-memory-stick-wasserdichte-usb-flash-laufwerk-mit-schluesselring-fuer-pc-laptop-auto-externen-computerspeicher-datenspeicher\\\/\",\"url\":\"https:\\\/\\\/marktxxl.de\\\/markt\\\/produkt\\\/usb-stick-982gb-usb-3-0-metall-speicherstick-982gb-memory-stick-wasserdichte-usb-flash-laufwerk-mit-schluesselring-fuer-pc-laptop-auto-externen-computerspeicher-datenspeicher\\\/\",\"name\":\"USB Stick, silver - Markt-XXL\",\"isPartOf\":{\"@id\":\"https:\\\/\\\/marktxxl.de\\\/markt\\\/#website\"},\"primaryImageOfPage\":{\"@id\":\"https:\\\/\\\/marktxxl.de\\\/markt\\\/produkt\\\/usb-stick-982gb-usb-3-0-metall-speicherstick-982gb-memory-stick-wasserdichte-usb-flash-laufwerk-mit-schluesselring-fuer-pc-laptop-auto-externen-computerspeicher-datenspeicher\\\/#primaryimage\"},\"image\":{\"@id\":\"https:\\\/\\\/marktxxl.de\\\/markt\\\/produkt\\\/usb-stick-982gb-usb-3-0-metall-speicherstick-982gb-memory-stick-wasserdichte-usb-flash-laufwerk-mit-schluesselring-fuer-pc-laptop-auto-externen-computerspeicher-datenspeicher\\\/#primaryimage\"},\"thumbnailUrl\":\"https:\\\/\\\/m.media-amazon.com\\\/images\\\/I\\\/41tTcihKFEL._SL500_.jpg\",\"datePublished\":\"2022-10-12T07:59:22+00:00\",\"dateModified\":\"2023-04-09T02:23:51+00:00\",\"description\":\"Markt-XXL USB Stick, silver\",\"breadcrumb\":{\"@id\":\"https:\\\/\\\/marktxxl.de\\\/markt\\\/produkt\\\/usb-stick-982gb-usb-3-0-metall-speicherstick-982gb-memory-stick-wasserdichte-usb-flash-laufwerk-mit-schluesselring-fuer-pc-laptop-auto-externen-computerspeicher-datenspeicher\\\/#breadcrumb\"},\"inLanguage\":\"de\",\"potentialAction\":[{\"@type\":\"ReadAction\",\"target\":[\"https:\\\/\\\/marktxxl.de\\\/markt\\\/produkt\\\/usb-stick-982gb-usb-3-0-metall-speicherstick-982gb-memory-stick-wasserdichte-usb-flash-laufwerk-mit-schluesselring-fuer-pc-laptop-auto-externen-computerspeicher-datenspeicher\\\/\"]}]},{\"@type\":\"ImageObject\",\"inLanguage\":\"de\",\"@id\":\"https:\\\/\\\/marktxxl.de\\\/markt\\\/produkt\\\/usb-stick-982gb-usb-3-0-metall-speicherstick-982gb-memory-stick-wasserdichte-usb-flash-laufwerk-mit-schluesselring-fuer-pc-laptop-auto-externen-computerspeicher-datenspeicher\\\/#primaryimage\",\"url\":\"https:\\\/\\\/m.media-amazon.com\\\/images\\\/I\\\/41tTcihKFEL._SL500_.jpg\",\"contentUrl\":\"https:\\\/\\\/m.media-amazon.com\\\/images\\\/I\\\/41tTcihKFEL._SL500_.jpg\",\"width\":500,\"height\":500},{\"@type\":\"BreadcrumbList\",\"@id\":\"https:\\\/\\\/marktxxl.de\\\/markt\\\/produkt\\\/usb-stick-982gb-usb-3-0-metall-speicherstick-982gb-memory-stick-wasserdichte-usb-flash-laufwerk-mit-schluesselring-fuer-pc-laptop-auto-externen-computerspeicher-datenspeicher\\\/#breadcrumb\",\"itemListElement\":[{\"@type\":\"ListItem\",\"position\":1,\"name\":\"Startseite\",\"item\":\"https:\\\/\\\/marktxxl.de\\\/markt\\\/\"},{\"@type\":\"ListItem\",\"position\":2,\"name\":\"Markt\",\"item\":\"https:\\\/\\\/marktxxl.de\\\/markt\\\/\"},{\"@type\":\"ListItem\",\"position\":3,\"name\":\"USB Stick, silver\"}]},{\"@type\":\"WebSite\",\"@id\":\"https:\\\/\\\/marktxxl.de\\\/markt\\\/#website\",\"url\":\"https:\\\/\\\/marktxxl.de\\\/markt\\\/\",\"name\":\"Markt-XXL\",\"description\":\"Ihr Markt Online\",\"publisher\":{\"@id\":\"https:\\\/\\\/marktxxl.de\\\/markt\\\/#organization\"},\"potentialAction\":[{\"@type\":\"SearchAction\",\"target\":{\"@type\":\"EntryPoint\",\"urlTemplate\":\"https:\\\/\\\/marktxxl.de\\\/markt\\\/?s={search_term_string}\"},\"query-input\":{\"@type\":\"PropertyValueSpecification\",\"valueRequired\":true,\"valueName\":\"search_term_string\"}}],\"inLanguage\":\"de\"},{\"@type\":\"Organization\",\"@id\":\"https:\\\/\\\/marktxxl.de\\\/markt\\\/#organization\",\"name\":\"Markt-XXL\",\"url\":\"https:\\\/\\\/marktxxl.de\\\/markt\\\/\",\"logo\":{\"@type\":\"ImageObject\",\"inLanguage\":\"de\",\"@id\":\"https:\\\/\\\/marktxxl.de\\\/markt\\\/#\\\/schema\\\/logo\\\/image\\\/\",\"url\":\"https:\\\/\\\/marktxxl.de\\\/markt\\\/wp-content\\\/uploads\\\/sites\\\/3\\\/2020\\\/12\\\/logo.png\",\"contentUrl\":\"https:\\\/\\\/marktxxl.de\\\/markt\\\/wp-content\\\/uploads\\\/sites\\\/3\\\/2020\\\/12\\\/logo.png\",\"width\":200,\"height\":70,\"caption\":\"Markt-XXL\"},\"image\":{\"@id\":\"https:\\\/\\\/marktxxl.de\\\/markt\\\/#\\\/schema\\\/logo\\\/image\\\/\"}}]}<\/script>\n<!-- \/ Yoast SEO plugin. -->","yoast_head_json":{"title":"USB Stick, silver - Markt-XXL","description":"Markt-XXL USB Stick, silver","robots":{"index":"index","follow":"follow","max-snippet":"max-snippet:-1","max-image-preview":"max-image-preview:large","max-video-preview":"max-video-preview:-1"},"canonical":"https:\/\/marktxxl.de\/markt\/produkt\/usb-stick-982gb-usb-3-0-metall-speicherstick-982gb-memory-stick-wasserdichte-usb-flash-laufwerk-mit-schluesselring-fuer-pc-laptop-auto-externen-computerspeicher-datenspeicher\/","og_locale":"de_DE","og_type":"article","og_title":"USB Stick, silver - Markt-XXL","og_description":"Markt-XXL USB Stick, silver","og_url":"https:\/\/marktxxl.de\/markt\/produkt\/usb-stick-982gb-usb-3-0-metall-speicherstick-982gb-memory-stick-wasserdichte-usb-flash-laufwerk-mit-schluesselring-fuer-pc-laptop-auto-externen-computerspeicher-datenspeicher\/","og_site_name":"Markt-XXL","article_modified_time":"2023-04-09T02:23:51+00:00","og_image":[{"width":500,"height":500,"url":"https:\/\/m.media-amazon.com\/images\/I\/41tTcihKFEL._SL500_.jpg","type":"image\/jpeg"}],"twitter_card":"summary_large_image","twitter_misc":{"Gesch\u00e4tzte Lesezeit":"1\u00a0Minute"},"schema":{"@context":"https:\/\/schema.org","@graph":[{"@type":"WebPage","@id":"https:\/\/marktxxl.de\/markt\/produkt\/usb-stick-982gb-usb-3-0-metall-speicherstick-982gb-memory-stick-wasserdichte-usb-flash-laufwerk-mit-schluesselring-fuer-pc-laptop-auto-externen-computerspeicher-datenspeicher\/","url":"https:\/\/marktxxl.de\/markt\/produkt\/usb-stick-982gb-usb-3-0-metall-speicherstick-982gb-memory-stick-wasserdichte-usb-flash-laufwerk-mit-schluesselring-fuer-pc-laptop-auto-externen-computerspeicher-datenspeicher\/","name":"USB Stick, silver - Markt-XXL","isPartOf":{"@id":"https:\/\/marktxxl.de\/markt\/#website"},"primaryImageOfPage":{"@id":"https:\/\/marktxxl.de\/markt\/produkt\/usb-stick-982gb-usb-3-0-metall-speicherstick-982gb-memory-stick-wasserdichte-usb-flash-laufwerk-mit-schluesselring-fuer-pc-laptop-auto-externen-computerspeicher-datenspeicher\/#primaryimage"},"image":{"@id":"https:\/\/marktxxl.de\/markt\/produkt\/usb-stick-982gb-usb-3-0-metall-speicherstick-982gb-memory-stick-wasserdichte-usb-flash-laufwerk-mit-schluesselring-fuer-pc-laptop-auto-externen-computerspeicher-datenspeicher\/#primaryimage"},"thumbnailUrl":"https:\/\/m.media-amazon.com\/images\/I\/41tTcihKFEL._SL500_.jpg","datePublished":"2022-10-12T07:59:22+00:00","dateModified":"2023-04-09T02:23:51+00:00","description":"Markt-XXL USB Stick, silver","breadcrumb":{"@id":"https:\/\/marktxxl.de\/markt\/produkt\/usb-stick-982gb-usb-3-0-metall-speicherstick-982gb-memory-stick-wasserdichte-usb-flash-laufwerk-mit-schluesselring-fuer-pc-laptop-auto-externen-computerspeicher-datenspeicher\/#breadcrumb"},"inLanguage":"de","potentialAction":[{"@type":"ReadAction","target":["https:\/\/marktxxl.de\/markt\/produkt\/usb-stick-982gb-usb-3-0-metall-speicherstick-982gb-memory-stick-wasserdichte-usb-flash-laufwerk-mit-schluesselring-fuer-pc-laptop-auto-externen-computerspeicher-datenspeicher\/"]}]},{"@type":"ImageObject","inLanguage":"de","@id":"https:\/\/marktxxl.de\/markt\/produkt\/usb-stick-982gb-usb-3-0-metall-speicherstick-982gb-memory-stick-wasserdichte-usb-flash-laufwerk-mit-schluesselring-fuer-pc-laptop-auto-externen-computerspeicher-datenspeicher\/#primaryimage","url":"https:\/\/m.media-amazon.com\/images\/I\/41tTcihKFEL._SL500_.jpg","contentUrl":"https:\/\/m.media-amazon.com\/images\/I\/41tTcihKFEL._SL500_.jpg","width":500,"height":500},{"@type":"BreadcrumbList","@id":"https:\/\/marktxxl.de\/markt\/produkt\/usb-stick-982gb-usb-3-0-metall-speicherstick-982gb-memory-stick-wasserdichte-usb-flash-laufwerk-mit-schluesselring-fuer-pc-laptop-auto-externen-computerspeicher-datenspeicher\/#breadcrumb","itemListElement":[{"@type":"ListItem","position":1,"name":"Startseite","item":"https:\/\/marktxxl.de\/markt\/"},{"@type":"ListItem","position":2,"name":"Markt","item":"https:\/\/marktxxl.de\/markt\/"},{"@type":"ListItem","position":3,"name":"USB Stick, silver"}]},{"@type":"WebSite","@id":"https:\/\/marktxxl.de\/markt\/#website","url":"https:\/\/marktxxl.de\/markt\/","name":"Markt-XXL","description":"Ihr Markt Online","publisher":{"@id":"https:\/\/marktxxl.de\/markt\/#organization"},"potentialAction":[{"@type":"SearchAction","target":{"@type":"EntryPoint","urlTemplate":"https:\/\/marktxxl.de\/markt\/?s={search_term_string}"},"query-input":{"@type":"PropertyValueSpecification","valueRequired":true,"valueName":"search_term_string"}}],"inLanguage":"de"},{"@type":"Organization","@id":"https:\/\/marktxxl.de\/markt\/#organization","name":"Markt-XXL","url":"https:\/\/marktxxl.de\/markt\/","logo":{"@type":"ImageObject","inLanguage":"de","@id":"https:\/\/marktxxl.de\/markt\/#\/schema\/logo\/image\/","url":"https:\/\/marktxxl.de\/markt\/wp-content\/uploads\/sites\/3\/2020\/12\/logo.png","contentUrl":"https:\/\/marktxxl.de\/markt\/wp-content\/uploads\/sites\/3\/2020\/12\/logo.png","width":200,"height":70,"caption":"Markt-XXL"},"image":{"@id":"https:\/\/marktxxl.de\/markt\/#\/schema\/logo\/image\/"}}]}},"_links":{"self":[{"href":"https:\/\/marktxxl.de\/markt\/wp-json\/wp\/v2\/product\/160065","targetHints":{"allow":["GET"]}}],"collection":[{"href":"https:\/\/marktxxl.de\/markt\/wp-json\/wp\/v2\/product"}],"about":[{"href":"https:\/\/marktxxl.de\/markt\/wp-json\/wp\/v2\/types\/product"}],"replies":[{"embeddable":true,"href":"https:\/\/marktxxl.de\/markt\/wp-json\/wp\/v2\/comments?post=160065"}],"wp:featuredmedia":[{"embeddable":true,"href":"https:\/\/marktxxl.de\/markt\/wp-json\/wp\/v2\/media\/160066"}],"wp:attachment":[{"href":"https:\/\/marktxxl.de\/markt\/wp-json\/wp\/v2\/media?parent=160065"}],"wp:term":[{"taxonomy":"product_brand","embeddable":true,"href":"https:\/\/marktxxl.de\/markt\/wp-json\/wp\/v2\/product_brand?post=160065"},{"taxonomy":"product_cat","embeddable":true,"href":"https:\/\/marktxxl.de\/markt\/wp-json\/wp\/v2\/product_cat?post=160065"},{"taxonomy":"product_tag","embeddable":true,"href":"https:\/\/marktxxl.de\/markt\/wp-json\/wp\/v2\/product_tag?post=160065"}],"curies":[{"name":"wp","href":"https:\/\/api.w.org\/{rel}","templated":true}]}}