{"id":160016,"date":"2022-10-12T09:58:08","date_gmt":"2022-10-12T07:58:08","guid":{"rendered":"https:\/\/marktxxl.de\/markt\/produkt\/bagdream-geschenk-taschen-8x4-75x10-5-100pcs-einkaufstaschen-cub-papiertueten-kraft-taschen\/"},"modified":"2023-04-09T04:23:51","modified_gmt":"2023-04-09T02:23:51","slug":"bagdream-geschenk-taschen-8x4-75x10-5-100pcs-einkaufstaschen-cub-papiertueten-kraft-taschen","status":"publish","type":"product","link":"https:\/\/marktxxl.de\/markt\/produkt\/bagdream-geschenk-taschen-8x4-75x10-5-100pcs-einkaufstaschen-cub-papiertueten-kraft-taschen\/","title":{"rendered":"BagDream geschenk-taschen 8&#215;4.75&#215;10.5 100pcs einkaufstaschen, cub, papiert\u00fcten, kraft-taschen 8&#215;4.25&#215;10.5&#8243; lila"},"content":{"rendered":"<p>perfect gr\u00f6sse: 8&#215;4.75&#215;10.5&#8243; 110g basisgewicht kraftpapier mit einem gezackten oberen rand diese taschen sind aus pcw recycle-papier fsc compliant&#8230;.<br \/>\ngute qualit\u00e4t. halten bis zu 6kg, alle geschenkbeutel mit papier twist griffe sind gut gebaut. kein streu leim, wo jeder und die festen b\u00f6den kann es alleine leicht machen stehen.<br \/>\ngrosses geschenk bag ideas. die lila kraft taschen sind leer, k\u00f6nnen sie sie mit dem zeichnen, f\u00e4rben und usw. f\u00fcr verschiedene feiertage als geschenke taschen ihrdeterm speziell diejenigen schm\u00fccken k\u00f6nnten. auch k\u00f6nnten sie heften sie ihre visitenkarte oder stempel der au\u00dfenseite des beutels mit ihrem logo auf.<br \/>\nverschiedene zwecke verwendet werden. diese lila taschen sind eine wunderbare medium gr\u00f6\u00dfe f\u00fcr eine beliebige anzahl von dingen. gro\u00df f\u00fcr feiertagsgeschenktaschen, einkaufstaschen, kleintaschen, mechandise taschen und hochzeit willkommen taschen.<br \/>\nbagdream kraftpapiers\u00e4cke sind biologisch abbaubar und recycelbar. kein eigenartiger geruch und sehen viel eleganteren als kunden diese wei\u00dfen kunststoff t-shirt art diejenigen als geschenke taschen geben.<br \/>\n<div class=\"main-cross-sell\" data-asin=\"B08GCQYTS8\">\n\n\t<div class=\"WooZone-cross-sell-loader\">\n\t\t<div>\n\t\t\t<div id=\"floatingBarsG\">\n\t\t\t\t<div class=\"blockG\" id=\"rotateG_01\"><\/div>\n\t\t\t\t<div class=\"blockG\" id=\"rotateG_02\"><\/div>\n\t\t\t\t<div class=\"blockG\" id=\"rotateG_03\"><\/div>\n\t\t\t\t<div class=\"blockG\" id=\"rotateG_04\"><\/div>\n\t\t\t\t<div class=\"blockG\" id=\"rotateG_05\"><\/div>\n\t\t\t\t<div class=\"blockG\" id=\"rotateG_06\"><\/div>\n\t\t\t\t<div class=\"blockG\" id=\"rotateG_07\"><\/div>\n\t\t\t\t<div class=\"blockG\" id=\"rotateG_08\"><\/div>\n\t\t\t<\/div>\n\t\t\t<div class=\"WooZone-cross-sell-loader-text\"><\/div>\n\t\t<\/div>\n\t<\/div>\n\n\t\t\n<\/div>\n<div style=\"clear:both;\"><\/div><\/p>\n","protected":false},"excerpt":{"rendered":"<p>perfect gr\u00f6sse: 8&#215;4.75&#215;10.5&#8243; 110g basisgewicht kraftpapier mit einem gezackten oberen rand diese taschen sind aus pcw recycle-papier fsc compliant&#8230;.<br \/>\ngute qualit\u00e4t. halten bis zu 6kg, alle geschenkbeutel mit papier twist griffe sind gut gebaut. kein streu leim, wo jeder und die festen b\u00f6den kann es alleine leicht machen stehen.<br \/>\ngrosses geschenk bag ideas. die lila kraft taschen sind leer, k\u00f6nnen sie sie mit dem zeichnen, f\u00e4rben und usw. f\u00fcr verschiedene feiertage als geschenke taschen ihrdeterm speziell diejenigen schm\u00fccken k\u00f6nnten. auch k\u00f6nnten sie heften sie ihre visitenkarte oder stempel der au\u00dfenseite des beutels mit ihrem logo auf.<\/p>\n","protected":false},"featured_media":160017,"comment_status":"open","ping_status":"closed","template":"","meta":[],"product_brand":[],"product_cat":[504,8703],"product_tag":[],"class_list":{"0":"post-160016","1":"product","2":"type-product","3":"status-publish","4":"has-post-thumbnail","6":"product_cat-buerobedarf-schreibwaren","7":"product_cat-umschlaege-versandzubehoer","8":"pa_binding-haushaltswaren","9":"pa_brand-bagdream","11":"first","12":"instock","13":"shipping-taxable","14":"purchasable","15":"product-type-simple","16":"customify-col","17":"product-has-gallery"},"yoast_head":"<!-- This site is optimized with the Yoast SEO plugin v27.4 - https:\/\/yoast.com\/product\/yoast-seo-wordpress\/ -->\n<title>BagDream geschenk-taschen 8x4.75x10.5 100pcs einkaufstaschen, cub, papiert\u00fcten, kraft-taschen 8x4.25x10.5&quot; lila - Markt-XXL<\/title>\n<meta name=\"description\" content=\"Markt-XXL BagDream geschenk-taschen 8x4.75x10.5 100pcs einkaufstaschen, cub, papiert\u00fcten, kraft-taschen 8x4.25x10.5&quot; lila\" \/>\n<meta name=\"robots\" content=\"index, follow, max-snippet:-1, max-image-preview:large, max-video-preview:-1\" \/>\n<link rel=\"canonical\" href=\"https:\/\/marktxxl.de\/markt\/produkt\/bagdream-geschenk-taschen-8x4-75x10-5-100pcs-einkaufstaschen-cub-papiertueten-kraft-taschen\/\" \/>\n<meta property=\"og:locale\" content=\"de_DE\" \/>\n<meta property=\"og:type\" content=\"article\" \/>\n<meta property=\"og:title\" content=\"BagDream geschenk-taschen 8x4.75x10.5 100pcs einkaufstaschen, cub, papiert\u00fcten, kraft-taschen 8x4.25x10.5&quot; lila - Markt-XXL\" \/>\n<meta property=\"og:description\" content=\"Markt-XXL BagDream geschenk-taschen 8x4.75x10.5 100pcs einkaufstaschen, cub, papiert\u00fcten, kraft-taschen 8x4.25x10.5&quot; lila\" \/>\n<meta property=\"og:url\" content=\"https:\/\/marktxxl.de\/markt\/produkt\/bagdream-geschenk-taschen-8x4-75x10-5-100pcs-einkaufstaschen-cub-papiertueten-kraft-taschen\/\" \/>\n<meta property=\"og:site_name\" content=\"Markt-XXL\" \/>\n<meta property=\"article:modified_time\" content=\"2023-04-09T02:23:51+00:00\" \/>\n<meta property=\"og:image\" content=\"https:\/\/m.media-amazon.com\/images\/I\/411Rh32IhnL._SL500_.jpg\" \/>\n\t<meta property=\"og:image:width\" content=\"500\" \/>\n\t<meta property=\"og:image:height\" content=\"500\" \/>\n\t<meta property=\"og:image:type\" content=\"image\/jpeg\" \/>\n<meta name=\"twitter:card\" content=\"summary_large_image\" \/>\n<meta name=\"twitter:label1\" content=\"Gesch\u00e4tzte Lesezeit\" \/>\n\t<meta name=\"twitter:data1\" content=\"1\u00a0Minute\" \/>\n<script type=\"application\/ld+json\" class=\"yoast-schema-graph\">{\"@context\":\"https:\\\/\\\/schema.org\",\"@graph\":[{\"@type\":\"WebPage\",\"@id\":\"https:\\\/\\\/marktxxl.de\\\/markt\\\/produkt\\\/bagdream-geschenk-taschen-8x4-75x10-5-100pcs-einkaufstaschen-cub-papiertueten-kraft-taschen\\\/\",\"url\":\"https:\\\/\\\/marktxxl.de\\\/markt\\\/produkt\\\/bagdream-geschenk-taschen-8x4-75x10-5-100pcs-einkaufstaschen-cub-papiertueten-kraft-taschen\\\/\",\"name\":\"BagDream geschenk-taschen 8x4.75x10.5 100pcs einkaufstaschen, cub, papiert\u00fcten, kraft-taschen 8x4.25x10.5\\\" lila - Markt-XXL\",\"isPartOf\":{\"@id\":\"https:\\\/\\\/marktxxl.de\\\/markt\\\/#website\"},\"primaryImageOfPage\":{\"@id\":\"https:\\\/\\\/marktxxl.de\\\/markt\\\/produkt\\\/bagdream-geschenk-taschen-8x4-75x10-5-100pcs-einkaufstaschen-cub-papiertueten-kraft-taschen\\\/#primaryimage\"},\"image\":{\"@id\":\"https:\\\/\\\/marktxxl.de\\\/markt\\\/produkt\\\/bagdream-geschenk-taschen-8x4-75x10-5-100pcs-einkaufstaschen-cub-papiertueten-kraft-taschen\\\/#primaryimage\"},\"thumbnailUrl\":\"https:\\\/\\\/m.media-amazon.com\\\/images\\\/I\\\/411Rh32IhnL._SL500_.jpg\",\"datePublished\":\"2022-10-12T07:58:08+00:00\",\"dateModified\":\"2023-04-09T02:23:51+00:00\",\"description\":\"Markt-XXL BagDream geschenk-taschen 8x4.75x10.5 100pcs einkaufstaschen, cub, papiert\u00fcten, kraft-taschen 8x4.25x10.5\\\" lila\",\"breadcrumb\":{\"@id\":\"https:\\\/\\\/marktxxl.de\\\/markt\\\/produkt\\\/bagdream-geschenk-taschen-8x4-75x10-5-100pcs-einkaufstaschen-cub-papiertueten-kraft-taschen\\\/#breadcrumb\"},\"inLanguage\":\"de\",\"potentialAction\":[{\"@type\":\"ReadAction\",\"target\":[\"https:\\\/\\\/marktxxl.de\\\/markt\\\/produkt\\\/bagdream-geschenk-taschen-8x4-75x10-5-100pcs-einkaufstaschen-cub-papiertueten-kraft-taschen\\\/\"]}]},{\"@type\":\"ImageObject\",\"inLanguage\":\"de\",\"@id\":\"https:\\\/\\\/marktxxl.de\\\/markt\\\/produkt\\\/bagdream-geschenk-taschen-8x4-75x10-5-100pcs-einkaufstaschen-cub-papiertueten-kraft-taschen\\\/#primaryimage\",\"url\":\"https:\\\/\\\/m.media-amazon.com\\\/images\\\/I\\\/411Rh32IhnL._SL500_.jpg\",\"contentUrl\":\"https:\\\/\\\/m.media-amazon.com\\\/images\\\/I\\\/411Rh32IhnL._SL500_.jpg\",\"width\":500,\"height\":500},{\"@type\":\"BreadcrumbList\",\"@id\":\"https:\\\/\\\/marktxxl.de\\\/markt\\\/produkt\\\/bagdream-geschenk-taschen-8x4-75x10-5-100pcs-einkaufstaschen-cub-papiertueten-kraft-taschen\\\/#breadcrumb\",\"itemListElement\":[{\"@type\":\"ListItem\",\"position\":1,\"name\":\"Startseite\",\"item\":\"https:\\\/\\\/marktxxl.de\\\/markt\\\/\"},{\"@type\":\"ListItem\",\"position\":2,\"name\":\"Markt\",\"item\":\"https:\\\/\\\/marktxxl.de\\\/markt\\\/\"},{\"@type\":\"ListItem\",\"position\":3,\"name\":\"BagDream geschenk-taschen 8&#215;4.75&#215;10.5 100pcs einkaufstaschen, cub, papiert\u00fcten, kraft-taschen 8&#215;4.25&#215;10.5&#8243; lila\"}]},{\"@type\":\"WebSite\",\"@id\":\"https:\\\/\\\/marktxxl.de\\\/markt\\\/#website\",\"url\":\"https:\\\/\\\/marktxxl.de\\\/markt\\\/\",\"name\":\"Markt-XXL\",\"description\":\"Ihr Markt Online\",\"publisher\":{\"@id\":\"https:\\\/\\\/marktxxl.de\\\/markt\\\/#organization\"},\"potentialAction\":[{\"@type\":\"SearchAction\",\"target\":{\"@type\":\"EntryPoint\",\"urlTemplate\":\"https:\\\/\\\/marktxxl.de\\\/markt\\\/?s={search_term_string}\"},\"query-input\":{\"@type\":\"PropertyValueSpecification\",\"valueRequired\":true,\"valueName\":\"search_term_string\"}}],\"inLanguage\":\"de\"},{\"@type\":\"Organization\",\"@id\":\"https:\\\/\\\/marktxxl.de\\\/markt\\\/#organization\",\"name\":\"Markt-XXL\",\"url\":\"https:\\\/\\\/marktxxl.de\\\/markt\\\/\",\"logo\":{\"@type\":\"ImageObject\",\"inLanguage\":\"de\",\"@id\":\"https:\\\/\\\/marktxxl.de\\\/markt\\\/#\\\/schema\\\/logo\\\/image\\\/\",\"url\":\"https:\\\/\\\/marktxxl.de\\\/markt\\\/wp-content\\\/uploads\\\/sites\\\/3\\\/2020\\\/12\\\/logo.png\",\"contentUrl\":\"https:\\\/\\\/marktxxl.de\\\/markt\\\/wp-content\\\/uploads\\\/sites\\\/3\\\/2020\\\/12\\\/logo.png\",\"width\":200,\"height\":70,\"caption\":\"Markt-XXL\"},\"image\":{\"@id\":\"https:\\\/\\\/marktxxl.de\\\/markt\\\/#\\\/schema\\\/logo\\\/image\\\/\"}}]}<\/script>\n<!-- \/ Yoast SEO plugin. -->","yoast_head_json":{"title":"BagDream geschenk-taschen 8x4.75x10.5 100pcs einkaufstaschen, cub, papiert\u00fcten, kraft-taschen 8x4.25x10.5\" lila - Markt-XXL","description":"Markt-XXL BagDream geschenk-taschen 8x4.75x10.5 100pcs einkaufstaschen, cub, papiert\u00fcten, kraft-taschen 8x4.25x10.5\" lila","robots":{"index":"index","follow":"follow","max-snippet":"max-snippet:-1","max-image-preview":"max-image-preview:large","max-video-preview":"max-video-preview:-1"},"canonical":"https:\/\/marktxxl.de\/markt\/produkt\/bagdream-geschenk-taschen-8x4-75x10-5-100pcs-einkaufstaschen-cub-papiertueten-kraft-taschen\/","og_locale":"de_DE","og_type":"article","og_title":"BagDream geschenk-taschen 8x4.75x10.5 100pcs einkaufstaschen, cub, papiert\u00fcten, kraft-taschen 8x4.25x10.5\" lila - Markt-XXL","og_description":"Markt-XXL BagDream geschenk-taschen 8x4.75x10.5 100pcs einkaufstaschen, cub, papiert\u00fcten, kraft-taschen 8x4.25x10.5\" lila","og_url":"https:\/\/marktxxl.de\/markt\/produkt\/bagdream-geschenk-taschen-8x4-75x10-5-100pcs-einkaufstaschen-cub-papiertueten-kraft-taschen\/","og_site_name":"Markt-XXL","article_modified_time":"2023-04-09T02:23:51+00:00","og_image":[{"width":500,"height":500,"url":"https:\/\/m.media-amazon.com\/images\/I\/411Rh32IhnL._SL500_.jpg","type":"image\/jpeg"}],"twitter_card":"summary_large_image","twitter_misc":{"Gesch\u00e4tzte Lesezeit":"1\u00a0Minute"},"schema":{"@context":"https:\/\/schema.org","@graph":[{"@type":"WebPage","@id":"https:\/\/marktxxl.de\/markt\/produkt\/bagdream-geschenk-taschen-8x4-75x10-5-100pcs-einkaufstaschen-cub-papiertueten-kraft-taschen\/","url":"https:\/\/marktxxl.de\/markt\/produkt\/bagdream-geschenk-taschen-8x4-75x10-5-100pcs-einkaufstaschen-cub-papiertueten-kraft-taschen\/","name":"BagDream geschenk-taschen 8x4.75x10.5 100pcs einkaufstaschen, cub, papiert\u00fcten, kraft-taschen 8x4.25x10.5\" lila - Markt-XXL","isPartOf":{"@id":"https:\/\/marktxxl.de\/markt\/#website"},"primaryImageOfPage":{"@id":"https:\/\/marktxxl.de\/markt\/produkt\/bagdream-geschenk-taschen-8x4-75x10-5-100pcs-einkaufstaschen-cub-papiertueten-kraft-taschen\/#primaryimage"},"image":{"@id":"https:\/\/marktxxl.de\/markt\/produkt\/bagdream-geschenk-taschen-8x4-75x10-5-100pcs-einkaufstaschen-cub-papiertueten-kraft-taschen\/#primaryimage"},"thumbnailUrl":"https:\/\/m.media-amazon.com\/images\/I\/411Rh32IhnL._SL500_.jpg","datePublished":"2022-10-12T07:58:08+00:00","dateModified":"2023-04-09T02:23:51+00:00","description":"Markt-XXL BagDream geschenk-taschen 8x4.75x10.5 100pcs einkaufstaschen, cub, papiert\u00fcten, kraft-taschen 8x4.25x10.5\" lila","breadcrumb":{"@id":"https:\/\/marktxxl.de\/markt\/produkt\/bagdream-geschenk-taschen-8x4-75x10-5-100pcs-einkaufstaschen-cub-papiertueten-kraft-taschen\/#breadcrumb"},"inLanguage":"de","potentialAction":[{"@type":"ReadAction","target":["https:\/\/marktxxl.de\/markt\/produkt\/bagdream-geschenk-taschen-8x4-75x10-5-100pcs-einkaufstaschen-cub-papiertueten-kraft-taschen\/"]}]},{"@type":"ImageObject","inLanguage":"de","@id":"https:\/\/marktxxl.de\/markt\/produkt\/bagdream-geschenk-taschen-8x4-75x10-5-100pcs-einkaufstaschen-cub-papiertueten-kraft-taschen\/#primaryimage","url":"https:\/\/m.media-amazon.com\/images\/I\/411Rh32IhnL._SL500_.jpg","contentUrl":"https:\/\/m.media-amazon.com\/images\/I\/411Rh32IhnL._SL500_.jpg","width":500,"height":500},{"@type":"BreadcrumbList","@id":"https:\/\/marktxxl.de\/markt\/produkt\/bagdream-geschenk-taschen-8x4-75x10-5-100pcs-einkaufstaschen-cub-papiertueten-kraft-taschen\/#breadcrumb","itemListElement":[{"@type":"ListItem","position":1,"name":"Startseite","item":"https:\/\/marktxxl.de\/markt\/"},{"@type":"ListItem","position":2,"name":"Markt","item":"https:\/\/marktxxl.de\/markt\/"},{"@type":"ListItem","position":3,"name":"BagDream geschenk-taschen 8&#215;4.75&#215;10.5 100pcs einkaufstaschen, cub, papiert\u00fcten, kraft-taschen 8&#215;4.25&#215;10.5&#8243; lila"}]},{"@type":"WebSite","@id":"https:\/\/marktxxl.de\/markt\/#website","url":"https:\/\/marktxxl.de\/markt\/","name":"Markt-XXL","description":"Ihr Markt Online","publisher":{"@id":"https:\/\/marktxxl.de\/markt\/#organization"},"potentialAction":[{"@type":"SearchAction","target":{"@type":"EntryPoint","urlTemplate":"https:\/\/marktxxl.de\/markt\/?s={search_term_string}"},"query-input":{"@type":"PropertyValueSpecification","valueRequired":true,"valueName":"search_term_string"}}],"inLanguage":"de"},{"@type":"Organization","@id":"https:\/\/marktxxl.de\/markt\/#organization","name":"Markt-XXL","url":"https:\/\/marktxxl.de\/markt\/","logo":{"@type":"ImageObject","inLanguage":"de","@id":"https:\/\/marktxxl.de\/markt\/#\/schema\/logo\/image\/","url":"https:\/\/marktxxl.de\/markt\/wp-content\/uploads\/sites\/3\/2020\/12\/logo.png","contentUrl":"https:\/\/marktxxl.de\/markt\/wp-content\/uploads\/sites\/3\/2020\/12\/logo.png","width":200,"height":70,"caption":"Markt-XXL"},"image":{"@id":"https:\/\/marktxxl.de\/markt\/#\/schema\/logo\/image\/"}}]}},"_links":{"self":[{"href":"https:\/\/marktxxl.de\/markt\/wp-json\/wp\/v2\/product\/160016","targetHints":{"allow":["GET"]}}],"collection":[{"href":"https:\/\/marktxxl.de\/markt\/wp-json\/wp\/v2\/product"}],"about":[{"href":"https:\/\/marktxxl.de\/markt\/wp-json\/wp\/v2\/types\/product"}],"replies":[{"embeddable":true,"href":"https:\/\/marktxxl.de\/markt\/wp-json\/wp\/v2\/comments?post=160016"}],"wp:featuredmedia":[{"embeddable":true,"href":"https:\/\/marktxxl.de\/markt\/wp-json\/wp\/v2\/media\/160017"}],"wp:attachment":[{"href":"https:\/\/marktxxl.de\/markt\/wp-json\/wp\/v2\/media?parent=160016"}],"wp:term":[{"taxonomy":"product_brand","embeddable":true,"href":"https:\/\/marktxxl.de\/markt\/wp-json\/wp\/v2\/product_brand?post=160016"},{"taxonomy":"product_cat","embeddable":true,"href":"https:\/\/marktxxl.de\/markt\/wp-json\/wp\/v2\/product_cat?post=160016"},{"taxonomy":"product_tag","embeddable":true,"href":"https:\/\/marktxxl.de\/markt\/wp-json\/wp\/v2\/product_tag?post=160016"}],"curies":[{"name":"wp","href":"https:\/\/api.w.org\/{rel}","templated":true}]}}