{"id":159499,"date":"2022-10-12T08:52:21","date_gmt":"2022-10-12T06:52:21","guid":{"rendered":"https:\/\/marktxxl.de\/markt\/produkt\/gorjuss-familienkalender-2022-platz-zum-planen-von-5-personen\/"},"modified":"2023-04-10T04:49:43","modified_gmt":"2023-04-10T02:49:43","slug":"gorjuss-familienkalender-2022-platz-zum-planen-von-5-personen","status":"publish","type":"product","link":"https:\/\/marktxxl.de\/markt\/produkt\/gorjuss-familienkalender-2022-platz-zum-planen-von-5-personen\/","title":{"rendered":"Gorjuss Familienkalender 2022, Platz zum Planen von 5 Personen."},"content":{"rendered":"<p>Organisieren Sie sich mit unserem Gorjuss Familien-Wandkalender. Genie\u00dfen Sie jeden Monat einen anderen Charakter, mit Platz f\u00fcr bis zu 5 Personen. Perfekt f\u00fcr vielbesch\u00e4ftigte Familien, die immer unterwegs sind<br \/>\nMerkmale \u2013 13-Monatskalender, Platz f\u00fcr 5 Familienmitglieder, Aufbewahrungstasche, 140 Gorjuss-Sticker<br \/>\nMa\u00dfe: 30,5 x 30,5 x 0,5 cm<br \/>\n<div class=\"main-cross-sell\" data-asin=\"B09BZBRNB4\">\n\n\t<div class=\"WooZone-cross-sell-loader\">\n\t\t<div>\n\t\t\t<div id=\"floatingBarsG\">\n\t\t\t\t<div class=\"blockG\" id=\"rotateG_01\"><\/div>\n\t\t\t\t<div class=\"blockG\" id=\"rotateG_02\"><\/div>\n\t\t\t\t<div class=\"blockG\" id=\"rotateG_03\"><\/div>\n\t\t\t\t<div class=\"blockG\" id=\"rotateG_04\"><\/div>\n\t\t\t\t<div class=\"blockG\" id=\"rotateG_05\"><\/div>\n\t\t\t\t<div class=\"blockG\" id=\"rotateG_06\"><\/div>\n\t\t\t\t<div class=\"blockG\" id=\"rotateG_07\"><\/div>\n\t\t\t\t<div class=\"blockG\" id=\"rotateG_08\"><\/div>\n\t\t\t<\/div>\n\t\t\t<div class=\"WooZone-cross-sell-loader-text\"><\/div>\n\t\t<\/div>\n\t<\/div>\n\n\t\t\n<\/div>\n<div style=\"clear:both;\"><\/div><\/p>\n","protected":false},"excerpt":{"rendered":"<p>Organisieren Sie sich mit unserem Gorjuss Familien-Wandkalender. Genie\u00dfen Sie jeden Monat einen anderen Charakter, mit Platz f\u00fcr bis zu 5 Personen. Perfekt f\u00fcr vielbesch\u00e4ftigte Familien, die immer unterwegs sind<br \/>\nMerkmale \u2013 13-Monatskalender, Platz f\u00fcr 5 Familienmitglieder, Aufbewahrungstasche, 140 Gorjuss-Sticker<br \/>\nMa\u00dfe: 30,5 x 30,5 x 0,5 cm<\/p>\n","protected":false},"featured_media":159500,"comment_status":"open","ping_status":"closed","template":"","meta":[],"product_brand":[],"product_cat":[504,8381],"product_tag":[],"class_list":{"0":"post-159499","1":"product","2":"type-product","3":"status-publish","4":"has-post-thumbnail","6":"product_cat-buerobedarf-schreibwaren","7":"product_cat-kalender-planer-und-organizer","8":"pa_brand-santoro","9":"pa_color-violett","10":"pa_height-12-0078740035-zoll","11":"pa_length-0-1968503935-zoll","12":"pa_manufacturer-gorjuss-by-santoro","13":"pa_width-12-0078740035-zoll","15":"first","16":"instock","17":"shipping-taxable","18":"purchasable","19":"product-type-simple","20":"customify-col","21":"product-has-gallery"},"yoast_head":"<!-- This site is optimized with the Yoast SEO plugin v27.3 - https:\/\/yoast.com\/product\/yoast-seo-wordpress\/ -->\n<title>Gorjuss Familienkalender 2022, Platz zum Planen von 5 Personen. - Markt-XXL<\/title>\n<meta name=\"description\" content=\"Markt-XXL Gorjuss Familienkalender 2022, Platz zum Planen von 5 Personen.\" \/>\n<meta name=\"robots\" content=\"index, follow, max-snippet:-1, max-image-preview:large, max-video-preview:-1\" \/>\n<link rel=\"canonical\" href=\"https:\/\/marktxxl.de\/markt\/produkt\/gorjuss-familienkalender-2022-platz-zum-planen-von-5-personen\/\" \/>\n<meta property=\"og:locale\" content=\"de_DE\" \/>\n<meta property=\"og:type\" content=\"article\" \/>\n<meta property=\"og:title\" content=\"Gorjuss Familienkalender 2022, Platz zum Planen von 5 Personen. - Markt-XXL\" \/>\n<meta property=\"og:description\" content=\"Markt-XXL Gorjuss Familienkalender 2022, Platz zum Planen von 5 Personen.\" \/>\n<meta property=\"og:url\" content=\"https:\/\/marktxxl.de\/markt\/produkt\/gorjuss-familienkalender-2022-platz-zum-planen-von-5-personen\/\" \/>\n<meta property=\"og:site_name\" content=\"Markt-XXL\" \/>\n<meta property=\"article:modified_time\" content=\"2023-04-10T02:49:43+00:00\" \/>\n<meta property=\"og:image\" content=\"https:\/\/m.media-amazon.com\/images\/I\/515IJmUlD8L._SL500_.jpg\" \/>\n\t<meta property=\"og:image:width\" content=\"500\" \/>\n\t<meta property=\"og:image:height\" content=\"500\" \/>\n\t<meta property=\"og:image:type\" content=\"image\/jpeg\" \/>\n<meta name=\"twitter:card\" content=\"summary_large_image\" \/>\n<script type=\"application\/ld+json\" class=\"yoast-schema-graph\">{\"@context\":\"https:\\\/\\\/schema.org\",\"@graph\":[{\"@type\":\"WebPage\",\"@id\":\"https:\\\/\\\/marktxxl.de\\\/markt\\\/produkt\\\/gorjuss-familienkalender-2022-platz-zum-planen-von-5-personen\\\/\",\"url\":\"https:\\\/\\\/marktxxl.de\\\/markt\\\/produkt\\\/gorjuss-familienkalender-2022-platz-zum-planen-von-5-personen\\\/\",\"name\":\"Gorjuss Familienkalender 2022, Platz zum Planen von 5 Personen. - Markt-XXL\",\"isPartOf\":{\"@id\":\"https:\\\/\\\/marktxxl.de\\\/markt\\\/#website\"},\"primaryImageOfPage\":{\"@id\":\"https:\\\/\\\/marktxxl.de\\\/markt\\\/produkt\\\/gorjuss-familienkalender-2022-platz-zum-planen-von-5-personen\\\/#primaryimage\"},\"image\":{\"@id\":\"https:\\\/\\\/marktxxl.de\\\/markt\\\/produkt\\\/gorjuss-familienkalender-2022-platz-zum-planen-von-5-personen\\\/#primaryimage\"},\"thumbnailUrl\":\"https:\\\/\\\/m.media-amazon.com\\\/images\\\/I\\\/515IJmUlD8L._SL500_.jpg\",\"datePublished\":\"2022-10-12T06:52:21+00:00\",\"dateModified\":\"2023-04-10T02:49:43+00:00\",\"description\":\"Markt-XXL Gorjuss Familienkalender 2022, Platz zum Planen von 5 Personen.\",\"breadcrumb\":{\"@id\":\"https:\\\/\\\/marktxxl.de\\\/markt\\\/produkt\\\/gorjuss-familienkalender-2022-platz-zum-planen-von-5-personen\\\/#breadcrumb\"},\"inLanguage\":\"de\",\"potentialAction\":[{\"@type\":\"ReadAction\",\"target\":[\"https:\\\/\\\/marktxxl.de\\\/markt\\\/produkt\\\/gorjuss-familienkalender-2022-platz-zum-planen-von-5-personen\\\/\"]}]},{\"@type\":\"ImageObject\",\"inLanguage\":\"de\",\"@id\":\"https:\\\/\\\/marktxxl.de\\\/markt\\\/produkt\\\/gorjuss-familienkalender-2022-platz-zum-planen-von-5-personen\\\/#primaryimage\",\"url\":\"https:\\\/\\\/m.media-amazon.com\\\/images\\\/I\\\/515IJmUlD8L._SL500_.jpg\",\"contentUrl\":\"https:\\\/\\\/m.media-amazon.com\\\/images\\\/I\\\/515IJmUlD8L._SL500_.jpg\",\"width\":500,\"height\":500},{\"@type\":\"BreadcrumbList\",\"@id\":\"https:\\\/\\\/marktxxl.de\\\/markt\\\/produkt\\\/gorjuss-familienkalender-2022-platz-zum-planen-von-5-personen\\\/#breadcrumb\",\"itemListElement\":[{\"@type\":\"ListItem\",\"position\":1,\"name\":\"Startseite\",\"item\":\"https:\\\/\\\/marktxxl.de\\\/markt\\\/\"},{\"@type\":\"ListItem\",\"position\":2,\"name\":\"Markt\",\"item\":\"https:\\\/\\\/marktxxl.de\\\/markt\\\/\"},{\"@type\":\"ListItem\",\"position\":3,\"name\":\"Gorjuss Familienkalender 2022, Platz zum Planen von 5 Personen.\"}]},{\"@type\":\"WebSite\",\"@id\":\"https:\\\/\\\/marktxxl.de\\\/markt\\\/#website\",\"url\":\"https:\\\/\\\/marktxxl.de\\\/markt\\\/\",\"name\":\"Markt-XXL\",\"description\":\"Ihr Markt Online\",\"publisher\":{\"@id\":\"https:\\\/\\\/marktxxl.de\\\/markt\\\/#organization\"},\"potentialAction\":[{\"@type\":\"SearchAction\",\"target\":{\"@type\":\"EntryPoint\",\"urlTemplate\":\"https:\\\/\\\/marktxxl.de\\\/markt\\\/?s={search_term_string}\"},\"query-input\":{\"@type\":\"PropertyValueSpecification\",\"valueRequired\":true,\"valueName\":\"search_term_string\"}}],\"inLanguage\":\"de\"},{\"@type\":\"Organization\",\"@id\":\"https:\\\/\\\/marktxxl.de\\\/markt\\\/#organization\",\"name\":\"Markt-XXL\",\"url\":\"https:\\\/\\\/marktxxl.de\\\/markt\\\/\",\"logo\":{\"@type\":\"ImageObject\",\"inLanguage\":\"de\",\"@id\":\"https:\\\/\\\/marktxxl.de\\\/markt\\\/#\\\/schema\\\/logo\\\/image\\\/\",\"url\":\"https:\\\/\\\/marktxxl.de\\\/markt\\\/wp-content\\\/uploads\\\/sites\\\/3\\\/2020\\\/12\\\/logo.png\",\"contentUrl\":\"https:\\\/\\\/marktxxl.de\\\/markt\\\/wp-content\\\/uploads\\\/sites\\\/3\\\/2020\\\/12\\\/logo.png\",\"width\":200,\"height\":70,\"caption\":\"Markt-XXL\"},\"image\":{\"@id\":\"https:\\\/\\\/marktxxl.de\\\/markt\\\/#\\\/schema\\\/logo\\\/image\\\/\"}}]}<\/script>\n<!-- \/ Yoast SEO plugin. -->","yoast_head_json":{"title":"Gorjuss Familienkalender 2022, Platz zum Planen von 5 Personen. - Markt-XXL","description":"Markt-XXL Gorjuss Familienkalender 2022, Platz zum Planen von 5 Personen.","robots":{"index":"index","follow":"follow","max-snippet":"max-snippet:-1","max-image-preview":"max-image-preview:large","max-video-preview":"max-video-preview:-1"},"canonical":"https:\/\/marktxxl.de\/markt\/produkt\/gorjuss-familienkalender-2022-platz-zum-planen-von-5-personen\/","og_locale":"de_DE","og_type":"article","og_title":"Gorjuss Familienkalender 2022, Platz zum Planen von 5 Personen. - Markt-XXL","og_description":"Markt-XXL Gorjuss Familienkalender 2022, Platz zum Planen von 5 Personen.","og_url":"https:\/\/marktxxl.de\/markt\/produkt\/gorjuss-familienkalender-2022-platz-zum-planen-von-5-personen\/","og_site_name":"Markt-XXL","article_modified_time":"2023-04-10T02:49:43+00:00","og_image":[{"width":500,"height":500,"url":"https:\/\/m.media-amazon.com\/images\/I\/515IJmUlD8L._SL500_.jpg","type":"image\/jpeg"}],"twitter_card":"summary_large_image","schema":{"@context":"https:\/\/schema.org","@graph":[{"@type":"WebPage","@id":"https:\/\/marktxxl.de\/markt\/produkt\/gorjuss-familienkalender-2022-platz-zum-planen-von-5-personen\/","url":"https:\/\/marktxxl.de\/markt\/produkt\/gorjuss-familienkalender-2022-platz-zum-planen-von-5-personen\/","name":"Gorjuss Familienkalender 2022, Platz zum Planen von 5 Personen. - Markt-XXL","isPartOf":{"@id":"https:\/\/marktxxl.de\/markt\/#website"},"primaryImageOfPage":{"@id":"https:\/\/marktxxl.de\/markt\/produkt\/gorjuss-familienkalender-2022-platz-zum-planen-von-5-personen\/#primaryimage"},"image":{"@id":"https:\/\/marktxxl.de\/markt\/produkt\/gorjuss-familienkalender-2022-platz-zum-planen-von-5-personen\/#primaryimage"},"thumbnailUrl":"https:\/\/m.media-amazon.com\/images\/I\/515IJmUlD8L._SL500_.jpg","datePublished":"2022-10-12T06:52:21+00:00","dateModified":"2023-04-10T02:49:43+00:00","description":"Markt-XXL Gorjuss Familienkalender 2022, Platz zum Planen von 5 Personen.","breadcrumb":{"@id":"https:\/\/marktxxl.de\/markt\/produkt\/gorjuss-familienkalender-2022-platz-zum-planen-von-5-personen\/#breadcrumb"},"inLanguage":"de","potentialAction":[{"@type":"ReadAction","target":["https:\/\/marktxxl.de\/markt\/produkt\/gorjuss-familienkalender-2022-platz-zum-planen-von-5-personen\/"]}]},{"@type":"ImageObject","inLanguage":"de","@id":"https:\/\/marktxxl.de\/markt\/produkt\/gorjuss-familienkalender-2022-platz-zum-planen-von-5-personen\/#primaryimage","url":"https:\/\/m.media-amazon.com\/images\/I\/515IJmUlD8L._SL500_.jpg","contentUrl":"https:\/\/m.media-amazon.com\/images\/I\/515IJmUlD8L._SL500_.jpg","width":500,"height":500},{"@type":"BreadcrumbList","@id":"https:\/\/marktxxl.de\/markt\/produkt\/gorjuss-familienkalender-2022-platz-zum-planen-von-5-personen\/#breadcrumb","itemListElement":[{"@type":"ListItem","position":1,"name":"Startseite","item":"https:\/\/marktxxl.de\/markt\/"},{"@type":"ListItem","position":2,"name":"Markt","item":"https:\/\/marktxxl.de\/markt\/"},{"@type":"ListItem","position":3,"name":"Gorjuss Familienkalender 2022, Platz zum Planen von 5 Personen."}]},{"@type":"WebSite","@id":"https:\/\/marktxxl.de\/markt\/#website","url":"https:\/\/marktxxl.de\/markt\/","name":"Markt-XXL","description":"Ihr Markt Online","publisher":{"@id":"https:\/\/marktxxl.de\/markt\/#organization"},"potentialAction":[{"@type":"SearchAction","target":{"@type":"EntryPoint","urlTemplate":"https:\/\/marktxxl.de\/markt\/?s={search_term_string}"},"query-input":{"@type":"PropertyValueSpecification","valueRequired":true,"valueName":"search_term_string"}}],"inLanguage":"de"},{"@type":"Organization","@id":"https:\/\/marktxxl.de\/markt\/#organization","name":"Markt-XXL","url":"https:\/\/marktxxl.de\/markt\/","logo":{"@type":"ImageObject","inLanguage":"de","@id":"https:\/\/marktxxl.de\/markt\/#\/schema\/logo\/image\/","url":"https:\/\/marktxxl.de\/markt\/wp-content\/uploads\/sites\/3\/2020\/12\/logo.png","contentUrl":"https:\/\/marktxxl.de\/markt\/wp-content\/uploads\/sites\/3\/2020\/12\/logo.png","width":200,"height":70,"caption":"Markt-XXL"},"image":{"@id":"https:\/\/marktxxl.de\/markt\/#\/schema\/logo\/image\/"}}]}},"_links":{"self":[{"href":"https:\/\/marktxxl.de\/markt\/wp-json\/wp\/v2\/product\/159499","targetHints":{"allow":["GET"]}}],"collection":[{"href":"https:\/\/marktxxl.de\/markt\/wp-json\/wp\/v2\/product"}],"about":[{"href":"https:\/\/marktxxl.de\/markt\/wp-json\/wp\/v2\/types\/product"}],"replies":[{"embeddable":true,"href":"https:\/\/marktxxl.de\/markt\/wp-json\/wp\/v2\/comments?post=159499"}],"wp:featuredmedia":[{"embeddable":true,"href":"https:\/\/marktxxl.de\/markt\/wp-json\/wp\/v2\/media\/159500"}],"wp:attachment":[{"href":"https:\/\/marktxxl.de\/markt\/wp-json\/wp\/v2\/media?parent=159499"}],"wp:term":[{"taxonomy":"product_brand","embeddable":true,"href":"https:\/\/marktxxl.de\/markt\/wp-json\/wp\/v2\/product_brand?post=159499"},{"taxonomy":"product_cat","embeddable":true,"href":"https:\/\/marktxxl.de\/markt\/wp-json\/wp\/v2\/product_cat?post=159499"},{"taxonomy":"product_tag","embeddable":true,"href":"https:\/\/marktxxl.de\/markt\/wp-json\/wp\/v2\/product_tag?post=159499"}],"curies":[{"name":"wp","href":"https:\/\/api.w.org\/{rel}","templated":true}]}}