{"id":159471,"date":"2022-10-12T08:50:35","date_gmt":"2022-10-12T06:50:35","guid":{"rendered":"https:\/\/marktxxl.de\/markt\/produkt\/schoener-magnetischer-kuehlschrankkalender-laeuft-ab-juli-2022-bis-dezember-2023-der-perfekte-monatskalender-mit-saisonalen-designs-fuer-einfache-planung\/"},"modified":"2023-04-10T04:49:43","modified_gmt":"2023-04-10T02:49:43","slug":"schoener-magnetischer-kuehlschrankkalender-laeuft-ab-juli-2022-bis-dezember-2023-der-perfekte-monatskalender-mit-saisonalen-designs-fuer-einfache-planung","status":"publish","type":"product","link":"https:\/\/marktxxl.de\/markt\/produkt\/schoener-magnetischer-kuehlschrankkalender-laeuft-ab-juli-2022-bis-dezember-2023-der-perfekte-monatskalender-mit-saisonalen-designs-fuer-einfache-planung\/","title":{"rendered":"Sch\u00f6ner magnetischer K\u00fchlschrankkalender \u2013 l\u00e4uft bis Dezember 2023 \u2013 der perfekte Monatskalender mit saisonalen Designs\u2026"},"content":{"rendered":"<p>Seien Sie organisiert und bleiben Sie auf dem Laufen: Mit dem wundersch\u00f6nen magnetischen Kalender (33 x 29,2 cm) ist die Planung und F\u00f6rderung Ihrer Produktivit\u00e4t super einfach. Sehen Sie alle Termine, Fristen, Geburtstage, Feiertage und andere Termine (Valentinstag, Liebesv\u00f6gel). auf einen Blick<br \/>\nSteigern Sie Ihre Produktivit\u00e4t: Der ZICOTO Tageskalender ist hier, um Ihr Leben zu vereinfachen. Monatsansichtseiten von Juli 2022 &#8211; Dezember 2023 f\u00fcr eine einfache und effektive Planung. Perfekt, um Ihre t\u00e4glichen Aufgaben, Ziele und Acadamec-Jahresplanung zu verfolgen<br \/>\nIhr einzigartiger magnetischer K\u00fchlschrankkalender: Verwenden Sie den Schreibtischkalender als Erweiterung Ihres Gehirns und verwandeln Sie ihn in Ihr organisatorisches Meisterwerk<br \/>\nH\u00fcbsches Blumen-Design: Der K\u00fchlschrank-Kalender ist nicht nur ein Premium-Planungswerkzeug, sondern auch eine sch\u00f6ne Dekoration; alle Designs verleihen Ihrem B\u00fcro, Zuhause oder Klassenzimmer eine entspannte Atmosph\u00e4re<br \/>\n\u00dcberlegenes Material: aus extra dickem Premium-Papier, das l\u00e4stiges Durchlaufen der Tinte verhindert. Der starke Magnet erm\u00f6glicht es Ihnen, Ihren neuen magnetischen Notizblock einfach an Ihren K\u00fchlschrank und Co. aufzuh\u00e4ngen.<br \/>\n<div class=\"main-cross-sell\" data-asin=\"B09X7H1PTY\">\n\n\t<div class=\"WooZone-cross-sell-loader\">\n\t\t<div>\n\t\t\t<div id=\"floatingBarsG\">\n\t\t\t\t<div class=\"blockG\" id=\"rotateG_01\"><\/div>\n\t\t\t\t<div class=\"blockG\" id=\"rotateG_02\"><\/div>\n\t\t\t\t<div class=\"blockG\" id=\"rotateG_03\"><\/div>\n\t\t\t\t<div class=\"blockG\" id=\"rotateG_04\"><\/div>\n\t\t\t\t<div class=\"blockG\" id=\"rotateG_05\"><\/div>\n\t\t\t\t<div class=\"blockG\" id=\"rotateG_06\"><\/div>\n\t\t\t\t<div class=\"blockG\" id=\"rotateG_07\"><\/div>\n\t\t\t\t<div class=\"blockG\" id=\"rotateG_08\"><\/div>\n\t\t\t<\/div>\n\t\t\t<div class=\"WooZone-cross-sell-loader-text\"><\/div>\n\t\t<\/div>\n\t<\/div>\n\n\t\t\n<\/div>\n<div style=\"clear:both;\"><\/div><\/p>\n","protected":false},"excerpt":{"rendered":"<p>Seien Sie organisiert und bleiben Sie auf dem Laufen: Mit dem wundersch\u00f6nen magnetischen Kalender (33 x 29,2 cm) ist die Planung und F\u00f6rderung Ihrer Produktivit\u00e4t super einfach. Sehen Sie alle Termine, Fristen, Geburtstage, Feiertage und andere Termine (Valentinstag, Liebesv\u00f6gel). auf einen Blick<br \/>\nSteigern Sie Ihre Produktivit\u00e4t: Der ZICOTO Tageskalender ist hier, um Ihr Leben zu vereinfachen. Monatsansichtseiten von Juli 2022 &#8211; Dezember 2023 f\u00fcr eine einfache und effektive Planung. Perfekt, um Ihre t\u00e4glichen Aufgaben, Ziele und Acadamec-Jahresplanung zu verfolgen<br \/>\nIhr einzigartiger magnetischer K\u00fchlschrankkalender: Verwenden Sie den Schreibtischkalender als Erweiterung Ihres Gehirns und verwandeln Sie ihn in Ihr organisatorisches Meisterwerk<\/p>\n","protected":false},"featured_media":159472,"comment_status":"open","ping_status":"closed","template":"","meta":[],"product_brand":[],"product_cat":[504,8381],"product_tag":[],"class_list":{"0":"post-159471","1":"product","2":"type-product","3":"status-publish","4":"has-post-thumbnail","6":"product_cat-buerobedarf-schreibwaren","7":"product_cat-kalender-planer-und-organizer","8":"pa_brand-zicoto","9":"pa_color-blumenmuster","10":"pa_height-0-45-zoll","11":"pa_length-13-zoll","12":"pa_manufacturer-zicoto","13":"pa_width-11-4-zoll","15":"first","16":"instock","17":"shipping-taxable","18":"purchasable","19":"product-type-simple","20":"customify-col","21":"product-has-gallery"},"yoast_head":"<!-- This site is optimized with the Yoast SEO plugin v27.4 - https:\/\/yoast.com\/product\/yoast-seo-wordpress\/ -->\n<title>Sch\u00f6ner magnetischer K\u00fchlschrankkalender \u2013 l\u00e4uft bis Dezember 2023 \u2013 der perfekte Monatskalender mit saisonalen Designs\u2026 - Markt-XXL<\/title>\n<meta name=\"description\" content=\"Markt-XXL Sch\u00f6ner magnetischer K\u00fchlschrankkalender \u2013 l\u00e4uft bis Dezember 2023 \u2013 der perfekte Monatskalender mit saisonalen Designs\u2026\" \/>\n<meta name=\"robots\" content=\"index, follow, max-snippet:-1, max-image-preview:large, max-video-preview:-1\" \/>\n<link rel=\"canonical\" href=\"https:\/\/marktxxl.de\/markt\/produkt\/schoener-magnetischer-kuehlschrankkalender-laeuft-ab-juli-2022-bis-dezember-2023-der-perfekte-monatskalender-mit-saisonalen-designs-fuer-einfache-planung\/\" \/>\n<meta property=\"og:locale\" content=\"de_DE\" \/>\n<meta property=\"og:type\" content=\"article\" \/>\n<meta property=\"og:title\" content=\"Sch\u00f6ner magnetischer K\u00fchlschrankkalender \u2013 l\u00e4uft bis Dezember 2023 \u2013 der perfekte Monatskalender mit saisonalen Designs\u2026 - Markt-XXL\" \/>\n<meta property=\"og:description\" content=\"Markt-XXL Sch\u00f6ner magnetischer K\u00fchlschrankkalender \u2013 l\u00e4uft bis Dezember 2023 \u2013 der perfekte Monatskalender mit saisonalen Designs\u2026\" \/>\n<meta property=\"og:url\" content=\"https:\/\/marktxxl.de\/markt\/produkt\/schoener-magnetischer-kuehlschrankkalender-laeuft-ab-juli-2022-bis-dezember-2023-der-perfekte-monatskalender-mit-saisonalen-designs-fuer-einfache-planung\/\" \/>\n<meta property=\"og:site_name\" content=\"Markt-XXL\" \/>\n<meta property=\"article:modified_time\" content=\"2023-04-10T02:49:43+00:00\" \/>\n<meta property=\"og:image\" content=\"https:\/\/m.media-amazon.com\/images\/I\/41XMZs2m94L._SL500_.jpg\" \/>\n\t<meta property=\"og:image:width\" content=\"500\" \/>\n\t<meta property=\"og:image:height\" content=\"500\" \/>\n\t<meta property=\"og:image:type\" content=\"image\/jpeg\" \/>\n<meta name=\"twitter:card\" content=\"summary_large_image\" \/>\n<meta name=\"twitter:label1\" content=\"Gesch\u00e4tzte Lesezeit\" \/>\n\t<meta name=\"twitter:data1\" content=\"1\u00a0Minute\" \/>\n<script type=\"application\/ld+json\" class=\"yoast-schema-graph\">{\"@context\":\"https:\\\/\\\/schema.org\",\"@graph\":[{\"@type\":\"WebPage\",\"@id\":\"https:\\\/\\\/marktxxl.de\\\/markt\\\/produkt\\\/schoener-magnetischer-kuehlschrankkalender-laeuft-ab-juli-2022-bis-dezember-2023-der-perfekte-monatskalender-mit-saisonalen-designs-fuer-einfache-planung\\\/\",\"url\":\"https:\\\/\\\/marktxxl.de\\\/markt\\\/produkt\\\/schoener-magnetischer-kuehlschrankkalender-laeuft-ab-juli-2022-bis-dezember-2023-der-perfekte-monatskalender-mit-saisonalen-designs-fuer-einfache-planung\\\/\",\"name\":\"Sch\u00f6ner magnetischer K\u00fchlschrankkalender \u2013 l\u00e4uft bis Dezember 2023 \u2013 der perfekte Monatskalender mit saisonalen Designs\u2026 - Markt-XXL\",\"isPartOf\":{\"@id\":\"https:\\\/\\\/marktxxl.de\\\/markt\\\/#website\"},\"primaryImageOfPage\":{\"@id\":\"https:\\\/\\\/marktxxl.de\\\/markt\\\/produkt\\\/schoener-magnetischer-kuehlschrankkalender-laeuft-ab-juli-2022-bis-dezember-2023-der-perfekte-monatskalender-mit-saisonalen-designs-fuer-einfache-planung\\\/#primaryimage\"},\"image\":{\"@id\":\"https:\\\/\\\/marktxxl.de\\\/markt\\\/produkt\\\/schoener-magnetischer-kuehlschrankkalender-laeuft-ab-juli-2022-bis-dezember-2023-der-perfekte-monatskalender-mit-saisonalen-designs-fuer-einfache-planung\\\/#primaryimage\"},\"thumbnailUrl\":\"https:\\\/\\\/m.media-amazon.com\\\/images\\\/I\\\/41XMZs2m94L._SL500_.jpg\",\"datePublished\":\"2022-10-12T06:50:35+00:00\",\"dateModified\":\"2023-04-10T02:49:43+00:00\",\"description\":\"Markt-XXL Sch\u00f6ner magnetischer K\u00fchlschrankkalender \u2013 l\u00e4uft bis Dezember 2023 \u2013 der perfekte Monatskalender mit saisonalen Designs\u2026\",\"breadcrumb\":{\"@id\":\"https:\\\/\\\/marktxxl.de\\\/markt\\\/produkt\\\/schoener-magnetischer-kuehlschrankkalender-laeuft-ab-juli-2022-bis-dezember-2023-der-perfekte-monatskalender-mit-saisonalen-designs-fuer-einfache-planung\\\/#breadcrumb\"},\"inLanguage\":\"de\",\"potentialAction\":[{\"@type\":\"ReadAction\",\"target\":[\"https:\\\/\\\/marktxxl.de\\\/markt\\\/produkt\\\/schoener-magnetischer-kuehlschrankkalender-laeuft-ab-juli-2022-bis-dezember-2023-der-perfekte-monatskalender-mit-saisonalen-designs-fuer-einfache-planung\\\/\"]}]},{\"@type\":\"ImageObject\",\"inLanguage\":\"de\",\"@id\":\"https:\\\/\\\/marktxxl.de\\\/markt\\\/produkt\\\/schoener-magnetischer-kuehlschrankkalender-laeuft-ab-juli-2022-bis-dezember-2023-der-perfekte-monatskalender-mit-saisonalen-designs-fuer-einfache-planung\\\/#primaryimage\",\"url\":\"https:\\\/\\\/m.media-amazon.com\\\/images\\\/I\\\/41XMZs2m94L._SL500_.jpg\",\"contentUrl\":\"https:\\\/\\\/m.media-amazon.com\\\/images\\\/I\\\/41XMZs2m94L._SL500_.jpg\",\"width\":500,\"height\":500},{\"@type\":\"BreadcrumbList\",\"@id\":\"https:\\\/\\\/marktxxl.de\\\/markt\\\/produkt\\\/schoener-magnetischer-kuehlschrankkalender-laeuft-ab-juli-2022-bis-dezember-2023-der-perfekte-monatskalender-mit-saisonalen-designs-fuer-einfache-planung\\\/#breadcrumb\",\"itemListElement\":[{\"@type\":\"ListItem\",\"position\":1,\"name\":\"Startseite\",\"item\":\"https:\\\/\\\/marktxxl.de\\\/markt\\\/\"},{\"@type\":\"ListItem\",\"position\":2,\"name\":\"Markt\",\"item\":\"https:\\\/\\\/marktxxl.de\\\/markt\\\/\"},{\"@type\":\"ListItem\",\"position\":3,\"name\":\"Sch\u00f6ner magnetischer K\u00fchlschrankkalender \u2013 l\u00e4uft bis Dezember 2023 \u2013 der perfekte Monatskalender mit saisonalen Designs\u2026\"}]},{\"@type\":\"WebSite\",\"@id\":\"https:\\\/\\\/marktxxl.de\\\/markt\\\/#website\",\"url\":\"https:\\\/\\\/marktxxl.de\\\/markt\\\/\",\"name\":\"Markt-XXL\",\"description\":\"Ihr Markt Online\",\"publisher\":{\"@id\":\"https:\\\/\\\/marktxxl.de\\\/markt\\\/#organization\"},\"potentialAction\":[{\"@type\":\"SearchAction\",\"target\":{\"@type\":\"EntryPoint\",\"urlTemplate\":\"https:\\\/\\\/marktxxl.de\\\/markt\\\/?s={search_term_string}\"},\"query-input\":{\"@type\":\"PropertyValueSpecification\",\"valueRequired\":true,\"valueName\":\"search_term_string\"}}],\"inLanguage\":\"de\"},{\"@type\":\"Organization\",\"@id\":\"https:\\\/\\\/marktxxl.de\\\/markt\\\/#organization\",\"name\":\"Markt-XXL\",\"url\":\"https:\\\/\\\/marktxxl.de\\\/markt\\\/\",\"logo\":{\"@type\":\"ImageObject\",\"inLanguage\":\"de\",\"@id\":\"https:\\\/\\\/marktxxl.de\\\/markt\\\/#\\\/schema\\\/logo\\\/image\\\/\",\"url\":\"https:\\\/\\\/marktxxl.de\\\/markt\\\/wp-content\\\/uploads\\\/sites\\\/3\\\/2020\\\/12\\\/logo.png\",\"contentUrl\":\"https:\\\/\\\/marktxxl.de\\\/markt\\\/wp-content\\\/uploads\\\/sites\\\/3\\\/2020\\\/12\\\/logo.png\",\"width\":200,\"height\":70,\"caption\":\"Markt-XXL\"},\"image\":{\"@id\":\"https:\\\/\\\/marktxxl.de\\\/markt\\\/#\\\/schema\\\/logo\\\/image\\\/\"}}]}<\/script>\n<!-- \/ Yoast SEO plugin. -->","yoast_head_json":{"title":"Sch\u00f6ner magnetischer K\u00fchlschrankkalender \u2013 l\u00e4uft bis Dezember 2023 \u2013 der perfekte Monatskalender mit saisonalen Designs\u2026 - Markt-XXL","description":"Markt-XXL Sch\u00f6ner magnetischer K\u00fchlschrankkalender \u2013 l\u00e4uft bis Dezember 2023 \u2013 der perfekte Monatskalender mit saisonalen Designs\u2026","robots":{"index":"index","follow":"follow","max-snippet":"max-snippet:-1","max-image-preview":"max-image-preview:large","max-video-preview":"max-video-preview:-1"},"canonical":"https:\/\/marktxxl.de\/markt\/produkt\/schoener-magnetischer-kuehlschrankkalender-laeuft-ab-juli-2022-bis-dezember-2023-der-perfekte-monatskalender-mit-saisonalen-designs-fuer-einfache-planung\/","og_locale":"de_DE","og_type":"article","og_title":"Sch\u00f6ner magnetischer K\u00fchlschrankkalender \u2013 l\u00e4uft bis Dezember 2023 \u2013 der perfekte Monatskalender mit saisonalen Designs\u2026 - Markt-XXL","og_description":"Markt-XXL Sch\u00f6ner magnetischer K\u00fchlschrankkalender \u2013 l\u00e4uft bis Dezember 2023 \u2013 der perfekte Monatskalender mit saisonalen Designs\u2026","og_url":"https:\/\/marktxxl.de\/markt\/produkt\/schoener-magnetischer-kuehlschrankkalender-laeuft-ab-juli-2022-bis-dezember-2023-der-perfekte-monatskalender-mit-saisonalen-designs-fuer-einfache-planung\/","og_site_name":"Markt-XXL","article_modified_time":"2023-04-10T02:49:43+00:00","og_image":[{"width":500,"height":500,"url":"https:\/\/m.media-amazon.com\/images\/I\/41XMZs2m94L._SL500_.jpg","type":"image\/jpeg"}],"twitter_card":"summary_large_image","twitter_misc":{"Gesch\u00e4tzte Lesezeit":"1\u00a0Minute"},"schema":{"@context":"https:\/\/schema.org","@graph":[{"@type":"WebPage","@id":"https:\/\/marktxxl.de\/markt\/produkt\/schoener-magnetischer-kuehlschrankkalender-laeuft-ab-juli-2022-bis-dezember-2023-der-perfekte-monatskalender-mit-saisonalen-designs-fuer-einfache-planung\/","url":"https:\/\/marktxxl.de\/markt\/produkt\/schoener-magnetischer-kuehlschrankkalender-laeuft-ab-juli-2022-bis-dezember-2023-der-perfekte-monatskalender-mit-saisonalen-designs-fuer-einfache-planung\/","name":"Sch\u00f6ner magnetischer K\u00fchlschrankkalender \u2013 l\u00e4uft bis Dezember 2023 \u2013 der perfekte Monatskalender mit saisonalen Designs\u2026 - Markt-XXL","isPartOf":{"@id":"https:\/\/marktxxl.de\/markt\/#website"},"primaryImageOfPage":{"@id":"https:\/\/marktxxl.de\/markt\/produkt\/schoener-magnetischer-kuehlschrankkalender-laeuft-ab-juli-2022-bis-dezember-2023-der-perfekte-monatskalender-mit-saisonalen-designs-fuer-einfache-planung\/#primaryimage"},"image":{"@id":"https:\/\/marktxxl.de\/markt\/produkt\/schoener-magnetischer-kuehlschrankkalender-laeuft-ab-juli-2022-bis-dezember-2023-der-perfekte-monatskalender-mit-saisonalen-designs-fuer-einfache-planung\/#primaryimage"},"thumbnailUrl":"https:\/\/m.media-amazon.com\/images\/I\/41XMZs2m94L._SL500_.jpg","datePublished":"2022-10-12T06:50:35+00:00","dateModified":"2023-04-10T02:49:43+00:00","description":"Markt-XXL Sch\u00f6ner magnetischer K\u00fchlschrankkalender \u2013 l\u00e4uft bis Dezember 2023 \u2013 der perfekte Monatskalender mit saisonalen Designs\u2026","breadcrumb":{"@id":"https:\/\/marktxxl.de\/markt\/produkt\/schoener-magnetischer-kuehlschrankkalender-laeuft-ab-juli-2022-bis-dezember-2023-der-perfekte-monatskalender-mit-saisonalen-designs-fuer-einfache-planung\/#breadcrumb"},"inLanguage":"de","potentialAction":[{"@type":"ReadAction","target":["https:\/\/marktxxl.de\/markt\/produkt\/schoener-magnetischer-kuehlschrankkalender-laeuft-ab-juli-2022-bis-dezember-2023-der-perfekte-monatskalender-mit-saisonalen-designs-fuer-einfache-planung\/"]}]},{"@type":"ImageObject","inLanguage":"de","@id":"https:\/\/marktxxl.de\/markt\/produkt\/schoener-magnetischer-kuehlschrankkalender-laeuft-ab-juli-2022-bis-dezember-2023-der-perfekte-monatskalender-mit-saisonalen-designs-fuer-einfache-planung\/#primaryimage","url":"https:\/\/m.media-amazon.com\/images\/I\/41XMZs2m94L._SL500_.jpg","contentUrl":"https:\/\/m.media-amazon.com\/images\/I\/41XMZs2m94L._SL500_.jpg","width":500,"height":500},{"@type":"BreadcrumbList","@id":"https:\/\/marktxxl.de\/markt\/produkt\/schoener-magnetischer-kuehlschrankkalender-laeuft-ab-juli-2022-bis-dezember-2023-der-perfekte-monatskalender-mit-saisonalen-designs-fuer-einfache-planung\/#breadcrumb","itemListElement":[{"@type":"ListItem","position":1,"name":"Startseite","item":"https:\/\/marktxxl.de\/markt\/"},{"@type":"ListItem","position":2,"name":"Markt","item":"https:\/\/marktxxl.de\/markt\/"},{"@type":"ListItem","position":3,"name":"Sch\u00f6ner magnetischer K\u00fchlschrankkalender \u2013 l\u00e4uft bis Dezember 2023 \u2013 der perfekte Monatskalender mit saisonalen Designs\u2026"}]},{"@type":"WebSite","@id":"https:\/\/marktxxl.de\/markt\/#website","url":"https:\/\/marktxxl.de\/markt\/","name":"Markt-XXL","description":"Ihr Markt Online","publisher":{"@id":"https:\/\/marktxxl.de\/markt\/#organization"},"potentialAction":[{"@type":"SearchAction","target":{"@type":"EntryPoint","urlTemplate":"https:\/\/marktxxl.de\/markt\/?s={search_term_string}"},"query-input":{"@type":"PropertyValueSpecification","valueRequired":true,"valueName":"search_term_string"}}],"inLanguage":"de"},{"@type":"Organization","@id":"https:\/\/marktxxl.de\/markt\/#organization","name":"Markt-XXL","url":"https:\/\/marktxxl.de\/markt\/","logo":{"@type":"ImageObject","inLanguage":"de","@id":"https:\/\/marktxxl.de\/markt\/#\/schema\/logo\/image\/","url":"https:\/\/marktxxl.de\/markt\/wp-content\/uploads\/sites\/3\/2020\/12\/logo.png","contentUrl":"https:\/\/marktxxl.de\/markt\/wp-content\/uploads\/sites\/3\/2020\/12\/logo.png","width":200,"height":70,"caption":"Markt-XXL"},"image":{"@id":"https:\/\/marktxxl.de\/markt\/#\/schema\/logo\/image\/"}}]}},"_links":{"self":[{"href":"https:\/\/marktxxl.de\/markt\/wp-json\/wp\/v2\/product\/159471","targetHints":{"allow":["GET"]}}],"collection":[{"href":"https:\/\/marktxxl.de\/markt\/wp-json\/wp\/v2\/product"}],"about":[{"href":"https:\/\/marktxxl.de\/markt\/wp-json\/wp\/v2\/types\/product"}],"replies":[{"embeddable":true,"href":"https:\/\/marktxxl.de\/markt\/wp-json\/wp\/v2\/comments?post=159471"}],"wp:featuredmedia":[{"embeddable":true,"href":"https:\/\/marktxxl.de\/markt\/wp-json\/wp\/v2\/media\/159472"}],"wp:attachment":[{"href":"https:\/\/marktxxl.de\/markt\/wp-json\/wp\/v2\/media?parent=159471"}],"wp:term":[{"taxonomy":"product_brand","embeddable":true,"href":"https:\/\/marktxxl.de\/markt\/wp-json\/wp\/v2\/product_brand?post=159471"},{"taxonomy":"product_cat","embeddable":true,"href":"https:\/\/marktxxl.de\/markt\/wp-json\/wp\/v2\/product_cat?post=159471"},{"taxonomy":"product_tag","embeddable":true,"href":"https:\/\/marktxxl.de\/markt\/wp-json\/wp\/v2\/product_tag?post=159471"}],"curies":[{"name":"wp","href":"https:\/\/api.w.org\/{rel}","templated":true}]}}