{"id":158918,"date":"2022-10-12T06:19:43","date_gmt":"2022-10-12T04:19:43","guid":{"rendered":"https:\/\/marktxxl.de\/markt\/produkt\/magnetische-wimpern-fake-lashes-set-magnet-wimpern-mit-eyeliner-wimpern-magnetisch-kuenstliche-falsche-wimpern-natuerlich-wiederverwendbar-gratis-spiegel-wimpernzange-geschenkverpackung\/"},"modified":"2023-04-11T04:41:22","modified_gmt":"2023-04-11T02:41:22","slug":"magnetische-wimpern-fake-lashes-set-magnet-wimpern-mit-eyeliner-wimpern-magnetisch-kuenstliche-falsche-wimpern-natuerlich-wiederverwendbar-gratis-spiegel-wimpernzange-geschenkverpackung","status":"publish","type":"product","link":"https:\/\/marktxxl.de\/markt\/produkt\/magnetische-wimpern-fake-lashes-set-magnet-wimpern-mit-eyeliner-wimpern-magnetisch-kuenstliche-falsche-wimpern-natuerlich-wiederverwendbar-gratis-spiegel-wimpernzange-geschenkverpackung\/","title":{"rendered":"Magnetische Wimpern Fake Lashes Set &#8211; Magnet Wimpern mit Eyeliner, Wimpern Magnetisch, K\u00fcnstliche Falsche Wimpern\u2026"},"content":{"rendered":"<p>MAGNETISCHE WIMPERN &#8211; f\u00fcr volle, l\u00e4ngere und wundersch\u00f6ne Wimpern zu jedem Anlass ohne Klebstoff. 5 verschiedene Paar 3D Wimpern, 5D, 6D, 8D fake eyelashes. Falsche nat\u00fcrliche Wimpern mit 5 winzigen Magneten pro k\u00fcnstliche Wimpern f\u00fcr einen sicheren und starken Halt. Passen sich deinen nat\u00fcrlichen Wimpern wunderbar an, sind unglaublich leicht und lassen sich sehr leicht anbringen. 100% handgemacht und vegan!<br \/>\nMEHR F\u00dcR DICH &#8211; wunderbare nat\u00fcrliche wiederverwendbare magnetische Wimpern, ein toller Spiegel, Wimpernzange, 2 gro\u00dfe Magnetic Eyeliner Tuben (24ml) in einer Premium Geschenkverpackung. Viel drin, kleiner Preis. Trage deine Magnetwimpern mit viel Freude und Selbstvertrauen und unterstreiche deinen nat\u00fcrlichen Wimpern Look.<br \/>\nMAGNETIC EYELINER &#8211; der schnell trocknet, wasserfest ist und leicht zu entfernen. Ultra-feine magnetische Partikel garantieren einen langanhaltenden Halt und ein einfaches Anbringen. Zwei gro\u00dfe und luxuri\u00f6se Tuben mit viel Eyeliner reichen f\u00fcr eine lange Zeit, um deine geliebten Magnetic Wimpern oft und lange zu tragen.<br \/>\nPREMIUM AUSWAHL &#8211; denn es ist an der Zeit deine Wimpern Set Kollektion endlich mit magnetischen Wimpern h\u00f6chster Qualit\u00e4t in einer wundersch\u00f6nen Verpackung auszustatten. Die Zeit der billigen in Plastik verpackten Fake Wimpern, mit wenig Eyeliner ist vorbei.<br \/>\nSCHENKEN \u2665 SCH\u00dcTZEN \u2665 AUFBEWAHREN &#8211; Eine tolle Verpackung zur Aufbewahrung und Schutz deiner wiederverwendbaren Magnetic Lashes f\u00fcr einen langen und erfolgreichen Einsatz. In einem Extraklasse-Geschenk-Design sind diese Magnetische Wimpern mit Magnetic Eyeliner einfach das ideale Geschenk zu jeder Jahreszeit. Jetzt bestellen, auftragen, anbringen, freuen. \u2665 \u2665 \u2665<br \/>\n<div class=\"main-cross-sell\" data-asin=\"B08JQNKN3J\">\n\n\t<div class=\"WooZone-cross-sell-loader\">\n\t\t<div>\n\t\t\t<div id=\"floatingBarsG\">\n\t\t\t\t<div class=\"blockG\" id=\"rotateG_01\"><\/div>\n\t\t\t\t<div class=\"blockG\" id=\"rotateG_02\"><\/div>\n\t\t\t\t<div class=\"blockG\" id=\"rotateG_03\"><\/div>\n\t\t\t\t<div class=\"blockG\" id=\"rotateG_04\"><\/div>\n\t\t\t\t<div class=\"blockG\" id=\"rotateG_05\"><\/div>\n\t\t\t\t<div class=\"blockG\" id=\"rotateG_06\"><\/div>\n\t\t\t\t<div class=\"blockG\" id=\"rotateG_07\"><\/div>\n\t\t\t\t<div class=\"blockG\" id=\"rotateG_08\"><\/div>\n\t\t\t<\/div>\n\t\t\t<div class=\"WooZone-cross-sell-loader-text\"><\/div>\n\t\t<\/div>\n\t<\/div>\n\n\t\t\n<\/div>\n<div style=\"clear:both;\"><\/div><\/p>\n","protected":false},"excerpt":{"rendered":"<p>MAGNETISCHE WIMPERN &#8211; f\u00fcr volle, l\u00e4ngere und wundersch\u00f6ne Wimpern zu jedem Anlass ohne Klebstoff. 5 verschiedene Paar 3D Wimpern, 5D, 6D, 8D fake eyelashes. Falsche nat\u00fcrliche Wimpern mit 5 winzigen Magneten pro k\u00fcnstliche Wimpern f\u00fcr einen sicheren und starken Halt. Passen sich deinen nat\u00fcrlichen Wimpern wunderbar an, sind unglaublich leicht und lassen sich sehr leicht anbringen. 100% handgemacht und vegan!<br \/>\nMEHR F\u00dcR DICH &#8211; wunderbare nat\u00fcrliche wiederverwendbare magnetische Wimpern, ein toller Spiegel, Wimpernzange, 2 gro\u00dfe Magnetic Eyeliner Tuben (24ml) in einer Premium Geschenkverpackung. Viel drin, kleiner Preis. Trage deine Magnetwimpern mit viel Freude und Selbstvertrauen und unterstreiche deinen nat\u00fcrlichen Wimpern Look.<br \/>\nMAGNETIC EYELINER &#8211; der schnell trocknet, wasserfest ist und leicht zu entfernen. Ultra-feine magnetische Partikel garantieren einen langanhaltenden Halt und ein einfaches Anbringen. Zwei gro\u00dfe und luxuri\u00f6se Tuben mit viel Eyeliner reichen f\u00fcr eine lange Zeit, um deine geliebten Magnetic Wimpern oft und lange zu tragen.<\/p>\n","protected":false},"featured_media":158919,"comment_status":"open","ping_status":"closed","template":"","meta":[],"product_brand":[],"product_cat":[2858,7726],"product_tag":[],"class_list":{"0":"post-158918","1":"product","2":"type-product","3":"status-publish","4":"has-post-thumbnail","6":"product_cat-beauty","7":"product_cat-zubehoer-beauty","8":"pa_brand-lamora","9":"pa_color-schwarz","10":"pa_manufacturer-lamora-beauty","11":"pa_size-5-paar-1er-pack","13":"first","14":"instock","15":"shipping-taxable","16":"purchasable","17":"product-type-simple","18":"customify-col","19":"product-has-gallery"},"yoast_head":"<!-- This site is optimized with the Yoast SEO plugin v27.4 - https:\/\/yoast.com\/product\/yoast-seo-wordpress\/ -->\n<title>Magnetische Wimpern Fake Lashes Set - Magnet Wimpern mit Eyeliner, Wimpern Magnetisch, K\u00fcnstliche Falsche Wimpern\u2026 - Markt-XXL<\/title>\n<meta name=\"description\" content=\"Markt-XXL Magnetische Wimpern Fake Lashes Set - Magnet Wimpern mit Eyeliner, Wimpern Magnetisch, K\u00fcnstliche Falsche Wimpern\u2026\" \/>\n<meta name=\"robots\" content=\"index, follow, max-snippet:-1, max-image-preview:large, max-video-preview:-1\" \/>\n<link rel=\"canonical\" href=\"https:\/\/marktxxl.de\/markt\/produkt\/magnetische-wimpern-fake-lashes-set-magnet-wimpern-mit-eyeliner-wimpern-magnetisch-kuenstliche-falsche-wimpern-natuerlich-wiederverwendbar-gratis-spiegel-wimpernzange-geschenkverpackung\/\" \/>\n<meta property=\"og:locale\" content=\"de_DE\" \/>\n<meta property=\"og:type\" content=\"article\" \/>\n<meta property=\"og:title\" content=\"Magnetische Wimpern Fake Lashes Set - Magnet Wimpern mit Eyeliner, Wimpern Magnetisch, K\u00fcnstliche Falsche Wimpern\u2026 - Markt-XXL\" \/>\n<meta property=\"og:description\" content=\"Markt-XXL Magnetische Wimpern Fake Lashes Set - Magnet Wimpern mit Eyeliner, Wimpern Magnetisch, K\u00fcnstliche Falsche Wimpern\u2026\" \/>\n<meta property=\"og:url\" content=\"https:\/\/marktxxl.de\/markt\/produkt\/magnetische-wimpern-fake-lashes-set-magnet-wimpern-mit-eyeliner-wimpern-magnetisch-kuenstliche-falsche-wimpern-natuerlich-wiederverwendbar-gratis-spiegel-wimpernzange-geschenkverpackung\/\" \/>\n<meta property=\"og:site_name\" content=\"Markt-XXL\" \/>\n<meta property=\"article:modified_time\" content=\"2023-04-11T02:41:22+00:00\" \/>\n<meta property=\"og:image\" content=\"https:\/\/m.media-amazon.com\/images\/I\/51p-8nVjylL._SL500_.jpg\" \/>\n\t<meta property=\"og:image:width\" content=\"500\" \/>\n\t<meta property=\"og:image:height\" content=\"500\" \/>\n\t<meta property=\"og:image:type\" content=\"image\/jpeg\" \/>\n<meta name=\"twitter:card\" content=\"summary_large_image\" \/>\n<meta name=\"twitter:label1\" content=\"Gesch\u00e4tzte Lesezeit\" \/>\n\t<meta name=\"twitter:data1\" content=\"1\u00a0Minute\" \/>\n<script type=\"application\/ld+json\" class=\"yoast-schema-graph\">{\"@context\":\"https:\\\/\\\/schema.org\",\"@graph\":[{\"@type\":\"WebPage\",\"@id\":\"https:\\\/\\\/marktxxl.de\\\/markt\\\/produkt\\\/magnetische-wimpern-fake-lashes-set-magnet-wimpern-mit-eyeliner-wimpern-magnetisch-kuenstliche-falsche-wimpern-natuerlich-wiederverwendbar-gratis-spiegel-wimpernzange-geschenkverpackung\\\/\",\"url\":\"https:\\\/\\\/marktxxl.de\\\/markt\\\/produkt\\\/magnetische-wimpern-fake-lashes-set-magnet-wimpern-mit-eyeliner-wimpern-magnetisch-kuenstliche-falsche-wimpern-natuerlich-wiederverwendbar-gratis-spiegel-wimpernzange-geschenkverpackung\\\/\",\"name\":\"Magnetische Wimpern Fake Lashes Set - Magnet Wimpern mit Eyeliner, Wimpern Magnetisch, K\u00fcnstliche Falsche Wimpern\u2026 - Markt-XXL\",\"isPartOf\":{\"@id\":\"https:\\\/\\\/marktxxl.de\\\/markt\\\/#website\"},\"primaryImageOfPage\":{\"@id\":\"https:\\\/\\\/marktxxl.de\\\/markt\\\/produkt\\\/magnetische-wimpern-fake-lashes-set-magnet-wimpern-mit-eyeliner-wimpern-magnetisch-kuenstliche-falsche-wimpern-natuerlich-wiederverwendbar-gratis-spiegel-wimpernzange-geschenkverpackung\\\/#primaryimage\"},\"image\":{\"@id\":\"https:\\\/\\\/marktxxl.de\\\/markt\\\/produkt\\\/magnetische-wimpern-fake-lashes-set-magnet-wimpern-mit-eyeliner-wimpern-magnetisch-kuenstliche-falsche-wimpern-natuerlich-wiederverwendbar-gratis-spiegel-wimpernzange-geschenkverpackung\\\/#primaryimage\"},\"thumbnailUrl\":\"https:\\\/\\\/m.media-amazon.com\\\/images\\\/I\\\/51p-8nVjylL._SL500_.jpg\",\"datePublished\":\"2022-10-12T04:19:43+00:00\",\"dateModified\":\"2023-04-11T02:41:22+00:00\",\"description\":\"Markt-XXL Magnetische Wimpern Fake Lashes Set - Magnet Wimpern mit Eyeliner, Wimpern Magnetisch, K\u00fcnstliche Falsche Wimpern\u2026\",\"breadcrumb\":{\"@id\":\"https:\\\/\\\/marktxxl.de\\\/markt\\\/produkt\\\/magnetische-wimpern-fake-lashes-set-magnet-wimpern-mit-eyeliner-wimpern-magnetisch-kuenstliche-falsche-wimpern-natuerlich-wiederverwendbar-gratis-spiegel-wimpernzange-geschenkverpackung\\\/#breadcrumb\"},\"inLanguage\":\"de\",\"potentialAction\":[{\"@type\":\"ReadAction\",\"target\":[\"https:\\\/\\\/marktxxl.de\\\/markt\\\/produkt\\\/magnetische-wimpern-fake-lashes-set-magnet-wimpern-mit-eyeliner-wimpern-magnetisch-kuenstliche-falsche-wimpern-natuerlich-wiederverwendbar-gratis-spiegel-wimpernzange-geschenkverpackung\\\/\"]}]},{\"@type\":\"ImageObject\",\"inLanguage\":\"de\",\"@id\":\"https:\\\/\\\/marktxxl.de\\\/markt\\\/produkt\\\/magnetische-wimpern-fake-lashes-set-magnet-wimpern-mit-eyeliner-wimpern-magnetisch-kuenstliche-falsche-wimpern-natuerlich-wiederverwendbar-gratis-spiegel-wimpernzange-geschenkverpackung\\\/#primaryimage\",\"url\":\"https:\\\/\\\/m.media-amazon.com\\\/images\\\/I\\\/51p-8nVjylL._SL500_.jpg\",\"contentUrl\":\"https:\\\/\\\/m.media-amazon.com\\\/images\\\/I\\\/51p-8nVjylL._SL500_.jpg\",\"width\":500,\"height\":500},{\"@type\":\"BreadcrumbList\",\"@id\":\"https:\\\/\\\/marktxxl.de\\\/markt\\\/produkt\\\/magnetische-wimpern-fake-lashes-set-magnet-wimpern-mit-eyeliner-wimpern-magnetisch-kuenstliche-falsche-wimpern-natuerlich-wiederverwendbar-gratis-spiegel-wimpernzange-geschenkverpackung\\\/#breadcrumb\",\"itemListElement\":[{\"@type\":\"ListItem\",\"position\":1,\"name\":\"Startseite\",\"item\":\"https:\\\/\\\/marktxxl.de\\\/markt\\\/\"},{\"@type\":\"ListItem\",\"position\":2,\"name\":\"Markt\",\"item\":\"https:\\\/\\\/marktxxl.de\\\/markt\\\/\"},{\"@type\":\"ListItem\",\"position\":3,\"name\":\"Magnetische Wimpern Fake Lashes Set &#8211; Magnet Wimpern mit Eyeliner, Wimpern Magnetisch, K\u00fcnstliche Falsche Wimpern\u2026\"}]},{\"@type\":\"WebSite\",\"@id\":\"https:\\\/\\\/marktxxl.de\\\/markt\\\/#website\",\"url\":\"https:\\\/\\\/marktxxl.de\\\/markt\\\/\",\"name\":\"Markt-XXL\",\"description\":\"Ihr Markt Online\",\"publisher\":{\"@id\":\"https:\\\/\\\/marktxxl.de\\\/markt\\\/#organization\"},\"potentialAction\":[{\"@type\":\"SearchAction\",\"target\":{\"@type\":\"EntryPoint\",\"urlTemplate\":\"https:\\\/\\\/marktxxl.de\\\/markt\\\/?s={search_term_string}\"},\"query-input\":{\"@type\":\"PropertyValueSpecification\",\"valueRequired\":true,\"valueName\":\"search_term_string\"}}],\"inLanguage\":\"de\"},{\"@type\":\"Organization\",\"@id\":\"https:\\\/\\\/marktxxl.de\\\/markt\\\/#organization\",\"name\":\"Markt-XXL\",\"url\":\"https:\\\/\\\/marktxxl.de\\\/markt\\\/\",\"logo\":{\"@type\":\"ImageObject\",\"inLanguage\":\"de\",\"@id\":\"https:\\\/\\\/marktxxl.de\\\/markt\\\/#\\\/schema\\\/logo\\\/image\\\/\",\"url\":\"https:\\\/\\\/marktxxl.de\\\/markt\\\/wp-content\\\/uploads\\\/sites\\\/3\\\/2020\\\/12\\\/logo.png\",\"contentUrl\":\"https:\\\/\\\/marktxxl.de\\\/markt\\\/wp-content\\\/uploads\\\/sites\\\/3\\\/2020\\\/12\\\/logo.png\",\"width\":200,\"height\":70,\"caption\":\"Markt-XXL\"},\"image\":{\"@id\":\"https:\\\/\\\/marktxxl.de\\\/markt\\\/#\\\/schema\\\/logo\\\/image\\\/\"}}]}<\/script>\n<!-- \/ Yoast SEO plugin. -->","yoast_head_json":{"title":"Magnetische Wimpern Fake Lashes Set - Magnet Wimpern mit Eyeliner, Wimpern Magnetisch, K\u00fcnstliche Falsche Wimpern\u2026 - Markt-XXL","description":"Markt-XXL Magnetische Wimpern Fake Lashes Set - Magnet Wimpern mit Eyeliner, Wimpern Magnetisch, K\u00fcnstliche Falsche Wimpern\u2026","robots":{"index":"index","follow":"follow","max-snippet":"max-snippet:-1","max-image-preview":"max-image-preview:large","max-video-preview":"max-video-preview:-1"},"canonical":"https:\/\/marktxxl.de\/markt\/produkt\/magnetische-wimpern-fake-lashes-set-magnet-wimpern-mit-eyeliner-wimpern-magnetisch-kuenstliche-falsche-wimpern-natuerlich-wiederverwendbar-gratis-spiegel-wimpernzange-geschenkverpackung\/","og_locale":"de_DE","og_type":"article","og_title":"Magnetische Wimpern Fake Lashes Set - Magnet Wimpern mit Eyeliner, Wimpern Magnetisch, K\u00fcnstliche Falsche Wimpern\u2026 - Markt-XXL","og_description":"Markt-XXL Magnetische Wimpern Fake Lashes Set - Magnet Wimpern mit Eyeliner, Wimpern Magnetisch, K\u00fcnstliche Falsche Wimpern\u2026","og_url":"https:\/\/marktxxl.de\/markt\/produkt\/magnetische-wimpern-fake-lashes-set-magnet-wimpern-mit-eyeliner-wimpern-magnetisch-kuenstliche-falsche-wimpern-natuerlich-wiederverwendbar-gratis-spiegel-wimpernzange-geschenkverpackung\/","og_site_name":"Markt-XXL","article_modified_time":"2023-04-11T02:41:22+00:00","og_image":[{"width":500,"height":500,"url":"https:\/\/m.media-amazon.com\/images\/I\/51p-8nVjylL._SL500_.jpg","type":"image\/jpeg"}],"twitter_card":"summary_large_image","twitter_misc":{"Gesch\u00e4tzte Lesezeit":"1\u00a0Minute"},"schema":{"@context":"https:\/\/schema.org","@graph":[{"@type":"WebPage","@id":"https:\/\/marktxxl.de\/markt\/produkt\/magnetische-wimpern-fake-lashes-set-magnet-wimpern-mit-eyeliner-wimpern-magnetisch-kuenstliche-falsche-wimpern-natuerlich-wiederverwendbar-gratis-spiegel-wimpernzange-geschenkverpackung\/","url":"https:\/\/marktxxl.de\/markt\/produkt\/magnetische-wimpern-fake-lashes-set-magnet-wimpern-mit-eyeliner-wimpern-magnetisch-kuenstliche-falsche-wimpern-natuerlich-wiederverwendbar-gratis-spiegel-wimpernzange-geschenkverpackung\/","name":"Magnetische Wimpern Fake Lashes Set - Magnet Wimpern mit Eyeliner, Wimpern Magnetisch, K\u00fcnstliche Falsche Wimpern\u2026 - Markt-XXL","isPartOf":{"@id":"https:\/\/marktxxl.de\/markt\/#website"},"primaryImageOfPage":{"@id":"https:\/\/marktxxl.de\/markt\/produkt\/magnetische-wimpern-fake-lashes-set-magnet-wimpern-mit-eyeliner-wimpern-magnetisch-kuenstliche-falsche-wimpern-natuerlich-wiederverwendbar-gratis-spiegel-wimpernzange-geschenkverpackung\/#primaryimage"},"image":{"@id":"https:\/\/marktxxl.de\/markt\/produkt\/magnetische-wimpern-fake-lashes-set-magnet-wimpern-mit-eyeliner-wimpern-magnetisch-kuenstliche-falsche-wimpern-natuerlich-wiederverwendbar-gratis-spiegel-wimpernzange-geschenkverpackung\/#primaryimage"},"thumbnailUrl":"https:\/\/m.media-amazon.com\/images\/I\/51p-8nVjylL._SL500_.jpg","datePublished":"2022-10-12T04:19:43+00:00","dateModified":"2023-04-11T02:41:22+00:00","description":"Markt-XXL Magnetische Wimpern Fake Lashes Set - Magnet Wimpern mit Eyeliner, Wimpern Magnetisch, K\u00fcnstliche Falsche Wimpern\u2026","breadcrumb":{"@id":"https:\/\/marktxxl.de\/markt\/produkt\/magnetische-wimpern-fake-lashes-set-magnet-wimpern-mit-eyeliner-wimpern-magnetisch-kuenstliche-falsche-wimpern-natuerlich-wiederverwendbar-gratis-spiegel-wimpernzange-geschenkverpackung\/#breadcrumb"},"inLanguage":"de","potentialAction":[{"@type":"ReadAction","target":["https:\/\/marktxxl.de\/markt\/produkt\/magnetische-wimpern-fake-lashes-set-magnet-wimpern-mit-eyeliner-wimpern-magnetisch-kuenstliche-falsche-wimpern-natuerlich-wiederverwendbar-gratis-spiegel-wimpernzange-geschenkverpackung\/"]}]},{"@type":"ImageObject","inLanguage":"de","@id":"https:\/\/marktxxl.de\/markt\/produkt\/magnetische-wimpern-fake-lashes-set-magnet-wimpern-mit-eyeliner-wimpern-magnetisch-kuenstliche-falsche-wimpern-natuerlich-wiederverwendbar-gratis-spiegel-wimpernzange-geschenkverpackung\/#primaryimage","url":"https:\/\/m.media-amazon.com\/images\/I\/51p-8nVjylL._SL500_.jpg","contentUrl":"https:\/\/m.media-amazon.com\/images\/I\/51p-8nVjylL._SL500_.jpg","width":500,"height":500},{"@type":"BreadcrumbList","@id":"https:\/\/marktxxl.de\/markt\/produkt\/magnetische-wimpern-fake-lashes-set-magnet-wimpern-mit-eyeliner-wimpern-magnetisch-kuenstliche-falsche-wimpern-natuerlich-wiederverwendbar-gratis-spiegel-wimpernzange-geschenkverpackung\/#breadcrumb","itemListElement":[{"@type":"ListItem","position":1,"name":"Startseite","item":"https:\/\/marktxxl.de\/markt\/"},{"@type":"ListItem","position":2,"name":"Markt","item":"https:\/\/marktxxl.de\/markt\/"},{"@type":"ListItem","position":3,"name":"Magnetische Wimpern Fake Lashes Set &#8211; Magnet Wimpern mit Eyeliner, Wimpern Magnetisch, K\u00fcnstliche Falsche Wimpern\u2026"}]},{"@type":"WebSite","@id":"https:\/\/marktxxl.de\/markt\/#website","url":"https:\/\/marktxxl.de\/markt\/","name":"Markt-XXL","description":"Ihr Markt Online","publisher":{"@id":"https:\/\/marktxxl.de\/markt\/#organization"},"potentialAction":[{"@type":"SearchAction","target":{"@type":"EntryPoint","urlTemplate":"https:\/\/marktxxl.de\/markt\/?s={search_term_string}"},"query-input":{"@type":"PropertyValueSpecification","valueRequired":true,"valueName":"search_term_string"}}],"inLanguage":"de"},{"@type":"Organization","@id":"https:\/\/marktxxl.de\/markt\/#organization","name":"Markt-XXL","url":"https:\/\/marktxxl.de\/markt\/","logo":{"@type":"ImageObject","inLanguage":"de","@id":"https:\/\/marktxxl.de\/markt\/#\/schema\/logo\/image\/","url":"https:\/\/marktxxl.de\/markt\/wp-content\/uploads\/sites\/3\/2020\/12\/logo.png","contentUrl":"https:\/\/marktxxl.de\/markt\/wp-content\/uploads\/sites\/3\/2020\/12\/logo.png","width":200,"height":70,"caption":"Markt-XXL"},"image":{"@id":"https:\/\/marktxxl.de\/markt\/#\/schema\/logo\/image\/"}}]}},"_links":{"self":[{"href":"https:\/\/marktxxl.de\/markt\/wp-json\/wp\/v2\/product\/158918","targetHints":{"allow":["GET"]}}],"collection":[{"href":"https:\/\/marktxxl.de\/markt\/wp-json\/wp\/v2\/product"}],"about":[{"href":"https:\/\/marktxxl.de\/markt\/wp-json\/wp\/v2\/types\/product"}],"replies":[{"embeddable":true,"href":"https:\/\/marktxxl.de\/markt\/wp-json\/wp\/v2\/comments?post=158918"}],"wp:featuredmedia":[{"embeddable":true,"href":"https:\/\/marktxxl.de\/markt\/wp-json\/wp\/v2\/media\/158919"}],"wp:attachment":[{"href":"https:\/\/marktxxl.de\/markt\/wp-json\/wp\/v2\/media?parent=158918"}],"wp:term":[{"taxonomy":"product_brand","embeddable":true,"href":"https:\/\/marktxxl.de\/markt\/wp-json\/wp\/v2\/product_brand?post=158918"},{"taxonomy":"product_cat","embeddable":true,"href":"https:\/\/marktxxl.de\/markt\/wp-json\/wp\/v2\/product_cat?post=158918"},{"taxonomy":"product_tag","embeddable":true,"href":"https:\/\/marktxxl.de\/markt\/wp-json\/wp\/v2\/product_tag?post=158918"}],"curies":[{"name":"wp","href":"https:\/\/api.w.org\/{rel}","templated":true}]}}