{"id":158834,"date":"2022-10-12T05:49:17","date_gmt":"2022-10-12T03:49:17","guid":{"rendered":"https:\/\/marktxxl.de\/markt\/produkt\/beste-schwester-schluesselanhaenger-aus-hochwertigem-metall-in-herz-form-mit-gravur-mitbeste-schwester-der-welt-als-eingraviertem-schriftzug\/"},"modified":"2023-04-11T04:41:21","modified_gmt":"2023-04-11T02:41:21","slug":"beste-schwester-schluesselanhaenger-aus-hochwertigem-metall-in-herz-form-mit-gravur-mitbeste-schwester-der-welt-als-eingraviertem-schriftzug","status":"publish","type":"product","link":"https:\/\/marktxxl.de\/markt\/produkt\/beste-schwester-schluesselanhaenger-aus-hochwertigem-metall-in-herz-form-mit-gravur-mitbeste-schwester-der-welt-als-eingraviertem-schriftzug\/","title":{"rendered":"Beste Schwester Schl\u00fcsselanh\u00e4nger aus hochwertigem Metall, in Herz Form mit Gravur, Mit&#8221;Beste Schwester der Welt&#8221; als eingraviertem Schriftzug"},"content":{"rendered":"<p>Geschenkidee : Ein gravierter Herz Schl\u00fcsselanh\u00e4nger mit der Aufschrift &#8220;Beste Schwester der Welt&#8221; ist das perfekte Geschenk f\u00fcr die kleine Schwester zum Geburtstag oder zu Weihnachten.<br \/>\nHochwertig: Der herzf\u00f6rmige Schl\u00fcsselanh\u00e4nger f\u00fcr Frauen besteht aus Metall und ist mit einer edlen Lasergravur versehen. Ein kleines Geschenk f\u00fcr die Ewigkeit.<br \/>\nKleine Aufmerksamkeit: Wenn man auf der Suche nach Geschenken ist, m\u00f6chte man doch nur eines damit bezwecken, &#8211; einem geliebten Menschen ein L\u00e4cheln ins Gesicht zaubern.<br \/>\nSch\u00f6nes Design: Der Metall Schl\u00fcsselanh\u00e4nger ist in einer sch\u00f6nen Chrome Glanzoptik gehalten und wertet den Schl\u00fcsselbund mit der s\u00fc\u00dfen Herzform und dem Schmetterling stylisch auf.<br \/>\nKlein &amp; handlich: Der herzf\u00f6rmige Schl\u00fcssenanh\u00e4nger passt in jede Handtasche, Jeans- und Hosentasche mit einer Gr\u00f6\u00dfe von ca. 4 x 3,7 cm; und einer von Materialst\u00e4rke 4 mm<br \/>\n<div class=\"main-cross-sell\" data-asin=\"B06XKFW11Z\">\n\n\t<div class=\"WooZone-cross-sell-loader\">\n\t\t<div>\n\t\t\t<div id=\"floatingBarsG\">\n\t\t\t\t<div class=\"blockG\" id=\"rotateG_01\"><\/div>\n\t\t\t\t<div class=\"blockG\" id=\"rotateG_02\"><\/div>\n\t\t\t\t<div class=\"blockG\" id=\"rotateG_03\"><\/div>\n\t\t\t\t<div class=\"blockG\" id=\"rotateG_04\"><\/div>\n\t\t\t\t<div class=\"blockG\" id=\"rotateG_05\"><\/div>\n\t\t\t\t<div class=\"blockG\" id=\"rotateG_06\"><\/div>\n\t\t\t\t<div class=\"blockG\" id=\"rotateG_07\"><\/div>\n\t\t\t\t<div class=\"blockG\" id=\"rotateG_08\"><\/div>\n\t\t\t<\/div>\n\t\t\t<div class=\"WooZone-cross-sell-loader-text\"><\/div>\n\t\t<\/div>\n\t<\/div>\n\n\t\t\n<\/div>\n<div style=\"clear:both;\"><\/div><\/p>\n","protected":false},"excerpt":{"rendered":"<p>Geschenkidee : Ein gravierter Herz Schl\u00fcsselanh\u00e4nger mit der Aufschrift &#8220;Beste Schwester der Welt&#8221; ist das perfekte Geschenk f\u00fcr die kleine Schwester zum Geburtstag oder zu Weihnachten.<br \/>\nHochwertig: Der herzf\u00f6rmige Schl\u00fcsselanh\u00e4nger f\u00fcr Frauen besteht aus Metall und ist mit einer edlen Lasergravur versehen. Ein kleines Geschenk f\u00fcr die Ewigkeit.<br \/>\nKleine Aufmerksamkeit: Wenn man auf der Suche nach Geschenken ist, m\u00f6chte man doch nur eines damit bezwecken, &#8211; einem geliebten Menschen ein L\u00e4cheln ins Gesicht zaubern.<\/p>\n","protected":false},"featured_media":158835,"comment_status":"open","ping_status":"closed","template":"","meta":[],"product_brand":[],"product_cat":[1186,4069],"product_tag":[],"class_list":{"0":"post-158834","1":"product","2":"type-product","3":"status-publish","4":"has-post-thumbnail","6":"product_cat-bekleidung","7":"product_cat-spezielle-anlaesse","8":"pa_binding-misc","9":"pa_brand-busch-jaeger-3","10":"pa_brand-geschenke-fabrik","11":"pa_manufacturer-geschenke-fabrik-de","12":"pa_size-39x4cm","14":"first","15":"instock","16":"shipping-taxable","17":"purchasable","18":"product-type-simple","19":"customify-col","20":"product-has-gallery"},"yoast_head":"<!-- This site is optimized with the Yoast SEO plugin v27.3 - https:\/\/yoast.com\/product\/yoast-seo-wordpress\/ -->\n<title>Beste Schwester Schl\u00fcsselanh\u00e4nger aus hochwertigem Metall, in Herz Form mit Gravur, Mit&quot;Beste Schwester der Welt&quot; als eingraviertem Schriftzug - Markt-XXL<\/title>\n<meta name=\"description\" content=\"Markt-XXL Beste Schwester Schl\u00fcsselanh\u00e4nger aus hochwertigem Metall, in Herz Form mit Gravur, Mit&quot;Beste Schwester der Welt&quot; als eingraviertem Schriftzug\" \/>\n<meta name=\"robots\" content=\"index, follow, max-snippet:-1, max-image-preview:large, max-video-preview:-1\" \/>\n<link rel=\"canonical\" href=\"https:\/\/marktxxl.de\/markt\/produkt\/beste-schwester-schluesselanhaenger-aus-hochwertigem-metall-in-herz-form-mit-gravur-mitbeste-schwester-der-welt-als-eingraviertem-schriftzug\/\" \/>\n<meta property=\"og:locale\" content=\"de_DE\" \/>\n<meta property=\"og:type\" content=\"article\" \/>\n<meta property=\"og:title\" content=\"Beste Schwester Schl\u00fcsselanh\u00e4nger aus hochwertigem Metall, in Herz Form mit Gravur, Mit&quot;Beste Schwester der Welt&quot; als eingraviertem Schriftzug - Markt-XXL\" \/>\n<meta property=\"og:description\" content=\"Markt-XXL Beste Schwester Schl\u00fcsselanh\u00e4nger aus hochwertigem Metall, in Herz Form mit Gravur, Mit&quot;Beste Schwester der Welt&quot; als eingraviertem Schriftzug\" \/>\n<meta property=\"og:url\" content=\"https:\/\/marktxxl.de\/markt\/produkt\/beste-schwester-schluesselanhaenger-aus-hochwertigem-metall-in-herz-form-mit-gravur-mitbeste-schwester-der-welt-als-eingraviertem-schriftzug\/\" \/>\n<meta property=\"og:site_name\" content=\"Markt-XXL\" \/>\n<meta property=\"article:modified_time\" content=\"2023-04-11T02:41:21+00:00\" \/>\n<meta property=\"og:image\" content=\"https:\/\/m.media-amazon.com\/images\/I\/414xZ1m+yPL._SL500_.jpg\" \/>\n\t<meta property=\"og:image:width\" content=\"360\" \/>\n\t<meta property=\"og:image:height\" content=\"500\" \/>\n\t<meta property=\"og:image:type\" content=\"image\/jpeg\" \/>\n<meta name=\"twitter:card\" content=\"summary_large_image\" \/>\n<meta name=\"twitter:label1\" content=\"Gesch\u00e4tzte Lesezeit\" \/>\n\t<meta name=\"twitter:data1\" content=\"1\u00a0Minute\" \/>\n<script type=\"application\/ld+json\" class=\"yoast-schema-graph\">{\"@context\":\"https:\\\/\\\/schema.org\",\"@graph\":[{\"@type\":\"WebPage\",\"@id\":\"https:\\\/\\\/marktxxl.de\\\/markt\\\/produkt\\\/beste-schwester-schluesselanhaenger-aus-hochwertigem-metall-in-herz-form-mit-gravur-mitbeste-schwester-der-welt-als-eingraviertem-schriftzug\\\/\",\"url\":\"https:\\\/\\\/marktxxl.de\\\/markt\\\/produkt\\\/beste-schwester-schluesselanhaenger-aus-hochwertigem-metall-in-herz-form-mit-gravur-mitbeste-schwester-der-welt-als-eingraviertem-schriftzug\\\/\",\"name\":\"Beste Schwester Schl\u00fcsselanh\u00e4nger aus hochwertigem Metall, in Herz Form mit Gravur, Mit\\\"Beste Schwester der Welt\\\" als eingraviertem Schriftzug - Markt-XXL\",\"isPartOf\":{\"@id\":\"https:\\\/\\\/marktxxl.de\\\/markt\\\/#website\"},\"primaryImageOfPage\":{\"@id\":\"https:\\\/\\\/marktxxl.de\\\/markt\\\/produkt\\\/beste-schwester-schluesselanhaenger-aus-hochwertigem-metall-in-herz-form-mit-gravur-mitbeste-schwester-der-welt-als-eingraviertem-schriftzug\\\/#primaryimage\"},\"image\":{\"@id\":\"https:\\\/\\\/marktxxl.de\\\/markt\\\/produkt\\\/beste-schwester-schluesselanhaenger-aus-hochwertigem-metall-in-herz-form-mit-gravur-mitbeste-schwester-der-welt-als-eingraviertem-schriftzug\\\/#primaryimage\"},\"thumbnailUrl\":\"https:\\\/\\\/m.media-amazon.com\\\/images\\\/I\\\/414xZ1m+yPL._SL500_.jpg\",\"datePublished\":\"2022-10-12T03:49:17+00:00\",\"dateModified\":\"2023-04-11T02:41:21+00:00\",\"description\":\"Markt-XXL Beste Schwester Schl\u00fcsselanh\u00e4nger aus hochwertigem Metall, in Herz Form mit Gravur, Mit\\\"Beste Schwester der Welt\\\" als eingraviertem Schriftzug\",\"breadcrumb\":{\"@id\":\"https:\\\/\\\/marktxxl.de\\\/markt\\\/produkt\\\/beste-schwester-schluesselanhaenger-aus-hochwertigem-metall-in-herz-form-mit-gravur-mitbeste-schwester-der-welt-als-eingraviertem-schriftzug\\\/#breadcrumb\"},\"inLanguage\":\"de\",\"potentialAction\":[{\"@type\":\"ReadAction\",\"target\":[\"https:\\\/\\\/marktxxl.de\\\/markt\\\/produkt\\\/beste-schwester-schluesselanhaenger-aus-hochwertigem-metall-in-herz-form-mit-gravur-mitbeste-schwester-der-welt-als-eingraviertem-schriftzug\\\/\"]}]},{\"@type\":\"ImageObject\",\"inLanguage\":\"de\",\"@id\":\"https:\\\/\\\/marktxxl.de\\\/markt\\\/produkt\\\/beste-schwester-schluesselanhaenger-aus-hochwertigem-metall-in-herz-form-mit-gravur-mitbeste-schwester-der-welt-als-eingraviertem-schriftzug\\\/#primaryimage\",\"url\":\"https:\\\/\\\/m.media-amazon.com\\\/images\\\/I\\\/414xZ1m+yPL._SL500_.jpg\",\"contentUrl\":\"https:\\\/\\\/m.media-amazon.com\\\/images\\\/I\\\/414xZ1m+yPL._SL500_.jpg\",\"width\":360,\"height\":500},{\"@type\":\"BreadcrumbList\",\"@id\":\"https:\\\/\\\/marktxxl.de\\\/markt\\\/produkt\\\/beste-schwester-schluesselanhaenger-aus-hochwertigem-metall-in-herz-form-mit-gravur-mitbeste-schwester-der-welt-als-eingraviertem-schriftzug\\\/#breadcrumb\",\"itemListElement\":[{\"@type\":\"ListItem\",\"position\":1,\"name\":\"Startseite\",\"item\":\"https:\\\/\\\/marktxxl.de\\\/markt\\\/\"},{\"@type\":\"ListItem\",\"position\":2,\"name\":\"Markt\",\"item\":\"https:\\\/\\\/marktxxl.de\\\/markt\\\/\"},{\"@type\":\"ListItem\",\"position\":3,\"name\":\"Beste Schwester Schl\u00fcsselanh\u00e4nger aus hochwertigem Metall, in Herz Form mit Gravur, Mit&#8221;Beste Schwester der Welt&#8221; als eingraviertem Schriftzug\"}]},{\"@type\":\"WebSite\",\"@id\":\"https:\\\/\\\/marktxxl.de\\\/markt\\\/#website\",\"url\":\"https:\\\/\\\/marktxxl.de\\\/markt\\\/\",\"name\":\"Markt-XXL\",\"description\":\"Ihr Markt Online\",\"publisher\":{\"@id\":\"https:\\\/\\\/marktxxl.de\\\/markt\\\/#organization\"},\"potentialAction\":[{\"@type\":\"SearchAction\",\"target\":{\"@type\":\"EntryPoint\",\"urlTemplate\":\"https:\\\/\\\/marktxxl.de\\\/markt\\\/?s={search_term_string}\"},\"query-input\":{\"@type\":\"PropertyValueSpecification\",\"valueRequired\":true,\"valueName\":\"search_term_string\"}}],\"inLanguage\":\"de\"},{\"@type\":\"Organization\",\"@id\":\"https:\\\/\\\/marktxxl.de\\\/markt\\\/#organization\",\"name\":\"Markt-XXL\",\"url\":\"https:\\\/\\\/marktxxl.de\\\/markt\\\/\",\"logo\":{\"@type\":\"ImageObject\",\"inLanguage\":\"de\",\"@id\":\"https:\\\/\\\/marktxxl.de\\\/markt\\\/#\\\/schema\\\/logo\\\/image\\\/\",\"url\":\"https:\\\/\\\/marktxxl.de\\\/markt\\\/wp-content\\\/uploads\\\/sites\\\/3\\\/2020\\\/12\\\/logo.png\",\"contentUrl\":\"https:\\\/\\\/marktxxl.de\\\/markt\\\/wp-content\\\/uploads\\\/sites\\\/3\\\/2020\\\/12\\\/logo.png\",\"width\":200,\"height\":70,\"caption\":\"Markt-XXL\"},\"image\":{\"@id\":\"https:\\\/\\\/marktxxl.de\\\/markt\\\/#\\\/schema\\\/logo\\\/image\\\/\"}}]}<\/script>\n<!-- \/ Yoast SEO plugin. -->","yoast_head_json":{"title":"Beste Schwester Schl\u00fcsselanh\u00e4nger aus hochwertigem Metall, in Herz Form mit Gravur, Mit\"Beste Schwester der Welt\" als eingraviertem Schriftzug - Markt-XXL","description":"Markt-XXL Beste Schwester Schl\u00fcsselanh\u00e4nger aus hochwertigem Metall, in Herz Form mit Gravur, Mit\"Beste Schwester der Welt\" als eingraviertem Schriftzug","robots":{"index":"index","follow":"follow","max-snippet":"max-snippet:-1","max-image-preview":"max-image-preview:large","max-video-preview":"max-video-preview:-1"},"canonical":"https:\/\/marktxxl.de\/markt\/produkt\/beste-schwester-schluesselanhaenger-aus-hochwertigem-metall-in-herz-form-mit-gravur-mitbeste-schwester-der-welt-als-eingraviertem-schriftzug\/","og_locale":"de_DE","og_type":"article","og_title":"Beste Schwester Schl\u00fcsselanh\u00e4nger aus hochwertigem Metall, in Herz Form mit Gravur, Mit\"Beste Schwester der Welt\" als eingraviertem Schriftzug - Markt-XXL","og_description":"Markt-XXL Beste Schwester Schl\u00fcsselanh\u00e4nger aus hochwertigem Metall, in Herz Form mit Gravur, Mit\"Beste Schwester der Welt\" als eingraviertem Schriftzug","og_url":"https:\/\/marktxxl.de\/markt\/produkt\/beste-schwester-schluesselanhaenger-aus-hochwertigem-metall-in-herz-form-mit-gravur-mitbeste-schwester-der-welt-als-eingraviertem-schriftzug\/","og_site_name":"Markt-XXL","article_modified_time":"2023-04-11T02:41:21+00:00","og_image":[{"width":360,"height":500,"url":"https:\/\/m.media-amazon.com\/images\/I\/414xZ1m+yPL._SL500_.jpg","type":"image\/jpeg"}],"twitter_card":"summary_large_image","twitter_misc":{"Gesch\u00e4tzte Lesezeit":"1\u00a0Minute"},"schema":{"@context":"https:\/\/schema.org","@graph":[{"@type":"WebPage","@id":"https:\/\/marktxxl.de\/markt\/produkt\/beste-schwester-schluesselanhaenger-aus-hochwertigem-metall-in-herz-form-mit-gravur-mitbeste-schwester-der-welt-als-eingraviertem-schriftzug\/","url":"https:\/\/marktxxl.de\/markt\/produkt\/beste-schwester-schluesselanhaenger-aus-hochwertigem-metall-in-herz-form-mit-gravur-mitbeste-schwester-der-welt-als-eingraviertem-schriftzug\/","name":"Beste Schwester Schl\u00fcsselanh\u00e4nger aus hochwertigem Metall, in Herz Form mit Gravur, Mit\"Beste Schwester der Welt\" als eingraviertem Schriftzug - Markt-XXL","isPartOf":{"@id":"https:\/\/marktxxl.de\/markt\/#website"},"primaryImageOfPage":{"@id":"https:\/\/marktxxl.de\/markt\/produkt\/beste-schwester-schluesselanhaenger-aus-hochwertigem-metall-in-herz-form-mit-gravur-mitbeste-schwester-der-welt-als-eingraviertem-schriftzug\/#primaryimage"},"image":{"@id":"https:\/\/marktxxl.de\/markt\/produkt\/beste-schwester-schluesselanhaenger-aus-hochwertigem-metall-in-herz-form-mit-gravur-mitbeste-schwester-der-welt-als-eingraviertem-schriftzug\/#primaryimage"},"thumbnailUrl":"https:\/\/m.media-amazon.com\/images\/I\/414xZ1m+yPL._SL500_.jpg","datePublished":"2022-10-12T03:49:17+00:00","dateModified":"2023-04-11T02:41:21+00:00","description":"Markt-XXL Beste Schwester Schl\u00fcsselanh\u00e4nger aus hochwertigem Metall, in Herz Form mit Gravur, Mit\"Beste Schwester der Welt\" als eingraviertem Schriftzug","breadcrumb":{"@id":"https:\/\/marktxxl.de\/markt\/produkt\/beste-schwester-schluesselanhaenger-aus-hochwertigem-metall-in-herz-form-mit-gravur-mitbeste-schwester-der-welt-als-eingraviertem-schriftzug\/#breadcrumb"},"inLanguage":"de","potentialAction":[{"@type":"ReadAction","target":["https:\/\/marktxxl.de\/markt\/produkt\/beste-schwester-schluesselanhaenger-aus-hochwertigem-metall-in-herz-form-mit-gravur-mitbeste-schwester-der-welt-als-eingraviertem-schriftzug\/"]}]},{"@type":"ImageObject","inLanguage":"de","@id":"https:\/\/marktxxl.de\/markt\/produkt\/beste-schwester-schluesselanhaenger-aus-hochwertigem-metall-in-herz-form-mit-gravur-mitbeste-schwester-der-welt-als-eingraviertem-schriftzug\/#primaryimage","url":"https:\/\/m.media-amazon.com\/images\/I\/414xZ1m+yPL._SL500_.jpg","contentUrl":"https:\/\/m.media-amazon.com\/images\/I\/414xZ1m+yPL._SL500_.jpg","width":360,"height":500},{"@type":"BreadcrumbList","@id":"https:\/\/marktxxl.de\/markt\/produkt\/beste-schwester-schluesselanhaenger-aus-hochwertigem-metall-in-herz-form-mit-gravur-mitbeste-schwester-der-welt-als-eingraviertem-schriftzug\/#breadcrumb","itemListElement":[{"@type":"ListItem","position":1,"name":"Startseite","item":"https:\/\/marktxxl.de\/markt\/"},{"@type":"ListItem","position":2,"name":"Markt","item":"https:\/\/marktxxl.de\/markt\/"},{"@type":"ListItem","position":3,"name":"Beste Schwester Schl\u00fcsselanh\u00e4nger aus hochwertigem Metall, in Herz Form mit Gravur, Mit&#8221;Beste Schwester der Welt&#8221; als eingraviertem Schriftzug"}]},{"@type":"WebSite","@id":"https:\/\/marktxxl.de\/markt\/#website","url":"https:\/\/marktxxl.de\/markt\/","name":"Markt-XXL","description":"Ihr Markt Online","publisher":{"@id":"https:\/\/marktxxl.de\/markt\/#organization"},"potentialAction":[{"@type":"SearchAction","target":{"@type":"EntryPoint","urlTemplate":"https:\/\/marktxxl.de\/markt\/?s={search_term_string}"},"query-input":{"@type":"PropertyValueSpecification","valueRequired":true,"valueName":"search_term_string"}}],"inLanguage":"de"},{"@type":"Organization","@id":"https:\/\/marktxxl.de\/markt\/#organization","name":"Markt-XXL","url":"https:\/\/marktxxl.de\/markt\/","logo":{"@type":"ImageObject","inLanguage":"de","@id":"https:\/\/marktxxl.de\/markt\/#\/schema\/logo\/image\/","url":"https:\/\/marktxxl.de\/markt\/wp-content\/uploads\/sites\/3\/2020\/12\/logo.png","contentUrl":"https:\/\/marktxxl.de\/markt\/wp-content\/uploads\/sites\/3\/2020\/12\/logo.png","width":200,"height":70,"caption":"Markt-XXL"},"image":{"@id":"https:\/\/marktxxl.de\/markt\/#\/schema\/logo\/image\/"}}]}},"_links":{"self":[{"href":"https:\/\/marktxxl.de\/markt\/wp-json\/wp\/v2\/product\/158834","targetHints":{"allow":["GET"]}}],"collection":[{"href":"https:\/\/marktxxl.de\/markt\/wp-json\/wp\/v2\/product"}],"about":[{"href":"https:\/\/marktxxl.de\/markt\/wp-json\/wp\/v2\/types\/product"}],"replies":[{"embeddable":true,"href":"https:\/\/marktxxl.de\/markt\/wp-json\/wp\/v2\/comments?post=158834"}],"wp:featuredmedia":[{"embeddable":true,"href":"https:\/\/marktxxl.de\/markt\/wp-json\/wp\/v2\/media\/158835"}],"wp:attachment":[{"href":"https:\/\/marktxxl.de\/markt\/wp-json\/wp\/v2\/media?parent=158834"}],"wp:term":[{"taxonomy":"product_brand","embeddable":true,"href":"https:\/\/marktxxl.de\/markt\/wp-json\/wp\/v2\/product_brand?post=158834"},{"taxonomy":"product_cat","embeddable":true,"href":"https:\/\/marktxxl.de\/markt\/wp-json\/wp\/v2\/product_cat?post=158834"},{"taxonomy":"product_tag","embeddable":true,"href":"https:\/\/marktxxl.de\/markt\/wp-json\/wp\/v2\/product_tag?post=158834"}],"curies":[{"name":"wp","href":"https:\/\/api.w.org\/{rel}","templated":true}]}}