{"id":158685,"date":"2022-10-12T05:32:28","date_gmt":"2022-10-12T03:32:28","guid":{"rendered":"https:\/\/marktxxl.de\/markt\/produkt\/hej-creation-weihnachtskarten-im-set-20-schoene-postkarten-zu-weihnachten-sprueche-und-wuensche-zur-weihnachtszeit-weihnachtliche-festliche-motive-advent-christmas-karten-mit-spruechen-geschenk\/"},"modified":"2023-04-11T04:41:18","modified_gmt":"2023-04-11T02:41:18","slug":"hej-creation-weihnachtskarten-im-set-20-schoene-postkarten-zu-weihnachten-sprueche-und-wuensche-zur-weihnachtszeit-weihnachtliche-festliche-motive-advent-christmas-karten-mit-spruechen-geschenk","status":"publish","type":"product","link":"https:\/\/marktxxl.de\/markt\/produkt\/hej-creation-weihnachtskarten-im-set-20-schoene-postkarten-zu-weihnachten-sprueche-und-wuensche-zur-weihnachtszeit-weihnachtliche-festliche-motive-advent-christmas-karten-mit-spruechen-geschenk\/","title":{"rendered":"HEJ.CREATION Weihnachtskarten im Set | 20 sch\u00f6ne Postkarten zu Weihnachten | Spr\u00fcche und W\u00fcnsche zur Weihnachtszeit\u2026"},"content":{"rendered":"<p>EINZIGARTIG \u2661 Premium Postkarten zu Weihnachten und zum Nikolaus aus regionaler Produktion f\u00fcr Designfreunde.<br \/>\nVIELF\u00c4LTIG \u2661 Lasse deiner Kreativit\u00e4t freien Lauf und nutze die Karten f\u00fcr festliche Gr\u00fc\u00dfe, Adventskalender, als Gutschein, f\u00fcr Geschenke oder einfach als Dekoration in der eigenen Wohnung<br \/>\nDURCHDACHT \u2661 Festliche und weihnachtliche Spr\u00fcche, W\u00fcnsche und Motive zum Thema Weihnachten, Festtage und Advent findest du auf der Vorderseite. Die R\u00fcckseite bietet viel Platz f\u00fcr deine pers\u00f6nlichen Worte und Gr\u00fc\u00dfe<br \/>\nMIT LIEBE \u2661 Diese Karten wurden mit Hingabe f\u00fcr sch\u00f6nes Design gestaltet und regional produziert. Ideal f\u00fcr weihnachtliche Gr\u00fc\u00dfe an Freunde und Familie<br \/>\nQUALIT\u00c4T \u2661 Du bekommst 20 hochwertige Postkarten auf besonders stabilem Offset-Karton (400g\/qm). Die Karten haben DIN A6-Format, sind ungestrichen und deshalb hervorragend zu beschreiben.<br \/>\n<div class=\"main-cross-sell\" data-asin=\"B09L1GJH96\">\n\n\t<div class=\"WooZone-cross-sell-loader\">\n\t\t<div>\n\t\t\t<div id=\"floatingBarsG\">\n\t\t\t\t<div class=\"blockG\" id=\"rotateG_01\"><\/div>\n\t\t\t\t<div class=\"blockG\" id=\"rotateG_02\"><\/div>\n\t\t\t\t<div class=\"blockG\" id=\"rotateG_03\"><\/div>\n\t\t\t\t<div class=\"blockG\" id=\"rotateG_04\"><\/div>\n\t\t\t\t<div class=\"blockG\" id=\"rotateG_05\"><\/div>\n\t\t\t\t<div class=\"blockG\" id=\"rotateG_06\"><\/div>\n\t\t\t\t<div class=\"blockG\" id=\"rotateG_07\"><\/div>\n\t\t\t\t<div class=\"blockG\" id=\"rotateG_08\"><\/div>\n\t\t\t<\/div>\n\t\t\t<div class=\"WooZone-cross-sell-loader-text\"><\/div>\n\t\t<\/div>\n\t<\/div>\n\n\t\t\n<\/div>\n<div style=\"clear:both;\"><\/div><\/p>\n","protected":false},"excerpt":{"rendered":"<p>EINZIGARTIG \u2661 Premium Postkarten zu Weihnachten und zum Nikolaus aus regionaler Produktion f\u00fcr Designfreunde.<br \/>\nVIELF\u00c4LTIG \u2661 Lasse deiner Kreativit\u00e4t freien Lauf und nutze die Karten f\u00fcr festliche Gr\u00fc\u00dfe, Adventskalender, als Gutschein, f\u00fcr Geschenke oder einfach als Dekoration in der eigenen Wohnung<br \/>\nDURCHDACHT \u2661 Festliche und weihnachtliche Spr\u00fcche, W\u00fcnsche und Motive zum Thema Weihnachten, Festtage und Advent findest du auf der Vorderseite. Die R\u00fcckseite bietet viel Platz f\u00fcr deine pers\u00f6nlichen Worte und Gr\u00fc\u00dfe<\/p>\n","protected":false},"featured_media":158686,"comment_status":"open","ping_status":"closed","template":"","meta":[],"product_brand":[],"product_cat":[504],"product_tag":[],"class_list":{"0":"post-158685","1":"product","2":"type-product","3":"status-publish","4":"has-post-thumbnail","6":"product_cat-buerobedarf-schreibwaren","7":"pa_brand-hej-creation","8":"pa_height-0-47244-zoll","9":"pa_languages-unbekannt-deutsch-unbekannt-englisch","10":"pa_length-5-82676-zoll","11":"pa_width-4-13385-zoll","13":"first","14":"instock","15":"shipping-taxable","16":"purchasable","17":"product-type-simple","18":"customify-col","19":"product-has-gallery"},"yoast_head":"<!-- This site is optimized with the Yoast SEO plugin v27.4 - https:\/\/yoast.com\/product\/yoast-seo-wordpress\/ -->\n<title>HEJ.CREATION Weihnachtskarten im Set | 20 sch\u00f6ne Postkarten zu Weihnachten | Spr\u00fcche und W\u00fcnsche zur Weihnachtszeit\u2026 - Markt-XXL<\/title>\n<meta name=\"description\" content=\"Markt-XXL HEJ.CREATION Weihnachtskarten im Set | 20 sch\u00f6ne Postkarten zu Weihnachten | Spr\u00fcche und W\u00fcnsche zur Weihnachtszeit\u2026\" \/>\n<meta name=\"robots\" content=\"index, follow, max-snippet:-1, max-image-preview:large, max-video-preview:-1\" \/>\n<link rel=\"canonical\" href=\"https:\/\/marktxxl.de\/markt\/produkt\/hej-creation-weihnachtskarten-im-set-20-schoene-postkarten-zu-weihnachten-sprueche-und-wuensche-zur-weihnachtszeit-weihnachtliche-festliche-motive-advent-christmas-karten-mit-spruechen-geschenk\/\" \/>\n<meta property=\"og:locale\" content=\"de_DE\" \/>\n<meta property=\"og:type\" content=\"article\" \/>\n<meta property=\"og:title\" content=\"HEJ.CREATION Weihnachtskarten im Set | 20 sch\u00f6ne Postkarten zu Weihnachten | Spr\u00fcche und W\u00fcnsche zur Weihnachtszeit\u2026 - Markt-XXL\" \/>\n<meta property=\"og:description\" content=\"Markt-XXL HEJ.CREATION Weihnachtskarten im Set | 20 sch\u00f6ne Postkarten zu Weihnachten | Spr\u00fcche und W\u00fcnsche zur Weihnachtszeit\u2026\" \/>\n<meta property=\"og:url\" content=\"https:\/\/marktxxl.de\/markt\/produkt\/hej-creation-weihnachtskarten-im-set-20-schoene-postkarten-zu-weihnachten-sprueche-und-wuensche-zur-weihnachtszeit-weihnachtliche-festliche-motive-advent-christmas-karten-mit-spruechen-geschenk\/\" \/>\n<meta property=\"og:site_name\" content=\"Markt-XXL\" \/>\n<meta property=\"article:modified_time\" content=\"2023-04-11T02:41:18+00:00\" \/>\n<meta property=\"og:image\" content=\"https:\/\/m.media-amazon.com\/images\/I\/51cfz20Tk2L._SL500_.jpg\" \/>\n\t<meta property=\"og:image:width\" content=\"500\" \/>\n\t<meta property=\"og:image:height\" content=\"500\" \/>\n\t<meta property=\"og:image:type\" content=\"image\/jpeg\" \/>\n<meta name=\"twitter:card\" content=\"summary_large_image\" \/>\n<meta name=\"twitter:label1\" content=\"Gesch\u00e4tzte Lesezeit\" \/>\n\t<meta name=\"twitter:data1\" content=\"1\u00a0Minute\" \/>\n<script type=\"application\/ld+json\" class=\"yoast-schema-graph\">{\"@context\":\"https:\\\/\\\/schema.org\",\"@graph\":[{\"@type\":\"WebPage\",\"@id\":\"https:\\\/\\\/marktxxl.de\\\/markt\\\/produkt\\\/hej-creation-weihnachtskarten-im-set-20-schoene-postkarten-zu-weihnachten-sprueche-und-wuensche-zur-weihnachtszeit-weihnachtliche-festliche-motive-advent-christmas-karten-mit-spruechen-geschenk\\\/\",\"url\":\"https:\\\/\\\/marktxxl.de\\\/markt\\\/produkt\\\/hej-creation-weihnachtskarten-im-set-20-schoene-postkarten-zu-weihnachten-sprueche-und-wuensche-zur-weihnachtszeit-weihnachtliche-festliche-motive-advent-christmas-karten-mit-spruechen-geschenk\\\/\",\"name\":\"HEJ.CREATION Weihnachtskarten im Set | 20 sch\u00f6ne Postkarten zu Weihnachten | Spr\u00fcche und W\u00fcnsche zur Weihnachtszeit\u2026 - Markt-XXL\",\"isPartOf\":{\"@id\":\"https:\\\/\\\/marktxxl.de\\\/markt\\\/#website\"},\"primaryImageOfPage\":{\"@id\":\"https:\\\/\\\/marktxxl.de\\\/markt\\\/produkt\\\/hej-creation-weihnachtskarten-im-set-20-schoene-postkarten-zu-weihnachten-sprueche-und-wuensche-zur-weihnachtszeit-weihnachtliche-festliche-motive-advent-christmas-karten-mit-spruechen-geschenk\\\/#primaryimage\"},\"image\":{\"@id\":\"https:\\\/\\\/marktxxl.de\\\/markt\\\/produkt\\\/hej-creation-weihnachtskarten-im-set-20-schoene-postkarten-zu-weihnachten-sprueche-und-wuensche-zur-weihnachtszeit-weihnachtliche-festliche-motive-advent-christmas-karten-mit-spruechen-geschenk\\\/#primaryimage\"},\"thumbnailUrl\":\"https:\\\/\\\/m.media-amazon.com\\\/images\\\/I\\\/51cfz20Tk2L._SL500_.jpg\",\"datePublished\":\"2022-10-12T03:32:28+00:00\",\"dateModified\":\"2023-04-11T02:41:18+00:00\",\"description\":\"Markt-XXL HEJ.CREATION Weihnachtskarten im Set | 20 sch\u00f6ne Postkarten zu Weihnachten | Spr\u00fcche und W\u00fcnsche zur Weihnachtszeit\u2026\",\"breadcrumb\":{\"@id\":\"https:\\\/\\\/marktxxl.de\\\/markt\\\/produkt\\\/hej-creation-weihnachtskarten-im-set-20-schoene-postkarten-zu-weihnachten-sprueche-und-wuensche-zur-weihnachtszeit-weihnachtliche-festliche-motive-advent-christmas-karten-mit-spruechen-geschenk\\\/#breadcrumb\"},\"inLanguage\":\"de\",\"potentialAction\":[{\"@type\":\"ReadAction\",\"target\":[\"https:\\\/\\\/marktxxl.de\\\/markt\\\/produkt\\\/hej-creation-weihnachtskarten-im-set-20-schoene-postkarten-zu-weihnachten-sprueche-und-wuensche-zur-weihnachtszeit-weihnachtliche-festliche-motive-advent-christmas-karten-mit-spruechen-geschenk\\\/\"]}]},{\"@type\":\"ImageObject\",\"inLanguage\":\"de\",\"@id\":\"https:\\\/\\\/marktxxl.de\\\/markt\\\/produkt\\\/hej-creation-weihnachtskarten-im-set-20-schoene-postkarten-zu-weihnachten-sprueche-und-wuensche-zur-weihnachtszeit-weihnachtliche-festliche-motive-advent-christmas-karten-mit-spruechen-geschenk\\\/#primaryimage\",\"url\":\"https:\\\/\\\/m.media-amazon.com\\\/images\\\/I\\\/51cfz20Tk2L._SL500_.jpg\",\"contentUrl\":\"https:\\\/\\\/m.media-amazon.com\\\/images\\\/I\\\/51cfz20Tk2L._SL500_.jpg\",\"width\":500,\"height\":500},{\"@type\":\"BreadcrumbList\",\"@id\":\"https:\\\/\\\/marktxxl.de\\\/markt\\\/produkt\\\/hej-creation-weihnachtskarten-im-set-20-schoene-postkarten-zu-weihnachten-sprueche-und-wuensche-zur-weihnachtszeit-weihnachtliche-festliche-motive-advent-christmas-karten-mit-spruechen-geschenk\\\/#breadcrumb\",\"itemListElement\":[{\"@type\":\"ListItem\",\"position\":1,\"name\":\"Startseite\",\"item\":\"https:\\\/\\\/marktxxl.de\\\/markt\\\/\"},{\"@type\":\"ListItem\",\"position\":2,\"name\":\"Markt\",\"item\":\"https:\\\/\\\/marktxxl.de\\\/markt\\\/\"},{\"@type\":\"ListItem\",\"position\":3,\"name\":\"HEJ.CREATION Weihnachtskarten im Set | 20 sch\u00f6ne Postkarten zu Weihnachten | Spr\u00fcche und W\u00fcnsche zur Weihnachtszeit\u2026\"}]},{\"@type\":\"WebSite\",\"@id\":\"https:\\\/\\\/marktxxl.de\\\/markt\\\/#website\",\"url\":\"https:\\\/\\\/marktxxl.de\\\/markt\\\/\",\"name\":\"Markt-XXL\",\"description\":\"Ihr Markt Online\",\"publisher\":{\"@id\":\"https:\\\/\\\/marktxxl.de\\\/markt\\\/#organization\"},\"potentialAction\":[{\"@type\":\"SearchAction\",\"target\":{\"@type\":\"EntryPoint\",\"urlTemplate\":\"https:\\\/\\\/marktxxl.de\\\/markt\\\/?s={search_term_string}\"},\"query-input\":{\"@type\":\"PropertyValueSpecification\",\"valueRequired\":true,\"valueName\":\"search_term_string\"}}],\"inLanguage\":\"de\"},{\"@type\":\"Organization\",\"@id\":\"https:\\\/\\\/marktxxl.de\\\/markt\\\/#organization\",\"name\":\"Markt-XXL\",\"url\":\"https:\\\/\\\/marktxxl.de\\\/markt\\\/\",\"logo\":{\"@type\":\"ImageObject\",\"inLanguage\":\"de\",\"@id\":\"https:\\\/\\\/marktxxl.de\\\/markt\\\/#\\\/schema\\\/logo\\\/image\\\/\",\"url\":\"https:\\\/\\\/marktxxl.de\\\/markt\\\/wp-content\\\/uploads\\\/sites\\\/3\\\/2020\\\/12\\\/logo.png\",\"contentUrl\":\"https:\\\/\\\/marktxxl.de\\\/markt\\\/wp-content\\\/uploads\\\/sites\\\/3\\\/2020\\\/12\\\/logo.png\",\"width\":200,\"height\":70,\"caption\":\"Markt-XXL\"},\"image\":{\"@id\":\"https:\\\/\\\/marktxxl.de\\\/markt\\\/#\\\/schema\\\/logo\\\/image\\\/\"}}]}<\/script>\n<!-- \/ Yoast SEO plugin. -->","yoast_head_json":{"title":"HEJ.CREATION Weihnachtskarten im Set | 20 sch\u00f6ne Postkarten zu Weihnachten | Spr\u00fcche und W\u00fcnsche zur Weihnachtszeit\u2026 - Markt-XXL","description":"Markt-XXL HEJ.CREATION Weihnachtskarten im Set | 20 sch\u00f6ne Postkarten zu Weihnachten | Spr\u00fcche und W\u00fcnsche zur Weihnachtszeit\u2026","robots":{"index":"index","follow":"follow","max-snippet":"max-snippet:-1","max-image-preview":"max-image-preview:large","max-video-preview":"max-video-preview:-1"},"canonical":"https:\/\/marktxxl.de\/markt\/produkt\/hej-creation-weihnachtskarten-im-set-20-schoene-postkarten-zu-weihnachten-sprueche-und-wuensche-zur-weihnachtszeit-weihnachtliche-festliche-motive-advent-christmas-karten-mit-spruechen-geschenk\/","og_locale":"de_DE","og_type":"article","og_title":"HEJ.CREATION Weihnachtskarten im Set | 20 sch\u00f6ne Postkarten zu Weihnachten | Spr\u00fcche und W\u00fcnsche zur Weihnachtszeit\u2026 - Markt-XXL","og_description":"Markt-XXL HEJ.CREATION Weihnachtskarten im Set | 20 sch\u00f6ne Postkarten zu Weihnachten | Spr\u00fcche und W\u00fcnsche zur Weihnachtszeit\u2026","og_url":"https:\/\/marktxxl.de\/markt\/produkt\/hej-creation-weihnachtskarten-im-set-20-schoene-postkarten-zu-weihnachten-sprueche-und-wuensche-zur-weihnachtszeit-weihnachtliche-festliche-motive-advent-christmas-karten-mit-spruechen-geschenk\/","og_site_name":"Markt-XXL","article_modified_time":"2023-04-11T02:41:18+00:00","og_image":[{"width":500,"height":500,"url":"https:\/\/m.media-amazon.com\/images\/I\/51cfz20Tk2L._SL500_.jpg","type":"image\/jpeg"}],"twitter_card":"summary_large_image","twitter_misc":{"Gesch\u00e4tzte Lesezeit":"1\u00a0Minute"},"schema":{"@context":"https:\/\/schema.org","@graph":[{"@type":"WebPage","@id":"https:\/\/marktxxl.de\/markt\/produkt\/hej-creation-weihnachtskarten-im-set-20-schoene-postkarten-zu-weihnachten-sprueche-und-wuensche-zur-weihnachtszeit-weihnachtliche-festliche-motive-advent-christmas-karten-mit-spruechen-geschenk\/","url":"https:\/\/marktxxl.de\/markt\/produkt\/hej-creation-weihnachtskarten-im-set-20-schoene-postkarten-zu-weihnachten-sprueche-und-wuensche-zur-weihnachtszeit-weihnachtliche-festliche-motive-advent-christmas-karten-mit-spruechen-geschenk\/","name":"HEJ.CREATION Weihnachtskarten im Set | 20 sch\u00f6ne Postkarten zu Weihnachten | Spr\u00fcche und W\u00fcnsche zur Weihnachtszeit\u2026 - Markt-XXL","isPartOf":{"@id":"https:\/\/marktxxl.de\/markt\/#website"},"primaryImageOfPage":{"@id":"https:\/\/marktxxl.de\/markt\/produkt\/hej-creation-weihnachtskarten-im-set-20-schoene-postkarten-zu-weihnachten-sprueche-und-wuensche-zur-weihnachtszeit-weihnachtliche-festliche-motive-advent-christmas-karten-mit-spruechen-geschenk\/#primaryimage"},"image":{"@id":"https:\/\/marktxxl.de\/markt\/produkt\/hej-creation-weihnachtskarten-im-set-20-schoene-postkarten-zu-weihnachten-sprueche-und-wuensche-zur-weihnachtszeit-weihnachtliche-festliche-motive-advent-christmas-karten-mit-spruechen-geschenk\/#primaryimage"},"thumbnailUrl":"https:\/\/m.media-amazon.com\/images\/I\/51cfz20Tk2L._SL500_.jpg","datePublished":"2022-10-12T03:32:28+00:00","dateModified":"2023-04-11T02:41:18+00:00","description":"Markt-XXL HEJ.CREATION Weihnachtskarten im Set | 20 sch\u00f6ne Postkarten zu Weihnachten | Spr\u00fcche und W\u00fcnsche zur Weihnachtszeit\u2026","breadcrumb":{"@id":"https:\/\/marktxxl.de\/markt\/produkt\/hej-creation-weihnachtskarten-im-set-20-schoene-postkarten-zu-weihnachten-sprueche-und-wuensche-zur-weihnachtszeit-weihnachtliche-festliche-motive-advent-christmas-karten-mit-spruechen-geschenk\/#breadcrumb"},"inLanguage":"de","potentialAction":[{"@type":"ReadAction","target":["https:\/\/marktxxl.de\/markt\/produkt\/hej-creation-weihnachtskarten-im-set-20-schoene-postkarten-zu-weihnachten-sprueche-und-wuensche-zur-weihnachtszeit-weihnachtliche-festliche-motive-advent-christmas-karten-mit-spruechen-geschenk\/"]}]},{"@type":"ImageObject","inLanguage":"de","@id":"https:\/\/marktxxl.de\/markt\/produkt\/hej-creation-weihnachtskarten-im-set-20-schoene-postkarten-zu-weihnachten-sprueche-und-wuensche-zur-weihnachtszeit-weihnachtliche-festliche-motive-advent-christmas-karten-mit-spruechen-geschenk\/#primaryimage","url":"https:\/\/m.media-amazon.com\/images\/I\/51cfz20Tk2L._SL500_.jpg","contentUrl":"https:\/\/m.media-amazon.com\/images\/I\/51cfz20Tk2L._SL500_.jpg","width":500,"height":500},{"@type":"BreadcrumbList","@id":"https:\/\/marktxxl.de\/markt\/produkt\/hej-creation-weihnachtskarten-im-set-20-schoene-postkarten-zu-weihnachten-sprueche-und-wuensche-zur-weihnachtszeit-weihnachtliche-festliche-motive-advent-christmas-karten-mit-spruechen-geschenk\/#breadcrumb","itemListElement":[{"@type":"ListItem","position":1,"name":"Startseite","item":"https:\/\/marktxxl.de\/markt\/"},{"@type":"ListItem","position":2,"name":"Markt","item":"https:\/\/marktxxl.de\/markt\/"},{"@type":"ListItem","position":3,"name":"HEJ.CREATION Weihnachtskarten im Set | 20 sch\u00f6ne Postkarten zu Weihnachten | Spr\u00fcche und W\u00fcnsche zur Weihnachtszeit\u2026"}]},{"@type":"WebSite","@id":"https:\/\/marktxxl.de\/markt\/#website","url":"https:\/\/marktxxl.de\/markt\/","name":"Markt-XXL","description":"Ihr Markt Online","publisher":{"@id":"https:\/\/marktxxl.de\/markt\/#organization"},"potentialAction":[{"@type":"SearchAction","target":{"@type":"EntryPoint","urlTemplate":"https:\/\/marktxxl.de\/markt\/?s={search_term_string}"},"query-input":{"@type":"PropertyValueSpecification","valueRequired":true,"valueName":"search_term_string"}}],"inLanguage":"de"},{"@type":"Organization","@id":"https:\/\/marktxxl.de\/markt\/#organization","name":"Markt-XXL","url":"https:\/\/marktxxl.de\/markt\/","logo":{"@type":"ImageObject","inLanguage":"de","@id":"https:\/\/marktxxl.de\/markt\/#\/schema\/logo\/image\/","url":"https:\/\/marktxxl.de\/markt\/wp-content\/uploads\/sites\/3\/2020\/12\/logo.png","contentUrl":"https:\/\/marktxxl.de\/markt\/wp-content\/uploads\/sites\/3\/2020\/12\/logo.png","width":200,"height":70,"caption":"Markt-XXL"},"image":{"@id":"https:\/\/marktxxl.de\/markt\/#\/schema\/logo\/image\/"}}]}},"_links":{"self":[{"href":"https:\/\/marktxxl.de\/markt\/wp-json\/wp\/v2\/product\/158685","targetHints":{"allow":["GET"]}}],"collection":[{"href":"https:\/\/marktxxl.de\/markt\/wp-json\/wp\/v2\/product"}],"about":[{"href":"https:\/\/marktxxl.de\/markt\/wp-json\/wp\/v2\/types\/product"}],"replies":[{"embeddable":true,"href":"https:\/\/marktxxl.de\/markt\/wp-json\/wp\/v2\/comments?post=158685"}],"wp:featuredmedia":[{"embeddable":true,"href":"https:\/\/marktxxl.de\/markt\/wp-json\/wp\/v2\/media\/158686"}],"wp:attachment":[{"href":"https:\/\/marktxxl.de\/markt\/wp-json\/wp\/v2\/media?parent=158685"}],"wp:term":[{"taxonomy":"product_brand","embeddable":true,"href":"https:\/\/marktxxl.de\/markt\/wp-json\/wp\/v2\/product_brand?post=158685"},{"taxonomy":"product_cat","embeddable":true,"href":"https:\/\/marktxxl.de\/markt\/wp-json\/wp\/v2\/product_cat?post=158685"},{"taxonomy":"product_tag","embeddable":true,"href":"https:\/\/marktxxl.de\/markt\/wp-json\/wp\/v2\/product_tag?post=158685"}],"curies":[{"name":"wp","href":"https:\/\/api.w.org\/{rel}","templated":true}]}}