{"id":158029,"date":"2022-10-12T04:28:31","date_gmt":"2022-10-12T02:28:31","guid":{"rendered":"https:\/\/marktxxl.de\/markt\/produkt\/ekouaer-umstands-stillmantel-arbeitslieferung-nachthemd-schwangerschaft-stillen-kleid-krankenhaus-bademaentel-kleid-s-xxl\/"},"modified":"2023-04-11T04:40:17","modified_gmt":"2023-04-11T02:40:17","slug":"ekouaer-umstands-stillmantel-arbeitslieferung-nachthemd-schwangerschaft-stillen-kleid-krankenhaus-bademaentel-kleid-s-xxl","status":"publish","type":"product","link":"https:\/\/marktxxl.de\/markt\/produkt\/ekouaer-umstands-stillmantel-arbeitslieferung-nachthemd-schwangerschaft-stillen-kleid-krankenhaus-bademaentel-kleid-s-xxl\/","title":{"rendered":"Ekouaer Schwangerschafts-Stillmantel, Arbeitslieferung, Nachthemd, Schwangerschaft, Stillkleid, Krankenhaus-Badem\u00e4ntel\u2026"},"content":{"rendered":"<p>Material: 95 % Viskose, 5 % Elastan. Ideal f\u00fcr Wochenenden und Stillen. Dieser gewickelte Bademantel paart weichen und bequemen Stoff, geeignet zum Stillen, Mutterschaft und f\u00fcr das gewohnte Tragen. Der Bademantel f\u00e4llt kleiner aus als \u00fcblich, bitte bestellen Sie eine gr\u00f6\u00dfere als \u00fcblich gem\u00e4\u00df der Gr\u00f6\u00dfentabelle<br \/>\nDas Umstandskleid mit 3\/4-\u00c4rmeln h\u00e4lt Sie gem\u00fctlich ohne das t\u00e4gliche Leben der Mutter zu beeintr\u00e4chtigen. Der ultraweiche, leichte Strickstoff und die Spitzenborte machen das Arbeitskleid attraktiv und bequem aussehen, perfekt mit Ihrer Lieblings-Nachtw\u00e4sche und Dessous-Sets. Der niedrige Oberk\u00f6rper ist eine gro\u00dfartige Eigenschaft, um den V-Ausschnitt zum Stillen zur Seite zu ziehen<br \/>\nDie beiden Gurtpositionen (mit inneren G\u00fcrteln) bieten M\u00fcttern die Wahl zwischen einer schmeichelhaften Taille w\u00e4hrend der Schwangerschaft und einer Anpassung an die Taille f\u00fcr die postpartale oder als Ihr \u00fcblicher, aber bequemer Bademantel. Ob Schwangere oder Stillen oder t\u00e4gliche Freizeittage, alle Frauen werden ihr einfaches, klassisches Design zu sch\u00e4tzen wissen<br \/>\nLoose Fit Nachtw\u00e4sche k\u00f6nnte Ihren Bauch gut von der fr\u00fchen Schwangerschaft bis zur Lieferung bedecken, perfekte Robe f\u00fcr die Krankenhauslieferung oder medizinische Untersuchungen oder fetale \u00dcberwachung. Der Ekouaer Kurzmantel ist perfekt f\u00fcr Damen sowohl w\u00e4hrend als auch nach der Schwangerschaft<br \/>\nPerfektes Geschenk f\u00fcr Ihre Frau, Schwestern oder Freunde. Sie werden diesen stilvollen Bademantel absolut lieben. Sein vielseitiges Design erm\u00f6glicht einen einfachen \u00dcbergang in allen Phasen der Mutterschaft: Schwangerschaft, nach der Geburt und dar\u00fcber hinaus<br \/>\n<div class=\"main-cross-sell\" data-asin=\"B07V7HJ4G2\">\n\n\t<div class=\"WooZone-cross-sell-loader\">\n\t\t<div>\n\t\t\t<div id=\"floatingBarsG\">\n\t\t\t\t<div class=\"blockG\" id=\"rotateG_01\"><\/div>\n\t\t\t\t<div class=\"blockG\" id=\"rotateG_02\"><\/div>\n\t\t\t\t<div class=\"blockG\" id=\"rotateG_03\"><\/div>\n\t\t\t\t<div class=\"blockG\" id=\"rotateG_04\"><\/div>\n\t\t\t\t<div class=\"blockG\" id=\"rotateG_05\"><\/div>\n\t\t\t\t<div class=\"blockG\" id=\"rotateG_06\"><\/div>\n\t\t\t\t<div class=\"blockG\" id=\"rotateG_07\"><\/div>\n\t\t\t\t<div class=\"blockG\" id=\"rotateG_08\"><\/div>\n\t\t\t<\/div>\n\t\t\t<div class=\"WooZone-cross-sell-loader-text\"><\/div>\n\t\t<\/div>\n\t<\/div>\n\n\t\t\n<\/div>\n<div style=\"clear:both;\"><\/div><\/p>\n","protected":false},"excerpt":{"rendered":"<p>Material: 95 % Viskose, 5 % Elastan. Ideal f\u00fcr Wochenenden und Stillen. Dieser gewickelte Bademantel paart weichen und bequemen Stoff, geeignet zum Stillen, Mutterschaft und f\u00fcr das gewohnte Tragen. Der Bademantel f\u00e4llt kleiner aus als \u00fcblich, bitte bestellen Sie eine gr\u00f6\u00dfere als \u00fcblich gem\u00e4\u00df der Gr\u00f6\u00dfentabelle<br \/>\nDas Umstandskleid mit 3\/4-\u00c4rmeln h\u00e4lt Sie gem\u00fctlich ohne das t\u00e4gliche Leben der Mutter zu beeintr\u00e4chtigen. Der ultraweiche, leichte Strickstoff und die Spitzenborte machen das Arbeitskleid attraktiv und bequem aussehen, perfekt mit Ihrer Lieblings-Nachtw\u00e4sche und Dessous-Sets. Der niedrige Oberk\u00f6rper ist eine gro\u00dfartige Eigenschaft, um den V-Ausschnitt zum Stillen zur Seite zu ziehen<br \/>\nDie beiden Gurtpositionen (mit inneren G\u00fcrteln) bieten M\u00fcttern die Wahl zwischen einer schmeichelhaften Taille w\u00e4hrend der Schwangerschaft und einer Anpassung an die Taille f\u00fcr die postpartale oder als Ihr \u00fcblicher, aber bequemer Bademantel. Ob Schwangere oder Stillen oder t\u00e4gliche Freizeittage, alle Frauen werden ihr einfaches, klassisches Design zu sch\u00e4tzen wissen<\/p>\n","protected":false},"featured_media":158030,"comment_status":"open","ping_status":"closed","template":"","meta":[],"product_brand":[],"product_cat":[21,9478],"product_tag":[],"class_list":{"0":"post-158029","1":"product","2":"type-product","3":"status-publish","4":"has-post-thumbnail","6":"product_cat-baby","7":"product_cat-umstandskleidung-baby","8":"pa_brand-ekouaer","9":"pa_manufacturer-ekouaer","10":"pa_model-ekv006166","12":"first","13":"instock","14":"shipping-taxable","15":"purchasable","16":"product-type-simple","17":"customify-col","18":"product-has-gallery"},"yoast_head":"<!-- This site is optimized with the Yoast SEO plugin v27.4 - https:\/\/yoast.com\/product\/yoast-seo-wordpress\/ -->\n<title>Ekouaer Schwangerschafts-Stillmantel, Arbeitslieferung, Nachthemd, Schwangerschaft, Stillkleid, Krankenhaus-Badem\u00e4ntel\u2026 - Markt-XXL<\/title>\n<meta name=\"description\" content=\"Markt-XXL Ekouaer Schwangerschafts-Stillmantel, Arbeitslieferung, Nachthemd, Schwangerschaft, Stillkleid, Krankenhaus-Badem\u00e4ntel\u2026\" \/>\n<meta name=\"robots\" content=\"index, follow, max-snippet:-1, max-image-preview:large, max-video-preview:-1\" \/>\n<link rel=\"canonical\" href=\"https:\/\/marktxxl.de\/markt\/produkt\/ekouaer-umstands-stillmantel-arbeitslieferung-nachthemd-schwangerschaft-stillen-kleid-krankenhaus-bademaentel-kleid-s-xxl\/\" \/>\n<meta property=\"og:locale\" content=\"de_DE\" \/>\n<meta property=\"og:type\" content=\"article\" \/>\n<meta property=\"og:title\" content=\"Ekouaer Schwangerschafts-Stillmantel, Arbeitslieferung, Nachthemd, Schwangerschaft, Stillkleid, Krankenhaus-Badem\u00e4ntel\u2026 - Markt-XXL\" \/>\n<meta property=\"og:description\" content=\"Markt-XXL Ekouaer Schwangerschafts-Stillmantel, Arbeitslieferung, Nachthemd, Schwangerschaft, Stillkleid, Krankenhaus-Badem\u00e4ntel\u2026\" \/>\n<meta property=\"og:url\" content=\"https:\/\/marktxxl.de\/markt\/produkt\/ekouaer-umstands-stillmantel-arbeitslieferung-nachthemd-schwangerschaft-stillen-kleid-krankenhaus-bademaentel-kleid-s-xxl\/\" \/>\n<meta property=\"og:site_name\" content=\"Markt-XXL\" \/>\n<meta property=\"article:modified_time\" content=\"2023-04-11T02:40:17+00:00\" \/>\n<meta property=\"og:image\" content=\"https:\/\/m.media-amazon.com\/images\/I\/51J6PfNmY5L._SL500_.jpg\" \/>\n\t<meta property=\"og:image:width\" content=\"446\" \/>\n\t<meta property=\"og:image:height\" content=\"500\" \/>\n\t<meta property=\"og:image:type\" content=\"image\/jpeg\" \/>\n<meta name=\"twitter:card\" content=\"summary_large_image\" \/>\n<meta name=\"twitter:label1\" content=\"Gesch\u00e4tzte Lesezeit\" \/>\n\t<meta name=\"twitter:data1\" content=\"1\u00a0Minute\" \/>\n<script type=\"application\/ld+json\" class=\"yoast-schema-graph\">{\"@context\":\"https:\\\/\\\/schema.org\",\"@graph\":[{\"@type\":\"WebPage\",\"@id\":\"https:\\\/\\\/marktxxl.de\\\/markt\\\/produkt\\\/ekouaer-umstands-stillmantel-arbeitslieferung-nachthemd-schwangerschaft-stillen-kleid-krankenhaus-bademaentel-kleid-s-xxl\\\/\",\"url\":\"https:\\\/\\\/marktxxl.de\\\/markt\\\/produkt\\\/ekouaer-umstands-stillmantel-arbeitslieferung-nachthemd-schwangerschaft-stillen-kleid-krankenhaus-bademaentel-kleid-s-xxl\\\/\",\"name\":\"Ekouaer Schwangerschafts-Stillmantel, Arbeitslieferung, Nachthemd, Schwangerschaft, Stillkleid, Krankenhaus-Badem\u00e4ntel\u2026 - Markt-XXL\",\"isPartOf\":{\"@id\":\"https:\\\/\\\/marktxxl.de\\\/markt\\\/#website\"},\"primaryImageOfPage\":{\"@id\":\"https:\\\/\\\/marktxxl.de\\\/markt\\\/produkt\\\/ekouaer-umstands-stillmantel-arbeitslieferung-nachthemd-schwangerschaft-stillen-kleid-krankenhaus-bademaentel-kleid-s-xxl\\\/#primaryimage\"},\"image\":{\"@id\":\"https:\\\/\\\/marktxxl.de\\\/markt\\\/produkt\\\/ekouaer-umstands-stillmantel-arbeitslieferung-nachthemd-schwangerschaft-stillen-kleid-krankenhaus-bademaentel-kleid-s-xxl\\\/#primaryimage\"},\"thumbnailUrl\":\"https:\\\/\\\/m.media-amazon.com\\\/images\\\/I\\\/51J6PfNmY5L._SL500_.jpg\",\"datePublished\":\"2022-10-12T02:28:31+00:00\",\"dateModified\":\"2023-04-11T02:40:17+00:00\",\"description\":\"Markt-XXL Ekouaer Schwangerschafts-Stillmantel, Arbeitslieferung, Nachthemd, Schwangerschaft, Stillkleid, Krankenhaus-Badem\u00e4ntel\u2026\",\"breadcrumb\":{\"@id\":\"https:\\\/\\\/marktxxl.de\\\/markt\\\/produkt\\\/ekouaer-umstands-stillmantel-arbeitslieferung-nachthemd-schwangerschaft-stillen-kleid-krankenhaus-bademaentel-kleid-s-xxl\\\/#breadcrumb\"},\"inLanguage\":\"de\",\"potentialAction\":[{\"@type\":\"ReadAction\",\"target\":[\"https:\\\/\\\/marktxxl.de\\\/markt\\\/produkt\\\/ekouaer-umstands-stillmantel-arbeitslieferung-nachthemd-schwangerschaft-stillen-kleid-krankenhaus-bademaentel-kleid-s-xxl\\\/\"]}]},{\"@type\":\"ImageObject\",\"inLanguage\":\"de\",\"@id\":\"https:\\\/\\\/marktxxl.de\\\/markt\\\/produkt\\\/ekouaer-umstands-stillmantel-arbeitslieferung-nachthemd-schwangerschaft-stillen-kleid-krankenhaus-bademaentel-kleid-s-xxl\\\/#primaryimage\",\"url\":\"https:\\\/\\\/m.media-amazon.com\\\/images\\\/I\\\/51J6PfNmY5L._SL500_.jpg\",\"contentUrl\":\"https:\\\/\\\/m.media-amazon.com\\\/images\\\/I\\\/51J6PfNmY5L._SL500_.jpg\",\"width\":446,\"height\":500},{\"@type\":\"BreadcrumbList\",\"@id\":\"https:\\\/\\\/marktxxl.de\\\/markt\\\/produkt\\\/ekouaer-umstands-stillmantel-arbeitslieferung-nachthemd-schwangerschaft-stillen-kleid-krankenhaus-bademaentel-kleid-s-xxl\\\/#breadcrumb\",\"itemListElement\":[{\"@type\":\"ListItem\",\"position\":1,\"name\":\"Startseite\",\"item\":\"https:\\\/\\\/marktxxl.de\\\/markt\\\/\"},{\"@type\":\"ListItem\",\"position\":2,\"name\":\"Markt\",\"item\":\"https:\\\/\\\/marktxxl.de\\\/markt\\\/\"},{\"@type\":\"ListItem\",\"position\":3,\"name\":\"Ekouaer Schwangerschafts-Stillmantel, Arbeitslieferung, Nachthemd, Schwangerschaft, Stillkleid, Krankenhaus-Badem\u00e4ntel\u2026\"}]},{\"@type\":\"WebSite\",\"@id\":\"https:\\\/\\\/marktxxl.de\\\/markt\\\/#website\",\"url\":\"https:\\\/\\\/marktxxl.de\\\/markt\\\/\",\"name\":\"Markt-XXL\",\"description\":\"Ihr Markt Online\",\"publisher\":{\"@id\":\"https:\\\/\\\/marktxxl.de\\\/markt\\\/#organization\"},\"potentialAction\":[{\"@type\":\"SearchAction\",\"target\":{\"@type\":\"EntryPoint\",\"urlTemplate\":\"https:\\\/\\\/marktxxl.de\\\/markt\\\/?s={search_term_string}\"},\"query-input\":{\"@type\":\"PropertyValueSpecification\",\"valueRequired\":true,\"valueName\":\"search_term_string\"}}],\"inLanguage\":\"de\"},{\"@type\":\"Organization\",\"@id\":\"https:\\\/\\\/marktxxl.de\\\/markt\\\/#organization\",\"name\":\"Markt-XXL\",\"url\":\"https:\\\/\\\/marktxxl.de\\\/markt\\\/\",\"logo\":{\"@type\":\"ImageObject\",\"inLanguage\":\"de\",\"@id\":\"https:\\\/\\\/marktxxl.de\\\/markt\\\/#\\\/schema\\\/logo\\\/image\\\/\",\"url\":\"https:\\\/\\\/marktxxl.de\\\/markt\\\/wp-content\\\/uploads\\\/sites\\\/3\\\/2020\\\/12\\\/logo.png\",\"contentUrl\":\"https:\\\/\\\/marktxxl.de\\\/markt\\\/wp-content\\\/uploads\\\/sites\\\/3\\\/2020\\\/12\\\/logo.png\",\"width\":200,\"height\":70,\"caption\":\"Markt-XXL\"},\"image\":{\"@id\":\"https:\\\/\\\/marktxxl.de\\\/markt\\\/#\\\/schema\\\/logo\\\/image\\\/\"}}]}<\/script>\n<!-- \/ Yoast SEO plugin. -->","yoast_head_json":{"title":"Ekouaer Schwangerschafts-Stillmantel, Arbeitslieferung, Nachthemd, Schwangerschaft, Stillkleid, Krankenhaus-Badem\u00e4ntel\u2026 - Markt-XXL","description":"Markt-XXL Ekouaer Schwangerschafts-Stillmantel, Arbeitslieferung, Nachthemd, Schwangerschaft, Stillkleid, Krankenhaus-Badem\u00e4ntel\u2026","robots":{"index":"index","follow":"follow","max-snippet":"max-snippet:-1","max-image-preview":"max-image-preview:large","max-video-preview":"max-video-preview:-1"},"canonical":"https:\/\/marktxxl.de\/markt\/produkt\/ekouaer-umstands-stillmantel-arbeitslieferung-nachthemd-schwangerschaft-stillen-kleid-krankenhaus-bademaentel-kleid-s-xxl\/","og_locale":"de_DE","og_type":"article","og_title":"Ekouaer Schwangerschafts-Stillmantel, Arbeitslieferung, Nachthemd, Schwangerschaft, Stillkleid, Krankenhaus-Badem\u00e4ntel\u2026 - Markt-XXL","og_description":"Markt-XXL Ekouaer Schwangerschafts-Stillmantel, Arbeitslieferung, Nachthemd, Schwangerschaft, Stillkleid, Krankenhaus-Badem\u00e4ntel\u2026","og_url":"https:\/\/marktxxl.de\/markt\/produkt\/ekouaer-umstands-stillmantel-arbeitslieferung-nachthemd-schwangerschaft-stillen-kleid-krankenhaus-bademaentel-kleid-s-xxl\/","og_site_name":"Markt-XXL","article_modified_time":"2023-04-11T02:40:17+00:00","og_image":[{"width":446,"height":500,"url":"https:\/\/m.media-amazon.com\/images\/I\/51J6PfNmY5L._SL500_.jpg","type":"image\/jpeg"}],"twitter_card":"summary_large_image","twitter_misc":{"Gesch\u00e4tzte Lesezeit":"1\u00a0Minute"},"schema":{"@context":"https:\/\/schema.org","@graph":[{"@type":"WebPage","@id":"https:\/\/marktxxl.de\/markt\/produkt\/ekouaer-umstands-stillmantel-arbeitslieferung-nachthemd-schwangerschaft-stillen-kleid-krankenhaus-bademaentel-kleid-s-xxl\/","url":"https:\/\/marktxxl.de\/markt\/produkt\/ekouaer-umstands-stillmantel-arbeitslieferung-nachthemd-schwangerschaft-stillen-kleid-krankenhaus-bademaentel-kleid-s-xxl\/","name":"Ekouaer Schwangerschafts-Stillmantel, Arbeitslieferung, Nachthemd, Schwangerschaft, Stillkleid, Krankenhaus-Badem\u00e4ntel\u2026 - Markt-XXL","isPartOf":{"@id":"https:\/\/marktxxl.de\/markt\/#website"},"primaryImageOfPage":{"@id":"https:\/\/marktxxl.de\/markt\/produkt\/ekouaer-umstands-stillmantel-arbeitslieferung-nachthemd-schwangerschaft-stillen-kleid-krankenhaus-bademaentel-kleid-s-xxl\/#primaryimage"},"image":{"@id":"https:\/\/marktxxl.de\/markt\/produkt\/ekouaer-umstands-stillmantel-arbeitslieferung-nachthemd-schwangerschaft-stillen-kleid-krankenhaus-bademaentel-kleid-s-xxl\/#primaryimage"},"thumbnailUrl":"https:\/\/m.media-amazon.com\/images\/I\/51J6PfNmY5L._SL500_.jpg","datePublished":"2022-10-12T02:28:31+00:00","dateModified":"2023-04-11T02:40:17+00:00","description":"Markt-XXL Ekouaer Schwangerschafts-Stillmantel, Arbeitslieferung, Nachthemd, Schwangerschaft, Stillkleid, Krankenhaus-Badem\u00e4ntel\u2026","breadcrumb":{"@id":"https:\/\/marktxxl.de\/markt\/produkt\/ekouaer-umstands-stillmantel-arbeitslieferung-nachthemd-schwangerschaft-stillen-kleid-krankenhaus-bademaentel-kleid-s-xxl\/#breadcrumb"},"inLanguage":"de","potentialAction":[{"@type":"ReadAction","target":["https:\/\/marktxxl.de\/markt\/produkt\/ekouaer-umstands-stillmantel-arbeitslieferung-nachthemd-schwangerschaft-stillen-kleid-krankenhaus-bademaentel-kleid-s-xxl\/"]}]},{"@type":"ImageObject","inLanguage":"de","@id":"https:\/\/marktxxl.de\/markt\/produkt\/ekouaer-umstands-stillmantel-arbeitslieferung-nachthemd-schwangerschaft-stillen-kleid-krankenhaus-bademaentel-kleid-s-xxl\/#primaryimage","url":"https:\/\/m.media-amazon.com\/images\/I\/51J6PfNmY5L._SL500_.jpg","contentUrl":"https:\/\/m.media-amazon.com\/images\/I\/51J6PfNmY5L._SL500_.jpg","width":446,"height":500},{"@type":"BreadcrumbList","@id":"https:\/\/marktxxl.de\/markt\/produkt\/ekouaer-umstands-stillmantel-arbeitslieferung-nachthemd-schwangerschaft-stillen-kleid-krankenhaus-bademaentel-kleid-s-xxl\/#breadcrumb","itemListElement":[{"@type":"ListItem","position":1,"name":"Startseite","item":"https:\/\/marktxxl.de\/markt\/"},{"@type":"ListItem","position":2,"name":"Markt","item":"https:\/\/marktxxl.de\/markt\/"},{"@type":"ListItem","position":3,"name":"Ekouaer Schwangerschafts-Stillmantel, Arbeitslieferung, Nachthemd, Schwangerschaft, Stillkleid, Krankenhaus-Badem\u00e4ntel\u2026"}]},{"@type":"WebSite","@id":"https:\/\/marktxxl.de\/markt\/#website","url":"https:\/\/marktxxl.de\/markt\/","name":"Markt-XXL","description":"Ihr Markt Online","publisher":{"@id":"https:\/\/marktxxl.de\/markt\/#organization"},"potentialAction":[{"@type":"SearchAction","target":{"@type":"EntryPoint","urlTemplate":"https:\/\/marktxxl.de\/markt\/?s={search_term_string}"},"query-input":{"@type":"PropertyValueSpecification","valueRequired":true,"valueName":"search_term_string"}}],"inLanguage":"de"},{"@type":"Organization","@id":"https:\/\/marktxxl.de\/markt\/#organization","name":"Markt-XXL","url":"https:\/\/marktxxl.de\/markt\/","logo":{"@type":"ImageObject","inLanguage":"de","@id":"https:\/\/marktxxl.de\/markt\/#\/schema\/logo\/image\/","url":"https:\/\/marktxxl.de\/markt\/wp-content\/uploads\/sites\/3\/2020\/12\/logo.png","contentUrl":"https:\/\/marktxxl.de\/markt\/wp-content\/uploads\/sites\/3\/2020\/12\/logo.png","width":200,"height":70,"caption":"Markt-XXL"},"image":{"@id":"https:\/\/marktxxl.de\/markt\/#\/schema\/logo\/image\/"}}]}},"_links":{"self":[{"href":"https:\/\/marktxxl.de\/markt\/wp-json\/wp\/v2\/product\/158029","targetHints":{"allow":["GET"]}}],"collection":[{"href":"https:\/\/marktxxl.de\/markt\/wp-json\/wp\/v2\/product"}],"about":[{"href":"https:\/\/marktxxl.de\/markt\/wp-json\/wp\/v2\/types\/product"}],"replies":[{"embeddable":true,"href":"https:\/\/marktxxl.de\/markt\/wp-json\/wp\/v2\/comments?post=158029"}],"wp:featuredmedia":[{"embeddable":true,"href":"https:\/\/marktxxl.de\/markt\/wp-json\/wp\/v2\/media\/158030"}],"wp:attachment":[{"href":"https:\/\/marktxxl.de\/markt\/wp-json\/wp\/v2\/media?parent=158029"}],"wp:term":[{"taxonomy":"product_brand","embeddable":true,"href":"https:\/\/marktxxl.de\/markt\/wp-json\/wp\/v2\/product_brand?post=158029"},{"taxonomy":"product_cat","embeddable":true,"href":"https:\/\/marktxxl.de\/markt\/wp-json\/wp\/v2\/product_cat?post=158029"},{"taxonomy":"product_tag","embeddable":true,"href":"https:\/\/marktxxl.de\/markt\/wp-json\/wp\/v2\/product_tag?post=158029"}],"curies":[{"name":"wp","href":"https:\/\/api.w.org\/{rel}","templated":true}]}}