{"id":157719,"date":"2022-10-12T03:52:01","date_gmt":"2022-10-12T01:52:01","guid":{"rendered":"https:\/\/marktxxl.de\/markt\/produkt\/burlington-sport-kniestrumpf-rider-baumwolle-damen-schwarz-blau-viele-weitere-farben-verstaerkte-reitstruempfe-mit-muster-gepolstert-lang-frotteesohle-zum-reiten-one-size-fits-all-als-geschenk-1-paar\/"},"modified":"2023-04-11T04:40:10","modified_gmt":"2023-04-11T02:40:10","slug":"burlington-sport-kniestrumpf-rider-baumwolle-damen-schwarz-blau-viele-weitere-farben-verstaerkte-reitstruempfe-mit-muster-gepolstert-lang-frotteesohle-zum-reiten-one-size-fits-all-als-geschenk-1-paar","status":"publish","type":"product","link":"https:\/\/marktxxl.de\/markt\/produkt\/burlington-sport-kniestrumpf-rider-baumwolle-damen-schwarz-blau-viele-weitere-farben-verstaerkte-reitstruempfe-mit-muster-gepolstert-lang-frotteesohle-zum-reiten-one-size-fits-all-als-geschenk-1-paar\/","title":{"rendered":"Burlington Sport Kniestrumpf Rider Baumwolle Damen schwarz blau viele weitere Farben verst\u00e4rkte Reitstr\u00fcmpfe mit Muster\u2026"},"content":{"rendered":"<p>Reitstr\u00fcmpfe aus angenehm weicher Baumwolle mit Motiv, Raute und bunt halten den Fu\u00df warm; Verst\u00e4rkt, hochwertig, w\u00e4rmend und f\u00fcr jeden Reitstiefel geeignet; Damensocken kariert mit Argyle zum Reiten mit Polster von Burlington<br \/>\nBlickdichte Reitsocken farbig zum Reiten; Socke dr\u00fcckt nicht durch flache Naht an den Zehen; idealer Artikel ohne nasse F\u00fc\u00dfe f\u00fcr den Winter und Sommer; Reitstrumpf f\u00fcr Frauen, M\u00e4dchen und Teenager<br \/>\nBurlington Rider Damenstr\u00fcmpfe sind hoch und fusselfrei; Passform und Farbe bleiben erhalten auch nach mehrmaligem Waschen; Diese Damensocken sind bei 30\u00b0C im Wollwaschgang zu waschen<br \/>\nONE-SIZE Socken sind das perfekte Geschenk &#8211; auch wenn Sie die Gr\u00f6\u00dfe nicht wissen. Trotz Einheitsgr\u00f6\u00dfe perfekte Passform f\u00fcr jeden Fu\u00df dank speziellem Strickverfahren. Faltenfreien Sitz f\u00fcr einen hohen Tragekomfort. Schutz vor Druckstellen und erh\u00f6hte Haltbarkeit des Artikels<br \/>\nModellnummer Burlington Damen Rider Girl Kniestr\u00fcmpfe: 20706; Gr\u00f6\u00dfen: 36-41<br \/>\n<div class=\"main-cross-sell\" data-asin=\"B09N7W77F1\">\n\n\t<div class=\"WooZone-cross-sell-loader\">\n\t\t<div>\n\t\t\t<div id=\"floatingBarsG\">\n\t\t\t\t<div class=\"blockG\" id=\"rotateG_01\"><\/div>\n\t\t\t\t<div class=\"blockG\" id=\"rotateG_02\"><\/div>\n\t\t\t\t<div class=\"blockG\" id=\"rotateG_03\"><\/div>\n\t\t\t\t<div class=\"blockG\" id=\"rotateG_04\"><\/div>\n\t\t\t\t<div class=\"blockG\" id=\"rotateG_05\"><\/div>\n\t\t\t\t<div class=\"blockG\" id=\"rotateG_06\"><\/div>\n\t\t\t\t<div class=\"blockG\" id=\"rotateG_07\"><\/div>\n\t\t\t\t<div class=\"blockG\" id=\"rotateG_08\"><\/div>\n\t\t\t<\/div>\n\t\t\t<div class=\"WooZone-cross-sell-loader-text\"><\/div>\n\t\t<\/div>\n\t<\/div>\n\n\t\t\n<\/div>\n<div style=\"clear:both;\"><\/div><\/p>\n","protected":false},"excerpt":{"rendered":"<p>Reitstr\u00fcmpfe aus angenehm weicher Baumwolle mit Motiv, Raute und bunt halten den Fu\u00df warm; Verst\u00e4rkt, hochwertig, w\u00e4rmend und f\u00fcr jeden Reitstiefel geeignet; Damensocken kariert mit Argyle zum Reiten mit Polster von Burlington<br \/>\nBlickdichte Reitsocken farbig zum Reiten; Socke dr\u00fcckt nicht durch flache Naht an den Zehen; idealer Artikel ohne nasse F\u00fc\u00dfe f\u00fcr den Winter und Sommer; Reitstrumpf f\u00fcr Frauen, M\u00e4dchen und Teenager<br \/>\nBurlington Rider Damenstr\u00fcmpfe sind hoch und fusselfrei; Passform und Farbe bleiben erhalten auch nach mehrmaligem Waschen; Diese Damensocken sind bei 30\u00b0C im Wollwaschgang zu waschen<\/p>\n","protected":false},"featured_media":157720,"comment_status":"open","ping_status":"closed","template":"","meta":[],"product_brand":[],"product_cat":[1186,3920],"product_tag":[],"class_list":{"0":"post-157719","1":"product","2":"type-product","3":"status-publish","4":"has-post-thumbnail","6":"product_cat-bekleidung","7":"product_cat-damen","8":"pa_binding-textilien","9":"pa_brand-burlington","10":"pa_manufacturer-burlington","11":"pa_model-42963","13":"first","14":"instock","15":"shipping-taxable","16":"purchasable","17":"product-type-simple","18":"customify-col","19":"product-has-gallery"},"yoast_head":"<!-- This site is optimized with the Yoast SEO plugin v27.4 - https:\/\/yoast.com\/product\/yoast-seo-wordpress\/ -->\n<title>Burlington Sport Kniestrumpf Rider Baumwolle Damen schwarz blau viele weitere Farben verst\u00e4rkte Reitstr\u00fcmpfe mit Muster\u2026 - Markt-XXL<\/title>\n<meta name=\"description\" content=\"Markt-XXL Burlington Sport Kniestrumpf Rider Baumwolle Damen schwarz blau viele weitere Farben verst\u00e4rkte Reitstr\u00fcmpfe mit Muster\u2026\" \/>\n<meta name=\"robots\" content=\"index, follow, max-snippet:-1, max-image-preview:large, max-video-preview:-1\" \/>\n<link rel=\"canonical\" href=\"https:\/\/marktxxl.de\/markt\/produkt\/burlington-sport-kniestrumpf-rider-baumwolle-damen-schwarz-blau-viele-weitere-farben-verstaerkte-reitstruempfe-mit-muster-gepolstert-lang-frotteesohle-zum-reiten-one-size-fits-all-als-geschenk-1-paar\/\" \/>\n<meta property=\"og:locale\" content=\"de_DE\" \/>\n<meta property=\"og:type\" content=\"article\" \/>\n<meta property=\"og:title\" content=\"Burlington Sport Kniestrumpf Rider Baumwolle Damen schwarz blau viele weitere Farben verst\u00e4rkte Reitstr\u00fcmpfe mit Muster\u2026 - Markt-XXL\" \/>\n<meta property=\"og:description\" content=\"Markt-XXL Burlington Sport Kniestrumpf Rider Baumwolle Damen schwarz blau viele weitere Farben verst\u00e4rkte Reitstr\u00fcmpfe mit Muster\u2026\" \/>\n<meta property=\"og:url\" content=\"https:\/\/marktxxl.de\/markt\/produkt\/burlington-sport-kniestrumpf-rider-baumwolle-damen-schwarz-blau-viele-weitere-farben-verstaerkte-reitstruempfe-mit-muster-gepolstert-lang-frotteesohle-zum-reiten-one-size-fits-all-als-geschenk-1-paar\/\" \/>\n<meta property=\"og:site_name\" content=\"Markt-XXL\" \/>\n<meta property=\"article:modified_time\" content=\"2023-04-11T02:40:10+00:00\" \/>\n<meta property=\"og:image\" content=\"https:\/\/m.media-amazon.com\/images\/I\/41T27blbmWL._SL500_.jpg\" \/>\n\t<meta property=\"og:image:width\" content=\"417\" \/>\n\t<meta property=\"og:image:height\" content=\"500\" \/>\n\t<meta property=\"og:image:type\" content=\"image\/jpeg\" \/>\n<meta name=\"twitter:card\" content=\"summary_large_image\" \/>\n<meta name=\"twitter:label1\" content=\"Gesch\u00e4tzte Lesezeit\" \/>\n\t<meta name=\"twitter:data1\" content=\"1\u00a0Minute\" \/>\n<script type=\"application\/ld+json\" class=\"yoast-schema-graph\">{\"@context\":\"https:\\\/\\\/schema.org\",\"@graph\":[{\"@type\":\"WebPage\",\"@id\":\"https:\\\/\\\/marktxxl.de\\\/markt\\\/produkt\\\/burlington-sport-kniestrumpf-rider-baumwolle-damen-schwarz-blau-viele-weitere-farben-verstaerkte-reitstruempfe-mit-muster-gepolstert-lang-frotteesohle-zum-reiten-one-size-fits-all-als-geschenk-1-paar\\\/\",\"url\":\"https:\\\/\\\/marktxxl.de\\\/markt\\\/produkt\\\/burlington-sport-kniestrumpf-rider-baumwolle-damen-schwarz-blau-viele-weitere-farben-verstaerkte-reitstruempfe-mit-muster-gepolstert-lang-frotteesohle-zum-reiten-one-size-fits-all-als-geschenk-1-paar\\\/\",\"name\":\"Burlington Sport Kniestrumpf Rider Baumwolle Damen schwarz blau viele weitere Farben verst\u00e4rkte Reitstr\u00fcmpfe mit Muster\u2026 - Markt-XXL\",\"isPartOf\":{\"@id\":\"https:\\\/\\\/marktxxl.de\\\/markt\\\/#website\"},\"primaryImageOfPage\":{\"@id\":\"https:\\\/\\\/marktxxl.de\\\/markt\\\/produkt\\\/burlington-sport-kniestrumpf-rider-baumwolle-damen-schwarz-blau-viele-weitere-farben-verstaerkte-reitstruempfe-mit-muster-gepolstert-lang-frotteesohle-zum-reiten-one-size-fits-all-als-geschenk-1-paar\\\/#primaryimage\"},\"image\":{\"@id\":\"https:\\\/\\\/marktxxl.de\\\/markt\\\/produkt\\\/burlington-sport-kniestrumpf-rider-baumwolle-damen-schwarz-blau-viele-weitere-farben-verstaerkte-reitstruempfe-mit-muster-gepolstert-lang-frotteesohle-zum-reiten-one-size-fits-all-als-geschenk-1-paar\\\/#primaryimage\"},\"thumbnailUrl\":\"https:\\\/\\\/m.media-amazon.com\\\/images\\\/I\\\/41T27blbmWL._SL500_.jpg\",\"datePublished\":\"2022-10-12T01:52:01+00:00\",\"dateModified\":\"2023-04-11T02:40:10+00:00\",\"description\":\"Markt-XXL Burlington Sport Kniestrumpf Rider Baumwolle Damen schwarz blau viele weitere Farben verst\u00e4rkte Reitstr\u00fcmpfe mit Muster\u2026\",\"breadcrumb\":{\"@id\":\"https:\\\/\\\/marktxxl.de\\\/markt\\\/produkt\\\/burlington-sport-kniestrumpf-rider-baumwolle-damen-schwarz-blau-viele-weitere-farben-verstaerkte-reitstruempfe-mit-muster-gepolstert-lang-frotteesohle-zum-reiten-one-size-fits-all-als-geschenk-1-paar\\\/#breadcrumb\"},\"inLanguage\":\"de\",\"potentialAction\":[{\"@type\":\"ReadAction\",\"target\":[\"https:\\\/\\\/marktxxl.de\\\/markt\\\/produkt\\\/burlington-sport-kniestrumpf-rider-baumwolle-damen-schwarz-blau-viele-weitere-farben-verstaerkte-reitstruempfe-mit-muster-gepolstert-lang-frotteesohle-zum-reiten-one-size-fits-all-als-geschenk-1-paar\\\/\"]}]},{\"@type\":\"ImageObject\",\"inLanguage\":\"de\",\"@id\":\"https:\\\/\\\/marktxxl.de\\\/markt\\\/produkt\\\/burlington-sport-kniestrumpf-rider-baumwolle-damen-schwarz-blau-viele-weitere-farben-verstaerkte-reitstruempfe-mit-muster-gepolstert-lang-frotteesohle-zum-reiten-one-size-fits-all-als-geschenk-1-paar\\\/#primaryimage\",\"url\":\"https:\\\/\\\/m.media-amazon.com\\\/images\\\/I\\\/41T27blbmWL._SL500_.jpg\",\"contentUrl\":\"https:\\\/\\\/m.media-amazon.com\\\/images\\\/I\\\/41T27blbmWL._SL500_.jpg\",\"width\":417,\"height\":500},{\"@type\":\"BreadcrumbList\",\"@id\":\"https:\\\/\\\/marktxxl.de\\\/markt\\\/produkt\\\/burlington-sport-kniestrumpf-rider-baumwolle-damen-schwarz-blau-viele-weitere-farben-verstaerkte-reitstruempfe-mit-muster-gepolstert-lang-frotteesohle-zum-reiten-one-size-fits-all-als-geschenk-1-paar\\\/#breadcrumb\",\"itemListElement\":[{\"@type\":\"ListItem\",\"position\":1,\"name\":\"Startseite\",\"item\":\"https:\\\/\\\/marktxxl.de\\\/markt\\\/\"},{\"@type\":\"ListItem\",\"position\":2,\"name\":\"Markt\",\"item\":\"https:\\\/\\\/marktxxl.de\\\/markt\\\/\"},{\"@type\":\"ListItem\",\"position\":3,\"name\":\"Burlington Sport Kniestrumpf Rider Baumwolle Damen schwarz blau viele weitere Farben verst\u00e4rkte Reitstr\u00fcmpfe mit Muster\u2026\"}]},{\"@type\":\"WebSite\",\"@id\":\"https:\\\/\\\/marktxxl.de\\\/markt\\\/#website\",\"url\":\"https:\\\/\\\/marktxxl.de\\\/markt\\\/\",\"name\":\"Markt-XXL\",\"description\":\"Ihr Markt Online\",\"publisher\":{\"@id\":\"https:\\\/\\\/marktxxl.de\\\/markt\\\/#organization\"},\"potentialAction\":[{\"@type\":\"SearchAction\",\"target\":{\"@type\":\"EntryPoint\",\"urlTemplate\":\"https:\\\/\\\/marktxxl.de\\\/markt\\\/?s={search_term_string}\"},\"query-input\":{\"@type\":\"PropertyValueSpecification\",\"valueRequired\":true,\"valueName\":\"search_term_string\"}}],\"inLanguage\":\"de\"},{\"@type\":\"Organization\",\"@id\":\"https:\\\/\\\/marktxxl.de\\\/markt\\\/#organization\",\"name\":\"Markt-XXL\",\"url\":\"https:\\\/\\\/marktxxl.de\\\/markt\\\/\",\"logo\":{\"@type\":\"ImageObject\",\"inLanguage\":\"de\",\"@id\":\"https:\\\/\\\/marktxxl.de\\\/markt\\\/#\\\/schema\\\/logo\\\/image\\\/\",\"url\":\"https:\\\/\\\/marktxxl.de\\\/markt\\\/wp-content\\\/uploads\\\/sites\\\/3\\\/2020\\\/12\\\/logo.png\",\"contentUrl\":\"https:\\\/\\\/marktxxl.de\\\/markt\\\/wp-content\\\/uploads\\\/sites\\\/3\\\/2020\\\/12\\\/logo.png\",\"width\":200,\"height\":70,\"caption\":\"Markt-XXL\"},\"image\":{\"@id\":\"https:\\\/\\\/marktxxl.de\\\/markt\\\/#\\\/schema\\\/logo\\\/image\\\/\"}}]}<\/script>\n<!-- \/ Yoast SEO plugin. -->","yoast_head_json":{"title":"Burlington Sport Kniestrumpf Rider Baumwolle Damen schwarz blau viele weitere Farben verst\u00e4rkte Reitstr\u00fcmpfe mit Muster\u2026 - Markt-XXL","description":"Markt-XXL Burlington Sport Kniestrumpf Rider Baumwolle Damen schwarz blau viele weitere Farben verst\u00e4rkte Reitstr\u00fcmpfe mit Muster\u2026","robots":{"index":"index","follow":"follow","max-snippet":"max-snippet:-1","max-image-preview":"max-image-preview:large","max-video-preview":"max-video-preview:-1"},"canonical":"https:\/\/marktxxl.de\/markt\/produkt\/burlington-sport-kniestrumpf-rider-baumwolle-damen-schwarz-blau-viele-weitere-farben-verstaerkte-reitstruempfe-mit-muster-gepolstert-lang-frotteesohle-zum-reiten-one-size-fits-all-als-geschenk-1-paar\/","og_locale":"de_DE","og_type":"article","og_title":"Burlington Sport Kniestrumpf Rider Baumwolle Damen schwarz blau viele weitere Farben verst\u00e4rkte Reitstr\u00fcmpfe mit Muster\u2026 - Markt-XXL","og_description":"Markt-XXL Burlington Sport Kniestrumpf Rider Baumwolle Damen schwarz blau viele weitere Farben verst\u00e4rkte Reitstr\u00fcmpfe mit Muster\u2026","og_url":"https:\/\/marktxxl.de\/markt\/produkt\/burlington-sport-kniestrumpf-rider-baumwolle-damen-schwarz-blau-viele-weitere-farben-verstaerkte-reitstruempfe-mit-muster-gepolstert-lang-frotteesohle-zum-reiten-one-size-fits-all-als-geschenk-1-paar\/","og_site_name":"Markt-XXL","article_modified_time":"2023-04-11T02:40:10+00:00","og_image":[{"width":417,"height":500,"url":"https:\/\/m.media-amazon.com\/images\/I\/41T27blbmWL._SL500_.jpg","type":"image\/jpeg"}],"twitter_card":"summary_large_image","twitter_misc":{"Gesch\u00e4tzte Lesezeit":"1\u00a0Minute"},"schema":{"@context":"https:\/\/schema.org","@graph":[{"@type":"WebPage","@id":"https:\/\/marktxxl.de\/markt\/produkt\/burlington-sport-kniestrumpf-rider-baumwolle-damen-schwarz-blau-viele-weitere-farben-verstaerkte-reitstruempfe-mit-muster-gepolstert-lang-frotteesohle-zum-reiten-one-size-fits-all-als-geschenk-1-paar\/","url":"https:\/\/marktxxl.de\/markt\/produkt\/burlington-sport-kniestrumpf-rider-baumwolle-damen-schwarz-blau-viele-weitere-farben-verstaerkte-reitstruempfe-mit-muster-gepolstert-lang-frotteesohle-zum-reiten-one-size-fits-all-als-geschenk-1-paar\/","name":"Burlington Sport Kniestrumpf Rider Baumwolle Damen schwarz blau viele weitere Farben verst\u00e4rkte Reitstr\u00fcmpfe mit Muster\u2026 - Markt-XXL","isPartOf":{"@id":"https:\/\/marktxxl.de\/markt\/#website"},"primaryImageOfPage":{"@id":"https:\/\/marktxxl.de\/markt\/produkt\/burlington-sport-kniestrumpf-rider-baumwolle-damen-schwarz-blau-viele-weitere-farben-verstaerkte-reitstruempfe-mit-muster-gepolstert-lang-frotteesohle-zum-reiten-one-size-fits-all-als-geschenk-1-paar\/#primaryimage"},"image":{"@id":"https:\/\/marktxxl.de\/markt\/produkt\/burlington-sport-kniestrumpf-rider-baumwolle-damen-schwarz-blau-viele-weitere-farben-verstaerkte-reitstruempfe-mit-muster-gepolstert-lang-frotteesohle-zum-reiten-one-size-fits-all-als-geschenk-1-paar\/#primaryimage"},"thumbnailUrl":"https:\/\/m.media-amazon.com\/images\/I\/41T27blbmWL._SL500_.jpg","datePublished":"2022-10-12T01:52:01+00:00","dateModified":"2023-04-11T02:40:10+00:00","description":"Markt-XXL Burlington Sport Kniestrumpf Rider Baumwolle Damen schwarz blau viele weitere Farben verst\u00e4rkte Reitstr\u00fcmpfe mit Muster\u2026","breadcrumb":{"@id":"https:\/\/marktxxl.de\/markt\/produkt\/burlington-sport-kniestrumpf-rider-baumwolle-damen-schwarz-blau-viele-weitere-farben-verstaerkte-reitstruempfe-mit-muster-gepolstert-lang-frotteesohle-zum-reiten-one-size-fits-all-als-geschenk-1-paar\/#breadcrumb"},"inLanguage":"de","potentialAction":[{"@type":"ReadAction","target":["https:\/\/marktxxl.de\/markt\/produkt\/burlington-sport-kniestrumpf-rider-baumwolle-damen-schwarz-blau-viele-weitere-farben-verstaerkte-reitstruempfe-mit-muster-gepolstert-lang-frotteesohle-zum-reiten-one-size-fits-all-als-geschenk-1-paar\/"]}]},{"@type":"ImageObject","inLanguage":"de","@id":"https:\/\/marktxxl.de\/markt\/produkt\/burlington-sport-kniestrumpf-rider-baumwolle-damen-schwarz-blau-viele-weitere-farben-verstaerkte-reitstruempfe-mit-muster-gepolstert-lang-frotteesohle-zum-reiten-one-size-fits-all-als-geschenk-1-paar\/#primaryimage","url":"https:\/\/m.media-amazon.com\/images\/I\/41T27blbmWL._SL500_.jpg","contentUrl":"https:\/\/m.media-amazon.com\/images\/I\/41T27blbmWL._SL500_.jpg","width":417,"height":500},{"@type":"BreadcrumbList","@id":"https:\/\/marktxxl.de\/markt\/produkt\/burlington-sport-kniestrumpf-rider-baumwolle-damen-schwarz-blau-viele-weitere-farben-verstaerkte-reitstruempfe-mit-muster-gepolstert-lang-frotteesohle-zum-reiten-one-size-fits-all-als-geschenk-1-paar\/#breadcrumb","itemListElement":[{"@type":"ListItem","position":1,"name":"Startseite","item":"https:\/\/marktxxl.de\/markt\/"},{"@type":"ListItem","position":2,"name":"Markt","item":"https:\/\/marktxxl.de\/markt\/"},{"@type":"ListItem","position":3,"name":"Burlington Sport Kniestrumpf Rider Baumwolle Damen schwarz blau viele weitere Farben verst\u00e4rkte Reitstr\u00fcmpfe mit Muster\u2026"}]},{"@type":"WebSite","@id":"https:\/\/marktxxl.de\/markt\/#website","url":"https:\/\/marktxxl.de\/markt\/","name":"Markt-XXL","description":"Ihr Markt Online","publisher":{"@id":"https:\/\/marktxxl.de\/markt\/#organization"},"potentialAction":[{"@type":"SearchAction","target":{"@type":"EntryPoint","urlTemplate":"https:\/\/marktxxl.de\/markt\/?s={search_term_string}"},"query-input":{"@type":"PropertyValueSpecification","valueRequired":true,"valueName":"search_term_string"}}],"inLanguage":"de"},{"@type":"Organization","@id":"https:\/\/marktxxl.de\/markt\/#organization","name":"Markt-XXL","url":"https:\/\/marktxxl.de\/markt\/","logo":{"@type":"ImageObject","inLanguage":"de","@id":"https:\/\/marktxxl.de\/markt\/#\/schema\/logo\/image\/","url":"https:\/\/marktxxl.de\/markt\/wp-content\/uploads\/sites\/3\/2020\/12\/logo.png","contentUrl":"https:\/\/marktxxl.de\/markt\/wp-content\/uploads\/sites\/3\/2020\/12\/logo.png","width":200,"height":70,"caption":"Markt-XXL"},"image":{"@id":"https:\/\/marktxxl.de\/markt\/#\/schema\/logo\/image\/"}}]}},"_links":{"self":[{"href":"https:\/\/marktxxl.de\/markt\/wp-json\/wp\/v2\/product\/157719","targetHints":{"allow":["GET"]}}],"collection":[{"href":"https:\/\/marktxxl.de\/markt\/wp-json\/wp\/v2\/product"}],"about":[{"href":"https:\/\/marktxxl.de\/markt\/wp-json\/wp\/v2\/types\/product"}],"replies":[{"embeddable":true,"href":"https:\/\/marktxxl.de\/markt\/wp-json\/wp\/v2\/comments?post=157719"}],"wp:featuredmedia":[{"embeddable":true,"href":"https:\/\/marktxxl.de\/markt\/wp-json\/wp\/v2\/media\/157720"}],"wp:attachment":[{"href":"https:\/\/marktxxl.de\/markt\/wp-json\/wp\/v2\/media?parent=157719"}],"wp:term":[{"taxonomy":"product_brand","embeddable":true,"href":"https:\/\/marktxxl.de\/markt\/wp-json\/wp\/v2\/product_brand?post=157719"},{"taxonomy":"product_cat","embeddable":true,"href":"https:\/\/marktxxl.de\/markt\/wp-json\/wp\/v2\/product_cat?post=157719"},{"taxonomy":"product_tag","embeddable":true,"href":"https:\/\/marktxxl.de\/markt\/wp-json\/wp\/v2\/product_tag?post=157719"}],"curies":[{"name":"wp","href":"https:\/\/api.w.org\/{rel}","templated":true}]}}