{"id":156489,"date":"2022-10-11T23:53:24","date_gmt":"2022-10-11T21:53:24","guid":{"rendered":"https:\/\/marktxxl.de\/markt\/produkt\/edelstahl-handlauf-v2a-424mm-240k-geschliffen-wandhandlauf-geteilt-mit-gerader-endkappe\/"},"modified":"2023-04-11T04:38:16","modified_gmt":"2023-04-11T02:38:16","slug":"edelstahl-handlauf-v2a-424mm-240k-geschliffen-wandhandlauf-geteilt-mit-gerader-endkappe","status":"publish","type":"product","link":"https:\/\/marktxxl.de\/markt\/produkt\/edelstahl-handlauf-v2a-424mm-240k-geschliffen-wandhandlauf-geteilt-mit-gerader-endkappe\/","title":{"rendered":"Edelstahl Handlauf V2A 42,4mm 240K geschliffen Wandhandlauf mit gerader Endkappe 1400 mm"},"content":{"rendered":"<p>Edler, pflegeleichter Wandhandlauf aus V2A Edelstahl &#8211; f\u00fcr den Innen- und Au\u00dfenbereich geeignet (im Au\u00dfenbereich ist regelm\u00e4\u00dfige Pflege notwendig)<br \/>\nDie Handlauftr\u00e4ger sind fest angeschwei\u00dft und werden mit einer Abdeckrosette geliefert. Somit sind die Schrauben nicht mehr sichtbar<br \/>\nDer Handlauf hat einen Durchmesser von 42,4 mm f\u00fcr einen angenehmen und sicheren Griff und ist mit geraden Endkappen geschlossen<br \/>\nMade in Germany \u2013 alle verwendeten Teile sind aus 100% Edelstahl<br \/>\nBeachten Sie unbedingt die \u201eProduktbeschreibung\u201c weiter unten auf dieser Seite (Teilung des Handlaufs, Lieferumfang und Ma\u00dfe)<br \/>\n<div class=\"main-cross-sell\" data-asin=\"B016J2ROYM\">\n\n\t<div class=\"WooZone-cross-sell-loader\">\n\t\t<div>\n\t\t\t<div id=\"floatingBarsG\">\n\t\t\t\t<div class=\"blockG\" id=\"rotateG_01\"><\/div>\n\t\t\t\t<div class=\"blockG\" id=\"rotateG_02\"><\/div>\n\t\t\t\t<div class=\"blockG\" id=\"rotateG_03\"><\/div>\n\t\t\t\t<div class=\"blockG\" id=\"rotateG_04\"><\/div>\n\t\t\t\t<div class=\"blockG\" id=\"rotateG_05\"><\/div>\n\t\t\t\t<div class=\"blockG\" id=\"rotateG_06\"><\/div>\n\t\t\t\t<div class=\"blockG\" id=\"rotateG_07\"><\/div>\n\t\t\t\t<div class=\"blockG\" id=\"rotateG_08\"><\/div>\n\t\t\t<\/div>\n\t\t\t<div class=\"WooZone-cross-sell-loader-text\"><\/div>\n\t\t<\/div>\n\t<\/div>\n\n\t\t\n<\/div>\n<div style=\"clear:both;\"><\/div><\/p>\n","protected":false},"excerpt":{"rendered":"<p>Edler, pflegeleichter Wandhandlauf aus V2A Edelstahl &#8211; f\u00fcr den Innen- und Au\u00dfenbereich geeignet (im Au\u00dfenbereich ist regelm\u00e4\u00dfige Pflege notwendig)<br \/>\nDie Handlauftr\u00e4ger sind fest angeschwei\u00dft und werden mit einer Abdeckrosette geliefert. Somit sind die Schrauben nicht mehr sichtbar<br \/>\nDer Handlauf hat einen Durchmesser von 42,4 mm f\u00fcr einen angenehmen und sicheren Griff und ist mit geraden Endkappen geschlossen<\/p>\n","protected":false},"featured_media":156490,"comment_status":"open","ping_status":"closed","template":"","meta":[],"product_brand":[],"product_cat":[10704,1983],"product_tag":[],"class_list":{"0":"post-156489","1":"product","2":"type-product","3":"status-publish","4":"has-post-thumbnail","6":"product_cat-baubedarf","7":"product_cat-baumarkt","8":"pa_manufacturer-rapa-gmbh","10":"first","11":"instock","12":"shipping-taxable","13":"purchasable","14":"product-type-simple","15":"customify-col","16":"product-has-gallery"},"yoast_head":"<!-- This site is optimized with the Yoast SEO plugin v27.4 - https:\/\/yoast.com\/product\/yoast-seo-wordpress\/ -->\n<title>Edelstahl Handlauf V2A 42,4mm 240K geschliffen Wandhandlauf mit gerader Endkappe 1400 mm - Markt-XXL<\/title>\n<meta name=\"description\" content=\"Markt-XXL Edelstahl Handlauf V2A 42,4mm 240K geschliffen Wandhandlauf mit gerader Endkappe 1400 mm\" \/>\n<meta name=\"robots\" content=\"index, follow, max-snippet:-1, max-image-preview:large, max-video-preview:-1\" \/>\n<link rel=\"canonical\" href=\"https:\/\/marktxxl.de\/markt\/produkt\/edelstahl-handlauf-v2a-424mm-240k-geschliffen-wandhandlauf-geteilt-mit-gerader-endkappe\/\" \/>\n<meta property=\"og:locale\" content=\"de_DE\" \/>\n<meta property=\"og:type\" content=\"article\" \/>\n<meta property=\"og:title\" content=\"Edelstahl Handlauf V2A 42,4mm 240K geschliffen Wandhandlauf mit gerader Endkappe 1400 mm - Markt-XXL\" \/>\n<meta property=\"og:description\" content=\"Markt-XXL Edelstahl Handlauf V2A 42,4mm 240K geschliffen Wandhandlauf mit gerader Endkappe 1400 mm\" \/>\n<meta property=\"og:url\" content=\"https:\/\/marktxxl.de\/markt\/produkt\/edelstahl-handlauf-v2a-424mm-240k-geschliffen-wandhandlauf-geteilt-mit-gerader-endkappe\/\" \/>\n<meta property=\"og:site_name\" content=\"Markt-XXL\" \/>\n<meta property=\"article:modified_time\" content=\"2023-04-11T02:38:16+00:00\" \/>\n<meta property=\"og:image\" content=\"https:\/\/m.media-amazon.com\/images\/I\/41avVodIxOL._SL500_.jpg\" \/>\n\t<meta property=\"og:image:width\" content=\"500\" \/>\n\t<meta property=\"og:image:height\" content=\"334\" \/>\n\t<meta property=\"og:image:type\" content=\"image\/jpeg\" \/>\n<meta name=\"twitter:card\" content=\"summary_large_image\" \/>\n<script type=\"application\/ld+json\" class=\"yoast-schema-graph\">{\"@context\":\"https:\\\/\\\/schema.org\",\"@graph\":[{\"@type\":\"WebPage\",\"@id\":\"https:\\\/\\\/marktxxl.de\\\/markt\\\/produkt\\\/edelstahl-handlauf-v2a-424mm-240k-geschliffen-wandhandlauf-geteilt-mit-gerader-endkappe\\\/\",\"url\":\"https:\\\/\\\/marktxxl.de\\\/markt\\\/produkt\\\/edelstahl-handlauf-v2a-424mm-240k-geschliffen-wandhandlauf-geteilt-mit-gerader-endkappe\\\/\",\"name\":\"Edelstahl Handlauf V2A 42,4mm 240K geschliffen Wandhandlauf mit gerader Endkappe 1400 mm - Markt-XXL\",\"isPartOf\":{\"@id\":\"https:\\\/\\\/marktxxl.de\\\/markt\\\/#website\"},\"primaryImageOfPage\":{\"@id\":\"https:\\\/\\\/marktxxl.de\\\/markt\\\/produkt\\\/edelstahl-handlauf-v2a-424mm-240k-geschliffen-wandhandlauf-geteilt-mit-gerader-endkappe\\\/#primaryimage\"},\"image\":{\"@id\":\"https:\\\/\\\/marktxxl.de\\\/markt\\\/produkt\\\/edelstahl-handlauf-v2a-424mm-240k-geschliffen-wandhandlauf-geteilt-mit-gerader-endkappe\\\/#primaryimage\"},\"thumbnailUrl\":\"https:\\\/\\\/m.media-amazon.com\\\/images\\\/I\\\/41avVodIxOL._SL500_.jpg\",\"datePublished\":\"2022-10-11T21:53:24+00:00\",\"dateModified\":\"2023-04-11T02:38:16+00:00\",\"description\":\"Markt-XXL Edelstahl Handlauf V2A 42,4mm 240K geschliffen Wandhandlauf mit gerader Endkappe 1400 mm\",\"breadcrumb\":{\"@id\":\"https:\\\/\\\/marktxxl.de\\\/markt\\\/produkt\\\/edelstahl-handlauf-v2a-424mm-240k-geschliffen-wandhandlauf-geteilt-mit-gerader-endkappe\\\/#breadcrumb\"},\"inLanguage\":\"de\",\"potentialAction\":[{\"@type\":\"ReadAction\",\"target\":[\"https:\\\/\\\/marktxxl.de\\\/markt\\\/produkt\\\/edelstahl-handlauf-v2a-424mm-240k-geschliffen-wandhandlauf-geteilt-mit-gerader-endkappe\\\/\"]}]},{\"@type\":\"ImageObject\",\"inLanguage\":\"de\",\"@id\":\"https:\\\/\\\/marktxxl.de\\\/markt\\\/produkt\\\/edelstahl-handlauf-v2a-424mm-240k-geschliffen-wandhandlauf-geteilt-mit-gerader-endkappe\\\/#primaryimage\",\"url\":\"https:\\\/\\\/m.media-amazon.com\\\/images\\\/I\\\/41avVodIxOL._SL500_.jpg\",\"contentUrl\":\"https:\\\/\\\/m.media-amazon.com\\\/images\\\/I\\\/41avVodIxOL._SL500_.jpg\",\"width\":500,\"height\":334},{\"@type\":\"BreadcrumbList\",\"@id\":\"https:\\\/\\\/marktxxl.de\\\/markt\\\/produkt\\\/edelstahl-handlauf-v2a-424mm-240k-geschliffen-wandhandlauf-geteilt-mit-gerader-endkappe\\\/#breadcrumb\",\"itemListElement\":[{\"@type\":\"ListItem\",\"position\":1,\"name\":\"Startseite\",\"item\":\"https:\\\/\\\/marktxxl.de\\\/markt\\\/\"},{\"@type\":\"ListItem\",\"position\":2,\"name\":\"Markt\",\"item\":\"https:\\\/\\\/marktxxl.de\\\/markt\\\/\"},{\"@type\":\"ListItem\",\"position\":3,\"name\":\"Edelstahl Handlauf V2A 42,4mm 240K geschliffen Wandhandlauf mit gerader Endkappe 1400 mm\"}]},{\"@type\":\"WebSite\",\"@id\":\"https:\\\/\\\/marktxxl.de\\\/markt\\\/#website\",\"url\":\"https:\\\/\\\/marktxxl.de\\\/markt\\\/\",\"name\":\"Markt-XXL\",\"description\":\"Ihr Markt Online\",\"publisher\":{\"@id\":\"https:\\\/\\\/marktxxl.de\\\/markt\\\/#organization\"},\"potentialAction\":[{\"@type\":\"SearchAction\",\"target\":{\"@type\":\"EntryPoint\",\"urlTemplate\":\"https:\\\/\\\/marktxxl.de\\\/markt\\\/?s={search_term_string}\"},\"query-input\":{\"@type\":\"PropertyValueSpecification\",\"valueRequired\":true,\"valueName\":\"search_term_string\"}}],\"inLanguage\":\"de\"},{\"@type\":\"Organization\",\"@id\":\"https:\\\/\\\/marktxxl.de\\\/markt\\\/#organization\",\"name\":\"Markt-XXL\",\"url\":\"https:\\\/\\\/marktxxl.de\\\/markt\\\/\",\"logo\":{\"@type\":\"ImageObject\",\"inLanguage\":\"de\",\"@id\":\"https:\\\/\\\/marktxxl.de\\\/markt\\\/#\\\/schema\\\/logo\\\/image\\\/\",\"url\":\"https:\\\/\\\/marktxxl.de\\\/markt\\\/wp-content\\\/uploads\\\/sites\\\/3\\\/2020\\\/12\\\/logo.png\",\"contentUrl\":\"https:\\\/\\\/marktxxl.de\\\/markt\\\/wp-content\\\/uploads\\\/sites\\\/3\\\/2020\\\/12\\\/logo.png\",\"width\":200,\"height\":70,\"caption\":\"Markt-XXL\"},\"image\":{\"@id\":\"https:\\\/\\\/marktxxl.de\\\/markt\\\/#\\\/schema\\\/logo\\\/image\\\/\"}}]}<\/script>\n<!-- \/ Yoast SEO plugin. -->","yoast_head_json":{"title":"Edelstahl Handlauf V2A 42,4mm 240K geschliffen Wandhandlauf mit gerader Endkappe 1400 mm - Markt-XXL","description":"Markt-XXL Edelstahl Handlauf V2A 42,4mm 240K geschliffen Wandhandlauf mit gerader Endkappe 1400 mm","robots":{"index":"index","follow":"follow","max-snippet":"max-snippet:-1","max-image-preview":"max-image-preview:large","max-video-preview":"max-video-preview:-1"},"canonical":"https:\/\/marktxxl.de\/markt\/produkt\/edelstahl-handlauf-v2a-424mm-240k-geschliffen-wandhandlauf-geteilt-mit-gerader-endkappe\/","og_locale":"de_DE","og_type":"article","og_title":"Edelstahl Handlauf V2A 42,4mm 240K geschliffen Wandhandlauf mit gerader Endkappe 1400 mm - Markt-XXL","og_description":"Markt-XXL Edelstahl Handlauf V2A 42,4mm 240K geschliffen Wandhandlauf mit gerader Endkappe 1400 mm","og_url":"https:\/\/marktxxl.de\/markt\/produkt\/edelstahl-handlauf-v2a-424mm-240k-geschliffen-wandhandlauf-geteilt-mit-gerader-endkappe\/","og_site_name":"Markt-XXL","article_modified_time":"2023-04-11T02:38:16+00:00","og_image":[{"width":500,"height":334,"url":"https:\/\/m.media-amazon.com\/images\/I\/41avVodIxOL._SL500_.jpg","type":"image\/jpeg"}],"twitter_card":"summary_large_image","schema":{"@context":"https:\/\/schema.org","@graph":[{"@type":"WebPage","@id":"https:\/\/marktxxl.de\/markt\/produkt\/edelstahl-handlauf-v2a-424mm-240k-geschliffen-wandhandlauf-geteilt-mit-gerader-endkappe\/","url":"https:\/\/marktxxl.de\/markt\/produkt\/edelstahl-handlauf-v2a-424mm-240k-geschliffen-wandhandlauf-geteilt-mit-gerader-endkappe\/","name":"Edelstahl Handlauf V2A 42,4mm 240K geschliffen Wandhandlauf mit gerader Endkappe 1400 mm - Markt-XXL","isPartOf":{"@id":"https:\/\/marktxxl.de\/markt\/#website"},"primaryImageOfPage":{"@id":"https:\/\/marktxxl.de\/markt\/produkt\/edelstahl-handlauf-v2a-424mm-240k-geschliffen-wandhandlauf-geteilt-mit-gerader-endkappe\/#primaryimage"},"image":{"@id":"https:\/\/marktxxl.de\/markt\/produkt\/edelstahl-handlauf-v2a-424mm-240k-geschliffen-wandhandlauf-geteilt-mit-gerader-endkappe\/#primaryimage"},"thumbnailUrl":"https:\/\/m.media-amazon.com\/images\/I\/41avVodIxOL._SL500_.jpg","datePublished":"2022-10-11T21:53:24+00:00","dateModified":"2023-04-11T02:38:16+00:00","description":"Markt-XXL Edelstahl Handlauf V2A 42,4mm 240K geschliffen Wandhandlauf mit gerader Endkappe 1400 mm","breadcrumb":{"@id":"https:\/\/marktxxl.de\/markt\/produkt\/edelstahl-handlauf-v2a-424mm-240k-geschliffen-wandhandlauf-geteilt-mit-gerader-endkappe\/#breadcrumb"},"inLanguage":"de","potentialAction":[{"@type":"ReadAction","target":["https:\/\/marktxxl.de\/markt\/produkt\/edelstahl-handlauf-v2a-424mm-240k-geschliffen-wandhandlauf-geteilt-mit-gerader-endkappe\/"]}]},{"@type":"ImageObject","inLanguage":"de","@id":"https:\/\/marktxxl.de\/markt\/produkt\/edelstahl-handlauf-v2a-424mm-240k-geschliffen-wandhandlauf-geteilt-mit-gerader-endkappe\/#primaryimage","url":"https:\/\/m.media-amazon.com\/images\/I\/41avVodIxOL._SL500_.jpg","contentUrl":"https:\/\/m.media-amazon.com\/images\/I\/41avVodIxOL._SL500_.jpg","width":500,"height":334},{"@type":"BreadcrumbList","@id":"https:\/\/marktxxl.de\/markt\/produkt\/edelstahl-handlauf-v2a-424mm-240k-geschliffen-wandhandlauf-geteilt-mit-gerader-endkappe\/#breadcrumb","itemListElement":[{"@type":"ListItem","position":1,"name":"Startseite","item":"https:\/\/marktxxl.de\/markt\/"},{"@type":"ListItem","position":2,"name":"Markt","item":"https:\/\/marktxxl.de\/markt\/"},{"@type":"ListItem","position":3,"name":"Edelstahl Handlauf V2A 42,4mm 240K geschliffen Wandhandlauf mit gerader Endkappe 1400 mm"}]},{"@type":"WebSite","@id":"https:\/\/marktxxl.de\/markt\/#website","url":"https:\/\/marktxxl.de\/markt\/","name":"Markt-XXL","description":"Ihr Markt Online","publisher":{"@id":"https:\/\/marktxxl.de\/markt\/#organization"},"potentialAction":[{"@type":"SearchAction","target":{"@type":"EntryPoint","urlTemplate":"https:\/\/marktxxl.de\/markt\/?s={search_term_string}"},"query-input":{"@type":"PropertyValueSpecification","valueRequired":true,"valueName":"search_term_string"}}],"inLanguage":"de"},{"@type":"Organization","@id":"https:\/\/marktxxl.de\/markt\/#organization","name":"Markt-XXL","url":"https:\/\/marktxxl.de\/markt\/","logo":{"@type":"ImageObject","inLanguage":"de","@id":"https:\/\/marktxxl.de\/markt\/#\/schema\/logo\/image\/","url":"https:\/\/marktxxl.de\/markt\/wp-content\/uploads\/sites\/3\/2020\/12\/logo.png","contentUrl":"https:\/\/marktxxl.de\/markt\/wp-content\/uploads\/sites\/3\/2020\/12\/logo.png","width":200,"height":70,"caption":"Markt-XXL"},"image":{"@id":"https:\/\/marktxxl.de\/markt\/#\/schema\/logo\/image\/"}}]}},"_links":{"self":[{"href":"https:\/\/marktxxl.de\/markt\/wp-json\/wp\/v2\/product\/156489","targetHints":{"allow":["GET"]}}],"collection":[{"href":"https:\/\/marktxxl.de\/markt\/wp-json\/wp\/v2\/product"}],"about":[{"href":"https:\/\/marktxxl.de\/markt\/wp-json\/wp\/v2\/types\/product"}],"replies":[{"embeddable":true,"href":"https:\/\/marktxxl.de\/markt\/wp-json\/wp\/v2\/comments?post=156489"}],"wp:featuredmedia":[{"embeddable":true,"href":"https:\/\/marktxxl.de\/markt\/wp-json\/wp\/v2\/media\/156490"}],"wp:attachment":[{"href":"https:\/\/marktxxl.de\/markt\/wp-json\/wp\/v2\/media?parent=156489"}],"wp:term":[{"taxonomy":"product_brand","embeddable":true,"href":"https:\/\/marktxxl.de\/markt\/wp-json\/wp\/v2\/product_brand?post=156489"},{"taxonomy":"product_cat","embeddable":true,"href":"https:\/\/marktxxl.de\/markt\/wp-json\/wp\/v2\/product_cat?post=156489"},{"taxonomy":"product_tag","embeddable":true,"href":"https:\/\/marktxxl.de\/markt\/wp-json\/wp\/v2\/product_tag?post=156489"}],"curies":[{"name":"wp","href":"https:\/\/api.w.org\/{rel}","templated":true}]}}