{"id":156423,"date":"2022-10-11T23:50:36","date_gmt":"2022-10-11T21:50:36","guid":{"rendered":"https:\/\/marktxxl.de\/markt\/produkt\/conopu-luftentfeuchter-1000ml-luftentfeuchter-elektrisch-auto-off-farbiges-led-licht-peltier-technologie-update-tragbar-und-ultra-leise-luftentfeuchter-fuer-zuhause-badezimmer-kleiderschr\/"},"modified":"2023-04-11T04:38:16","modified_gmt":"2023-04-11T02:38:16","slug":"conopu-luftentfeuchter-1000ml-luftentfeuchter-elektrisch-auto-off-farbiges-led-licht-peltier-technologie-update-tragbar-und-ultra-leise-luftentfeuchter-fuer-zuhause-badezimmer-kleiderschr","status":"publish","type":"product","link":"https:\/\/marktxxl.de\/markt\/produkt\/conopu-luftentfeuchter-1000ml-luftentfeuchter-elektrisch-auto-off-farbiges-led-licht-peltier-technologie-update-tragbar-und-ultra-leise-luftentfeuchter-fuer-zuhause-badezimmer-kleiderschr\/","title":{"rendered":"CONOPU Luftentfeuchter 1000 ml f\u00fcr Zuhause, Luftentfeuchter Elektrisch, ultraleise Badezimmer-Luftentfeuchter mit\u2026"},"content":{"rendered":"<p>EffizienteKr\u00e4ftige Entfernung von Feuchtigkeit&gt;&gt; Mit Peltier-Technologie (kein Kompressor erforderlich), ist das Wassertankvolumen unserer kleinen Luftentfeuchter bis zu 1000 ml. Und es kann bis zu 450 ml Wasser pro Tag bei 30 \u2103 und 80% RH entfernen. Luftentfeuchter elektrisch f\u00fcr das Trocknen von Kleidung und es ist perfekt f\u00fcr Schlafzimmer, B\u00fcro, Bad, Wohnwagen.<br \/>\nUltra-Leise&amp;geringer Energieverbrauch&gt;&gt; Die Luftentfeuchter verwendet Peltier-Technologie, das Betriebsger\u00e4usch ist etwa 39 dB, die zum Schlafen geeignet ist, und der Luftentfeuchter kann den ganzen Tag lang ohne laute oder st\u00f6rende Ger\u00e4usche laufen.<br \/>\nAutomatische Abschaltfunktion&gt;&gt; Der Luftentfeuchter verf\u00fcgt \u00fcber eine automatische Abschaltfunktion, um ein \u00dcberlaufen des Wassers zu verhindern. Durch den transparenten Wassertank k\u00f6nnen Sie den Status des Wasserspeichers erkennen. Wenn der Wassertank voll ist, leuchtet die LED-Anzeige rot und es ert\u00f6nen 3 Piept\u00f6ne, um Sie darauf hinzuweisen, dass der Tank geleert werden muss, um ein Auslaufen zu verhindern.<br \/>\nMit Handgriff und abnehmbarem Filternetz&gt;&gt; Der Luftentfeuchter f\u00fcr zu Hause ist einfach zu bewegen, weil der Griff, leicht, Deal Luftentfeuchter elektrisch f\u00fcr kleine R\u00e4ume. Der Filter auf der R\u00fcckseite reduziert Staub und reinigt die Luft.<br \/>\nFarbige LED-Leuchten&gt;&gt; Der Luftentfeuchter elektrisch ist mit steuerbaren bunten LED-Leuchten, k\u00f6nnen Sie das LED-Licht auf eine feste Farbe oder st\u00e4ndig wechselnden Farben zu steuern, oder schalten Sie es separat. Das LED-Licht ist f\u00fcr die Atmosph\u00e4re, nicht f\u00fcr die Beleuchtung.<br \/>\n<div class=\"main-cross-sell\" data-asin=\"B0BCQLVFBM\">\n\n\t<div class=\"WooZone-cross-sell-loader\">\n\t\t<div>\n\t\t\t<div id=\"floatingBarsG\">\n\t\t\t\t<div class=\"blockG\" id=\"rotateG_01\"><\/div>\n\t\t\t\t<div class=\"blockG\" id=\"rotateG_02\"><\/div>\n\t\t\t\t<div class=\"blockG\" id=\"rotateG_03\"><\/div>\n\t\t\t\t<div class=\"blockG\" id=\"rotateG_04\"><\/div>\n\t\t\t\t<div class=\"blockG\" id=\"rotateG_05\"><\/div>\n\t\t\t\t<div class=\"blockG\" id=\"rotateG_06\"><\/div>\n\t\t\t\t<div class=\"blockG\" id=\"rotateG_07\"><\/div>\n\t\t\t\t<div class=\"blockG\" id=\"rotateG_08\"><\/div>\n\t\t\t<\/div>\n\t\t\t<div class=\"WooZone-cross-sell-loader-text\"><\/div>\n\t\t<\/div>\n\t<\/div>\n\n\t\t\n<\/div>\n<div style=\"clear:both;\"><\/div><\/p>\n","protected":false},"excerpt":{"rendered":"<p>EffizienteKr\u00e4ftige Entfernung von Feuchtigkeit&gt;&gt; Mit Peltier-Technologie (kein Kompressor erforderlich), ist das Wassertankvolumen unserer kleinen Luftentfeuchter bis zu 1000 ml. Und es kann bis zu 450 ml Wasser pro Tag bei 30 \u2103 und 80% RH entfernen. Luftentfeuchter elektrisch f\u00fcr das Trocknen von Kleidung und es ist perfekt f\u00fcr Schlafzimmer, B\u00fcro, Bad, Wohnwagen.<br \/>\nUltra-Leise&amp;geringer Energieverbrauch&gt;&gt; Die Luftentfeuchter verwendet Peltier-Technologie, das Betriebsger\u00e4usch ist etwa 39 dB, die zum Schlafen geeignet ist, und der Luftentfeuchter kann den ganzen Tag lang ohne laute oder st\u00f6rende Ger\u00e4usche laufen.<br \/>\nAutomatische Abschaltfunktion&gt;&gt; Der Luftentfeuchter verf\u00fcgt \u00fcber eine automatische Abschaltfunktion, um ein \u00dcberlaufen des Wassers zu verhindern. Durch den transparenten Wassertank k\u00f6nnen Sie den Status des Wasserspeichers erkennen. Wenn der Wassertank voll ist, leuchtet die LED-Anzeige rot und es ert\u00f6nen 3 Piept\u00f6ne, um Sie darauf hinzuweisen, dass der Tank geleert werden muss, um ein Auslaufen zu verhindern.<\/p>\n","protected":false},"featured_media":156424,"comment_status":"open","ping_status":"closed","template":"","meta":[],"product_brand":[],"product_cat":[10704,1983],"product_tag":[],"class_list":{"0":"post-156423","1":"product","2":"type-product","3":"status-publish","4":"has-post-thumbnail","6":"product_cat-baubedarf","7":"product_cat-baumarkt","8":"pa_binding-haushaltswaren","9":"pa_brand-conopu","10":"pa_color-white","11":"pa_height-5-905511805-zoll","12":"pa_length-10-0787401472-zoll","13":"pa_manufacturer-sancai","14":"pa_model-ozc19s01","15":"pa_width-5-905511805-zoll","17":"first","18":"instock","19":"shipping-taxable","20":"purchasable","21":"product-type-simple","22":"customify-col","23":"product-has-gallery"},"yoast_head":"<!-- This site is optimized with the Yoast SEO plugin v27.4 - https:\/\/yoast.com\/product\/yoast-seo-wordpress\/ -->\n<title>CONOPU Luftentfeuchter 1000 ml f\u00fcr Zuhause, Luftentfeuchter Elektrisch, ultraleise Badezimmer-Luftentfeuchter mit\u2026 - Markt-XXL<\/title>\n<meta name=\"description\" content=\"Markt-XXL CONOPU Luftentfeuchter 1000 ml f\u00fcr Zuhause, Luftentfeuchter Elektrisch, ultraleise Badezimmer-Luftentfeuchter mit\u2026\" \/>\n<meta name=\"robots\" content=\"index, follow, max-snippet:-1, max-image-preview:large, max-video-preview:-1\" \/>\n<link rel=\"canonical\" href=\"https:\/\/marktxxl.de\/markt\/produkt\/conopu-luftentfeuchter-1000ml-luftentfeuchter-elektrisch-auto-off-farbiges-led-licht-peltier-technologie-update-tragbar-und-ultra-leise-luftentfeuchter-fuer-zuhause-badezimmer-kleiderschr\/\" \/>\n<meta property=\"og:locale\" content=\"de_DE\" \/>\n<meta property=\"og:type\" content=\"article\" \/>\n<meta property=\"og:title\" content=\"CONOPU Luftentfeuchter 1000 ml f\u00fcr Zuhause, Luftentfeuchter Elektrisch, ultraleise Badezimmer-Luftentfeuchter mit\u2026 - Markt-XXL\" \/>\n<meta property=\"og:description\" content=\"Markt-XXL CONOPU Luftentfeuchter 1000 ml f\u00fcr Zuhause, Luftentfeuchter Elektrisch, ultraleise Badezimmer-Luftentfeuchter mit\u2026\" \/>\n<meta property=\"og:url\" content=\"https:\/\/marktxxl.de\/markt\/produkt\/conopu-luftentfeuchter-1000ml-luftentfeuchter-elektrisch-auto-off-farbiges-led-licht-peltier-technologie-update-tragbar-und-ultra-leise-luftentfeuchter-fuer-zuhause-badezimmer-kleiderschr\/\" \/>\n<meta property=\"og:site_name\" content=\"Markt-XXL\" \/>\n<meta property=\"article:modified_time\" content=\"2023-04-11T02:38:16+00:00\" \/>\n<meta property=\"og:image\" content=\"https:\/\/m.media-amazon.com\/images\/I\/41oSG02J1bL._SL500_.jpg\" \/>\n\t<meta property=\"og:image:width\" content=\"500\" \/>\n\t<meta property=\"og:image:height\" content=\"500\" \/>\n\t<meta property=\"og:image:type\" content=\"image\/jpeg\" \/>\n<meta name=\"twitter:card\" content=\"summary_large_image\" \/>\n<meta name=\"twitter:label1\" content=\"Gesch\u00e4tzte Lesezeit\" \/>\n\t<meta name=\"twitter:data1\" content=\"1\u00a0Minute\" \/>\n<script type=\"application\/ld+json\" class=\"yoast-schema-graph\">{\"@context\":\"https:\\\/\\\/schema.org\",\"@graph\":[{\"@type\":\"WebPage\",\"@id\":\"https:\\\/\\\/marktxxl.de\\\/markt\\\/produkt\\\/conopu-luftentfeuchter-1000ml-luftentfeuchter-elektrisch-auto-off-farbiges-led-licht-peltier-technologie-update-tragbar-und-ultra-leise-luftentfeuchter-fuer-zuhause-badezimmer-kleiderschr\\\/\",\"url\":\"https:\\\/\\\/marktxxl.de\\\/markt\\\/produkt\\\/conopu-luftentfeuchter-1000ml-luftentfeuchter-elektrisch-auto-off-farbiges-led-licht-peltier-technologie-update-tragbar-und-ultra-leise-luftentfeuchter-fuer-zuhause-badezimmer-kleiderschr\\\/\",\"name\":\"CONOPU Luftentfeuchter 1000 ml f\u00fcr Zuhause, Luftentfeuchter Elektrisch, ultraleise Badezimmer-Luftentfeuchter mit\u2026 - Markt-XXL\",\"isPartOf\":{\"@id\":\"https:\\\/\\\/marktxxl.de\\\/markt\\\/#website\"},\"primaryImageOfPage\":{\"@id\":\"https:\\\/\\\/marktxxl.de\\\/markt\\\/produkt\\\/conopu-luftentfeuchter-1000ml-luftentfeuchter-elektrisch-auto-off-farbiges-led-licht-peltier-technologie-update-tragbar-und-ultra-leise-luftentfeuchter-fuer-zuhause-badezimmer-kleiderschr\\\/#primaryimage\"},\"image\":{\"@id\":\"https:\\\/\\\/marktxxl.de\\\/markt\\\/produkt\\\/conopu-luftentfeuchter-1000ml-luftentfeuchter-elektrisch-auto-off-farbiges-led-licht-peltier-technologie-update-tragbar-und-ultra-leise-luftentfeuchter-fuer-zuhause-badezimmer-kleiderschr\\\/#primaryimage\"},\"thumbnailUrl\":\"https:\\\/\\\/m.media-amazon.com\\\/images\\\/I\\\/41oSG02J1bL._SL500_.jpg\",\"datePublished\":\"2022-10-11T21:50:36+00:00\",\"dateModified\":\"2023-04-11T02:38:16+00:00\",\"description\":\"Markt-XXL CONOPU Luftentfeuchter 1000 ml f\u00fcr Zuhause, Luftentfeuchter Elektrisch, ultraleise Badezimmer-Luftentfeuchter mit\u2026\",\"breadcrumb\":{\"@id\":\"https:\\\/\\\/marktxxl.de\\\/markt\\\/produkt\\\/conopu-luftentfeuchter-1000ml-luftentfeuchter-elektrisch-auto-off-farbiges-led-licht-peltier-technologie-update-tragbar-und-ultra-leise-luftentfeuchter-fuer-zuhause-badezimmer-kleiderschr\\\/#breadcrumb\"},\"inLanguage\":\"de\",\"potentialAction\":[{\"@type\":\"ReadAction\",\"target\":[\"https:\\\/\\\/marktxxl.de\\\/markt\\\/produkt\\\/conopu-luftentfeuchter-1000ml-luftentfeuchter-elektrisch-auto-off-farbiges-led-licht-peltier-technologie-update-tragbar-und-ultra-leise-luftentfeuchter-fuer-zuhause-badezimmer-kleiderschr\\\/\"]}]},{\"@type\":\"ImageObject\",\"inLanguage\":\"de\",\"@id\":\"https:\\\/\\\/marktxxl.de\\\/markt\\\/produkt\\\/conopu-luftentfeuchter-1000ml-luftentfeuchter-elektrisch-auto-off-farbiges-led-licht-peltier-technologie-update-tragbar-und-ultra-leise-luftentfeuchter-fuer-zuhause-badezimmer-kleiderschr\\\/#primaryimage\",\"url\":\"https:\\\/\\\/m.media-amazon.com\\\/images\\\/I\\\/41oSG02J1bL._SL500_.jpg\",\"contentUrl\":\"https:\\\/\\\/m.media-amazon.com\\\/images\\\/I\\\/41oSG02J1bL._SL500_.jpg\",\"width\":500,\"height\":500},{\"@type\":\"BreadcrumbList\",\"@id\":\"https:\\\/\\\/marktxxl.de\\\/markt\\\/produkt\\\/conopu-luftentfeuchter-1000ml-luftentfeuchter-elektrisch-auto-off-farbiges-led-licht-peltier-technologie-update-tragbar-und-ultra-leise-luftentfeuchter-fuer-zuhause-badezimmer-kleiderschr\\\/#breadcrumb\",\"itemListElement\":[{\"@type\":\"ListItem\",\"position\":1,\"name\":\"Startseite\",\"item\":\"https:\\\/\\\/marktxxl.de\\\/markt\\\/\"},{\"@type\":\"ListItem\",\"position\":2,\"name\":\"Markt\",\"item\":\"https:\\\/\\\/marktxxl.de\\\/markt\\\/\"},{\"@type\":\"ListItem\",\"position\":3,\"name\":\"CONOPU Luftentfeuchter 1000 ml f\u00fcr Zuhause, Luftentfeuchter Elektrisch, ultraleise Badezimmer-Luftentfeuchter mit\u2026\"}]},{\"@type\":\"WebSite\",\"@id\":\"https:\\\/\\\/marktxxl.de\\\/markt\\\/#website\",\"url\":\"https:\\\/\\\/marktxxl.de\\\/markt\\\/\",\"name\":\"Markt-XXL\",\"description\":\"Ihr Markt Online\",\"publisher\":{\"@id\":\"https:\\\/\\\/marktxxl.de\\\/markt\\\/#organization\"},\"potentialAction\":[{\"@type\":\"SearchAction\",\"target\":{\"@type\":\"EntryPoint\",\"urlTemplate\":\"https:\\\/\\\/marktxxl.de\\\/markt\\\/?s={search_term_string}\"},\"query-input\":{\"@type\":\"PropertyValueSpecification\",\"valueRequired\":true,\"valueName\":\"search_term_string\"}}],\"inLanguage\":\"de\"},{\"@type\":\"Organization\",\"@id\":\"https:\\\/\\\/marktxxl.de\\\/markt\\\/#organization\",\"name\":\"Markt-XXL\",\"url\":\"https:\\\/\\\/marktxxl.de\\\/markt\\\/\",\"logo\":{\"@type\":\"ImageObject\",\"inLanguage\":\"de\",\"@id\":\"https:\\\/\\\/marktxxl.de\\\/markt\\\/#\\\/schema\\\/logo\\\/image\\\/\",\"url\":\"https:\\\/\\\/marktxxl.de\\\/markt\\\/wp-content\\\/uploads\\\/sites\\\/3\\\/2020\\\/12\\\/logo.png\",\"contentUrl\":\"https:\\\/\\\/marktxxl.de\\\/markt\\\/wp-content\\\/uploads\\\/sites\\\/3\\\/2020\\\/12\\\/logo.png\",\"width\":200,\"height\":70,\"caption\":\"Markt-XXL\"},\"image\":{\"@id\":\"https:\\\/\\\/marktxxl.de\\\/markt\\\/#\\\/schema\\\/logo\\\/image\\\/\"}}]}<\/script>\n<!-- \/ Yoast SEO plugin. -->","yoast_head_json":{"title":"CONOPU Luftentfeuchter 1000 ml f\u00fcr Zuhause, Luftentfeuchter Elektrisch, ultraleise Badezimmer-Luftentfeuchter mit\u2026 - Markt-XXL","description":"Markt-XXL CONOPU Luftentfeuchter 1000 ml f\u00fcr Zuhause, Luftentfeuchter Elektrisch, ultraleise Badezimmer-Luftentfeuchter mit\u2026","robots":{"index":"index","follow":"follow","max-snippet":"max-snippet:-1","max-image-preview":"max-image-preview:large","max-video-preview":"max-video-preview:-1"},"canonical":"https:\/\/marktxxl.de\/markt\/produkt\/conopu-luftentfeuchter-1000ml-luftentfeuchter-elektrisch-auto-off-farbiges-led-licht-peltier-technologie-update-tragbar-und-ultra-leise-luftentfeuchter-fuer-zuhause-badezimmer-kleiderschr\/","og_locale":"de_DE","og_type":"article","og_title":"CONOPU Luftentfeuchter 1000 ml f\u00fcr Zuhause, Luftentfeuchter Elektrisch, ultraleise Badezimmer-Luftentfeuchter mit\u2026 - Markt-XXL","og_description":"Markt-XXL CONOPU Luftentfeuchter 1000 ml f\u00fcr Zuhause, Luftentfeuchter Elektrisch, ultraleise Badezimmer-Luftentfeuchter mit\u2026","og_url":"https:\/\/marktxxl.de\/markt\/produkt\/conopu-luftentfeuchter-1000ml-luftentfeuchter-elektrisch-auto-off-farbiges-led-licht-peltier-technologie-update-tragbar-und-ultra-leise-luftentfeuchter-fuer-zuhause-badezimmer-kleiderschr\/","og_site_name":"Markt-XXL","article_modified_time":"2023-04-11T02:38:16+00:00","og_image":[{"width":500,"height":500,"url":"https:\/\/m.media-amazon.com\/images\/I\/41oSG02J1bL._SL500_.jpg","type":"image\/jpeg"}],"twitter_card":"summary_large_image","twitter_misc":{"Gesch\u00e4tzte Lesezeit":"1\u00a0Minute"},"schema":{"@context":"https:\/\/schema.org","@graph":[{"@type":"WebPage","@id":"https:\/\/marktxxl.de\/markt\/produkt\/conopu-luftentfeuchter-1000ml-luftentfeuchter-elektrisch-auto-off-farbiges-led-licht-peltier-technologie-update-tragbar-und-ultra-leise-luftentfeuchter-fuer-zuhause-badezimmer-kleiderschr\/","url":"https:\/\/marktxxl.de\/markt\/produkt\/conopu-luftentfeuchter-1000ml-luftentfeuchter-elektrisch-auto-off-farbiges-led-licht-peltier-technologie-update-tragbar-und-ultra-leise-luftentfeuchter-fuer-zuhause-badezimmer-kleiderschr\/","name":"CONOPU Luftentfeuchter 1000 ml f\u00fcr Zuhause, Luftentfeuchter Elektrisch, ultraleise Badezimmer-Luftentfeuchter mit\u2026 - Markt-XXL","isPartOf":{"@id":"https:\/\/marktxxl.de\/markt\/#website"},"primaryImageOfPage":{"@id":"https:\/\/marktxxl.de\/markt\/produkt\/conopu-luftentfeuchter-1000ml-luftentfeuchter-elektrisch-auto-off-farbiges-led-licht-peltier-technologie-update-tragbar-und-ultra-leise-luftentfeuchter-fuer-zuhause-badezimmer-kleiderschr\/#primaryimage"},"image":{"@id":"https:\/\/marktxxl.de\/markt\/produkt\/conopu-luftentfeuchter-1000ml-luftentfeuchter-elektrisch-auto-off-farbiges-led-licht-peltier-technologie-update-tragbar-und-ultra-leise-luftentfeuchter-fuer-zuhause-badezimmer-kleiderschr\/#primaryimage"},"thumbnailUrl":"https:\/\/m.media-amazon.com\/images\/I\/41oSG02J1bL._SL500_.jpg","datePublished":"2022-10-11T21:50:36+00:00","dateModified":"2023-04-11T02:38:16+00:00","description":"Markt-XXL CONOPU Luftentfeuchter 1000 ml f\u00fcr Zuhause, Luftentfeuchter Elektrisch, ultraleise Badezimmer-Luftentfeuchter mit\u2026","breadcrumb":{"@id":"https:\/\/marktxxl.de\/markt\/produkt\/conopu-luftentfeuchter-1000ml-luftentfeuchter-elektrisch-auto-off-farbiges-led-licht-peltier-technologie-update-tragbar-und-ultra-leise-luftentfeuchter-fuer-zuhause-badezimmer-kleiderschr\/#breadcrumb"},"inLanguage":"de","potentialAction":[{"@type":"ReadAction","target":["https:\/\/marktxxl.de\/markt\/produkt\/conopu-luftentfeuchter-1000ml-luftentfeuchter-elektrisch-auto-off-farbiges-led-licht-peltier-technologie-update-tragbar-und-ultra-leise-luftentfeuchter-fuer-zuhause-badezimmer-kleiderschr\/"]}]},{"@type":"ImageObject","inLanguage":"de","@id":"https:\/\/marktxxl.de\/markt\/produkt\/conopu-luftentfeuchter-1000ml-luftentfeuchter-elektrisch-auto-off-farbiges-led-licht-peltier-technologie-update-tragbar-und-ultra-leise-luftentfeuchter-fuer-zuhause-badezimmer-kleiderschr\/#primaryimage","url":"https:\/\/m.media-amazon.com\/images\/I\/41oSG02J1bL._SL500_.jpg","contentUrl":"https:\/\/m.media-amazon.com\/images\/I\/41oSG02J1bL._SL500_.jpg","width":500,"height":500},{"@type":"BreadcrumbList","@id":"https:\/\/marktxxl.de\/markt\/produkt\/conopu-luftentfeuchter-1000ml-luftentfeuchter-elektrisch-auto-off-farbiges-led-licht-peltier-technologie-update-tragbar-und-ultra-leise-luftentfeuchter-fuer-zuhause-badezimmer-kleiderschr\/#breadcrumb","itemListElement":[{"@type":"ListItem","position":1,"name":"Startseite","item":"https:\/\/marktxxl.de\/markt\/"},{"@type":"ListItem","position":2,"name":"Markt","item":"https:\/\/marktxxl.de\/markt\/"},{"@type":"ListItem","position":3,"name":"CONOPU Luftentfeuchter 1000 ml f\u00fcr Zuhause, Luftentfeuchter Elektrisch, ultraleise Badezimmer-Luftentfeuchter mit\u2026"}]},{"@type":"WebSite","@id":"https:\/\/marktxxl.de\/markt\/#website","url":"https:\/\/marktxxl.de\/markt\/","name":"Markt-XXL","description":"Ihr Markt Online","publisher":{"@id":"https:\/\/marktxxl.de\/markt\/#organization"},"potentialAction":[{"@type":"SearchAction","target":{"@type":"EntryPoint","urlTemplate":"https:\/\/marktxxl.de\/markt\/?s={search_term_string}"},"query-input":{"@type":"PropertyValueSpecification","valueRequired":true,"valueName":"search_term_string"}}],"inLanguage":"de"},{"@type":"Organization","@id":"https:\/\/marktxxl.de\/markt\/#organization","name":"Markt-XXL","url":"https:\/\/marktxxl.de\/markt\/","logo":{"@type":"ImageObject","inLanguage":"de","@id":"https:\/\/marktxxl.de\/markt\/#\/schema\/logo\/image\/","url":"https:\/\/marktxxl.de\/markt\/wp-content\/uploads\/sites\/3\/2020\/12\/logo.png","contentUrl":"https:\/\/marktxxl.de\/markt\/wp-content\/uploads\/sites\/3\/2020\/12\/logo.png","width":200,"height":70,"caption":"Markt-XXL"},"image":{"@id":"https:\/\/marktxxl.de\/markt\/#\/schema\/logo\/image\/"}}]}},"_links":{"self":[{"href":"https:\/\/marktxxl.de\/markt\/wp-json\/wp\/v2\/product\/156423","targetHints":{"allow":["GET"]}}],"collection":[{"href":"https:\/\/marktxxl.de\/markt\/wp-json\/wp\/v2\/product"}],"about":[{"href":"https:\/\/marktxxl.de\/markt\/wp-json\/wp\/v2\/types\/product"}],"replies":[{"embeddable":true,"href":"https:\/\/marktxxl.de\/markt\/wp-json\/wp\/v2\/comments?post=156423"}],"wp:featuredmedia":[{"embeddable":true,"href":"https:\/\/marktxxl.de\/markt\/wp-json\/wp\/v2\/media\/156424"}],"wp:attachment":[{"href":"https:\/\/marktxxl.de\/markt\/wp-json\/wp\/v2\/media?parent=156423"}],"wp:term":[{"taxonomy":"product_brand","embeddable":true,"href":"https:\/\/marktxxl.de\/markt\/wp-json\/wp\/v2\/product_brand?post=156423"},{"taxonomy":"product_cat","embeddable":true,"href":"https:\/\/marktxxl.de\/markt\/wp-json\/wp\/v2\/product_cat?post=156423"},{"taxonomy":"product_tag","embeddable":true,"href":"https:\/\/marktxxl.de\/markt\/wp-json\/wp\/v2\/product_tag?post=156423"}],"curies":[{"name":"wp","href":"https:\/\/api.w.org\/{rel}","templated":true}]}}