{"id":155796,"date":"2022-10-11T21:25:26","date_gmt":"2022-10-11T19:25:26","guid":{"rendered":"https:\/\/marktxxl.de\/markt\/produkt\/baby-kleiderbuegel-fuer-kinderkleidung-20-stueck-strapazierfaehige-kunststoff-kleiderbuegel-fuer-kinderzimmer-kinder-kleiderbuegel-ideal-als-kleinkind-oder-kleinkind-kle\/"},"modified":"2023-04-11T04:37:30","modified_gmt":"2023-04-11T02:37:30","slug":"baby-kleiderbuegel-fuer-kinderkleidung-20-stueck-strapazierfaehige-kunststoff-kleiderbuegel-fuer-kinderzimmer-kinder-kleiderbuegel-ideal-als-kleinkind-oder-kleinkind-kle","status":"publish","type":"product","link":"https:\/\/marktxxl.de\/markt\/produkt\/baby-kleiderbuegel-fuer-kinderkleidung-20-stueck-strapazierfaehige-kunststoff-kleiderbuegel-fuer-kinderzimmer-kinder-kleiderbuegel-ideal-als-kleinkind-oder-kleinkind-kle\/","title":{"rendered":"Baby-Kleiderb\u00fcgel f\u00fcr Kinderkleidung \u2013 20 St\u00fcck strapazierf\u00e4hige Kunststoff-Kleiderb\u00fcgel f\u00fcr Kinderzimmer \u2013 Kinder\u2026"},"content":{"rendered":"<p>\u3010Die langlebigen Kleiderb\u00fcgel\u3011 Wir haben unsere Kleiderb\u00fcgel f\u00fcr Kinderkleidung mit verst\u00e4rktem Kunststoff an den Kanten f\u00fcr bessere Stabilit\u00e4t und Unterst\u00fctzung f\u00fcr Outfits wie Hemden, Kleider, Hosen und vieles mehr konstruiert.<br \/>\nStrapazierf\u00e4hig und au\u00dfergew\u00f6hnlich hochwertig: Diese Kunststoff-Kleiderb\u00fcgel haben ein farbiges, sauberes Design, das die Kleidung Ihrer Kinder nicht verschmutzt und keine Grate oder Blitze erzeugt. Sie sind schlank mit glatter Oberfl\u00e4che und hochschlagfesten Kleiderb\u00fcgeln f\u00fcr Ordnung im Schrank.<br \/>\n\u3010 Entwickelt f\u00fcr den t\u00e4glichen Gebrauch \u3011 Ideal nur f\u00fcr Kinder, Kleinkinder und Baby-Kleidung. Jeder Kleiderb\u00fcgel hat gekerbte Schultern f\u00fcr Kleidung mit Riemen, bunte Kleiderb\u00fcgel f\u00fcr Kinder-Kleiderschrank-Dekoration.<br \/>\n\u3010Machen Sie Ihren Schrank einfacher zu sehen\u3011Ob Ihr Schrank gro\u00df oder klein ist, unsere Kleiderb\u00fcgel bieten eine bessere Organisation f\u00fcr Ihre Zimmerm\u00f6bel. Sie machen Ihren Schrank aufger\u00e4umter und wirken wie platzsparende Werkzeuge, damit Sie kein Chaos in Ihrem Raum bekommen.<br \/>\n\u3010Geld-zur\u00fcck-Garantie\u3011Sie haben 30 Tage, um diese Kleiderb\u00fcgel zur\u00fcckzugeben. Kaufen Sie sie, probieren Sie sie aus und behalten Sie sie nur, wenn sie f\u00fcr Sie funktionieren<br \/>\n<div class=\"main-cross-sell\" data-asin=\"B08Q7LV716\">\n\n\t<div class=\"WooZone-cross-sell-loader\">\n\t\t<div>\n\t\t\t<div id=\"floatingBarsG\">\n\t\t\t\t<div class=\"blockG\" id=\"rotateG_01\"><\/div>\n\t\t\t\t<div class=\"blockG\" id=\"rotateG_02\"><\/div>\n\t\t\t\t<div class=\"blockG\" id=\"rotateG_03\"><\/div>\n\t\t\t\t<div class=\"blockG\" id=\"rotateG_04\"><\/div>\n\t\t\t\t<div class=\"blockG\" id=\"rotateG_05\"><\/div>\n\t\t\t\t<div class=\"blockG\" id=\"rotateG_06\"><\/div>\n\t\t\t\t<div class=\"blockG\" id=\"rotateG_07\"><\/div>\n\t\t\t\t<div class=\"blockG\" id=\"rotateG_08\"><\/div>\n\t\t\t<\/div>\n\t\t\t<div class=\"WooZone-cross-sell-loader-text\"><\/div>\n\t\t<\/div>\n\t<\/div>\n\n\t\t\n<\/div>\n<div style=\"clear:both;\"><\/div><\/p>\n","protected":false},"excerpt":{"rendered":"<p>\u3010Die langlebigen Kleiderb\u00fcgel\u3011 Wir haben unsere Kleiderb\u00fcgel f\u00fcr Kinderkleidung mit verst\u00e4rktem Kunststoff an den Kanten f\u00fcr bessere Stabilit\u00e4t und Unterst\u00fctzung f\u00fcr Outfits wie Hemden, Kleider, Hosen und vieles mehr konstruiert.<br \/>\nStrapazierf\u00e4hig und au\u00dfergew\u00f6hnlich hochwertig: Diese Kunststoff-Kleiderb\u00fcgel haben ein farbiges, sauberes Design, das die Kleidung Ihrer Kinder nicht verschmutzt und keine Grate oder Blitze erzeugt. Sie sind schlank mit glatter Oberfl\u00e4che und hochschlagfesten Kleiderb\u00fcgeln f\u00fcr Ordnung im Schrank.<br \/>\n\u3010 Entwickelt f\u00fcr den t\u00e4glichen Gebrauch \u3011 Ideal nur f\u00fcr Kinder, Kleinkinder und Baby-Kleidung. Jeder Kleiderb\u00fcgel hat gekerbte Schultern f\u00fcr Kleidung mit Riemen, bunte Kleiderb\u00fcgel f\u00fcr Kinder-Kleiderschrank-Dekoration.<\/p>\n","protected":false},"featured_media":155797,"comment_status":"open","ping_status":"closed","template":"","meta":[],"product_brand":[],"product_cat":[21,8825],"product_tag":[],"class_list":{"0":"post-155796","1":"product","2":"type-product","3":"status-publish","4":"has-post-thumbnail","6":"product_cat-baby","7":"product_cat-baby-kleinkinderzimmer-baby","8":"pa_brand-jingxin","9":"pa_color-4-farben","10":"pa_height-6-5-zoll","11":"pa_length-11-4-zoll","12":"pa_manufacturer-jingxin","13":"pa_size-11-46-53-inches","14":"pa_width-3-zoll","16":"first","17":"instock","18":"shipping-taxable","19":"purchasable","20":"product-type-simple","21":"customify-col","22":"product-has-gallery"},"yoast_head":"<!-- This site is optimized with the Yoast SEO plugin v27.4 - https:\/\/yoast.com\/product\/yoast-seo-wordpress\/ -->\n<title>Baby-Kleiderb\u00fcgel f\u00fcr Kinderkleidung \u2013 20 St\u00fcck strapazierf\u00e4hige Kunststoff-Kleiderb\u00fcgel f\u00fcr Kinderzimmer \u2013 Kinder\u2026 - Markt-XXL<\/title>\n<meta name=\"description\" content=\"Markt-XXL Baby-Kleiderb\u00fcgel f\u00fcr Kinderkleidung \u2013 20 St\u00fcck strapazierf\u00e4hige Kunststoff-Kleiderb\u00fcgel f\u00fcr Kinderzimmer \u2013 Kinder\u2026\" \/>\n<meta name=\"robots\" content=\"index, follow, max-snippet:-1, max-image-preview:large, max-video-preview:-1\" \/>\n<link rel=\"canonical\" href=\"https:\/\/marktxxl.de\/markt\/produkt\/baby-kleiderbuegel-fuer-kinderkleidung-20-stueck-strapazierfaehige-kunststoff-kleiderbuegel-fuer-kinderzimmer-kinder-kleiderbuegel-ideal-als-kleinkind-oder-kleinkind-kle\/\" \/>\n<meta property=\"og:locale\" content=\"de_DE\" \/>\n<meta property=\"og:type\" content=\"article\" \/>\n<meta property=\"og:title\" content=\"Baby-Kleiderb\u00fcgel f\u00fcr Kinderkleidung \u2013 20 St\u00fcck strapazierf\u00e4hige Kunststoff-Kleiderb\u00fcgel f\u00fcr Kinderzimmer \u2013 Kinder\u2026 - Markt-XXL\" \/>\n<meta property=\"og:description\" content=\"Markt-XXL Baby-Kleiderb\u00fcgel f\u00fcr Kinderkleidung \u2013 20 St\u00fcck strapazierf\u00e4hige Kunststoff-Kleiderb\u00fcgel f\u00fcr Kinderzimmer \u2013 Kinder\u2026\" \/>\n<meta property=\"og:url\" content=\"https:\/\/marktxxl.de\/markt\/produkt\/baby-kleiderbuegel-fuer-kinderkleidung-20-stueck-strapazierfaehige-kunststoff-kleiderbuegel-fuer-kinderzimmer-kinder-kleiderbuegel-ideal-als-kleinkind-oder-kleinkind-kle\/\" \/>\n<meta property=\"og:site_name\" content=\"Markt-XXL\" \/>\n<meta property=\"article:modified_time\" content=\"2023-04-11T02:37:30+00:00\" \/>\n<meta property=\"og:image\" content=\"https:\/\/m.media-amazon.com\/images\/I\/41zF7jlsqZL._SL500_.jpg\" \/>\n\t<meta property=\"og:image:width\" content=\"500\" \/>\n\t<meta property=\"og:image:height\" content=\"500\" \/>\n\t<meta property=\"og:image:type\" content=\"image\/jpeg\" \/>\n<meta name=\"twitter:card\" content=\"summary_large_image\" \/>\n<meta name=\"twitter:label1\" content=\"Gesch\u00e4tzte Lesezeit\" \/>\n\t<meta name=\"twitter:data1\" content=\"1\u00a0Minute\" \/>\n<script type=\"application\/ld+json\" class=\"yoast-schema-graph\">{\"@context\":\"https:\\\/\\\/schema.org\",\"@graph\":[{\"@type\":\"WebPage\",\"@id\":\"https:\\\/\\\/marktxxl.de\\\/markt\\\/produkt\\\/baby-kleiderbuegel-fuer-kinderkleidung-20-stueck-strapazierfaehige-kunststoff-kleiderbuegel-fuer-kinderzimmer-kinder-kleiderbuegel-ideal-als-kleinkind-oder-kleinkind-kle\\\/\",\"url\":\"https:\\\/\\\/marktxxl.de\\\/markt\\\/produkt\\\/baby-kleiderbuegel-fuer-kinderkleidung-20-stueck-strapazierfaehige-kunststoff-kleiderbuegel-fuer-kinderzimmer-kinder-kleiderbuegel-ideal-als-kleinkind-oder-kleinkind-kle\\\/\",\"name\":\"Baby-Kleiderb\u00fcgel f\u00fcr Kinderkleidung \u2013 20 St\u00fcck strapazierf\u00e4hige Kunststoff-Kleiderb\u00fcgel f\u00fcr Kinderzimmer \u2013 Kinder\u2026 - Markt-XXL\",\"isPartOf\":{\"@id\":\"https:\\\/\\\/marktxxl.de\\\/markt\\\/#website\"},\"primaryImageOfPage\":{\"@id\":\"https:\\\/\\\/marktxxl.de\\\/markt\\\/produkt\\\/baby-kleiderbuegel-fuer-kinderkleidung-20-stueck-strapazierfaehige-kunststoff-kleiderbuegel-fuer-kinderzimmer-kinder-kleiderbuegel-ideal-als-kleinkind-oder-kleinkind-kle\\\/#primaryimage\"},\"image\":{\"@id\":\"https:\\\/\\\/marktxxl.de\\\/markt\\\/produkt\\\/baby-kleiderbuegel-fuer-kinderkleidung-20-stueck-strapazierfaehige-kunststoff-kleiderbuegel-fuer-kinderzimmer-kinder-kleiderbuegel-ideal-als-kleinkind-oder-kleinkind-kle\\\/#primaryimage\"},\"thumbnailUrl\":\"https:\\\/\\\/m.media-amazon.com\\\/images\\\/I\\\/41zF7jlsqZL._SL500_.jpg\",\"datePublished\":\"2022-10-11T19:25:26+00:00\",\"dateModified\":\"2023-04-11T02:37:30+00:00\",\"description\":\"Markt-XXL Baby-Kleiderb\u00fcgel f\u00fcr Kinderkleidung \u2013 20 St\u00fcck strapazierf\u00e4hige Kunststoff-Kleiderb\u00fcgel f\u00fcr Kinderzimmer \u2013 Kinder\u2026\",\"breadcrumb\":{\"@id\":\"https:\\\/\\\/marktxxl.de\\\/markt\\\/produkt\\\/baby-kleiderbuegel-fuer-kinderkleidung-20-stueck-strapazierfaehige-kunststoff-kleiderbuegel-fuer-kinderzimmer-kinder-kleiderbuegel-ideal-als-kleinkind-oder-kleinkind-kle\\\/#breadcrumb\"},\"inLanguage\":\"de\",\"potentialAction\":[{\"@type\":\"ReadAction\",\"target\":[\"https:\\\/\\\/marktxxl.de\\\/markt\\\/produkt\\\/baby-kleiderbuegel-fuer-kinderkleidung-20-stueck-strapazierfaehige-kunststoff-kleiderbuegel-fuer-kinderzimmer-kinder-kleiderbuegel-ideal-als-kleinkind-oder-kleinkind-kle\\\/\"]}]},{\"@type\":\"ImageObject\",\"inLanguage\":\"de\",\"@id\":\"https:\\\/\\\/marktxxl.de\\\/markt\\\/produkt\\\/baby-kleiderbuegel-fuer-kinderkleidung-20-stueck-strapazierfaehige-kunststoff-kleiderbuegel-fuer-kinderzimmer-kinder-kleiderbuegel-ideal-als-kleinkind-oder-kleinkind-kle\\\/#primaryimage\",\"url\":\"https:\\\/\\\/m.media-amazon.com\\\/images\\\/I\\\/41zF7jlsqZL._SL500_.jpg\",\"contentUrl\":\"https:\\\/\\\/m.media-amazon.com\\\/images\\\/I\\\/41zF7jlsqZL._SL500_.jpg\",\"width\":500,\"height\":500},{\"@type\":\"BreadcrumbList\",\"@id\":\"https:\\\/\\\/marktxxl.de\\\/markt\\\/produkt\\\/baby-kleiderbuegel-fuer-kinderkleidung-20-stueck-strapazierfaehige-kunststoff-kleiderbuegel-fuer-kinderzimmer-kinder-kleiderbuegel-ideal-als-kleinkind-oder-kleinkind-kle\\\/#breadcrumb\",\"itemListElement\":[{\"@type\":\"ListItem\",\"position\":1,\"name\":\"Startseite\",\"item\":\"https:\\\/\\\/marktxxl.de\\\/markt\\\/\"},{\"@type\":\"ListItem\",\"position\":2,\"name\":\"Markt\",\"item\":\"https:\\\/\\\/marktxxl.de\\\/markt\\\/\"},{\"@type\":\"ListItem\",\"position\":3,\"name\":\"Baby-Kleiderb\u00fcgel f\u00fcr Kinderkleidung \u2013 20 St\u00fcck strapazierf\u00e4hige Kunststoff-Kleiderb\u00fcgel f\u00fcr Kinderzimmer \u2013 Kinder\u2026\"}]},{\"@type\":\"WebSite\",\"@id\":\"https:\\\/\\\/marktxxl.de\\\/markt\\\/#website\",\"url\":\"https:\\\/\\\/marktxxl.de\\\/markt\\\/\",\"name\":\"Markt-XXL\",\"description\":\"Ihr Markt Online\",\"publisher\":{\"@id\":\"https:\\\/\\\/marktxxl.de\\\/markt\\\/#organization\"},\"potentialAction\":[{\"@type\":\"SearchAction\",\"target\":{\"@type\":\"EntryPoint\",\"urlTemplate\":\"https:\\\/\\\/marktxxl.de\\\/markt\\\/?s={search_term_string}\"},\"query-input\":{\"@type\":\"PropertyValueSpecification\",\"valueRequired\":true,\"valueName\":\"search_term_string\"}}],\"inLanguage\":\"de\"},{\"@type\":\"Organization\",\"@id\":\"https:\\\/\\\/marktxxl.de\\\/markt\\\/#organization\",\"name\":\"Markt-XXL\",\"url\":\"https:\\\/\\\/marktxxl.de\\\/markt\\\/\",\"logo\":{\"@type\":\"ImageObject\",\"inLanguage\":\"de\",\"@id\":\"https:\\\/\\\/marktxxl.de\\\/markt\\\/#\\\/schema\\\/logo\\\/image\\\/\",\"url\":\"https:\\\/\\\/marktxxl.de\\\/markt\\\/wp-content\\\/uploads\\\/sites\\\/3\\\/2020\\\/12\\\/logo.png\",\"contentUrl\":\"https:\\\/\\\/marktxxl.de\\\/markt\\\/wp-content\\\/uploads\\\/sites\\\/3\\\/2020\\\/12\\\/logo.png\",\"width\":200,\"height\":70,\"caption\":\"Markt-XXL\"},\"image\":{\"@id\":\"https:\\\/\\\/marktxxl.de\\\/markt\\\/#\\\/schema\\\/logo\\\/image\\\/\"}}]}<\/script>\n<!-- \/ Yoast SEO plugin. -->","yoast_head_json":{"title":"Baby-Kleiderb\u00fcgel f\u00fcr Kinderkleidung \u2013 20 St\u00fcck strapazierf\u00e4hige Kunststoff-Kleiderb\u00fcgel f\u00fcr Kinderzimmer \u2013 Kinder\u2026 - Markt-XXL","description":"Markt-XXL Baby-Kleiderb\u00fcgel f\u00fcr Kinderkleidung \u2013 20 St\u00fcck strapazierf\u00e4hige Kunststoff-Kleiderb\u00fcgel f\u00fcr Kinderzimmer \u2013 Kinder\u2026","robots":{"index":"index","follow":"follow","max-snippet":"max-snippet:-1","max-image-preview":"max-image-preview:large","max-video-preview":"max-video-preview:-1"},"canonical":"https:\/\/marktxxl.de\/markt\/produkt\/baby-kleiderbuegel-fuer-kinderkleidung-20-stueck-strapazierfaehige-kunststoff-kleiderbuegel-fuer-kinderzimmer-kinder-kleiderbuegel-ideal-als-kleinkind-oder-kleinkind-kle\/","og_locale":"de_DE","og_type":"article","og_title":"Baby-Kleiderb\u00fcgel f\u00fcr Kinderkleidung \u2013 20 St\u00fcck strapazierf\u00e4hige Kunststoff-Kleiderb\u00fcgel f\u00fcr Kinderzimmer \u2013 Kinder\u2026 - Markt-XXL","og_description":"Markt-XXL Baby-Kleiderb\u00fcgel f\u00fcr Kinderkleidung \u2013 20 St\u00fcck strapazierf\u00e4hige Kunststoff-Kleiderb\u00fcgel f\u00fcr Kinderzimmer \u2013 Kinder\u2026","og_url":"https:\/\/marktxxl.de\/markt\/produkt\/baby-kleiderbuegel-fuer-kinderkleidung-20-stueck-strapazierfaehige-kunststoff-kleiderbuegel-fuer-kinderzimmer-kinder-kleiderbuegel-ideal-als-kleinkind-oder-kleinkind-kle\/","og_site_name":"Markt-XXL","article_modified_time":"2023-04-11T02:37:30+00:00","og_image":[{"width":500,"height":500,"url":"https:\/\/m.media-amazon.com\/images\/I\/41zF7jlsqZL._SL500_.jpg","type":"image\/jpeg"}],"twitter_card":"summary_large_image","twitter_misc":{"Gesch\u00e4tzte Lesezeit":"1\u00a0Minute"},"schema":{"@context":"https:\/\/schema.org","@graph":[{"@type":"WebPage","@id":"https:\/\/marktxxl.de\/markt\/produkt\/baby-kleiderbuegel-fuer-kinderkleidung-20-stueck-strapazierfaehige-kunststoff-kleiderbuegel-fuer-kinderzimmer-kinder-kleiderbuegel-ideal-als-kleinkind-oder-kleinkind-kle\/","url":"https:\/\/marktxxl.de\/markt\/produkt\/baby-kleiderbuegel-fuer-kinderkleidung-20-stueck-strapazierfaehige-kunststoff-kleiderbuegel-fuer-kinderzimmer-kinder-kleiderbuegel-ideal-als-kleinkind-oder-kleinkind-kle\/","name":"Baby-Kleiderb\u00fcgel f\u00fcr Kinderkleidung \u2013 20 St\u00fcck strapazierf\u00e4hige Kunststoff-Kleiderb\u00fcgel f\u00fcr Kinderzimmer \u2013 Kinder\u2026 - Markt-XXL","isPartOf":{"@id":"https:\/\/marktxxl.de\/markt\/#website"},"primaryImageOfPage":{"@id":"https:\/\/marktxxl.de\/markt\/produkt\/baby-kleiderbuegel-fuer-kinderkleidung-20-stueck-strapazierfaehige-kunststoff-kleiderbuegel-fuer-kinderzimmer-kinder-kleiderbuegel-ideal-als-kleinkind-oder-kleinkind-kle\/#primaryimage"},"image":{"@id":"https:\/\/marktxxl.de\/markt\/produkt\/baby-kleiderbuegel-fuer-kinderkleidung-20-stueck-strapazierfaehige-kunststoff-kleiderbuegel-fuer-kinderzimmer-kinder-kleiderbuegel-ideal-als-kleinkind-oder-kleinkind-kle\/#primaryimage"},"thumbnailUrl":"https:\/\/m.media-amazon.com\/images\/I\/41zF7jlsqZL._SL500_.jpg","datePublished":"2022-10-11T19:25:26+00:00","dateModified":"2023-04-11T02:37:30+00:00","description":"Markt-XXL Baby-Kleiderb\u00fcgel f\u00fcr Kinderkleidung \u2013 20 St\u00fcck strapazierf\u00e4hige Kunststoff-Kleiderb\u00fcgel f\u00fcr Kinderzimmer \u2013 Kinder\u2026","breadcrumb":{"@id":"https:\/\/marktxxl.de\/markt\/produkt\/baby-kleiderbuegel-fuer-kinderkleidung-20-stueck-strapazierfaehige-kunststoff-kleiderbuegel-fuer-kinderzimmer-kinder-kleiderbuegel-ideal-als-kleinkind-oder-kleinkind-kle\/#breadcrumb"},"inLanguage":"de","potentialAction":[{"@type":"ReadAction","target":["https:\/\/marktxxl.de\/markt\/produkt\/baby-kleiderbuegel-fuer-kinderkleidung-20-stueck-strapazierfaehige-kunststoff-kleiderbuegel-fuer-kinderzimmer-kinder-kleiderbuegel-ideal-als-kleinkind-oder-kleinkind-kle\/"]}]},{"@type":"ImageObject","inLanguage":"de","@id":"https:\/\/marktxxl.de\/markt\/produkt\/baby-kleiderbuegel-fuer-kinderkleidung-20-stueck-strapazierfaehige-kunststoff-kleiderbuegel-fuer-kinderzimmer-kinder-kleiderbuegel-ideal-als-kleinkind-oder-kleinkind-kle\/#primaryimage","url":"https:\/\/m.media-amazon.com\/images\/I\/41zF7jlsqZL._SL500_.jpg","contentUrl":"https:\/\/m.media-amazon.com\/images\/I\/41zF7jlsqZL._SL500_.jpg","width":500,"height":500},{"@type":"BreadcrumbList","@id":"https:\/\/marktxxl.de\/markt\/produkt\/baby-kleiderbuegel-fuer-kinderkleidung-20-stueck-strapazierfaehige-kunststoff-kleiderbuegel-fuer-kinderzimmer-kinder-kleiderbuegel-ideal-als-kleinkind-oder-kleinkind-kle\/#breadcrumb","itemListElement":[{"@type":"ListItem","position":1,"name":"Startseite","item":"https:\/\/marktxxl.de\/markt\/"},{"@type":"ListItem","position":2,"name":"Markt","item":"https:\/\/marktxxl.de\/markt\/"},{"@type":"ListItem","position":3,"name":"Baby-Kleiderb\u00fcgel f\u00fcr Kinderkleidung \u2013 20 St\u00fcck strapazierf\u00e4hige Kunststoff-Kleiderb\u00fcgel f\u00fcr Kinderzimmer \u2013 Kinder\u2026"}]},{"@type":"WebSite","@id":"https:\/\/marktxxl.de\/markt\/#website","url":"https:\/\/marktxxl.de\/markt\/","name":"Markt-XXL","description":"Ihr Markt Online","publisher":{"@id":"https:\/\/marktxxl.de\/markt\/#organization"},"potentialAction":[{"@type":"SearchAction","target":{"@type":"EntryPoint","urlTemplate":"https:\/\/marktxxl.de\/markt\/?s={search_term_string}"},"query-input":{"@type":"PropertyValueSpecification","valueRequired":true,"valueName":"search_term_string"}}],"inLanguage":"de"},{"@type":"Organization","@id":"https:\/\/marktxxl.de\/markt\/#organization","name":"Markt-XXL","url":"https:\/\/marktxxl.de\/markt\/","logo":{"@type":"ImageObject","inLanguage":"de","@id":"https:\/\/marktxxl.de\/markt\/#\/schema\/logo\/image\/","url":"https:\/\/marktxxl.de\/markt\/wp-content\/uploads\/sites\/3\/2020\/12\/logo.png","contentUrl":"https:\/\/marktxxl.de\/markt\/wp-content\/uploads\/sites\/3\/2020\/12\/logo.png","width":200,"height":70,"caption":"Markt-XXL"},"image":{"@id":"https:\/\/marktxxl.de\/markt\/#\/schema\/logo\/image\/"}}]}},"_links":{"self":[{"href":"https:\/\/marktxxl.de\/markt\/wp-json\/wp\/v2\/product\/155796","targetHints":{"allow":["GET"]}}],"collection":[{"href":"https:\/\/marktxxl.de\/markt\/wp-json\/wp\/v2\/product"}],"about":[{"href":"https:\/\/marktxxl.de\/markt\/wp-json\/wp\/v2\/types\/product"}],"replies":[{"embeddable":true,"href":"https:\/\/marktxxl.de\/markt\/wp-json\/wp\/v2\/comments?post=155796"}],"wp:featuredmedia":[{"embeddable":true,"href":"https:\/\/marktxxl.de\/markt\/wp-json\/wp\/v2\/media\/155797"}],"wp:attachment":[{"href":"https:\/\/marktxxl.de\/markt\/wp-json\/wp\/v2\/media?parent=155796"}],"wp:term":[{"taxonomy":"product_brand","embeddable":true,"href":"https:\/\/marktxxl.de\/markt\/wp-json\/wp\/v2\/product_brand?post=155796"},{"taxonomy":"product_cat","embeddable":true,"href":"https:\/\/marktxxl.de\/markt\/wp-json\/wp\/v2\/product_cat?post=155796"},{"taxonomy":"product_tag","embeddable":true,"href":"https:\/\/marktxxl.de\/markt\/wp-json\/wp\/v2\/product_tag?post=155796"}],"curies":[{"name":"wp","href":"https:\/\/api.w.org\/{rel}","templated":true}]}}