{"id":154238,"date":"2022-09-12T09:56:03","date_gmt":"2022-09-12T07:56:03","guid":{"rendered":"https:\/\/marktxxl.de\/markt\/produkt\/airopen-laptoptisch-fuers-bett-hoehenverstellbar-neigungswinkel-klappbar-betttisch-mit-schublade-pad-staendet-laptop-tisch-fuer-bett-sofa-couch-boden-53-x-30-cm-schwarz\/"},"modified":"2023-04-11T04:35:17","modified_gmt":"2023-04-11T02:35:17","slug":"airopen-laptoptisch-fuers-bett-hoehenverstellbar-neigungswinkel-klappbar-betttisch-mit-schublade-pad-staendet-laptop-tisch-fuer-bett-sofa-couch-boden-53-x-30-cm-schwarz","status":"publish","type":"product","link":"https:\/\/marktxxl.de\/markt\/produkt\/airopen-laptoptisch-fuers-bett-hoehenverstellbar-neigungswinkel-klappbar-betttisch-mit-schublade-pad-staendet-laptop-tisch-fuer-bett-sofa-couch-boden-53-x-30-cm-schwarz\/","title":{"rendered":"AirOpen Laptoptisch f\u00fcrs Bett, H\u00f6henverstellbar, Neigungswinkel, Klappbar Betttisch mit Schublade, PAD St\u00e4ndet, Laptop\u2026"},"content":{"rendered":"<p>\ud83d\udcbb\u3010Multifunktionstisch\u3011Unser Bett Tisch kann 40 kg Gewicht f\u00fcr H\u00e4user, Schlafs\u00e4le und B\u00fcros standhalten, auf Betten, Sofas, Fenstern, B\u00f6den oder Desktops f\u00fcr Arbeit, Studium, Lesen, Essen und Spielen. Der Laptop Tisch ist zusammengeklappt sehr tragbar, und er ist auch ein gro\u00dfartiger Helfer, wenn sie auf einem Picknick oder bei der Arbeit sind. Die Ecken dieses Laptoptisch sind gebogen, der als Kinderspieltisch verwendet werden kann, ohne sich Gedanken \u00fcber Kollisionen machen zu m\u00fcssen.<br \/>\n\ud83d\udcbb\u3010Vielseitig\u3011Die Gr\u00f6\u00dfe des Laptop St\u00e4nder Bett Desktops betr\u00e4gt 53(L)x 30(B)und kann auf 11\u201317&#8243; Laptops verwendet werden. Laptop Betttisch mit 1 Schublade f\u00fcr Schreibwaren oder andere kleine Gegenst\u00e4nde; 1 Pad-St\u00e4nder, kann Tablet(Seitenl\u00e4nge &lt;25cm) und Handy setzen, bequem f\u00fcr Sie Filme oder Videoanrufe zu sehen; 1 Laptop-Einfassung, um ein Verrutschen des Laptops effektiv zu verhindern; 1 weiche Silikon-Mausauflage zum Schutz Ihres Handgelenks.<br \/>\n\ud83d\udcbb\u3010H\u00f6henverstellbar\u3011Die Laptoptisch H\u00f6henverstellbar mit anhebbaren Tischbeinen aus Aluminiumlegierung, die auf eine H\u00f6he von 5 Stufen (24-26-28-30-32cm) mit einem federbelasteten Druckknopf an jedem Bein eingestellt werden k\u00f6nnen. Sie m\u00fcssen nur den die Tischplatte nach oben ziehen, um die H\u00f6he nach Ihren Bed\u00fcrfnissen anzupassen. Wenn Sie den Laptopst\u00e4nder absenken m\u00f6chten, halten Sie zum Einstellen die Kn\u00f6pfe an den Beinen gedr\u00fcckt.<br \/>\n\ud83d\udcbb\u3010Kippbare Tischplatte\u3011Der Betttisch Laptop verf\u00fcgt \u00fcber 4 Winkel (0 ~ 36 \u00b0) um ein komfortables Nutzungs-Erlebnis zu erreichen. Der Winkel der Tischplatte kann einfach durch Dr\u00fccken der Kn\u00f6pfe auf beiden Seiten der Laptop Table eingestellt werden.<br \/>\n\ud83d\udcbb\u3010Platz Sparen\u3011Der Bed Table Laptop muss nicht montiert werden, die Tischbeine sind klappbar, \u00f6ffnen Sie die Tischbeine verwendet werden, nur 3 Sekunden. Wenn nicht in Gebrauch, k\u00f6nnen Sie ihn am Bett oder hinter der T\u00fcr weglegen, ohne Platz zu nehmen. Tischf\u00fc\u00dfe mit Anti-Rutsch-Pads, rutschfest zur gleichen Zeit kann auch kratzen den Boden oder Tischplatte zu vermeiden.<br \/>\n<div class=\"main-cross-sell\" data-asin=\"&quot;B09PG86BDZ&quot;\">\n\n\t<div class=\"WooZone-cross-sell-loader\">\n\t\t<div>\n\t\t\t<div id=\"floatingBarsG\">\n\t\t\t\t<div class=\"blockG\" id=\"rotateG_01\"><\/div>\n\t\t\t\t<div class=\"blockG\" id=\"rotateG_02\"><\/div>\n\t\t\t\t<div class=\"blockG\" id=\"rotateG_03\"><\/div>\n\t\t\t\t<div class=\"blockG\" id=\"rotateG_04\"><\/div>\n\t\t\t\t<div class=\"blockG\" id=\"rotateG_05\"><\/div>\n\t\t\t\t<div class=\"blockG\" id=\"rotateG_06\"><\/div>\n\t\t\t\t<div class=\"blockG\" id=\"rotateG_07\"><\/div>\n\t\t\t\t<div class=\"blockG\" id=\"rotateG_08\"><\/div>\n\t\t\t<\/div>\n\t\t\t<div class=\"WooZone-cross-sell-loader-text\"><\/div>\n\t\t<\/div>\n\t<\/div>\n\n\t\t\n<\/div>\n<div style=\"clear:both;\"><\/div><\/p>\n","protected":false},"excerpt":{"rendered":"<p>\ud83d\udcbb\u3010Multifunktionstisch\u3011Unser Bett Tisch kann 40 kg Gewicht f\u00fcr H\u00e4user, Schlafs\u00e4le und B\u00fcros standhalten, auf Betten, Sofas, Fenstern, B\u00f6den oder Desktops f\u00fcr Arbeit, Studium, Lesen, Essen und Spielen. Der Laptop Tisch ist zusammengeklappt sehr tragbar, und er ist auch ein gro\u00dfartiger Helfer, wenn sie auf einem Picknick oder bei der Arbeit sind. Die Ecken dieses Laptoptisch sind gebogen, der als Kinderspieltisch verwendet werden kann, ohne sich Gedanken \u00fcber Kollisionen machen zu m\u00fcssen.<br \/>\n\ud83d\udcbb\u3010Vielseitig\u3011Die Gr\u00f6\u00dfe des Laptop St\u00e4nder Bett Desktops betr\u00e4gt 53(L)x 30(B)und kann auf 11\u201317&#8243; Laptops verwendet werden. Laptop Betttisch mit 1 Schublade f\u00fcr Schreibwaren oder andere kleine Gegenst\u00e4nde; 1 Pad-St\u00e4nder, kann Tablet(Seitenl\u00e4nge <\/p>\n","protected":false},"featured_media":154239,"comment_status":"open","ping_status":"closed","template":"","meta":[],"product_brand":[],"product_cat":[863],"product_tag":[],"class_list":{"0":"post-154238","1":"product","2":"type-product","3":"status-publish","4":"has-post-thumbnail","6":"product_cat-computer-zubehoer","7":"pa_brand-airopen","8":"pa_color-schwarz","9":"pa_height-2-362204722-zoll","10":"pa_length-20-866141711-zoll","11":"pa_manufacturer-airopen","12":"pa_model-ac050","13":"pa_size-53306cm","14":"pa_warranty-wenn-sie-innerhalb-von-180-tagen-nach-erhalt-der-ware-qualitaetsprobleme-haben-koennen-sie-sich-gerne-an-uns-wenden","15":"pa_width-11-81102361-zoll","17":"first","18":"instock","19":"shipping-taxable","20":"purchasable","21":"product-type-simple","22":"customify-col","23":"product-has-gallery"},"yoast_head":"<!-- This site is optimized with the Yoast SEO plugin v27.3 - https:\/\/yoast.com\/product\/yoast-seo-wordpress\/ -->\n<title>AirOpen Laptoptisch f\u00fcrs Bett, H\u00f6henverstellbar, Neigungswinkel, Klappbar Betttisch mit Schublade, PAD St\u00e4ndet, Laptop\u2026 - Markt-XXL<\/title>\n<meta name=\"description\" content=\"Markt-XXL AirOpen Laptoptisch f\u00fcrs Bett, H\u00f6henverstellbar, Neigungswinkel, Klappbar Betttisch mit Schublade, PAD St\u00e4ndet, Laptop\u2026\" \/>\n<meta name=\"robots\" content=\"index, follow, max-snippet:-1, max-image-preview:large, max-video-preview:-1\" \/>\n<link rel=\"canonical\" href=\"https:\/\/marktxxl.de\/markt\/produkt\/airopen-laptoptisch-fuers-bett-hoehenverstellbar-neigungswinkel-klappbar-betttisch-mit-schublade-pad-staendet-laptop-tisch-fuer-bett-sofa-couch-boden-53-x-30-cm-schwarz\/\" \/>\n<meta property=\"og:locale\" content=\"de_DE\" \/>\n<meta property=\"og:type\" content=\"article\" \/>\n<meta property=\"og:title\" content=\"AirOpen Laptoptisch f\u00fcrs Bett, H\u00f6henverstellbar, Neigungswinkel, Klappbar Betttisch mit Schublade, PAD St\u00e4ndet, Laptop\u2026 - Markt-XXL\" \/>\n<meta property=\"og:description\" content=\"Markt-XXL AirOpen Laptoptisch f\u00fcrs Bett, H\u00f6henverstellbar, Neigungswinkel, Klappbar Betttisch mit Schublade, PAD St\u00e4ndet, Laptop\u2026\" \/>\n<meta property=\"og:url\" content=\"https:\/\/marktxxl.de\/markt\/produkt\/airopen-laptoptisch-fuers-bett-hoehenverstellbar-neigungswinkel-klappbar-betttisch-mit-schublade-pad-staendet-laptop-tisch-fuer-bett-sofa-couch-boden-53-x-30-cm-schwarz\/\" \/>\n<meta property=\"og:site_name\" content=\"Markt-XXL\" \/>\n<meta property=\"article:modified_time\" content=\"2023-04-11T02:35:17+00:00\" \/>\n<meta property=\"og:image\" content=\"https:\/\/m.media-amazon.com\/images\/I\/41DrbNNfH-L._SL500_.jpg\" \/>\n\t<meta property=\"og:image:width\" content=\"500\" \/>\n\t<meta property=\"og:image:height\" content=\"500\" \/>\n\t<meta property=\"og:image:type\" content=\"image\/jpeg\" \/>\n<meta name=\"twitter:card\" content=\"summary_large_image\" \/>\n<meta name=\"twitter:label1\" content=\"Gesch\u00e4tzte Lesezeit\" \/>\n\t<meta name=\"twitter:data1\" content=\"2\u00a0Minuten\" \/>\n<script type=\"application\/ld+json\" class=\"yoast-schema-graph\">{\"@context\":\"https:\\\/\\\/schema.org\",\"@graph\":[{\"@type\":\"WebPage\",\"@id\":\"https:\\\/\\\/marktxxl.de\\\/markt\\\/produkt\\\/airopen-laptoptisch-fuers-bett-hoehenverstellbar-neigungswinkel-klappbar-betttisch-mit-schublade-pad-staendet-laptop-tisch-fuer-bett-sofa-couch-boden-53-x-30-cm-schwarz\\\/\",\"url\":\"https:\\\/\\\/marktxxl.de\\\/markt\\\/produkt\\\/airopen-laptoptisch-fuers-bett-hoehenverstellbar-neigungswinkel-klappbar-betttisch-mit-schublade-pad-staendet-laptop-tisch-fuer-bett-sofa-couch-boden-53-x-30-cm-schwarz\\\/\",\"name\":\"AirOpen Laptoptisch f\u00fcrs Bett, H\u00f6henverstellbar, Neigungswinkel, Klappbar Betttisch mit Schublade, PAD St\u00e4ndet, Laptop\u2026 - Markt-XXL\",\"isPartOf\":{\"@id\":\"https:\\\/\\\/marktxxl.de\\\/markt\\\/#website\"},\"primaryImageOfPage\":{\"@id\":\"https:\\\/\\\/marktxxl.de\\\/markt\\\/produkt\\\/airopen-laptoptisch-fuers-bett-hoehenverstellbar-neigungswinkel-klappbar-betttisch-mit-schublade-pad-staendet-laptop-tisch-fuer-bett-sofa-couch-boden-53-x-30-cm-schwarz\\\/#primaryimage\"},\"image\":{\"@id\":\"https:\\\/\\\/marktxxl.de\\\/markt\\\/produkt\\\/airopen-laptoptisch-fuers-bett-hoehenverstellbar-neigungswinkel-klappbar-betttisch-mit-schublade-pad-staendet-laptop-tisch-fuer-bett-sofa-couch-boden-53-x-30-cm-schwarz\\\/#primaryimage\"},\"thumbnailUrl\":\"https:\\\/\\\/m.media-amazon.com\\\/images\\\/I\\\/41DrbNNfH-L._SL500_.jpg\",\"datePublished\":\"2022-09-12T07:56:03+00:00\",\"dateModified\":\"2023-04-11T02:35:17+00:00\",\"description\":\"Markt-XXL AirOpen Laptoptisch f\u00fcrs Bett, H\u00f6henverstellbar, Neigungswinkel, Klappbar Betttisch mit Schublade, PAD St\u00e4ndet, Laptop\u2026\",\"breadcrumb\":{\"@id\":\"https:\\\/\\\/marktxxl.de\\\/markt\\\/produkt\\\/airopen-laptoptisch-fuers-bett-hoehenverstellbar-neigungswinkel-klappbar-betttisch-mit-schublade-pad-staendet-laptop-tisch-fuer-bett-sofa-couch-boden-53-x-30-cm-schwarz\\\/#breadcrumb\"},\"inLanguage\":\"de\",\"potentialAction\":[{\"@type\":\"ReadAction\",\"target\":[\"https:\\\/\\\/marktxxl.de\\\/markt\\\/produkt\\\/airopen-laptoptisch-fuers-bett-hoehenverstellbar-neigungswinkel-klappbar-betttisch-mit-schublade-pad-staendet-laptop-tisch-fuer-bett-sofa-couch-boden-53-x-30-cm-schwarz\\\/\"]}]},{\"@type\":\"ImageObject\",\"inLanguage\":\"de\",\"@id\":\"https:\\\/\\\/marktxxl.de\\\/markt\\\/produkt\\\/airopen-laptoptisch-fuers-bett-hoehenverstellbar-neigungswinkel-klappbar-betttisch-mit-schublade-pad-staendet-laptop-tisch-fuer-bett-sofa-couch-boden-53-x-30-cm-schwarz\\\/#primaryimage\",\"url\":\"https:\\\/\\\/m.media-amazon.com\\\/images\\\/I\\\/41DrbNNfH-L._SL500_.jpg\",\"contentUrl\":\"https:\\\/\\\/m.media-amazon.com\\\/images\\\/I\\\/41DrbNNfH-L._SL500_.jpg\",\"width\":500,\"height\":500},{\"@type\":\"BreadcrumbList\",\"@id\":\"https:\\\/\\\/marktxxl.de\\\/markt\\\/produkt\\\/airopen-laptoptisch-fuers-bett-hoehenverstellbar-neigungswinkel-klappbar-betttisch-mit-schublade-pad-staendet-laptop-tisch-fuer-bett-sofa-couch-boden-53-x-30-cm-schwarz\\\/#breadcrumb\",\"itemListElement\":[{\"@type\":\"ListItem\",\"position\":1,\"name\":\"Startseite\",\"item\":\"https:\\\/\\\/marktxxl.de\\\/markt\\\/\"},{\"@type\":\"ListItem\",\"position\":2,\"name\":\"Markt\",\"item\":\"https:\\\/\\\/marktxxl.de\\\/markt\\\/\"},{\"@type\":\"ListItem\",\"position\":3,\"name\":\"AirOpen Laptoptisch f\u00fcrs Bett, H\u00f6henverstellbar, Neigungswinkel, Klappbar Betttisch mit Schublade, PAD St\u00e4ndet, Laptop\u2026\"}]},{\"@type\":\"WebSite\",\"@id\":\"https:\\\/\\\/marktxxl.de\\\/markt\\\/#website\",\"url\":\"https:\\\/\\\/marktxxl.de\\\/markt\\\/\",\"name\":\"Markt-XXL\",\"description\":\"Ihr Markt Online\",\"publisher\":{\"@id\":\"https:\\\/\\\/marktxxl.de\\\/markt\\\/#organization\"},\"potentialAction\":[{\"@type\":\"SearchAction\",\"target\":{\"@type\":\"EntryPoint\",\"urlTemplate\":\"https:\\\/\\\/marktxxl.de\\\/markt\\\/?s={search_term_string}\"},\"query-input\":{\"@type\":\"PropertyValueSpecification\",\"valueRequired\":true,\"valueName\":\"search_term_string\"}}],\"inLanguage\":\"de\"},{\"@type\":\"Organization\",\"@id\":\"https:\\\/\\\/marktxxl.de\\\/markt\\\/#organization\",\"name\":\"Markt-XXL\",\"url\":\"https:\\\/\\\/marktxxl.de\\\/markt\\\/\",\"logo\":{\"@type\":\"ImageObject\",\"inLanguage\":\"de\",\"@id\":\"https:\\\/\\\/marktxxl.de\\\/markt\\\/#\\\/schema\\\/logo\\\/image\\\/\",\"url\":\"https:\\\/\\\/marktxxl.de\\\/markt\\\/wp-content\\\/uploads\\\/sites\\\/3\\\/2020\\\/12\\\/logo.png\",\"contentUrl\":\"https:\\\/\\\/marktxxl.de\\\/markt\\\/wp-content\\\/uploads\\\/sites\\\/3\\\/2020\\\/12\\\/logo.png\",\"width\":200,\"height\":70,\"caption\":\"Markt-XXL\"},\"image\":{\"@id\":\"https:\\\/\\\/marktxxl.de\\\/markt\\\/#\\\/schema\\\/logo\\\/image\\\/\"}}]}<\/script>\n<!-- \/ Yoast SEO plugin. -->","yoast_head_json":{"title":"AirOpen Laptoptisch f\u00fcrs Bett, H\u00f6henverstellbar, Neigungswinkel, Klappbar Betttisch mit Schublade, PAD St\u00e4ndet, Laptop\u2026 - Markt-XXL","description":"Markt-XXL AirOpen Laptoptisch f\u00fcrs Bett, H\u00f6henverstellbar, Neigungswinkel, Klappbar Betttisch mit Schublade, PAD St\u00e4ndet, Laptop\u2026","robots":{"index":"index","follow":"follow","max-snippet":"max-snippet:-1","max-image-preview":"max-image-preview:large","max-video-preview":"max-video-preview:-1"},"canonical":"https:\/\/marktxxl.de\/markt\/produkt\/airopen-laptoptisch-fuers-bett-hoehenverstellbar-neigungswinkel-klappbar-betttisch-mit-schublade-pad-staendet-laptop-tisch-fuer-bett-sofa-couch-boden-53-x-30-cm-schwarz\/","og_locale":"de_DE","og_type":"article","og_title":"AirOpen Laptoptisch f\u00fcrs Bett, H\u00f6henverstellbar, Neigungswinkel, Klappbar Betttisch mit Schublade, PAD St\u00e4ndet, Laptop\u2026 - Markt-XXL","og_description":"Markt-XXL AirOpen Laptoptisch f\u00fcrs Bett, H\u00f6henverstellbar, Neigungswinkel, Klappbar Betttisch mit Schublade, PAD St\u00e4ndet, Laptop\u2026","og_url":"https:\/\/marktxxl.de\/markt\/produkt\/airopen-laptoptisch-fuers-bett-hoehenverstellbar-neigungswinkel-klappbar-betttisch-mit-schublade-pad-staendet-laptop-tisch-fuer-bett-sofa-couch-boden-53-x-30-cm-schwarz\/","og_site_name":"Markt-XXL","article_modified_time":"2023-04-11T02:35:17+00:00","og_image":[{"width":500,"height":500,"url":"https:\/\/m.media-amazon.com\/images\/I\/41DrbNNfH-L._SL500_.jpg","type":"image\/jpeg"}],"twitter_card":"summary_large_image","twitter_misc":{"Gesch\u00e4tzte Lesezeit":"2\u00a0Minuten"},"schema":{"@context":"https:\/\/schema.org","@graph":[{"@type":"WebPage","@id":"https:\/\/marktxxl.de\/markt\/produkt\/airopen-laptoptisch-fuers-bett-hoehenverstellbar-neigungswinkel-klappbar-betttisch-mit-schublade-pad-staendet-laptop-tisch-fuer-bett-sofa-couch-boden-53-x-30-cm-schwarz\/","url":"https:\/\/marktxxl.de\/markt\/produkt\/airopen-laptoptisch-fuers-bett-hoehenverstellbar-neigungswinkel-klappbar-betttisch-mit-schublade-pad-staendet-laptop-tisch-fuer-bett-sofa-couch-boden-53-x-30-cm-schwarz\/","name":"AirOpen Laptoptisch f\u00fcrs Bett, H\u00f6henverstellbar, Neigungswinkel, Klappbar Betttisch mit Schublade, PAD St\u00e4ndet, Laptop\u2026 - Markt-XXL","isPartOf":{"@id":"https:\/\/marktxxl.de\/markt\/#website"},"primaryImageOfPage":{"@id":"https:\/\/marktxxl.de\/markt\/produkt\/airopen-laptoptisch-fuers-bett-hoehenverstellbar-neigungswinkel-klappbar-betttisch-mit-schublade-pad-staendet-laptop-tisch-fuer-bett-sofa-couch-boden-53-x-30-cm-schwarz\/#primaryimage"},"image":{"@id":"https:\/\/marktxxl.de\/markt\/produkt\/airopen-laptoptisch-fuers-bett-hoehenverstellbar-neigungswinkel-klappbar-betttisch-mit-schublade-pad-staendet-laptop-tisch-fuer-bett-sofa-couch-boden-53-x-30-cm-schwarz\/#primaryimage"},"thumbnailUrl":"https:\/\/m.media-amazon.com\/images\/I\/41DrbNNfH-L._SL500_.jpg","datePublished":"2022-09-12T07:56:03+00:00","dateModified":"2023-04-11T02:35:17+00:00","description":"Markt-XXL AirOpen Laptoptisch f\u00fcrs Bett, H\u00f6henverstellbar, Neigungswinkel, Klappbar Betttisch mit Schublade, PAD St\u00e4ndet, Laptop\u2026","breadcrumb":{"@id":"https:\/\/marktxxl.de\/markt\/produkt\/airopen-laptoptisch-fuers-bett-hoehenverstellbar-neigungswinkel-klappbar-betttisch-mit-schublade-pad-staendet-laptop-tisch-fuer-bett-sofa-couch-boden-53-x-30-cm-schwarz\/#breadcrumb"},"inLanguage":"de","potentialAction":[{"@type":"ReadAction","target":["https:\/\/marktxxl.de\/markt\/produkt\/airopen-laptoptisch-fuers-bett-hoehenverstellbar-neigungswinkel-klappbar-betttisch-mit-schublade-pad-staendet-laptop-tisch-fuer-bett-sofa-couch-boden-53-x-30-cm-schwarz\/"]}]},{"@type":"ImageObject","inLanguage":"de","@id":"https:\/\/marktxxl.de\/markt\/produkt\/airopen-laptoptisch-fuers-bett-hoehenverstellbar-neigungswinkel-klappbar-betttisch-mit-schublade-pad-staendet-laptop-tisch-fuer-bett-sofa-couch-boden-53-x-30-cm-schwarz\/#primaryimage","url":"https:\/\/m.media-amazon.com\/images\/I\/41DrbNNfH-L._SL500_.jpg","contentUrl":"https:\/\/m.media-amazon.com\/images\/I\/41DrbNNfH-L._SL500_.jpg","width":500,"height":500},{"@type":"BreadcrumbList","@id":"https:\/\/marktxxl.de\/markt\/produkt\/airopen-laptoptisch-fuers-bett-hoehenverstellbar-neigungswinkel-klappbar-betttisch-mit-schublade-pad-staendet-laptop-tisch-fuer-bett-sofa-couch-boden-53-x-30-cm-schwarz\/#breadcrumb","itemListElement":[{"@type":"ListItem","position":1,"name":"Startseite","item":"https:\/\/marktxxl.de\/markt\/"},{"@type":"ListItem","position":2,"name":"Markt","item":"https:\/\/marktxxl.de\/markt\/"},{"@type":"ListItem","position":3,"name":"AirOpen Laptoptisch f\u00fcrs Bett, H\u00f6henverstellbar, Neigungswinkel, Klappbar Betttisch mit Schublade, PAD St\u00e4ndet, Laptop\u2026"}]},{"@type":"WebSite","@id":"https:\/\/marktxxl.de\/markt\/#website","url":"https:\/\/marktxxl.de\/markt\/","name":"Markt-XXL","description":"Ihr Markt Online","publisher":{"@id":"https:\/\/marktxxl.de\/markt\/#organization"},"potentialAction":[{"@type":"SearchAction","target":{"@type":"EntryPoint","urlTemplate":"https:\/\/marktxxl.de\/markt\/?s={search_term_string}"},"query-input":{"@type":"PropertyValueSpecification","valueRequired":true,"valueName":"search_term_string"}}],"inLanguage":"de"},{"@type":"Organization","@id":"https:\/\/marktxxl.de\/markt\/#organization","name":"Markt-XXL","url":"https:\/\/marktxxl.de\/markt\/","logo":{"@type":"ImageObject","inLanguage":"de","@id":"https:\/\/marktxxl.de\/markt\/#\/schema\/logo\/image\/","url":"https:\/\/marktxxl.de\/markt\/wp-content\/uploads\/sites\/3\/2020\/12\/logo.png","contentUrl":"https:\/\/marktxxl.de\/markt\/wp-content\/uploads\/sites\/3\/2020\/12\/logo.png","width":200,"height":70,"caption":"Markt-XXL"},"image":{"@id":"https:\/\/marktxxl.de\/markt\/#\/schema\/logo\/image\/"}}]}},"_links":{"self":[{"href":"https:\/\/marktxxl.de\/markt\/wp-json\/wp\/v2\/product\/154238","targetHints":{"allow":["GET"]}}],"collection":[{"href":"https:\/\/marktxxl.de\/markt\/wp-json\/wp\/v2\/product"}],"about":[{"href":"https:\/\/marktxxl.de\/markt\/wp-json\/wp\/v2\/types\/product"}],"replies":[{"embeddable":true,"href":"https:\/\/marktxxl.de\/markt\/wp-json\/wp\/v2\/comments?post=154238"}],"wp:featuredmedia":[{"embeddable":true,"href":"https:\/\/marktxxl.de\/markt\/wp-json\/wp\/v2\/media\/154239"}],"wp:attachment":[{"href":"https:\/\/marktxxl.de\/markt\/wp-json\/wp\/v2\/media?parent=154238"}],"wp:term":[{"taxonomy":"product_brand","embeddable":true,"href":"https:\/\/marktxxl.de\/markt\/wp-json\/wp\/v2\/product_brand?post=154238"},{"taxonomy":"product_cat","embeddable":true,"href":"https:\/\/marktxxl.de\/markt\/wp-json\/wp\/v2\/product_cat?post=154238"},{"taxonomy":"product_tag","embeddable":true,"href":"https:\/\/marktxxl.de\/markt\/wp-json\/wp\/v2\/product_tag?post=154238"}],"curies":[{"name":"wp","href":"https:\/\/api.w.org\/{rel}","templated":true}]}}