{"id":153889,"date":"2022-09-12T09:43:24","date_gmt":"2022-09-12T07:43:24","guid":{"rendered":"https:\/\/marktxxl.de\/markt\/produkt\/305-xl-patronen-pitooler-remanufactured-fuer-hp-305-xl-druckerpatronen-set-hp-305xl-tintenpatrone-fuer-hp-deskjet-plus-4100-4120-4130-deskjet-2700-2710-2720-envy-6000-6030-6032-6020-envy-pro-6420-64\/"},"modified":"2023-04-11T04:35:15","modified_gmt":"2023-04-11T02:35:15","slug":"305-xl-patronen-pitooler-remanufactured-fuer-hp-305-xl-druckerpatronen-set-hp-305xl-tintenpatrone-fuer-hp-deskjet-plus-4100-4120-4130-deskjet-2700-2710-2720-envy-6000-6030-6032-6020-envy-pro-6420-64","status":"publish","type":"product","link":"https:\/\/marktxxl.de\/markt\/produkt\/305-xl-patronen-pitooler-remanufactured-fuer-hp-305-xl-druckerpatronen-set-hp-305xl-tintenpatrone-fuer-hp-deskjet-plus-4100-4120-4130-deskjet-2700-2710-2720-envy-6000-6030-6032-6020-envy-pro-6420-64\/","title":{"rendered":"Pitooler 305 XL Druckerpatronen Remanufactured f\u00fcr HP 305 XL Patronen Set, 305XL Tintenpatrone f\u00fcr DeskJet Plus 4100\u2026"},"content":{"rendered":"<p>Inklusive Paket: Pitooler remanufactured f\u00fcr hp 305 druckerpatrone kommt mit 1 X 305XL schwarz patrone und 1 X 305XL Farbe patrone.<br \/>\nKOMPATIBLE DRUCKERS- f\u00fcr HP DeskJet Plus 4100 4110 4120 4121 4122 4130 4140 4152 4155 4158, DeskJet 1210 1212 1215 1255 2300 2320 2330 2331 2332 2333 2700 2710 2720 2721 2722 2723 2724 2729 2732 2752 2755, Envy 6000 6010 6012 6015 6020 6022 6030 6032 6052 6055 6058 6075, Envy Pro 6400 6420 6422 6430 6432 6452 6454 6455 6458 6464 6475.<br \/>\nHohe Seitenleistung und Kapazit\u00e4t. MaxPage f\u00fcr HP 305 XL druckt bis zu 440 Seiten pro Schwarzpatrone und 360 Seiten pro Farbpatrone. Erh\u00f6hen Sie die Tintenkapazit\u00e4t f\u00fcr mehr Drucke zu niedrigeren Kosten.<br \/>\nSmart Chip: Die 305XL wiederaufbereiteten f\u00fcr druckerpatronen HP 305 sind mit einem hochmodernen Chip ausgestattet, der den Tintenstand genau erkennt und eine perfekte Kompatibilit\u00e4t mit dem Drucker gew\u00e4hrleistet.<br \/>\n100% Zufriedenstellung: Alle tintenpatrone f\u00fcr hp druckerpatronen 305 XL werden vor dem Versand einer strengen Qualit\u00e4tskontrolle unterzogen, um eine hohe Qualit\u00e4t der Patronen und eine hervorragende Druckleistung zu gew\u00e4hrleisten. Bei Fragen k\u00f6nnen Sie sich gerne an uns wenden.<br \/>\n<div class=\"main-cross-sell\" data-asin=\"B0B6YT8VDQ\">\n\n\t<div class=\"WooZone-cross-sell-loader\">\n\t\t<div>\n\t\t\t<div id=\"floatingBarsG\">\n\t\t\t\t<div class=\"blockG\" id=\"rotateG_01\"><\/div>\n\t\t\t\t<div class=\"blockG\" id=\"rotateG_02\"><\/div>\n\t\t\t\t<div class=\"blockG\" id=\"rotateG_03\"><\/div>\n\t\t\t\t<div class=\"blockG\" id=\"rotateG_04\"><\/div>\n\t\t\t\t<div class=\"blockG\" id=\"rotateG_05\"><\/div>\n\t\t\t\t<div class=\"blockG\" id=\"rotateG_06\"><\/div>\n\t\t\t\t<div class=\"blockG\" id=\"rotateG_07\"><\/div>\n\t\t\t\t<div class=\"blockG\" id=\"rotateG_08\"><\/div>\n\t\t\t<\/div>\n\t\t\t<div class=\"WooZone-cross-sell-loader-text\"><\/div>\n\t\t<\/div>\n\t<\/div>\n\n\t\t\n<\/div>\n<div style=\"clear:both;\"><\/div><\/p>\n","protected":false},"excerpt":{"rendered":"<p>Inklusive Paket: Pitooler remanufactured f\u00fcr hp 305 druckerpatrone kommt mit 1 X 305XL schwarz patrone und 1 X 305XL Farbe patrone.<br \/>\nKOMPATIBLE DRUCKERS- f\u00fcr HP DeskJet Plus 4100 4110 4120 4121 4122 4130 4140 4152 4155 4158, DeskJet 1210 1212 1215 1255 2300 2320 2330 2331 2332 2333 2700 2710 2720 2721 2722 2723 2724 2729 2732 2752 2755, Envy 6000 6010 6012 6015 6020 6022 6030 6032 6052 6055 6058 6075, Envy Pro 6400 6420 6422 6430 6432 6452 6454 6455 6458 6464 6475.<br \/>\nHohe Seitenleistung und Kapazit\u00e4t. MaxPage f\u00fcr HP 305 XL druckt bis zu 440 Seiten pro Schwarzpatrone und 360 Seiten pro Farbpatrone. Erh\u00f6hen Sie die Tintenkapazit\u00e4t f\u00fcr mehr Drucke zu niedrigeren Kosten.<\/p>\n","protected":false},"featured_media":153890,"comment_status":"open","ping_status":"closed","template":"","meta":[],"product_brand":[],"product_cat":[863],"product_tag":[],"class_list":{"0":"post-153889","1":"product","2":"type-product","3":"status-publish","4":"has-post-thumbnail","6":"product_cat-computer-zubehoer","7":"pa_brand-pitooler","8":"pa_color-1-schwarz-1-farbe","9":"pa_height-2-9527559025-zoll","10":"pa_length-2-755905509-zoll","11":"pa_manufacturer-pitooler-for-hp-305-printer-cartridgenot-hp-original","12":"pa_model-cartouche-dencre-hp-305","13":"pa_size-hp-305-xl-druckerpatronen-set","14":"pa_width-2-755905509-zoll","16":"first","17":"instock","18":"shipping-taxable","19":"purchasable","20":"product-type-simple","21":"customify-col","22":"product-has-gallery"},"yoast_head":"<!-- This site is optimized with the Yoast SEO plugin v27.3 - https:\/\/yoast.com\/product\/yoast-seo-wordpress\/ -->\n<title>Pitooler 305 XL Druckerpatronen Remanufactured f\u00fcr HP 305 XL Patronen Set, 305XL Tintenpatrone f\u00fcr DeskJet Plus 4100\u2026 - Markt-XXL<\/title>\n<meta name=\"description\" content=\"Markt-XXL Pitooler 305 XL Druckerpatronen Remanufactured f\u00fcr HP 305 XL Patronen Set, 305XL Tintenpatrone f\u00fcr DeskJet Plus 4100\u2026\" \/>\n<meta name=\"robots\" content=\"index, follow, max-snippet:-1, max-image-preview:large, max-video-preview:-1\" \/>\n<link rel=\"canonical\" href=\"https:\/\/marktxxl.de\/markt\/produkt\/305-xl-patronen-pitooler-remanufactured-fuer-hp-305-xl-druckerpatronen-set-hp-305xl-tintenpatrone-fuer-hp-deskjet-plus-4100-4120-4130-deskjet-2700-2710-2720-envy-6000-6030-6032-6020-envy-pro-6420-64\/\" \/>\n<meta property=\"og:locale\" content=\"de_DE\" \/>\n<meta property=\"og:type\" content=\"article\" \/>\n<meta property=\"og:title\" content=\"Pitooler 305 XL Druckerpatronen Remanufactured f\u00fcr HP 305 XL Patronen Set, 305XL Tintenpatrone f\u00fcr DeskJet Plus 4100\u2026 - Markt-XXL\" \/>\n<meta property=\"og:description\" content=\"Markt-XXL Pitooler 305 XL Druckerpatronen Remanufactured f\u00fcr HP 305 XL Patronen Set, 305XL Tintenpatrone f\u00fcr DeskJet Plus 4100\u2026\" \/>\n<meta property=\"og:url\" content=\"https:\/\/marktxxl.de\/markt\/produkt\/305-xl-patronen-pitooler-remanufactured-fuer-hp-305-xl-druckerpatronen-set-hp-305xl-tintenpatrone-fuer-hp-deskjet-plus-4100-4120-4130-deskjet-2700-2710-2720-envy-6000-6030-6032-6020-envy-pro-6420-64\/\" \/>\n<meta property=\"og:site_name\" content=\"Markt-XXL\" \/>\n<meta property=\"article:modified_time\" content=\"2023-04-11T02:35:15+00:00\" \/>\n<meta property=\"og:image\" content=\"https:\/\/m.media-amazon.com\/images\/I\/41j7ZO7AOvL._SL500_.jpg\" \/>\n\t<meta property=\"og:image:width\" content=\"500\" \/>\n\t<meta property=\"og:image:height\" content=\"500\" \/>\n\t<meta property=\"og:image:type\" content=\"image\/jpeg\" \/>\n<meta name=\"twitter:card\" content=\"summary_large_image\" \/>\n<meta name=\"twitter:label1\" content=\"Gesch\u00e4tzte Lesezeit\" \/>\n\t<meta name=\"twitter:data1\" content=\"1\u00a0Minute\" \/>\n<script type=\"application\/ld+json\" class=\"yoast-schema-graph\">{\"@context\":\"https:\\\/\\\/schema.org\",\"@graph\":[{\"@type\":\"WebPage\",\"@id\":\"https:\\\/\\\/marktxxl.de\\\/markt\\\/produkt\\\/305-xl-patronen-pitooler-remanufactured-fuer-hp-305-xl-druckerpatronen-set-hp-305xl-tintenpatrone-fuer-hp-deskjet-plus-4100-4120-4130-deskjet-2700-2710-2720-envy-6000-6030-6032-6020-envy-pro-6420-64\\\/\",\"url\":\"https:\\\/\\\/marktxxl.de\\\/markt\\\/produkt\\\/305-xl-patronen-pitooler-remanufactured-fuer-hp-305-xl-druckerpatronen-set-hp-305xl-tintenpatrone-fuer-hp-deskjet-plus-4100-4120-4130-deskjet-2700-2710-2720-envy-6000-6030-6032-6020-envy-pro-6420-64\\\/\",\"name\":\"Pitooler 305 XL Druckerpatronen Remanufactured f\u00fcr HP 305 XL Patronen Set, 305XL Tintenpatrone f\u00fcr DeskJet Plus 4100\u2026 - Markt-XXL\",\"isPartOf\":{\"@id\":\"https:\\\/\\\/marktxxl.de\\\/markt\\\/#website\"},\"primaryImageOfPage\":{\"@id\":\"https:\\\/\\\/marktxxl.de\\\/markt\\\/produkt\\\/305-xl-patronen-pitooler-remanufactured-fuer-hp-305-xl-druckerpatronen-set-hp-305xl-tintenpatrone-fuer-hp-deskjet-plus-4100-4120-4130-deskjet-2700-2710-2720-envy-6000-6030-6032-6020-envy-pro-6420-64\\\/#primaryimage\"},\"image\":{\"@id\":\"https:\\\/\\\/marktxxl.de\\\/markt\\\/produkt\\\/305-xl-patronen-pitooler-remanufactured-fuer-hp-305-xl-druckerpatronen-set-hp-305xl-tintenpatrone-fuer-hp-deskjet-plus-4100-4120-4130-deskjet-2700-2710-2720-envy-6000-6030-6032-6020-envy-pro-6420-64\\\/#primaryimage\"},\"thumbnailUrl\":\"https:\\\/\\\/m.media-amazon.com\\\/images\\\/I\\\/41j7ZO7AOvL._SL500_.jpg\",\"datePublished\":\"2022-09-12T07:43:24+00:00\",\"dateModified\":\"2023-04-11T02:35:15+00:00\",\"description\":\"Markt-XXL Pitooler 305 XL Druckerpatronen Remanufactured f\u00fcr HP 305 XL Patronen Set, 305XL Tintenpatrone f\u00fcr DeskJet Plus 4100\u2026\",\"breadcrumb\":{\"@id\":\"https:\\\/\\\/marktxxl.de\\\/markt\\\/produkt\\\/305-xl-patronen-pitooler-remanufactured-fuer-hp-305-xl-druckerpatronen-set-hp-305xl-tintenpatrone-fuer-hp-deskjet-plus-4100-4120-4130-deskjet-2700-2710-2720-envy-6000-6030-6032-6020-envy-pro-6420-64\\\/#breadcrumb\"},\"inLanguage\":\"de\",\"potentialAction\":[{\"@type\":\"ReadAction\",\"target\":[\"https:\\\/\\\/marktxxl.de\\\/markt\\\/produkt\\\/305-xl-patronen-pitooler-remanufactured-fuer-hp-305-xl-druckerpatronen-set-hp-305xl-tintenpatrone-fuer-hp-deskjet-plus-4100-4120-4130-deskjet-2700-2710-2720-envy-6000-6030-6032-6020-envy-pro-6420-64\\\/\"]}]},{\"@type\":\"ImageObject\",\"inLanguage\":\"de\",\"@id\":\"https:\\\/\\\/marktxxl.de\\\/markt\\\/produkt\\\/305-xl-patronen-pitooler-remanufactured-fuer-hp-305-xl-druckerpatronen-set-hp-305xl-tintenpatrone-fuer-hp-deskjet-plus-4100-4120-4130-deskjet-2700-2710-2720-envy-6000-6030-6032-6020-envy-pro-6420-64\\\/#primaryimage\",\"url\":\"https:\\\/\\\/m.media-amazon.com\\\/images\\\/I\\\/41j7ZO7AOvL._SL500_.jpg\",\"contentUrl\":\"https:\\\/\\\/m.media-amazon.com\\\/images\\\/I\\\/41j7ZO7AOvL._SL500_.jpg\",\"width\":500,\"height\":500},{\"@type\":\"BreadcrumbList\",\"@id\":\"https:\\\/\\\/marktxxl.de\\\/markt\\\/produkt\\\/305-xl-patronen-pitooler-remanufactured-fuer-hp-305-xl-druckerpatronen-set-hp-305xl-tintenpatrone-fuer-hp-deskjet-plus-4100-4120-4130-deskjet-2700-2710-2720-envy-6000-6030-6032-6020-envy-pro-6420-64\\\/#breadcrumb\",\"itemListElement\":[{\"@type\":\"ListItem\",\"position\":1,\"name\":\"Startseite\",\"item\":\"https:\\\/\\\/marktxxl.de\\\/markt\\\/\"},{\"@type\":\"ListItem\",\"position\":2,\"name\":\"Markt\",\"item\":\"https:\\\/\\\/marktxxl.de\\\/markt\\\/\"},{\"@type\":\"ListItem\",\"position\":3,\"name\":\"Pitooler 305 XL Druckerpatronen Remanufactured f\u00fcr HP 305 XL Patronen Set, 305XL Tintenpatrone f\u00fcr DeskJet Plus 4100\u2026\"}]},{\"@type\":\"WebSite\",\"@id\":\"https:\\\/\\\/marktxxl.de\\\/markt\\\/#website\",\"url\":\"https:\\\/\\\/marktxxl.de\\\/markt\\\/\",\"name\":\"Markt-XXL\",\"description\":\"Ihr Markt Online\",\"publisher\":{\"@id\":\"https:\\\/\\\/marktxxl.de\\\/markt\\\/#organization\"},\"potentialAction\":[{\"@type\":\"SearchAction\",\"target\":{\"@type\":\"EntryPoint\",\"urlTemplate\":\"https:\\\/\\\/marktxxl.de\\\/markt\\\/?s={search_term_string}\"},\"query-input\":{\"@type\":\"PropertyValueSpecification\",\"valueRequired\":true,\"valueName\":\"search_term_string\"}}],\"inLanguage\":\"de\"},{\"@type\":\"Organization\",\"@id\":\"https:\\\/\\\/marktxxl.de\\\/markt\\\/#organization\",\"name\":\"Markt-XXL\",\"url\":\"https:\\\/\\\/marktxxl.de\\\/markt\\\/\",\"logo\":{\"@type\":\"ImageObject\",\"inLanguage\":\"de\",\"@id\":\"https:\\\/\\\/marktxxl.de\\\/markt\\\/#\\\/schema\\\/logo\\\/image\\\/\",\"url\":\"https:\\\/\\\/marktxxl.de\\\/markt\\\/wp-content\\\/uploads\\\/sites\\\/3\\\/2020\\\/12\\\/logo.png\",\"contentUrl\":\"https:\\\/\\\/marktxxl.de\\\/markt\\\/wp-content\\\/uploads\\\/sites\\\/3\\\/2020\\\/12\\\/logo.png\",\"width\":200,\"height\":70,\"caption\":\"Markt-XXL\"},\"image\":{\"@id\":\"https:\\\/\\\/marktxxl.de\\\/markt\\\/#\\\/schema\\\/logo\\\/image\\\/\"}}]}<\/script>\n<!-- \/ Yoast SEO plugin. -->","yoast_head_json":{"title":"Pitooler 305 XL Druckerpatronen Remanufactured f\u00fcr HP 305 XL Patronen Set, 305XL Tintenpatrone f\u00fcr DeskJet Plus 4100\u2026 - Markt-XXL","description":"Markt-XXL Pitooler 305 XL Druckerpatronen Remanufactured f\u00fcr HP 305 XL Patronen Set, 305XL Tintenpatrone f\u00fcr DeskJet Plus 4100\u2026","robots":{"index":"index","follow":"follow","max-snippet":"max-snippet:-1","max-image-preview":"max-image-preview:large","max-video-preview":"max-video-preview:-1"},"canonical":"https:\/\/marktxxl.de\/markt\/produkt\/305-xl-patronen-pitooler-remanufactured-fuer-hp-305-xl-druckerpatronen-set-hp-305xl-tintenpatrone-fuer-hp-deskjet-plus-4100-4120-4130-deskjet-2700-2710-2720-envy-6000-6030-6032-6020-envy-pro-6420-64\/","og_locale":"de_DE","og_type":"article","og_title":"Pitooler 305 XL Druckerpatronen Remanufactured f\u00fcr HP 305 XL Patronen Set, 305XL Tintenpatrone f\u00fcr DeskJet Plus 4100\u2026 - Markt-XXL","og_description":"Markt-XXL Pitooler 305 XL Druckerpatronen Remanufactured f\u00fcr HP 305 XL Patronen Set, 305XL Tintenpatrone f\u00fcr DeskJet Plus 4100\u2026","og_url":"https:\/\/marktxxl.de\/markt\/produkt\/305-xl-patronen-pitooler-remanufactured-fuer-hp-305-xl-druckerpatronen-set-hp-305xl-tintenpatrone-fuer-hp-deskjet-plus-4100-4120-4130-deskjet-2700-2710-2720-envy-6000-6030-6032-6020-envy-pro-6420-64\/","og_site_name":"Markt-XXL","article_modified_time":"2023-04-11T02:35:15+00:00","og_image":[{"width":500,"height":500,"url":"https:\/\/m.media-amazon.com\/images\/I\/41j7ZO7AOvL._SL500_.jpg","type":"image\/jpeg"}],"twitter_card":"summary_large_image","twitter_misc":{"Gesch\u00e4tzte Lesezeit":"1\u00a0Minute"},"schema":{"@context":"https:\/\/schema.org","@graph":[{"@type":"WebPage","@id":"https:\/\/marktxxl.de\/markt\/produkt\/305-xl-patronen-pitooler-remanufactured-fuer-hp-305-xl-druckerpatronen-set-hp-305xl-tintenpatrone-fuer-hp-deskjet-plus-4100-4120-4130-deskjet-2700-2710-2720-envy-6000-6030-6032-6020-envy-pro-6420-64\/","url":"https:\/\/marktxxl.de\/markt\/produkt\/305-xl-patronen-pitooler-remanufactured-fuer-hp-305-xl-druckerpatronen-set-hp-305xl-tintenpatrone-fuer-hp-deskjet-plus-4100-4120-4130-deskjet-2700-2710-2720-envy-6000-6030-6032-6020-envy-pro-6420-64\/","name":"Pitooler 305 XL Druckerpatronen Remanufactured f\u00fcr HP 305 XL Patronen Set, 305XL Tintenpatrone f\u00fcr DeskJet Plus 4100\u2026 - Markt-XXL","isPartOf":{"@id":"https:\/\/marktxxl.de\/markt\/#website"},"primaryImageOfPage":{"@id":"https:\/\/marktxxl.de\/markt\/produkt\/305-xl-patronen-pitooler-remanufactured-fuer-hp-305-xl-druckerpatronen-set-hp-305xl-tintenpatrone-fuer-hp-deskjet-plus-4100-4120-4130-deskjet-2700-2710-2720-envy-6000-6030-6032-6020-envy-pro-6420-64\/#primaryimage"},"image":{"@id":"https:\/\/marktxxl.de\/markt\/produkt\/305-xl-patronen-pitooler-remanufactured-fuer-hp-305-xl-druckerpatronen-set-hp-305xl-tintenpatrone-fuer-hp-deskjet-plus-4100-4120-4130-deskjet-2700-2710-2720-envy-6000-6030-6032-6020-envy-pro-6420-64\/#primaryimage"},"thumbnailUrl":"https:\/\/m.media-amazon.com\/images\/I\/41j7ZO7AOvL._SL500_.jpg","datePublished":"2022-09-12T07:43:24+00:00","dateModified":"2023-04-11T02:35:15+00:00","description":"Markt-XXL Pitooler 305 XL Druckerpatronen Remanufactured f\u00fcr HP 305 XL Patronen Set, 305XL Tintenpatrone f\u00fcr DeskJet Plus 4100\u2026","breadcrumb":{"@id":"https:\/\/marktxxl.de\/markt\/produkt\/305-xl-patronen-pitooler-remanufactured-fuer-hp-305-xl-druckerpatronen-set-hp-305xl-tintenpatrone-fuer-hp-deskjet-plus-4100-4120-4130-deskjet-2700-2710-2720-envy-6000-6030-6032-6020-envy-pro-6420-64\/#breadcrumb"},"inLanguage":"de","potentialAction":[{"@type":"ReadAction","target":["https:\/\/marktxxl.de\/markt\/produkt\/305-xl-patronen-pitooler-remanufactured-fuer-hp-305-xl-druckerpatronen-set-hp-305xl-tintenpatrone-fuer-hp-deskjet-plus-4100-4120-4130-deskjet-2700-2710-2720-envy-6000-6030-6032-6020-envy-pro-6420-64\/"]}]},{"@type":"ImageObject","inLanguage":"de","@id":"https:\/\/marktxxl.de\/markt\/produkt\/305-xl-patronen-pitooler-remanufactured-fuer-hp-305-xl-druckerpatronen-set-hp-305xl-tintenpatrone-fuer-hp-deskjet-plus-4100-4120-4130-deskjet-2700-2710-2720-envy-6000-6030-6032-6020-envy-pro-6420-64\/#primaryimage","url":"https:\/\/m.media-amazon.com\/images\/I\/41j7ZO7AOvL._SL500_.jpg","contentUrl":"https:\/\/m.media-amazon.com\/images\/I\/41j7ZO7AOvL._SL500_.jpg","width":500,"height":500},{"@type":"BreadcrumbList","@id":"https:\/\/marktxxl.de\/markt\/produkt\/305-xl-patronen-pitooler-remanufactured-fuer-hp-305-xl-druckerpatronen-set-hp-305xl-tintenpatrone-fuer-hp-deskjet-plus-4100-4120-4130-deskjet-2700-2710-2720-envy-6000-6030-6032-6020-envy-pro-6420-64\/#breadcrumb","itemListElement":[{"@type":"ListItem","position":1,"name":"Startseite","item":"https:\/\/marktxxl.de\/markt\/"},{"@type":"ListItem","position":2,"name":"Markt","item":"https:\/\/marktxxl.de\/markt\/"},{"@type":"ListItem","position":3,"name":"Pitooler 305 XL Druckerpatronen Remanufactured f\u00fcr HP 305 XL Patronen Set, 305XL Tintenpatrone f\u00fcr DeskJet Plus 4100\u2026"}]},{"@type":"WebSite","@id":"https:\/\/marktxxl.de\/markt\/#website","url":"https:\/\/marktxxl.de\/markt\/","name":"Markt-XXL","description":"Ihr Markt Online","publisher":{"@id":"https:\/\/marktxxl.de\/markt\/#organization"},"potentialAction":[{"@type":"SearchAction","target":{"@type":"EntryPoint","urlTemplate":"https:\/\/marktxxl.de\/markt\/?s={search_term_string}"},"query-input":{"@type":"PropertyValueSpecification","valueRequired":true,"valueName":"search_term_string"}}],"inLanguage":"de"},{"@type":"Organization","@id":"https:\/\/marktxxl.de\/markt\/#organization","name":"Markt-XXL","url":"https:\/\/marktxxl.de\/markt\/","logo":{"@type":"ImageObject","inLanguage":"de","@id":"https:\/\/marktxxl.de\/markt\/#\/schema\/logo\/image\/","url":"https:\/\/marktxxl.de\/markt\/wp-content\/uploads\/sites\/3\/2020\/12\/logo.png","contentUrl":"https:\/\/marktxxl.de\/markt\/wp-content\/uploads\/sites\/3\/2020\/12\/logo.png","width":200,"height":70,"caption":"Markt-XXL"},"image":{"@id":"https:\/\/marktxxl.de\/markt\/#\/schema\/logo\/image\/"}}]}},"_links":{"self":[{"href":"https:\/\/marktxxl.de\/markt\/wp-json\/wp\/v2\/product\/153889","targetHints":{"allow":["GET"]}}],"collection":[{"href":"https:\/\/marktxxl.de\/markt\/wp-json\/wp\/v2\/product"}],"about":[{"href":"https:\/\/marktxxl.de\/markt\/wp-json\/wp\/v2\/types\/product"}],"replies":[{"embeddable":true,"href":"https:\/\/marktxxl.de\/markt\/wp-json\/wp\/v2\/comments?post=153889"}],"wp:featuredmedia":[{"embeddable":true,"href":"https:\/\/marktxxl.de\/markt\/wp-json\/wp\/v2\/media\/153890"}],"wp:attachment":[{"href":"https:\/\/marktxxl.de\/markt\/wp-json\/wp\/v2\/media?parent=153889"}],"wp:term":[{"taxonomy":"product_brand","embeddable":true,"href":"https:\/\/marktxxl.de\/markt\/wp-json\/wp\/v2\/product_brand?post=153889"},{"taxonomy":"product_cat","embeddable":true,"href":"https:\/\/marktxxl.de\/markt\/wp-json\/wp\/v2\/product_cat?post=153889"},{"taxonomy":"product_tag","embeddable":true,"href":"https:\/\/marktxxl.de\/markt\/wp-json\/wp\/v2\/product_tag?post=153889"}],"curies":[{"name":"wp","href":"https:\/\/api.w.org\/{rel}","templated":true}]}}