{"id":153857,"date":"2022-09-12T09:43:01","date_gmt":"2022-09-12T07:43:01","guid":{"rendered":"https:\/\/marktxxl.de\/markt\/produkt\/2-tb-tragbare-ssd-externe-solid-state-drive-usb-3-1-typ-c-2000-gb-externe-festplatte-ssd-kompatibel-mit-desktop-laptop-windows-mac-linux\/"},"modified":"2023-04-11T04:35:15","modified_gmt":"2023-04-11T02:35:15","slug":"2-tb-tragbare-ssd-externe-solid-state-drive-usb-3-1-typ-c-2000-gb-externe-festplatte-ssd-kompatibel-mit-desktop-laptop-windows-mac-linux","status":"publish","type":"product","link":"https:\/\/marktxxl.de\/markt\/produkt\/2-tb-tragbare-ssd-externe-solid-state-drive-usb-3-1-typ-c-2000-gb-externe-festplatte-ssd-kompatibel-mit-desktop-laptop-windows-mac-linux\/","title":{"rendered":"2 TB tragbare SSD Externe Solid State Drive USB 3.1 Typ C 2000 GB externe Festplatte SSD kompatibel mit Desktop, Laptop\u2026"},"content":{"rendered":"<p>\u2192 Hohe Kapazit\u00e4t und schnelle \u00dcbertragung. Erweiterte Kapazit\u00e4t bis zu 2 TB, um die Daten zu speichern; Using the upgraded USB 3.1 port, the reading speed is 3-5 times that of gew\u00f6hnlicher Festplatte is more than 2-3 times, which creatly improves your work Effizienz, it effizient, it Ist much faster than the traditional USB 3.0 \/ USB 2.0 port.<br \/>\n\u2192 Plug and Play.Das externe Solid State Drive do no need power supply, software installation or any network, just plug in the drive to use. Idealer zus\u00e4tzlicher Speicherplatz f\u00fcr Ihren Computer und Ihre Spielekonsole.<br \/>\n\u2192 Broad-Kompatibilit\u00e4t.In Erg\u00e4nzung zu traditionellen Laptops und Desktop-Computern, mobile SSD-Speicher ist auch kompatibel mit Smart-TVs, Routers, und Android-Smartphones mit OTG-Funktionen.<br \/>\n\u2192 Tiny and lightweight design, easy to carry with you: Ultra-thin pocket, just \u00e4quivalent to smart phone, can be easily put in a travel bag or daily bag, whether you are traveling or working, the external solid state drive will company you all the way.Aluminum alloy metal shell, matte surface, bringing unique touch and comfort. Elegante Optik, viele Farben sind verf\u00fcgbar.<br \/>\n\u2192 What Sie get, 1 x 2 TB External Solid State Drive, 1 x Typc-C\/USB 3.1 auf USB-A USB-Kabel, 3 Jahre Product Warranty, Free Lifetime Technical Support<br \/>\n<div class=\"main-cross-sell\" data-asin=\"B0BCHC64HZ\">\n\n\t<div class=\"WooZone-cross-sell-loader\">\n\t\t<div>\n\t\t\t<div id=\"floatingBarsG\">\n\t\t\t\t<div class=\"blockG\" id=\"rotateG_01\"><\/div>\n\t\t\t\t<div class=\"blockG\" id=\"rotateG_02\"><\/div>\n\t\t\t\t<div class=\"blockG\" id=\"rotateG_03\"><\/div>\n\t\t\t\t<div class=\"blockG\" id=\"rotateG_04\"><\/div>\n\t\t\t\t<div class=\"blockG\" id=\"rotateG_05\"><\/div>\n\t\t\t\t<div class=\"blockG\" id=\"rotateG_06\"><\/div>\n\t\t\t\t<div class=\"blockG\" id=\"rotateG_07\"><\/div>\n\t\t\t\t<div class=\"blockG\" id=\"rotateG_08\"><\/div>\n\t\t\t<\/div>\n\t\t\t<div class=\"WooZone-cross-sell-loader-text\"><\/div>\n\t\t<\/div>\n\t<\/div>\n\n\t\t\n<\/div>\n<div style=\"clear:both;\"><\/div><\/p>\n","protected":false},"excerpt":{"rendered":"<p>\u2192 Hohe Kapazit\u00e4t und schnelle \u00dcbertragung. Erweiterte Kapazit\u00e4t bis zu 2 TB, um die Daten zu speichern; Using the upgraded USB 3.1 port, the reading speed is 3-5 times that of gew\u00f6hnlicher Festplatte is more than 2-3 times, which creatly improves your work Effizienz, it effizient, it Ist much faster than the traditional USB 3.0 \/ USB 2.0 port.<br \/>\n\u2192 Plug and Play.Das externe Solid State Drive do no need power supply, software installation or any network, just plug in the drive to use. Idealer zus\u00e4tzlicher Speicherplatz f\u00fcr Ihren Computer und Ihre Spielekonsole.<br \/>\n\u2192 Broad-Kompatibilit\u00e4t.In Erg\u00e4nzung zu traditionellen Laptops und Desktop-Computern, mobile SSD-Speicher ist auch kompatibel mit Smart-TVs, Routers, und Android-Smartphones mit OTG-Funktionen.<\/p>\n","protected":false},"featured_media":153858,"comment_status":"open","ping_status":"closed","template":"","meta":[],"product_brand":[],"product_cat":[863],"product_tag":[],"class_list":{"0":"post-153857","1":"product","2":"type-product","3":"status-publish","4":"has-post-thumbnail","6":"product_cat-computer-zubehoer","7":"pa_binding-elektronik","8":"pa_brand-generic","9":"pa_height-0-41338582635-zoll","10":"pa_length-2-9133858238-zoll","11":"pa_manufacturer-generic","12":"pa_width-2-25590550951-zoll","14":"first","15":"instock","16":"shipping-taxable","17":"purchasable","18":"product-type-simple","19":"customify-col","20":"product-has-gallery"},"yoast_head":"<!-- This site is optimized with the Yoast SEO plugin v27.3 - https:\/\/yoast.com\/product\/yoast-seo-wordpress\/ -->\n<title>2 TB tragbare SSD Externe Solid State Drive USB 3.1 Typ C 2000 GB externe Festplatte SSD kompatibel mit Desktop, Laptop\u2026 - Markt-XXL<\/title>\n<meta name=\"description\" content=\"Markt-XXL 2 TB tragbare SSD Externe Solid State Drive USB 3.1 Typ C 2000 GB externe Festplatte SSD kompatibel mit Desktop, Laptop\u2026\" \/>\n<meta name=\"robots\" content=\"index, follow, max-snippet:-1, max-image-preview:large, max-video-preview:-1\" \/>\n<link rel=\"canonical\" href=\"https:\/\/marktxxl.de\/markt\/produkt\/2-tb-tragbare-ssd-externe-solid-state-drive-usb-3-1-typ-c-2000-gb-externe-festplatte-ssd-kompatibel-mit-desktop-laptop-windows-mac-linux\/\" \/>\n<meta property=\"og:locale\" content=\"de_DE\" \/>\n<meta property=\"og:type\" content=\"article\" \/>\n<meta property=\"og:title\" content=\"2 TB tragbare SSD Externe Solid State Drive USB 3.1 Typ C 2000 GB externe Festplatte SSD kompatibel mit Desktop, Laptop\u2026 - Markt-XXL\" \/>\n<meta property=\"og:description\" content=\"Markt-XXL 2 TB tragbare SSD Externe Solid State Drive USB 3.1 Typ C 2000 GB externe Festplatte SSD kompatibel mit Desktop, Laptop\u2026\" \/>\n<meta property=\"og:url\" content=\"https:\/\/marktxxl.de\/markt\/produkt\/2-tb-tragbare-ssd-externe-solid-state-drive-usb-3-1-typ-c-2000-gb-externe-festplatte-ssd-kompatibel-mit-desktop-laptop-windows-mac-linux\/\" \/>\n<meta property=\"og:site_name\" content=\"Markt-XXL\" \/>\n<meta property=\"article:modified_time\" content=\"2023-04-11T02:35:15+00:00\" \/>\n<meta property=\"og:image\" content=\"https:\/\/m.media-amazon.com\/images\/I\/31n+b17f6EL._SL500_.jpg\" \/>\n\t<meta property=\"og:image:width\" content=\"500\" \/>\n\t<meta property=\"og:image:height\" content=\"482\" \/>\n\t<meta property=\"og:image:type\" content=\"image\/jpeg\" \/>\n<meta name=\"twitter:card\" content=\"summary_large_image\" \/>\n<meta name=\"twitter:label1\" content=\"Gesch\u00e4tzte Lesezeit\" \/>\n\t<meta name=\"twitter:data1\" content=\"1\u00a0Minute\" \/>\n<script type=\"application\/ld+json\" class=\"yoast-schema-graph\">{\"@context\":\"https:\\\/\\\/schema.org\",\"@graph\":[{\"@type\":\"WebPage\",\"@id\":\"https:\\\/\\\/marktxxl.de\\\/markt\\\/produkt\\\/2-tb-tragbare-ssd-externe-solid-state-drive-usb-3-1-typ-c-2000-gb-externe-festplatte-ssd-kompatibel-mit-desktop-laptop-windows-mac-linux\\\/\",\"url\":\"https:\\\/\\\/marktxxl.de\\\/markt\\\/produkt\\\/2-tb-tragbare-ssd-externe-solid-state-drive-usb-3-1-typ-c-2000-gb-externe-festplatte-ssd-kompatibel-mit-desktop-laptop-windows-mac-linux\\\/\",\"name\":\"2 TB tragbare SSD Externe Solid State Drive USB 3.1 Typ C 2000 GB externe Festplatte SSD kompatibel mit Desktop, Laptop\u2026 - Markt-XXL\",\"isPartOf\":{\"@id\":\"https:\\\/\\\/marktxxl.de\\\/markt\\\/#website\"},\"primaryImageOfPage\":{\"@id\":\"https:\\\/\\\/marktxxl.de\\\/markt\\\/produkt\\\/2-tb-tragbare-ssd-externe-solid-state-drive-usb-3-1-typ-c-2000-gb-externe-festplatte-ssd-kompatibel-mit-desktop-laptop-windows-mac-linux\\\/#primaryimage\"},\"image\":{\"@id\":\"https:\\\/\\\/marktxxl.de\\\/markt\\\/produkt\\\/2-tb-tragbare-ssd-externe-solid-state-drive-usb-3-1-typ-c-2000-gb-externe-festplatte-ssd-kompatibel-mit-desktop-laptop-windows-mac-linux\\\/#primaryimage\"},\"thumbnailUrl\":\"https:\\\/\\\/m.media-amazon.com\\\/images\\\/I\\\/31n+b17f6EL._SL500_.jpg\",\"datePublished\":\"2022-09-12T07:43:01+00:00\",\"dateModified\":\"2023-04-11T02:35:15+00:00\",\"description\":\"Markt-XXL 2 TB tragbare SSD Externe Solid State Drive USB 3.1 Typ C 2000 GB externe Festplatte SSD kompatibel mit Desktop, Laptop\u2026\",\"breadcrumb\":{\"@id\":\"https:\\\/\\\/marktxxl.de\\\/markt\\\/produkt\\\/2-tb-tragbare-ssd-externe-solid-state-drive-usb-3-1-typ-c-2000-gb-externe-festplatte-ssd-kompatibel-mit-desktop-laptop-windows-mac-linux\\\/#breadcrumb\"},\"inLanguage\":\"de\",\"potentialAction\":[{\"@type\":\"ReadAction\",\"target\":[\"https:\\\/\\\/marktxxl.de\\\/markt\\\/produkt\\\/2-tb-tragbare-ssd-externe-solid-state-drive-usb-3-1-typ-c-2000-gb-externe-festplatte-ssd-kompatibel-mit-desktop-laptop-windows-mac-linux\\\/\"]}]},{\"@type\":\"ImageObject\",\"inLanguage\":\"de\",\"@id\":\"https:\\\/\\\/marktxxl.de\\\/markt\\\/produkt\\\/2-tb-tragbare-ssd-externe-solid-state-drive-usb-3-1-typ-c-2000-gb-externe-festplatte-ssd-kompatibel-mit-desktop-laptop-windows-mac-linux\\\/#primaryimage\",\"url\":\"https:\\\/\\\/m.media-amazon.com\\\/images\\\/I\\\/31n+b17f6EL._SL500_.jpg\",\"contentUrl\":\"https:\\\/\\\/m.media-amazon.com\\\/images\\\/I\\\/31n+b17f6EL._SL500_.jpg\",\"width\":500,\"height\":482},{\"@type\":\"BreadcrumbList\",\"@id\":\"https:\\\/\\\/marktxxl.de\\\/markt\\\/produkt\\\/2-tb-tragbare-ssd-externe-solid-state-drive-usb-3-1-typ-c-2000-gb-externe-festplatte-ssd-kompatibel-mit-desktop-laptop-windows-mac-linux\\\/#breadcrumb\",\"itemListElement\":[{\"@type\":\"ListItem\",\"position\":1,\"name\":\"Startseite\",\"item\":\"https:\\\/\\\/marktxxl.de\\\/markt\\\/\"},{\"@type\":\"ListItem\",\"position\":2,\"name\":\"Markt\",\"item\":\"https:\\\/\\\/marktxxl.de\\\/markt\\\/\"},{\"@type\":\"ListItem\",\"position\":3,\"name\":\"2 TB tragbare SSD Externe Solid State Drive USB 3.1 Typ C 2000 GB externe Festplatte SSD kompatibel mit Desktop, Laptop\u2026\"}]},{\"@type\":\"WebSite\",\"@id\":\"https:\\\/\\\/marktxxl.de\\\/markt\\\/#website\",\"url\":\"https:\\\/\\\/marktxxl.de\\\/markt\\\/\",\"name\":\"Markt-XXL\",\"description\":\"Ihr Markt Online\",\"publisher\":{\"@id\":\"https:\\\/\\\/marktxxl.de\\\/markt\\\/#organization\"},\"potentialAction\":[{\"@type\":\"SearchAction\",\"target\":{\"@type\":\"EntryPoint\",\"urlTemplate\":\"https:\\\/\\\/marktxxl.de\\\/markt\\\/?s={search_term_string}\"},\"query-input\":{\"@type\":\"PropertyValueSpecification\",\"valueRequired\":true,\"valueName\":\"search_term_string\"}}],\"inLanguage\":\"de\"},{\"@type\":\"Organization\",\"@id\":\"https:\\\/\\\/marktxxl.de\\\/markt\\\/#organization\",\"name\":\"Markt-XXL\",\"url\":\"https:\\\/\\\/marktxxl.de\\\/markt\\\/\",\"logo\":{\"@type\":\"ImageObject\",\"inLanguage\":\"de\",\"@id\":\"https:\\\/\\\/marktxxl.de\\\/markt\\\/#\\\/schema\\\/logo\\\/image\\\/\",\"url\":\"https:\\\/\\\/marktxxl.de\\\/markt\\\/wp-content\\\/uploads\\\/sites\\\/3\\\/2020\\\/12\\\/logo.png\",\"contentUrl\":\"https:\\\/\\\/marktxxl.de\\\/markt\\\/wp-content\\\/uploads\\\/sites\\\/3\\\/2020\\\/12\\\/logo.png\",\"width\":200,\"height\":70,\"caption\":\"Markt-XXL\"},\"image\":{\"@id\":\"https:\\\/\\\/marktxxl.de\\\/markt\\\/#\\\/schema\\\/logo\\\/image\\\/\"}}]}<\/script>\n<!-- \/ Yoast SEO plugin. -->","yoast_head_json":{"title":"2 TB tragbare SSD Externe Solid State Drive USB 3.1 Typ C 2000 GB externe Festplatte SSD kompatibel mit Desktop, Laptop\u2026 - Markt-XXL","description":"Markt-XXL 2 TB tragbare SSD Externe Solid State Drive USB 3.1 Typ C 2000 GB externe Festplatte SSD kompatibel mit Desktop, Laptop\u2026","robots":{"index":"index","follow":"follow","max-snippet":"max-snippet:-1","max-image-preview":"max-image-preview:large","max-video-preview":"max-video-preview:-1"},"canonical":"https:\/\/marktxxl.de\/markt\/produkt\/2-tb-tragbare-ssd-externe-solid-state-drive-usb-3-1-typ-c-2000-gb-externe-festplatte-ssd-kompatibel-mit-desktop-laptop-windows-mac-linux\/","og_locale":"de_DE","og_type":"article","og_title":"2 TB tragbare SSD Externe Solid State Drive USB 3.1 Typ C 2000 GB externe Festplatte SSD kompatibel mit Desktop, Laptop\u2026 - Markt-XXL","og_description":"Markt-XXL 2 TB tragbare SSD Externe Solid State Drive USB 3.1 Typ C 2000 GB externe Festplatte SSD kompatibel mit Desktop, Laptop\u2026","og_url":"https:\/\/marktxxl.de\/markt\/produkt\/2-tb-tragbare-ssd-externe-solid-state-drive-usb-3-1-typ-c-2000-gb-externe-festplatte-ssd-kompatibel-mit-desktop-laptop-windows-mac-linux\/","og_site_name":"Markt-XXL","article_modified_time":"2023-04-11T02:35:15+00:00","og_image":[{"width":500,"height":482,"url":"https:\/\/m.media-amazon.com\/images\/I\/31n+b17f6EL._SL500_.jpg","type":"image\/jpeg"}],"twitter_card":"summary_large_image","twitter_misc":{"Gesch\u00e4tzte Lesezeit":"1\u00a0Minute"},"schema":{"@context":"https:\/\/schema.org","@graph":[{"@type":"WebPage","@id":"https:\/\/marktxxl.de\/markt\/produkt\/2-tb-tragbare-ssd-externe-solid-state-drive-usb-3-1-typ-c-2000-gb-externe-festplatte-ssd-kompatibel-mit-desktop-laptop-windows-mac-linux\/","url":"https:\/\/marktxxl.de\/markt\/produkt\/2-tb-tragbare-ssd-externe-solid-state-drive-usb-3-1-typ-c-2000-gb-externe-festplatte-ssd-kompatibel-mit-desktop-laptop-windows-mac-linux\/","name":"2 TB tragbare SSD Externe Solid State Drive USB 3.1 Typ C 2000 GB externe Festplatte SSD kompatibel mit Desktop, Laptop\u2026 - Markt-XXL","isPartOf":{"@id":"https:\/\/marktxxl.de\/markt\/#website"},"primaryImageOfPage":{"@id":"https:\/\/marktxxl.de\/markt\/produkt\/2-tb-tragbare-ssd-externe-solid-state-drive-usb-3-1-typ-c-2000-gb-externe-festplatte-ssd-kompatibel-mit-desktop-laptop-windows-mac-linux\/#primaryimage"},"image":{"@id":"https:\/\/marktxxl.de\/markt\/produkt\/2-tb-tragbare-ssd-externe-solid-state-drive-usb-3-1-typ-c-2000-gb-externe-festplatte-ssd-kompatibel-mit-desktop-laptop-windows-mac-linux\/#primaryimage"},"thumbnailUrl":"https:\/\/m.media-amazon.com\/images\/I\/31n+b17f6EL._SL500_.jpg","datePublished":"2022-09-12T07:43:01+00:00","dateModified":"2023-04-11T02:35:15+00:00","description":"Markt-XXL 2 TB tragbare SSD Externe Solid State Drive USB 3.1 Typ C 2000 GB externe Festplatte SSD kompatibel mit Desktop, Laptop\u2026","breadcrumb":{"@id":"https:\/\/marktxxl.de\/markt\/produkt\/2-tb-tragbare-ssd-externe-solid-state-drive-usb-3-1-typ-c-2000-gb-externe-festplatte-ssd-kompatibel-mit-desktop-laptop-windows-mac-linux\/#breadcrumb"},"inLanguage":"de","potentialAction":[{"@type":"ReadAction","target":["https:\/\/marktxxl.de\/markt\/produkt\/2-tb-tragbare-ssd-externe-solid-state-drive-usb-3-1-typ-c-2000-gb-externe-festplatte-ssd-kompatibel-mit-desktop-laptop-windows-mac-linux\/"]}]},{"@type":"ImageObject","inLanguage":"de","@id":"https:\/\/marktxxl.de\/markt\/produkt\/2-tb-tragbare-ssd-externe-solid-state-drive-usb-3-1-typ-c-2000-gb-externe-festplatte-ssd-kompatibel-mit-desktop-laptop-windows-mac-linux\/#primaryimage","url":"https:\/\/m.media-amazon.com\/images\/I\/31n+b17f6EL._SL500_.jpg","contentUrl":"https:\/\/m.media-amazon.com\/images\/I\/31n+b17f6EL._SL500_.jpg","width":500,"height":482},{"@type":"BreadcrumbList","@id":"https:\/\/marktxxl.de\/markt\/produkt\/2-tb-tragbare-ssd-externe-solid-state-drive-usb-3-1-typ-c-2000-gb-externe-festplatte-ssd-kompatibel-mit-desktop-laptop-windows-mac-linux\/#breadcrumb","itemListElement":[{"@type":"ListItem","position":1,"name":"Startseite","item":"https:\/\/marktxxl.de\/markt\/"},{"@type":"ListItem","position":2,"name":"Markt","item":"https:\/\/marktxxl.de\/markt\/"},{"@type":"ListItem","position":3,"name":"2 TB tragbare SSD Externe Solid State Drive USB 3.1 Typ C 2000 GB externe Festplatte SSD kompatibel mit Desktop, Laptop\u2026"}]},{"@type":"WebSite","@id":"https:\/\/marktxxl.de\/markt\/#website","url":"https:\/\/marktxxl.de\/markt\/","name":"Markt-XXL","description":"Ihr Markt Online","publisher":{"@id":"https:\/\/marktxxl.de\/markt\/#organization"},"potentialAction":[{"@type":"SearchAction","target":{"@type":"EntryPoint","urlTemplate":"https:\/\/marktxxl.de\/markt\/?s={search_term_string}"},"query-input":{"@type":"PropertyValueSpecification","valueRequired":true,"valueName":"search_term_string"}}],"inLanguage":"de"},{"@type":"Organization","@id":"https:\/\/marktxxl.de\/markt\/#organization","name":"Markt-XXL","url":"https:\/\/marktxxl.de\/markt\/","logo":{"@type":"ImageObject","inLanguage":"de","@id":"https:\/\/marktxxl.de\/markt\/#\/schema\/logo\/image\/","url":"https:\/\/marktxxl.de\/markt\/wp-content\/uploads\/sites\/3\/2020\/12\/logo.png","contentUrl":"https:\/\/marktxxl.de\/markt\/wp-content\/uploads\/sites\/3\/2020\/12\/logo.png","width":200,"height":70,"caption":"Markt-XXL"},"image":{"@id":"https:\/\/marktxxl.de\/markt\/#\/schema\/logo\/image\/"}}]}},"_links":{"self":[{"href":"https:\/\/marktxxl.de\/markt\/wp-json\/wp\/v2\/product\/153857","targetHints":{"allow":["GET"]}}],"collection":[{"href":"https:\/\/marktxxl.de\/markt\/wp-json\/wp\/v2\/product"}],"about":[{"href":"https:\/\/marktxxl.de\/markt\/wp-json\/wp\/v2\/types\/product"}],"replies":[{"embeddable":true,"href":"https:\/\/marktxxl.de\/markt\/wp-json\/wp\/v2\/comments?post=153857"}],"wp:featuredmedia":[{"embeddable":true,"href":"https:\/\/marktxxl.de\/markt\/wp-json\/wp\/v2\/media\/153858"}],"wp:attachment":[{"href":"https:\/\/marktxxl.de\/markt\/wp-json\/wp\/v2\/media?parent=153857"}],"wp:term":[{"taxonomy":"product_brand","embeddable":true,"href":"https:\/\/marktxxl.de\/markt\/wp-json\/wp\/v2\/product_brand?post=153857"},{"taxonomy":"product_cat","embeddable":true,"href":"https:\/\/marktxxl.de\/markt\/wp-json\/wp\/v2\/product_cat?post=153857"},{"taxonomy":"product_tag","embeddable":true,"href":"https:\/\/marktxxl.de\/markt\/wp-json\/wp\/v2\/product_tag?post=153857"}],"curies":[{"name":"wp","href":"https:\/\/api.w.org\/{rel}","templated":true}]}}