{"id":153491,"date":"2022-09-12T09:25:30","date_gmt":"2022-09-12T07:25:30","guid":{"rendered":"https:\/\/marktxxl.de\/markt\/produkt\/sagrotan-samt-schaum-seife-kirschbluete-rose-1-x-250-ml-schaumseife-im-seifenspender\/"},"modified":"2023-04-09T04:15:09","modified_gmt":"2023-04-09T02:15:09","slug":"sagrotan-samt-schaum-seife-kirschbluete-rose-1-x-250-ml-schaumseife-im-seifenspender","status":"publish","type":"product","link":"https:\/\/marktxxl.de\/markt\/produkt\/sagrotan-samt-schaum-seife-kirschbluete-rose-1-x-250-ml-schaumseife-im-seifenspender\/","title":{"rendered":"Sagrotan Samt-Schaum Seife Kirschbl\u00fcte &amp; Rose \u2013 1 x 250 ml Schaumseife im Seifenspender"},"content":{"rendered":"<p>Sanft-cremiger Handwaschschaum mit Dual-Effekt: Die Handseife von Sagrotan ist sanft zur Haut und stark gegen Bakterien &#8211; eine ideale Kombination aus Pflege und t\u00e4glichem Schutz<br \/>\nSehr angenehm in der Anwendung: Die Formel des samtigen Schaums mit Micro-Perlen l\u00e4sst sich einfach verteilen und absp\u00fclen<br \/>\nVerw\u00f6hnung f\u00fcr die H\u00e4nde: Der Reinigungsschaum enth\u00e4lt mindestens 45 Prozent weniger chemische Inhaltsstoffe als die Fl\u00fcssigseife von Sagrotan und hinterl\u00e4sst einen Duft nach Kirschbl\u00fcte und Rose<br \/>\nSchon seit 110 Jahren sorgt Sagrotan f\u00fcr die hygienische Sauberkeit zuhause und sch\u00fctzt vor Bakterien \/ Die Hautvertr\u00e4glichkeit ist dermatologisch getestet<br \/>\nLieferumfang: 1 x 250ml Samtschaum Kirschbl\u00fcte und Rose von Sagrotan \/ Sanfte Reinigung mit erfrischendem Duft \/ Stark gegen Bakterien<br \/>\n<div class=\"main-cross-sell\" data-asin=\"B0749Q7JYM\">\n\n\t<div class=\"WooZone-cross-sell-loader\">\n\t\t<div>\n\t\t\t<div id=\"floatingBarsG\">\n\t\t\t\t<div class=\"blockG\" id=\"rotateG_01\"><\/div>\n\t\t\t\t<div class=\"blockG\" id=\"rotateG_02\"><\/div>\n\t\t\t\t<div class=\"blockG\" id=\"rotateG_03\"><\/div>\n\t\t\t\t<div class=\"blockG\" id=\"rotateG_04\"><\/div>\n\t\t\t\t<div class=\"blockG\" id=\"rotateG_05\"><\/div>\n\t\t\t\t<div class=\"blockG\" id=\"rotateG_06\"><\/div>\n\t\t\t\t<div class=\"blockG\" id=\"rotateG_07\"><\/div>\n\t\t\t\t<div class=\"blockG\" id=\"rotateG_08\"><\/div>\n\t\t\t<\/div>\n\t\t\t<div class=\"WooZone-cross-sell-loader-text\"><\/div>\n\t\t<\/div>\n\t<\/div>\n\n\t\t\n<\/div>\n<div style=\"clear:both;\"><\/div><\/p>\n","protected":false},"excerpt":{"rendered":"<p>Sanft-cremiger Handwaschschaum mit Dual-Effekt: Die Handseife von Sagrotan ist sanft zur Haut und stark gegen Bakterien &#8211; eine ideale Kombination aus Pflege und t\u00e4glichem Schutz<br \/>\nSehr angenehm in der Anwendung: Die Formel des samtigen Schaums mit Micro-Perlen l\u00e4sst sich einfach verteilen und absp\u00fclen<br \/>\nVerw\u00f6hnung f\u00fcr die H\u00e4nde: Der Reinigungsschaum enth\u00e4lt mindestens 45 Prozent weniger chemische Inhaltsstoffe als die Fl\u00fcssigseife von Sagrotan und hinterl\u00e4sst einen Duft nach Kirschbl\u00fcte und Rose<\/p>\n","protected":false},"featured_media":153492,"comment_status":"open","ping_status":"closed","template":"","meta":[],"product_brand":[],"product_cat":[6565,2858],"product_tag":[],"class_list":{"0":"post-153491","1":"product","2":"type-product","3":"status-publish","4":"has-post-thumbnail","6":"product_cat-baden-koerperpflege-beauty","7":"product_cat-beauty","8":"pa_binding-badartikel","9":"pa_brand-sagrotan","10":"pa_manufacturer-reckitt-benckiser","11":"pa_model-42109","12":"pa_size-250-ml-1er-pack","14":"first","15":"instock","16":"shipping-taxable","17":"purchasable","18":"product-type-simple","19":"customify-col","20":"product-has-gallery"},"yoast_head":"<!-- This site is optimized with the Yoast SEO plugin v27.3 - https:\/\/yoast.com\/product\/yoast-seo-wordpress\/ -->\n<title>Sagrotan Samt-Schaum Seife Kirschbl\u00fcte &amp; Rose \u2013 1 x 250 ml Schaumseife im Seifenspender - Markt-XXL<\/title>\n<meta name=\"description\" content=\"Markt-XXL Sagrotan Samt-Schaum Seife Kirschbl\u00fcte &amp; Rose \u2013 1 x 250 ml Schaumseife im Seifenspender\" \/>\n<meta name=\"robots\" content=\"index, follow, max-snippet:-1, max-image-preview:large, max-video-preview:-1\" \/>\n<link rel=\"canonical\" href=\"https:\/\/marktxxl.de\/markt\/produkt\/sagrotan-samt-schaum-seife-kirschbluete-rose-1-x-250-ml-schaumseife-im-seifenspender\/\" \/>\n<meta property=\"og:locale\" content=\"de_DE\" \/>\n<meta property=\"og:type\" content=\"article\" \/>\n<meta property=\"og:title\" content=\"Sagrotan Samt-Schaum Seife Kirschbl\u00fcte &amp; Rose \u2013 1 x 250 ml Schaumseife im Seifenspender - Markt-XXL\" \/>\n<meta property=\"og:description\" content=\"Markt-XXL Sagrotan Samt-Schaum Seife Kirschbl\u00fcte &amp; Rose \u2013 1 x 250 ml Schaumseife im Seifenspender\" \/>\n<meta property=\"og:url\" content=\"https:\/\/marktxxl.de\/markt\/produkt\/sagrotan-samt-schaum-seife-kirschbluete-rose-1-x-250-ml-schaumseife-im-seifenspender\/\" \/>\n<meta property=\"og:site_name\" content=\"Markt-XXL\" \/>\n<meta property=\"article:modified_time\" content=\"2023-04-09T02:15:09+00:00\" \/>\n<meta property=\"og:image\" content=\"https:\/\/m.media-amazon.com\/images\/I\/41qtcnOZGgL._SL500_.jpg\" \/>\n\t<meta property=\"og:image:width\" content=\"500\" \/>\n\t<meta property=\"og:image:height\" content=\"500\" \/>\n\t<meta property=\"og:image:type\" content=\"image\/jpeg\" \/>\n<meta name=\"twitter:card\" content=\"summary_large_image\" \/>\n<meta name=\"twitter:label1\" content=\"Gesch\u00e4tzte Lesezeit\" \/>\n\t<meta name=\"twitter:data1\" content=\"1\u00a0Minute\" \/>\n<script type=\"application\/ld+json\" class=\"yoast-schema-graph\">{\"@context\":\"https:\\\/\\\/schema.org\",\"@graph\":[{\"@type\":\"WebPage\",\"@id\":\"https:\\\/\\\/marktxxl.de\\\/markt\\\/produkt\\\/sagrotan-samt-schaum-seife-kirschbluete-rose-1-x-250-ml-schaumseife-im-seifenspender\\\/\",\"url\":\"https:\\\/\\\/marktxxl.de\\\/markt\\\/produkt\\\/sagrotan-samt-schaum-seife-kirschbluete-rose-1-x-250-ml-schaumseife-im-seifenspender\\\/\",\"name\":\"Sagrotan Samt-Schaum Seife Kirschbl\u00fcte &amp; Rose \u2013 1 x 250 ml Schaumseife im Seifenspender - Markt-XXL\",\"isPartOf\":{\"@id\":\"https:\\\/\\\/marktxxl.de\\\/markt\\\/#website\"},\"primaryImageOfPage\":{\"@id\":\"https:\\\/\\\/marktxxl.de\\\/markt\\\/produkt\\\/sagrotan-samt-schaum-seife-kirschbluete-rose-1-x-250-ml-schaumseife-im-seifenspender\\\/#primaryimage\"},\"image\":{\"@id\":\"https:\\\/\\\/marktxxl.de\\\/markt\\\/produkt\\\/sagrotan-samt-schaum-seife-kirschbluete-rose-1-x-250-ml-schaumseife-im-seifenspender\\\/#primaryimage\"},\"thumbnailUrl\":\"https:\\\/\\\/m.media-amazon.com\\\/images\\\/I\\\/41qtcnOZGgL._SL500_.jpg\",\"datePublished\":\"2022-09-12T07:25:30+00:00\",\"dateModified\":\"2023-04-09T02:15:09+00:00\",\"description\":\"Markt-XXL Sagrotan Samt-Schaum Seife Kirschbl\u00fcte &amp; Rose \u2013 1 x 250 ml Schaumseife im Seifenspender\",\"breadcrumb\":{\"@id\":\"https:\\\/\\\/marktxxl.de\\\/markt\\\/produkt\\\/sagrotan-samt-schaum-seife-kirschbluete-rose-1-x-250-ml-schaumseife-im-seifenspender\\\/#breadcrumb\"},\"inLanguage\":\"de\",\"potentialAction\":[{\"@type\":\"ReadAction\",\"target\":[\"https:\\\/\\\/marktxxl.de\\\/markt\\\/produkt\\\/sagrotan-samt-schaum-seife-kirschbluete-rose-1-x-250-ml-schaumseife-im-seifenspender\\\/\"]}]},{\"@type\":\"ImageObject\",\"inLanguage\":\"de\",\"@id\":\"https:\\\/\\\/marktxxl.de\\\/markt\\\/produkt\\\/sagrotan-samt-schaum-seife-kirschbluete-rose-1-x-250-ml-schaumseife-im-seifenspender\\\/#primaryimage\",\"url\":\"https:\\\/\\\/m.media-amazon.com\\\/images\\\/I\\\/41qtcnOZGgL._SL500_.jpg\",\"contentUrl\":\"https:\\\/\\\/m.media-amazon.com\\\/images\\\/I\\\/41qtcnOZGgL._SL500_.jpg\",\"width\":500,\"height\":500},{\"@type\":\"BreadcrumbList\",\"@id\":\"https:\\\/\\\/marktxxl.de\\\/markt\\\/produkt\\\/sagrotan-samt-schaum-seife-kirschbluete-rose-1-x-250-ml-schaumseife-im-seifenspender\\\/#breadcrumb\",\"itemListElement\":[{\"@type\":\"ListItem\",\"position\":1,\"name\":\"Startseite\",\"item\":\"https:\\\/\\\/marktxxl.de\\\/markt\\\/\"},{\"@type\":\"ListItem\",\"position\":2,\"name\":\"Markt\",\"item\":\"https:\\\/\\\/marktxxl.de\\\/markt\\\/\"},{\"@type\":\"ListItem\",\"position\":3,\"name\":\"Sagrotan Samt-Schaum Seife Kirschbl\u00fcte &amp; Rose \u2013 1 x 250 ml Schaumseife im Seifenspender\"}]},{\"@type\":\"WebSite\",\"@id\":\"https:\\\/\\\/marktxxl.de\\\/markt\\\/#website\",\"url\":\"https:\\\/\\\/marktxxl.de\\\/markt\\\/\",\"name\":\"Markt-XXL\",\"description\":\"Ihr Markt Online\",\"publisher\":{\"@id\":\"https:\\\/\\\/marktxxl.de\\\/markt\\\/#organization\"},\"potentialAction\":[{\"@type\":\"SearchAction\",\"target\":{\"@type\":\"EntryPoint\",\"urlTemplate\":\"https:\\\/\\\/marktxxl.de\\\/markt\\\/?s={search_term_string}\"},\"query-input\":{\"@type\":\"PropertyValueSpecification\",\"valueRequired\":true,\"valueName\":\"search_term_string\"}}],\"inLanguage\":\"de\"},{\"@type\":\"Organization\",\"@id\":\"https:\\\/\\\/marktxxl.de\\\/markt\\\/#organization\",\"name\":\"Markt-XXL\",\"url\":\"https:\\\/\\\/marktxxl.de\\\/markt\\\/\",\"logo\":{\"@type\":\"ImageObject\",\"inLanguage\":\"de\",\"@id\":\"https:\\\/\\\/marktxxl.de\\\/markt\\\/#\\\/schema\\\/logo\\\/image\\\/\",\"url\":\"https:\\\/\\\/marktxxl.de\\\/markt\\\/wp-content\\\/uploads\\\/sites\\\/3\\\/2020\\\/12\\\/logo.png\",\"contentUrl\":\"https:\\\/\\\/marktxxl.de\\\/markt\\\/wp-content\\\/uploads\\\/sites\\\/3\\\/2020\\\/12\\\/logo.png\",\"width\":200,\"height\":70,\"caption\":\"Markt-XXL\"},\"image\":{\"@id\":\"https:\\\/\\\/marktxxl.de\\\/markt\\\/#\\\/schema\\\/logo\\\/image\\\/\"}}]}<\/script>\n<!-- \/ Yoast SEO plugin. -->","yoast_head_json":{"title":"Sagrotan Samt-Schaum Seife Kirschbl\u00fcte &amp; Rose \u2013 1 x 250 ml Schaumseife im Seifenspender - Markt-XXL","description":"Markt-XXL Sagrotan Samt-Schaum Seife Kirschbl\u00fcte &amp; Rose \u2013 1 x 250 ml Schaumseife im Seifenspender","robots":{"index":"index","follow":"follow","max-snippet":"max-snippet:-1","max-image-preview":"max-image-preview:large","max-video-preview":"max-video-preview:-1"},"canonical":"https:\/\/marktxxl.de\/markt\/produkt\/sagrotan-samt-schaum-seife-kirschbluete-rose-1-x-250-ml-schaumseife-im-seifenspender\/","og_locale":"de_DE","og_type":"article","og_title":"Sagrotan Samt-Schaum Seife Kirschbl\u00fcte &amp; Rose \u2013 1 x 250 ml Schaumseife im Seifenspender - Markt-XXL","og_description":"Markt-XXL Sagrotan Samt-Schaum Seife Kirschbl\u00fcte &amp; Rose \u2013 1 x 250 ml Schaumseife im Seifenspender","og_url":"https:\/\/marktxxl.de\/markt\/produkt\/sagrotan-samt-schaum-seife-kirschbluete-rose-1-x-250-ml-schaumseife-im-seifenspender\/","og_site_name":"Markt-XXL","article_modified_time":"2023-04-09T02:15:09+00:00","og_image":[{"width":500,"height":500,"url":"https:\/\/m.media-amazon.com\/images\/I\/41qtcnOZGgL._SL500_.jpg","type":"image\/jpeg"}],"twitter_card":"summary_large_image","twitter_misc":{"Gesch\u00e4tzte Lesezeit":"1\u00a0Minute"},"schema":{"@context":"https:\/\/schema.org","@graph":[{"@type":"WebPage","@id":"https:\/\/marktxxl.de\/markt\/produkt\/sagrotan-samt-schaum-seife-kirschbluete-rose-1-x-250-ml-schaumseife-im-seifenspender\/","url":"https:\/\/marktxxl.de\/markt\/produkt\/sagrotan-samt-schaum-seife-kirschbluete-rose-1-x-250-ml-schaumseife-im-seifenspender\/","name":"Sagrotan Samt-Schaum Seife Kirschbl\u00fcte &amp; Rose \u2013 1 x 250 ml Schaumseife im Seifenspender - Markt-XXL","isPartOf":{"@id":"https:\/\/marktxxl.de\/markt\/#website"},"primaryImageOfPage":{"@id":"https:\/\/marktxxl.de\/markt\/produkt\/sagrotan-samt-schaum-seife-kirschbluete-rose-1-x-250-ml-schaumseife-im-seifenspender\/#primaryimage"},"image":{"@id":"https:\/\/marktxxl.de\/markt\/produkt\/sagrotan-samt-schaum-seife-kirschbluete-rose-1-x-250-ml-schaumseife-im-seifenspender\/#primaryimage"},"thumbnailUrl":"https:\/\/m.media-amazon.com\/images\/I\/41qtcnOZGgL._SL500_.jpg","datePublished":"2022-09-12T07:25:30+00:00","dateModified":"2023-04-09T02:15:09+00:00","description":"Markt-XXL Sagrotan Samt-Schaum Seife Kirschbl\u00fcte &amp; Rose \u2013 1 x 250 ml Schaumseife im Seifenspender","breadcrumb":{"@id":"https:\/\/marktxxl.de\/markt\/produkt\/sagrotan-samt-schaum-seife-kirschbluete-rose-1-x-250-ml-schaumseife-im-seifenspender\/#breadcrumb"},"inLanguage":"de","potentialAction":[{"@type":"ReadAction","target":["https:\/\/marktxxl.de\/markt\/produkt\/sagrotan-samt-schaum-seife-kirschbluete-rose-1-x-250-ml-schaumseife-im-seifenspender\/"]}]},{"@type":"ImageObject","inLanguage":"de","@id":"https:\/\/marktxxl.de\/markt\/produkt\/sagrotan-samt-schaum-seife-kirschbluete-rose-1-x-250-ml-schaumseife-im-seifenspender\/#primaryimage","url":"https:\/\/m.media-amazon.com\/images\/I\/41qtcnOZGgL._SL500_.jpg","contentUrl":"https:\/\/m.media-amazon.com\/images\/I\/41qtcnOZGgL._SL500_.jpg","width":500,"height":500},{"@type":"BreadcrumbList","@id":"https:\/\/marktxxl.de\/markt\/produkt\/sagrotan-samt-schaum-seife-kirschbluete-rose-1-x-250-ml-schaumseife-im-seifenspender\/#breadcrumb","itemListElement":[{"@type":"ListItem","position":1,"name":"Startseite","item":"https:\/\/marktxxl.de\/markt\/"},{"@type":"ListItem","position":2,"name":"Markt","item":"https:\/\/marktxxl.de\/markt\/"},{"@type":"ListItem","position":3,"name":"Sagrotan Samt-Schaum Seife Kirschbl\u00fcte &amp; Rose \u2013 1 x 250 ml Schaumseife im Seifenspender"}]},{"@type":"WebSite","@id":"https:\/\/marktxxl.de\/markt\/#website","url":"https:\/\/marktxxl.de\/markt\/","name":"Markt-XXL","description":"Ihr Markt Online","publisher":{"@id":"https:\/\/marktxxl.de\/markt\/#organization"},"potentialAction":[{"@type":"SearchAction","target":{"@type":"EntryPoint","urlTemplate":"https:\/\/marktxxl.de\/markt\/?s={search_term_string}"},"query-input":{"@type":"PropertyValueSpecification","valueRequired":true,"valueName":"search_term_string"}}],"inLanguage":"de"},{"@type":"Organization","@id":"https:\/\/marktxxl.de\/markt\/#organization","name":"Markt-XXL","url":"https:\/\/marktxxl.de\/markt\/","logo":{"@type":"ImageObject","inLanguage":"de","@id":"https:\/\/marktxxl.de\/markt\/#\/schema\/logo\/image\/","url":"https:\/\/marktxxl.de\/markt\/wp-content\/uploads\/sites\/3\/2020\/12\/logo.png","contentUrl":"https:\/\/marktxxl.de\/markt\/wp-content\/uploads\/sites\/3\/2020\/12\/logo.png","width":200,"height":70,"caption":"Markt-XXL"},"image":{"@id":"https:\/\/marktxxl.de\/markt\/#\/schema\/logo\/image\/"}}]}},"_links":{"self":[{"href":"https:\/\/marktxxl.de\/markt\/wp-json\/wp\/v2\/product\/153491","targetHints":{"allow":["GET"]}}],"collection":[{"href":"https:\/\/marktxxl.de\/markt\/wp-json\/wp\/v2\/product"}],"about":[{"href":"https:\/\/marktxxl.de\/markt\/wp-json\/wp\/v2\/types\/product"}],"replies":[{"embeddable":true,"href":"https:\/\/marktxxl.de\/markt\/wp-json\/wp\/v2\/comments?post=153491"}],"wp:featuredmedia":[{"embeddable":true,"href":"https:\/\/marktxxl.de\/markt\/wp-json\/wp\/v2\/media\/153492"}],"wp:attachment":[{"href":"https:\/\/marktxxl.de\/markt\/wp-json\/wp\/v2\/media?parent=153491"}],"wp:term":[{"taxonomy":"product_brand","embeddable":true,"href":"https:\/\/marktxxl.de\/markt\/wp-json\/wp\/v2\/product_brand?post=153491"},{"taxonomy":"product_cat","embeddable":true,"href":"https:\/\/marktxxl.de\/markt\/wp-json\/wp\/v2\/product_cat?post=153491"},{"taxonomy":"product_tag","embeddable":true,"href":"https:\/\/marktxxl.de\/markt\/wp-json\/wp\/v2\/product_tag?post=153491"}],"curies":[{"name":"wp","href":"https:\/\/api.w.org\/{rel}","templated":true}]}}