{"id":153074,"date":"2022-09-12T08:49:41","date_gmt":"2022-09-12T06:49:41","guid":{"rendered":"https:\/\/marktxxl.de\/markt\/produkt\/standxt-elektrisch-hoehenverstellbarer-schreibtisch-gestell-2-motoren-hoehe-62-128cm-tischgestell-d08-advanced-kollisionsschutz-memoryfunktion\/"},"modified":"2023-04-10T04:40:34","modified_gmt":"2023-04-10T02:40:34","slug":"standxt-elektrisch-hoehenverstellbarer-schreibtisch-gestell-2-motoren-hoehe-62-128cm-tischgestell-d08-advanced-kollisionsschutz-memoryfunktion","status":"publish","type":"product","link":"https:\/\/marktxxl.de\/markt\/produkt\/standxt-elektrisch-hoehenverstellbarer-schreibtisch-gestell-2-motoren-hoehe-62-128cm-tischgestell-d08-advanced-kollisionsschutz-memoryfunktion\/","title":{"rendered":"StandXT D08 Advanced elektrisch h\u00f6henverstellbarer Schreibtisch Stehpult Tischgestell Tischbeine (H\u00f6he 62-128 cm\u2026"},"content":{"rendered":"<p>Flexible H\u00f6henanpassung: Durch zwei Motoren ist der Schreibtisch elektrisch h\u00f6henverstellbar und erm\u00f6glicht einen schnellen und unkomplizierten Wechsel zwischen Schreibtisch und Stehpult! Hohe Tragkraft von 125 kg!<br \/>\nIntuitive Bedienung: \u00dcber das hochwertige Touchdisplay l\u00e4sst sich der elektrische Schreibtisch optimal an die individuelle K\u00f6rpergr\u00f6\u00dfe anpassen und tr\u00e4gt so unmittelbar zur Entlastung des R\u00fcckens bei!<br \/>\nIntelligente Features: \u00dcber einen Timer lassen sich Phasen f\u00fcrs Stehen und Sitzen festlegen. Dank der Memoryfunktion kann die H\u00f6heneinstellungen f\u00fcr das Stehtisch-Gestell au\u00dferdem gespeichert werden.<br \/>\nStabil und Modern: Das Gestell besteht aus robustem Stahl und sind besonders widerstandsf\u00e4hig. Die Tischbeine kommen im modernen Design und sind mit Tischplatten verschiedenster Dicke kombinierbar. Die Tischplatten d\u00fcrfen zwischen 105 und 220 cm breit sein und 65 bis 90 cm tief.<br \/>\nLieferumfang: StandXT D08 Advanced elektrisch h\u00f6henverstellbares Schreibtischgestell (Memoryfunktion, Kollisionsschutz, 2 Motoren, einfache Montage, robust) &#8211; H\u00f6he: 62 &#8211; 128 cm &#8211; Farbe: Wei\u00df oder Schwarz<br \/>\n<div class=\"main-cross-sell\" data-asin=\"B08KPMNMH8\">\n\n\t<div class=\"WooZone-cross-sell-loader\">\n\t\t<div>\n\t\t\t<div id=\"floatingBarsG\">\n\t\t\t\t<div class=\"blockG\" id=\"rotateG_01\"><\/div>\n\t\t\t\t<div class=\"blockG\" id=\"rotateG_02\"><\/div>\n\t\t\t\t<div class=\"blockG\" id=\"rotateG_03\"><\/div>\n\t\t\t\t<div class=\"blockG\" id=\"rotateG_04\"><\/div>\n\t\t\t\t<div class=\"blockG\" id=\"rotateG_05\"><\/div>\n\t\t\t\t<div class=\"blockG\" id=\"rotateG_06\"><\/div>\n\t\t\t\t<div class=\"blockG\" id=\"rotateG_07\"><\/div>\n\t\t\t\t<div class=\"blockG\" id=\"rotateG_08\"><\/div>\n\t\t\t<\/div>\n\t\t\t<div class=\"WooZone-cross-sell-loader-text\"><\/div>\n\t\t<\/div>\n\t<\/div>\n\n\t\t\n<\/div>\n<div style=\"clear:both;\"><\/div><\/p>\n","protected":false},"excerpt":{"rendered":"<p>Flexible H\u00f6henanpassung: Durch zwei Motoren ist der Schreibtisch elektrisch h\u00f6henverstellbar und erm\u00f6glicht einen schnellen und unkomplizierten Wechsel zwischen Schreibtisch und Stehpult! Hohe Tragkraft von 125 kg!<br \/>\nIntuitive Bedienung: \u00dcber das hochwertige Touchdisplay l\u00e4sst sich der elektrische Schreibtisch optimal an die individuelle K\u00f6rpergr\u00f6\u00dfe anpassen und tr\u00e4gt so unmittelbar zur Entlastung des R\u00fcckens bei!<br \/>\nIntelligente Features: \u00dcber einen Timer lassen sich Phasen f\u00fcrs Stehen und Sitzen festlegen. Dank der Memoryfunktion kann die H\u00f6heneinstellungen f\u00fcr das Stehtisch-Gestell au\u00dferdem gespeichert werden.<\/p>\n","protected":false},"featured_media":153075,"comment_status":"open","ping_status":"closed","template":"","meta":[],"product_brand":[],"product_cat":[504,8312],"product_tag":[],"class_list":{"0":"post-153074","1":"product","2":"type-product","3":"status-publish","4":"has-post-thumbnail","6":"product_cat-buerobedarf-schreibwaren","7":"product_cat-bueromoebel-beleuchtung","8":"pa_brand-standxt","9":"pa_manufacturer-standxt","11":"first","12":"instock","13":"shipping-taxable","14":"purchasable","15":"product-type-simple","16":"customify-col","17":"product-has-gallery"},"yoast_head":"<!-- This site is optimized with the Yoast SEO plugin v27.4 - https:\/\/yoast.com\/product\/yoast-seo-wordpress\/ -->\n<title>StandXT D08 Advanced elektrisch h\u00f6henverstellbarer Schreibtisch Stehpult Tischgestell Tischbeine (H\u00f6he 62-128 cm\u2026 - Markt-XXL<\/title>\n<meta name=\"description\" content=\"Markt-XXL StandXT D08 Advanced elektrisch h\u00f6henverstellbarer Schreibtisch Stehpult Tischgestell Tischbeine (H\u00f6he 62-128 cm\u2026\" \/>\n<meta name=\"robots\" content=\"index, follow, max-snippet:-1, max-image-preview:large, max-video-preview:-1\" \/>\n<link rel=\"canonical\" href=\"https:\/\/marktxxl.de\/markt\/produkt\/standxt-elektrisch-hoehenverstellbarer-schreibtisch-gestell-2-motoren-hoehe-62-128cm-tischgestell-d08-advanced-kollisionsschutz-memoryfunktion\/\" \/>\n<meta property=\"og:locale\" content=\"de_DE\" \/>\n<meta property=\"og:type\" content=\"article\" \/>\n<meta property=\"og:title\" content=\"StandXT D08 Advanced elektrisch h\u00f6henverstellbarer Schreibtisch Stehpult Tischgestell Tischbeine (H\u00f6he 62-128 cm\u2026 - Markt-XXL\" \/>\n<meta property=\"og:description\" content=\"Markt-XXL StandXT D08 Advanced elektrisch h\u00f6henverstellbarer Schreibtisch Stehpult Tischgestell Tischbeine (H\u00f6he 62-128 cm\u2026\" \/>\n<meta property=\"og:url\" content=\"https:\/\/marktxxl.de\/markt\/produkt\/standxt-elektrisch-hoehenverstellbarer-schreibtisch-gestell-2-motoren-hoehe-62-128cm-tischgestell-d08-advanced-kollisionsschutz-memoryfunktion\/\" \/>\n<meta property=\"og:site_name\" content=\"Markt-XXL\" \/>\n<meta property=\"article:modified_time\" content=\"2023-04-10T02:40:34+00:00\" \/>\n<meta property=\"og:image\" content=\"https:\/\/m.media-amazon.com\/images\/I\/31f02PiMw0L._SL500_.jpg\" \/>\n\t<meta property=\"og:image:width\" content=\"500\" \/>\n\t<meta property=\"og:image:height\" content=\"416\" \/>\n\t<meta property=\"og:image:type\" content=\"image\/jpeg\" \/>\n<meta name=\"twitter:card\" content=\"summary_large_image\" \/>\n<meta name=\"twitter:label1\" content=\"Gesch\u00e4tzte Lesezeit\" \/>\n\t<meta name=\"twitter:data1\" content=\"1\u00a0Minute\" \/>\n<script type=\"application\/ld+json\" class=\"yoast-schema-graph\">{\"@context\":\"https:\\\/\\\/schema.org\",\"@graph\":[{\"@type\":\"WebPage\",\"@id\":\"https:\\\/\\\/marktxxl.de\\\/markt\\\/produkt\\\/standxt-elektrisch-hoehenverstellbarer-schreibtisch-gestell-2-motoren-hoehe-62-128cm-tischgestell-d08-advanced-kollisionsschutz-memoryfunktion\\\/\",\"url\":\"https:\\\/\\\/marktxxl.de\\\/markt\\\/produkt\\\/standxt-elektrisch-hoehenverstellbarer-schreibtisch-gestell-2-motoren-hoehe-62-128cm-tischgestell-d08-advanced-kollisionsschutz-memoryfunktion\\\/\",\"name\":\"StandXT D08 Advanced elektrisch h\u00f6henverstellbarer Schreibtisch Stehpult Tischgestell Tischbeine (H\u00f6he 62-128 cm\u2026 - Markt-XXL\",\"isPartOf\":{\"@id\":\"https:\\\/\\\/marktxxl.de\\\/markt\\\/#website\"},\"primaryImageOfPage\":{\"@id\":\"https:\\\/\\\/marktxxl.de\\\/markt\\\/produkt\\\/standxt-elektrisch-hoehenverstellbarer-schreibtisch-gestell-2-motoren-hoehe-62-128cm-tischgestell-d08-advanced-kollisionsschutz-memoryfunktion\\\/#primaryimage\"},\"image\":{\"@id\":\"https:\\\/\\\/marktxxl.de\\\/markt\\\/produkt\\\/standxt-elektrisch-hoehenverstellbarer-schreibtisch-gestell-2-motoren-hoehe-62-128cm-tischgestell-d08-advanced-kollisionsschutz-memoryfunktion\\\/#primaryimage\"},\"thumbnailUrl\":\"https:\\\/\\\/m.media-amazon.com\\\/images\\\/I\\\/31f02PiMw0L._SL500_.jpg\",\"datePublished\":\"2022-09-12T06:49:41+00:00\",\"dateModified\":\"2023-04-10T02:40:34+00:00\",\"description\":\"Markt-XXL StandXT D08 Advanced elektrisch h\u00f6henverstellbarer Schreibtisch Stehpult Tischgestell Tischbeine (H\u00f6he 62-128 cm\u2026\",\"breadcrumb\":{\"@id\":\"https:\\\/\\\/marktxxl.de\\\/markt\\\/produkt\\\/standxt-elektrisch-hoehenverstellbarer-schreibtisch-gestell-2-motoren-hoehe-62-128cm-tischgestell-d08-advanced-kollisionsschutz-memoryfunktion\\\/#breadcrumb\"},\"inLanguage\":\"de\",\"potentialAction\":[{\"@type\":\"ReadAction\",\"target\":[\"https:\\\/\\\/marktxxl.de\\\/markt\\\/produkt\\\/standxt-elektrisch-hoehenverstellbarer-schreibtisch-gestell-2-motoren-hoehe-62-128cm-tischgestell-d08-advanced-kollisionsschutz-memoryfunktion\\\/\"]}]},{\"@type\":\"ImageObject\",\"inLanguage\":\"de\",\"@id\":\"https:\\\/\\\/marktxxl.de\\\/markt\\\/produkt\\\/standxt-elektrisch-hoehenverstellbarer-schreibtisch-gestell-2-motoren-hoehe-62-128cm-tischgestell-d08-advanced-kollisionsschutz-memoryfunktion\\\/#primaryimage\",\"url\":\"https:\\\/\\\/m.media-amazon.com\\\/images\\\/I\\\/31f02PiMw0L._SL500_.jpg\",\"contentUrl\":\"https:\\\/\\\/m.media-amazon.com\\\/images\\\/I\\\/31f02PiMw0L._SL500_.jpg\",\"width\":500,\"height\":416},{\"@type\":\"BreadcrumbList\",\"@id\":\"https:\\\/\\\/marktxxl.de\\\/markt\\\/produkt\\\/standxt-elektrisch-hoehenverstellbarer-schreibtisch-gestell-2-motoren-hoehe-62-128cm-tischgestell-d08-advanced-kollisionsschutz-memoryfunktion\\\/#breadcrumb\",\"itemListElement\":[{\"@type\":\"ListItem\",\"position\":1,\"name\":\"Startseite\",\"item\":\"https:\\\/\\\/marktxxl.de\\\/markt\\\/\"},{\"@type\":\"ListItem\",\"position\":2,\"name\":\"Markt\",\"item\":\"https:\\\/\\\/marktxxl.de\\\/markt\\\/\"},{\"@type\":\"ListItem\",\"position\":3,\"name\":\"StandXT D08 Advanced elektrisch h\u00f6henverstellbarer Schreibtisch Stehpult Tischgestell Tischbeine (H\u00f6he 62-128 cm\u2026\"}]},{\"@type\":\"WebSite\",\"@id\":\"https:\\\/\\\/marktxxl.de\\\/markt\\\/#website\",\"url\":\"https:\\\/\\\/marktxxl.de\\\/markt\\\/\",\"name\":\"Markt-XXL\",\"description\":\"Ihr Markt Online\",\"publisher\":{\"@id\":\"https:\\\/\\\/marktxxl.de\\\/markt\\\/#organization\"},\"potentialAction\":[{\"@type\":\"SearchAction\",\"target\":{\"@type\":\"EntryPoint\",\"urlTemplate\":\"https:\\\/\\\/marktxxl.de\\\/markt\\\/?s={search_term_string}\"},\"query-input\":{\"@type\":\"PropertyValueSpecification\",\"valueRequired\":true,\"valueName\":\"search_term_string\"}}],\"inLanguage\":\"de\"},{\"@type\":\"Organization\",\"@id\":\"https:\\\/\\\/marktxxl.de\\\/markt\\\/#organization\",\"name\":\"Markt-XXL\",\"url\":\"https:\\\/\\\/marktxxl.de\\\/markt\\\/\",\"logo\":{\"@type\":\"ImageObject\",\"inLanguage\":\"de\",\"@id\":\"https:\\\/\\\/marktxxl.de\\\/markt\\\/#\\\/schema\\\/logo\\\/image\\\/\",\"url\":\"https:\\\/\\\/marktxxl.de\\\/markt\\\/wp-content\\\/uploads\\\/sites\\\/3\\\/2020\\\/12\\\/logo.png\",\"contentUrl\":\"https:\\\/\\\/marktxxl.de\\\/markt\\\/wp-content\\\/uploads\\\/sites\\\/3\\\/2020\\\/12\\\/logo.png\",\"width\":200,\"height\":70,\"caption\":\"Markt-XXL\"},\"image\":{\"@id\":\"https:\\\/\\\/marktxxl.de\\\/markt\\\/#\\\/schema\\\/logo\\\/image\\\/\"}}]}<\/script>\n<!-- \/ Yoast SEO plugin. -->","yoast_head_json":{"title":"StandXT D08 Advanced elektrisch h\u00f6henverstellbarer Schreibtisch Stehpult Tischgestell Tischbeine (H\u00f6he 62-128 cm\u2026 - Markt-XXL","description":"Markt-XXL StandXT D08 Advanced elektrisch h\u00f6henverstellbarer Schreibtisch Stehpult Tischgestell Tischbeine (H\u00f6he 62-128 cm\u2026","robots":{"index":"index","follow":"follow","max-snippet":"max-snippet:-1","max-image-preview":"max-image-preview:large","max-video-preview":"max-video-preview:-1"},"canonical":"https:\/\/marktxxl.de\/markt\/produkt\/standxt-elektrisch-hoehenverstellbarer-schreibtisch-gestell-2-motoren-hoehe-62-128cm-tischgestell-d08-advanced-kollisionsschutz-memoryfunktion\/","og_locale":"de_DE","og_type":"article","og_title":"StandXT D08 Advanced elektrisch h\u00f6henverstellbarer Schreibtisch Stehpult Tischgestell Tischbeine (H\u00f6he 62-128 cm\u2026 - Markt-XXL","og_description":"Markt-XXL StandXT D08 Advanced elektrisch h\u00f6henverstellbarer Schreibtisch Stehpult Tischgestell Tischbeine (H\u00f6he 62-128 cm\u2026","og_url":"https:\/\/marktxxl.de\/markt\/produkt\/standxt-elektrisch-hoehenverstellbarer-schreibtisch-gestell-2-motoren-hoehe-62-128cm-tischgestell-d08-advanced-kollisionsschutz-memoryfunktion\/","og_site_name":"Markt-XXL","article_modified_time":"2023-04-10T02:40:34+00:00","og_image":[{"width":500,"height":416,"url":"https:\/\/m.media-amazon.com\/images\/I\/31f02PiMw0L._SL500_.jpg","type":"image\/jpeg"}],"twitter_card":"summary_large_image","twitter_misc":{"Gesch\u00e4tzte Lesezeit":"1\u00a0Minute"},"schema":{"@context":"https:\/\/schema.org","@graph":[{"@type":"WebPage","@id":"https:\/\/marktxxl.de\/markt\/produkt\/standxt-elektrisch-hoehenverstellbarer-schreibtisch-gestell-2-motoren-hoehe-62-128cm-tischgestell-d08-advanced-kollisionsschutz-memoryfunktion\/","url":"https:\/\/marktxxl.de\/markt\/produkt\/standxt-elektrisch-hoehenverstellbarer-schreibtisch-gestell-2-motoren-hoehe-62-128cm-tischgestell-d08-advanced-kollisionsschutz-memoryfunktion\/","name":"StandXT D08 Advanced elektrisch h\u00f6henverstellbarer Schreibtisch Stehpult Tischgestell Tischbeine (H\u00f6he 62-128 cm\u2026 - Markt-XXL","isPartOf":{"@id":"https:\/\/marktxxl.de\/markt\/#website"},"primaryImageOfPage":{"@id":"https:\/\/marktxxl.de\/markt\/produkt\/standxt-elektrisch-hoehenverstellbarer-schreibtisch-gestell-2-motoren-hoehe-62-128cm-tischgestell-d08-advanced-kollisionsschutz-memoryfunktion\/#primaryimage"},"image":{"@id":"https:\/\/marktxxl.de\/markt\/produkt\/standxt-elektrisch-hoehenverstellbarer-schreibtisch-gestell-2-motoren-hoehe-62-128cm-tischgestell-d08-advanced-kollisionsschutz-memoryfunktion\/#primaryimage"},"thumbnailUrl":"https:\/\/m.media-amazon.com\/images\/I\/31f02PiMw0L._SL500_.jpg","datePublished":"2022-09-12T06:49:41+00:00","dateModified":"2023-04-10T02:40:34+00:00","description":"Markt-XXL StandXT D08 Advanced elektrisch h\u00f6henverstellbarer Schreibtisch Stehpult Tischgestell Tischbeine (H\u00f6he 62-128 cm\u2026","breadcrumb":{"@id":"https:\/\/marktxxl.de\/markt\/produkt\/standxt-elektrisch-hoehenverstellbarer-schreibtisch-gestell-2-motoren-hoehe-62-128cm-tischgestell-d08-advanced-kollisionsschutz-memoryfunktion\/#breadcrumb"},"inLanguage":"de","potentialAction":[{"@type":"ReadAction","target":["https:\/\/marktxxl.de\/markt\/produkt\/standxt-elektrisch-hoehenverstellbarer-schreibtisch-gestell-2-motoren-hoehe-62-128cm-tischgestell-d08-advanced-kollisionsschutz-memoryfunktion\/"]}]},{"@type":"ImageObject","inLanguage":"de","@id":"https:\/\/marktxxl.de\/markt\/produkt\/standxt-elektrisch-hoehenverstellbarer-schreibtisch-gestell-2-motoren-hoehe-62-128cm-tischgestell-d08-advanced-kollisionsschutz-memoryfunktion\/#primaryimage","url":"https:\/\/m.media-amazon.com\/images\/I\/31f02PiMw0L._SL500_.jpg","contentUrl":"https:\/\/m.media-amazon.com\/images\/I\/31f02PiMw0L._SL500_.jpg","width":500,"height":416},{"@type":"BreadcrumbList","@id":"https:\/\/marktxxl.de\/markt\/produkt\/standxt-elektrisch-hoehenverstellbarer-schreibtisch-gestell-2-motoren-hoehe-62-128cm-tischgestell-d08-advanced-kollisionsschutz-memoryfunktion\/#breadcrumb","itemListElement":[{"@type":"ListItem","position":1,"name":"Startseite","item":"https:\/\/marktxxl.de\/markt\/"},{"@type":"ListItem","position":2,"name":"Markt","item":"https:\/\/marktxxl.de\/markt\/"},{"@type":"ListItem","position":3,"name":"StandXT D08 Advanced elektrisch h\u00f6henverstellbarer Schreibtisch Stehpult Tischgestell Tischbeine (H\u00f6he 62-128 cm\u2026"}]},{"@type":"WebSite","@id":"https:\/\/marktxxl.de\/markt\/#website","url":"https:\/\/marktxxl.de\/markt\/","name":"Markt-XXL","description":"Ihr Markt Online","publisher":{"@id":"https:\/\/marktxxl.de\/markt\/#organization"},"potentialAction":[{"@type":"SearchAction","target":{"@type":"EntryPoint","urlTemplate":"https:\/\/marktxxl.de\/markt\/?s={search_term_string}"},"query-input":{"@type":"PropertyValueSpecification","valueRequired":true,"valueName":"search_term_string"}}],"inLanguage":"de"},{"@type":"Organization","@id":"https:\/\/marktxxl.de\/markt\/#organization","name":"Markt-XXL","url":"https:\/\/marktxxl.de\/markt\/","logo":{"@type":"ImageObject","inLanguage":"de","@id":"https:\/\/marktxxl.de\/markt\/#\/schema\/logo\/image\/","url":"https:\/\/marktxxl.de\/markt\/wp-content\/uploads\/sites\/3\/2020\/12\/logo.png","contentUrl":"https:\/\/marktxxl.de\/markt\/wp-content\/uploads\/sites\/3\/2020\/12\/logo.png","width":200,"height":70,"caption":"Markt-XXL"},"image":{"@id":"https:\/\/marktxxl.de\/markt\/#\/schema\/logo\/image\/"}}]}},"_links":{"self":[{"href":"https:\/\/marktxxl.de\/markt\/wp-json\/wp\/v2\/product\/153074","targetHints":{"allow":["GET"]}}],"collection":[{"href":"https:\/\/marktxxl.de\/markt\/wp-json\/wp\/v2\/product"}],"about":[{"href":"https:\/\/marktxxl.de\/markt\/wp-json\/wp\/v2\/types\/product"}],"replies":[{"embeddable":true,"href":"https:\/\/marktxxl.de\/markt\/wp-json\/wp\/v2\/comments?post=153074"}],"wp:featuredmedia":[{"embeddable":true,"href":"https:\/\/marktxxl.de\/markt\/wp-json\/wp\/v2\/media\/153075"}],"wp:attachment":[{"href":"https:\/\/marktxxl.de\/markt\/wp-json\/wp\/v2\/media?parent=153074"}],"wp:term":[{"taxonomy":"product_brand","embeddable":true,"href":"https:\/\/marktxxl.de\/markt\/wp-json\/wp\/v2\/product_brand?post=153074"},{"taxonomy":"product_cat","embeddable":true,"href":"https:\/\/marktxxl.de\/markt\/wp-json\/wp\/v2\/product_cat?post=153074"},{"taxonomy":"product_tag","embeddable":true,"href":"https:\/\/marktxxl.de\/markt\/wp-json\/wp\/v2\/product_tag?post=153074"}],"curies":[{"name":"wp","href":"https:\/\/api.w.org\/{rel}","templated":true}]}}