{"id":152877,"date":"2022-09-12T08:41:01","date_gmt":"2022-09-12T06:41:01","guid":{"rendered":"https:\/\/marktxxl.de\/markt\/produkt\/babysense-baby-monitor-mit-5-hd-split-screen-babyphone-mit-2-hd-kameras-fernbedienung-ptz-nachtlicht-300m-reichweite-zwei-wege-audio-4-facher-zoom-4000mah-akku\/"},"modified":"2023-04-10T04:40:29","modified_gmt":"2023-04-10T02:40:29","slug":"babysense-baby-monitor-mit-5-hd-split-screen-babyphone-mit-2-hd-kameras-fernbedienung-ptz-nachtlicht-300m-reichweite-zwei-wege-audio-4-facher-zoom-4000mah-akku","status":"publish","type":"product","link":"https:\/\/marktxxl.de\/markt\/produkt\/babysense-baby-monitor-mit-5-hd-split-screen-babyphone-mit-2-hd-kameras-fernbedienung-ptz-nachtlicht-300m-reichweite-zwei-wege-audio-4-facher-zoom-4000mah-akku\/","title":{"rendered":"Babysense Baby Monitor mit 5&#8243; HD Split-Screen, Babyphone mit 2 HD-Kameras, Fernbedienung PTZ, Nachtlicht, 300m Reichweite, Zwei-Wege-Audio, 4-facher Zoom, 4000mAh Akku"},"content":{"rendered":"<p>Hackproof &amp; High Definition View: Das 720 HD-Bild auf dem gro\u00dfen 5 Zoll LCD-Display bietet kristallklare und sichere Sicht. Genie\u00dfen Sie exquisiten Fernbedienungs-Komfort mit ferngesteuertem Schwenk- und Neigungswinkel und bis zu 4-fachem Zoom, in einer Reichweite von 292,6 m.<br \/>\nSplit-Screen-HD-Display mit 2 HD-Kameras: Im Gegensatz zu den meisten Standard-Babymonitoren ist dieses HD-Video-Babyphone mit 2 HD-Kameras und Split-Screen-Funktion ausgestattet, sodass beide Kameras oder Babys nebeneinander auf dem gleichen Bildschirm sehen k\u00f6nnen. Sie werden sicher immer wissen, was in Ihrem Babyzimmer passiert! Verbinden Sie bis zu 4 Kameras in verschiedenen R\u00e4umen.<br \/>\nBeruhigen und tr\u00f6sten Sie Ihr Baby: Verwenden Sie den Zwei-Wege-Audio, den wei\u00dfen Rauschton oder die programmierten Schlaflieder Ger\u00e4usche, um Ihr Baby aus der Ferne zu beruhigen. Beobachten Sie Ihr Kind rund um die Uhr im Kinderzimmer dank der IR-Nachtsicht dieses hochwertigen tragbaren Baby-Kamera-Monitors.<br \/>\nVerpassen Sie nie einen einzigen Moment: Wir verwenden einen neuartigen 4000mAh Akku und Energiesparmodus f\u00fcr die automatische Aktivierung des Monitors basierend auf dem Klang Ihres Babys. Genie\u00dfen Sie das integrierte Nachtlicht mit anpassungsf\u00e4higer Intensit\u00e4t, um ein optimales Schlafklima in Ihrem Babyzimmer zu gew\u00e4hrleisten.<br \/>\nInvestieren Sie in Ihren Seelenfrieden: Es gibt nichts stressigeres, als nicht zu wissen, was Ihr Kind tut. Deshalb wird unser Babyphone mit 2 Kameras geliefert, die kein WLAN ben\u00f6tigen (kein Hackrisiken) und Ihnen erm\u00f6glichen, nachts besser zu schlafen.<br \/>\n<div class=\"main-cross-sell\" data-asin=\"B0B68MQ76N\">\n\n\t<div class=\"WooZone-cross-sell-loader\">\n\t\t<div>\n\t\t\t<div id=\"floatingBarsG\">\n\t\t\t\t<div class=\"blockG\" id=\"rotateG_01\"><\/div>\n\t\t\t\t<div class=\"blockG\" id=\"rotateG_02\"><\/div>\n\t\t\t\t<div class=\"blockG\" id=\"rotateG_03\"><\/div>\n\t\t\t\t<div class=\"blockG\" id=\"rotateG_04\"><\/div>\n\t\t\t\t<div class=\"blockG\" id=\"rotateG_05\"><\/div>\n\t\t\t\t<div class=\"blockG\" id=\"rotateG_06\"><\/div>\n\t\t\t\t<div class=\"blockG\" id=\"rotateG_07\"><\/div>\n\t\t\t\t<div class=\"blockG\" id=\"rotateG_08\"><\/div>\n\t\t\t<\/div>\n\t\t\t<div class=\"WooZone-cross-sell-loader-text\"><\/div>\n\t\t<\/div>\n\t<\/div>\n\n\t\t\n<\/div>\n<div style=\"clear:both;\"><\/div><\/p>\n","protected":false},"excerpt":{"rendered":"<p>Hackproof &amp; High Definition View: Das 720 HD-Bild auf dem gro\u00dfen 5 Zoll LCD-Display bietet kristallklare und sichere Sicht. Genie\u00dfen Sie exquisiten Fernbedienungs-Komfort mit ferngesteuertem Schwenk- und Neigungswinkel und bis zu 4-fachem Zoom, in einer Reichweite von 292,6 m.<br \/>\nSplit-Screen-HD-Display mit 2 HD-Kameras: Im Gegensatz zu den meisten Standard-Babymonitoren ist dieses HD-Video-Babyphone mit 2 HD-Kameras und Split-Screen-Funktion ausgestattet, sodass beide Kameras oder Babys nebeneinander auf dem gleichen Bildschirm sehen k\u00f6nnen. Sie werden sicher immer wissen, was in Ihrem Babyzimmer passiert! Verbinden Sie bis zu 4 Kameras in verschiedenen R\u00e4umen.<br \/>\nBeruhigen und tr\u00f6sten Sie Ihr Baby: Verwenden Sie den Zwei-Wege-Audio, den wei\u00dfen Rauschton oder die programmierten Schlaflieder Ger\u00e4usche, um Ihr Baby aus der Ferne zu beruhigen. Beobachten Sie Ihr Kind rund um die Uhr im Kinderzimmer dank der IR-Nachtsicht dieses hochwertigen tragbaren Baby-Kamera-Monitors.<\/p>\n","protected":false},"featured_media":152878,"comment_status":"open","ping_status":"closed","template":"","meta":[],"product_brand":[],"product_cat":[21,9378],"product_tag":[],"class_list":{"0":"post-152877","1":"product","2":"type-product","3":"status-publish","4":"has-post-thumbnail","6":"product_cat-baby","7":"product_cat-sicherheit-baby","8":"pa_brand-babysense","9":"pa_manufacturer-hisense-ltd","10":"pa_model-hds2-2cam-eu","11":"pa_size-3-teiliges-set","12":"pa_warranty-1-year-manufacturers-warranty","13":"pa_weight-2-2707612986-pfund","15":"first","16":"instock","17":"shipping-taxable","18":"purchasable","19":"product-type-simple","20":"customify-col","21":"product-has-gallery"},"yoast_head":"<!-- This site is optimized with the Yoast SEO plugin v27.4 - https:\/\/yoast.com\/product\/yoast-seo-wordpress\/ -->\n<title>Babysense Baby Monitor mit 5&quot; HD Split-Screen, Babyphone mit 2 HD-Kameras, Fernbedienung PTZ, Nachtlicht, 300m Reichweite, Zwei-Wege-Audio, 4-facher Zoom, 4000mAh Akku - Markt-XXL<\/title>\n<meta name=\"description\" content=\"Markt-XXL Babysense Baby Monitor mit 5&quot; HD Split-Screen, Babyphone mit 2 HD-Kameras, Fernbedienung PTZ, Nachtlicht, 300m Reichweite, Zwei-Wege-Audio, 4-facher Zoom, 4000mAh Akku\" \/>\n<meta name=\"robots\" content=\"index, follow, max-snippet:-1, max-image-preview:large, max-video-preview:-1\" \/>\n<link rel=\"canonical\" href=\"https:\/\/marktxxl.de\/markt\/produkt\/babysense-baby-monitor-mit-5-hd-split-screen-babyphone-mit-2-hd-kameras-fernbedienung-ptz-nachtlicht-300m-reichweite-zwei-wege-audio-4-facher-zoom-4000mah-akku\/\" \/>\n<meta property=\"og:locale\" content=\"de_DE\" \/>\n<meta property=\"og:type\" content=\"article\" \/>\n<meta property=\"og:title\" content=\"Babysense Baby Monitor mit 5&quot; HD Split-Screen, Babyphone mit 2 HD-Kameras, Fernbedienung PTZ, Nachtlicht, 300m Reichweite, Zwei-Wege-Audio, 4-facher Zoom, 4000mAh Akku - Markt-XXL\" \/>\n<meta property=\"og:description\" content=\"Markt-XXL Babysense Baby Monitor mit 5&quot; HD Split-Screen, Babyphone mit 2 HD-Kameras, Fernbedienung PTZ, Nachtlicht, 300m Reichweite, Zwei-Wege-Audio, 4-facher Zoom, 4000mAh Akku\" \/>\n<meta property=\"og:url\" content=\"https:\/\/marktxxl.de\/markt\/produkt\/babysense-baby-monitor-mit-5-hd-split-screen-babyphone-mit-2-hd-kameras-fernbedienung-ptz-nachtlicht-300m-reichweite-zwei-wege-audio-4-facher-zoom-4000mah-akku\/\" \/>\n<meta property=\"og:site_name\" content=\"Markt-XXL\" \/>\n<meta property=\"article:modified_time\" content=\"2023-04-10T02:40:29+00:00\" \/>\n<meta property=\"og:image\" content=\"https:\/\/m.media-amazon.com\/images\/I\/41IEWNkncvL._SL500_.jpg\" \/>\n\t<meta property=\"og:image:width\" content=\"500\" \/>\n\t<meta property=\"og:image:height\" content=\"333\" \/>\n\t<meta property=\"og:image:type\" content=\"image\/jpeg\" \/>\n<meta name=\"twitter:card\" content=\"summary_large_image\" \/>\n<meta name=\"twitter:label1\" content=\"Gesch\u00e4tzte Lesezeit\" \/>\n\t<meta name=\"twitter:data1\" content=\"1\u00a0Minute\" \/>\n<script type=\"application\/ld+json\" class=\"yoast-schema-graph\">{\"@context\":\"https:\\\/\\\/schema.org\",\"@graph\":[{\"@type\":\"WebPage\",\"@id\":\"https:\\\/\\\/marktxxl.de\\\/markt\\\/produkt\\\/babysense-baby-monitor-mit-5-hd-split-screen-babyphone-mit-2-hd-kameras-fernbedienung-ptz-nachtlicht-300m-reichweite-zwei-wege-audio-4-facher-zoom-4000mah-akku\\\/\",\"url\":\"https:\\\/\\\/marktxxl.de\\\/markt\\\/produkt\\\/babysense-baby-monitor-mit-5-hd-split-screen-babyphone-mit-2-hd-kameras-fernbedienung-ptz-nachtlicht-300m-reichweite-zwei-wege-audio-4-facher-zoom-4000mah-akku\\\/\",\"name\":\"Babysense Baby Monitor mit 5\\\" HD Split-Screen, Babyphone mit 2 HD-Kameras, Fernbedienung PTZ, Nachtlicht, 300m Reichweite, Zwei-Wege-Audio, 4-facher Zoom, 4000mAh Akku - Markt-XXL\",\"isPartOf\":{\"@id\":\"https:\\\/\\\/marktxxl.de\\\/markt\\\/#website\"},\"primaryImageOfPage\":{\"@id\":\"https:\\\/\\\/marktxxl.de\\\/markt\\\/produkt\\\/babysense-baby-monitor-mit-5-hd-split-screen-babyphone-mit-2-hd-kameras-fernbedienung-ptz-nachtlicht-300m-reichweite-zwei-wege-audio-4-facher-zoom-4000mah-akku\\\/#primaryimage\"},\"image\":{\"@id\":\"https:\\\/\\\/marktxxl.de\\\/markt\\\/produkt\\\/babysense-baby-monitor-mit-5-hd-split-screen-babyphone-mit-2-hd-kameras-fernbedienung-ptz-nachtlicht-300m-reichweite-zwei-wege-audio-4-facher-zoom-4000mah-akku\\\/#primaryimage\"},\"thumbnailUrl\":\"https:\\\/\\\/m.media-amazon.com\\\/images\\\/I\\\/41IEWNkncvL._SL500_.jpg\",\"datePublished\":\"2022-09-12T06:41:01+00:00\",\"dateModified\":\"2023-04-10T02:40:29+00:00\",\"description\":\"Markt-XXL Babysense Baby Monitor mit 5\\\" HD Split-Screen, Babyphone mit 2 HD-Kameras, Fernbedienung PTZ, Nachtlicht, 300m Reichweite, Zwei-Wege-Audio, 4-facher Zoom, 4000mAh Akku\",\"breadcrumb\":{\"@id\":\"https:\\\/\\\/marktxxl.de\\\/markt\\\/produkt\\\/babysense-baby-monitor-mit-5-hd-split-screen-babyphone-mit-2-hd-kameras-fernbedienung-ptz-nachtlicht-300m-reichweite-zwei-wege-audio-4-facher-zoom-4000mah-akku\\\/#breadcrumb\"},\"inLanguage\":\"de\",\"potentialAction\":[{\"@type\":\"ReadAction\",\"target\":[\"https:\\\/\\\/marktxxl.de\\\/markt\\\/produkt\\\/babysense-baby-monitor-mit-5-hd-split-screen-babyphone-mit-2-hd-kameras-fernbedienung-ptz-nachtlicht-300m-reichweite-zwei-wege-audio-4-facher-zoom-4000mah-akku\\\/\"]}]},{\"@type\":\"ImageObject\",\"inLanguage\":\"de\",\"@id\":\"https:\\\/\\\/marktxxl.de\\\/markt\\\/produkt\\\/babysense-baby-monitor-mit-5-hd-split-screen-babyphone-mit-2-hd-kameras-fernbedienung-ptz-nachtlicht-300m-reichweite-zwei-wege-audio-4-facher-zoom-4000mah-akku\\\/#primaryimage\",\"url\":\"https:\\\/\\\/m.media-amazon.com\\\/images\\\/I\\\/41IEWNkncvL._SL500_.jpg\",\"contentUrl\":\"https:\\\/\\\/m.media-amazon.com\\\/images\\\/I\\\/41IEWNkncvL._SL500_.jpg\",\"width\":500,\"height\":333},{\"@type\":\"BreadcrumbList\",\"@id\":\"https:\\\/\\\/marktxxl.de\\\/markt\\\/produkt\\\/babysense-baby-monitor-mit-5-hd-split-screen-babyphone-mit-2-hd-kameras-fernbedienung-ptz-nachtlicht-300m-reichweite-zwei-wege-audio-4-facher-zoom-4000mah-akku\\\/#breadcrumb\",\"itemListElement\":[{\"@type\":\"ListItem\",\"position\":1,\"name\":\"Startseite\",\"item\":\"https:\\\/\\\/marktxxl.de\\\/markt\\\/\"},{\"@type\":\"ListItem\",\"position\":2,\"name\":\"Markt\",\"item\":\"https:\\\/\\\/marktxxl.de\\\/markt\\\/\"},{\"@type\":\"ListItem\",\"position\":3,\"name\":\"Babysense Baby Monitor mit 5&#8243; HD Split-Screen, Babyphone mit 2 HD-Kameras, Fernbedienung PTZ, Nachtlicht, 300m Reichweite, Zwei-Wege-Audio, 4-facher Zoom, 4000mAh Akku\"}]},{\"@type\":\"WebSite\",\"@id\":\"https:\\\/\\\/marktxxl.de\\\/markt\\\/#website\",\"url\":\"https:\\\/\\\/marktxxl.de\\\/markt\\\/\",\"name\":\"Markt-XXL\",\"description\":\"Ihr Markt Online\",\"publisher\":{\"@id\":\"https:\\\/\\\/marktxxl.de\\\/markt\\\/#organization\"},\"potentialAction\":[{\"@type\":\"SearchAction\",\"target\":{\"@type\":\"EntryPoint\",\"urlTemplate\":\"https:\\\/\\\/marktxxl.de\\\/markt\\\/?s={search_term_string}\"},\"query-input\":{\"@type\":\"PropertyValueSpecification\",\"valueRequired\":true,\"valueName\":\"search_term_string\"}}],\"inLanguage\":\"de\"},{\"@type\":\"Organization\",\"@id\":\"https:\\\/\\\/marktxxl.de\\\/markt\\\/#organization\",\"name\":\"Markt-XXL\",\"url\":\"https:\\\/\\\/marktxxl.de\\\/markt\\\/\",\"logo\":{\"@type\":\"ImageObject\",\"inLanguage\":\"de\",\"@id\":\"https:\\\/\\\/marktxxl.de\\\/markt\\\/#\\\/schema\\\/logo\\\/image\\\/\",\"url\":\"https:\\\/\\\/marktxxl.de\\\/markt\\\/wp-content\\\/uploads\\\/sites\\\/3\\\/2020\\\/12\\\/logo.png\",\"contentUrl\":\"https:\\\/\\\/marktxxl.de\\\/markt\\\/wp-content\\\/uploads\\\/sites\\\/3\\\/2020\\\/12\\\/logo.png\",\"width\":200,\"height\":70,\"caption\":\"Markt-XXL\"},\"image\":{\"@id\":\"https:\\\/\\\/marktxxl.de\\\/markt\\\/#\\\/schema\\\/logo\\\/image\\\/\"}}]}<\/script>\n<!-- \/ Yoast SEO plugin. -->","yoast_head_json":{"title":"Babysense Baby Monitor mit 5\" HD Split-Screen, Babyphone mit 2 HD-Kameras, Fernbedienung PTZ, Nachtlicht, 300m Reichweite, Zwei-Wege-Audio, 4-facher Zoom, 4000mAh Akku - Markt-XXL","description":"Markt-XXL Babysense Baby Monitor mit 5\" HD Split-Screen, Babyphone mit 2 HD-Kameras, Fernbedienung PTZ, Nachtlicht, 300m Reichweite, Zwei-Wege-Audio, 4-facher Zoom, 4000mAh Akku","robots":{"index":"index","follow":"follow","max-snippet":"max-snippet:-1","max-image-preview":"max-image-preview:large","max-video-preview":"max-video-preview:-1"},"canonical":"https:\/\/marktxxl.de\/markt\/produkt\/babysense-baby-monitor-mit-5-hd-split-screen-babyphone-mit-2-hd-kameras-fernbedienung-ptz-nachtlicht-300m-reichweite-zwei-wege-audio-4-facher-zoom-4000mah-akku\/","og_locale":"de_DE","og_type":"article","og_title":"Babysense Baby Monitor mit 5\" HD Split-Screen, Babyphone mit 2 HD-Kameras, Fernbedienung PTZ, Nachtlicht, 300m Reichweite, Zwei-Wege-Audio, 4-facher Zoom, 4000mAh Akku - Markt-XXL","og_description":"Markt-XXL Babysense Baby Monitor mit 5\" HD Split-Screen, Babyphone mit 2 HD-Kameras, Fernbedienung PTZ, Nachtlicht, 300m Reichweite, Zwei-Wege-Audio, 4-facher Zoom, 4000mAh Akku","og_url":"https:\/\/marktxxl.de\/markt\/produkt\/babysense-baby-monitor-mit-5-hd-split-screen-babyphone-mit-2-hd-kameras-fernbedienung-ptz-nachtlicht-300m-reichweite-zwei-wege-audio-4-facher-zoom-4000mah-akku\/","og_site_name":"Markt-XXL","article_modified_time":"2023-04-10T02:40:29+00:00","og_image":[{"width":500,"height":333,"url":"https:\/\/m.media-amazon.com\/images\/I\/41IEWNkncvL._SL500_.jpg","type":"image\/jpeg"}],"twitter_card":"summary_large_image","twitter_misc":{"Gesch\u00e4tzte Lesezeit":"1\u00a0Minute"},"schema":{"@context":"https:\/\/schema.org","@graph":[{"@type":"WebPage","@id":"https:\/\/marktxxl.de\/markt\/produkt\/babysense-baby-monitor-mit-5-hd-split-screen-babyphone-mit-2-hd-kameras-fernbedienung-ptz-nachtlicht-300m-reichweite-zwei-wege-audio-4-facher-zoom-4000mah-akku\/","url":"https:\/\/marktxxl.de\/markt\/produkt\/babysense-baby-monitor-mit-5-hd-split-screen-babyphone-mit-2-hd-kameras-fernbedienung-ptz-nachtlicht-300m-reichweite-zwei-wege-audio-4-facher-zoom-4000mah-akku\/","name":"Babysense Baby Monitor mit 5\" HD Split-Screen, Babyphone mit 2 HD-Kameras, Fernbedienung PTZ, Nachtlicht, 300m Reichweite, Zwei-Wege-Audio, 4-facher Zoom, 4000mAh Akku - Markt-XXL","isPartOf":{"@id":"https:\/\/marktxxl.de\/markt\/#website"},"primaryImageOfPage":{"@id":"https:\/\/marktxxl.de\/markt\/produkt\/babysense-baby-monitor-mit-5-hd-split-screen-babyphone-mit-2-hd-kameras-fernbedienung-ptz-nachtlicht-300m-reichweite-zwei-wege-audio-4-facher-zoom-4000mah-akku\/#primaryimage"},"image":{"@id":"https:\/\/marktxxl.de\/markt\/produkt\/babysense-baby-monitor-mit-5-hd-split-screen-babyphone-mit-2-hd-kameras-fernbedienung-ptz-nachtlicht-300m-reichweite-zwei-wege-audio-4-facher-zoom-4000mah-akku\/#primaryimage"},"thumbnailUrl":"https:\/\/m.media-amazon.com\/images\/I\/41IEWNkncvL._SL500_.jpg","datePublished":"2022-09-12T06:41:01+00:00","dateModified":"2023-04-10T02:40:29+00:00","description":"Markt-XXL Babysense Baby Monitor mit 5\" HD Split-Screen, Babyphone mit 2 HD-Kameras, Fernbedienung PTZ, Nachtlicht, 300m Reichweite, Zwei-Wege-Audio, 4-facher Zoom, 4000mAh Akku","breadcrumb":{"@id":"https:\/\/marktxxl.de\/markt\/produkt\/babysense-baby-monitor-mit-5-hd-split-screen-babyphone-mit-2-hd-kameras-fernbedienung-ptz-nachtlicht-300m-reichweite-zwei-wege-audio-4-facher-zoom-4000mah-akku\/#breadcrumb"},"inLanguage":"de","potentialAction":[{"@type":"ReadAction","target":["https:\/\/marktxxl.de\/markt\/produkt\/babysense-baby-monitor-mit-5-hd-split-screen-babyphone-mit-2-hd-kameras-fernbedienung-ptz-nachtlicht-300m-reichweite-zwei-wege-audio-4-facher-zoom-4000mah-akku\/"]}]},{"@type":"ImageObject","inLanguage":"de","@id":"https:\/\/marktxxl.de\/markt\/produkt\/babysense-baby-monitor-mit-5-hd-split-screen-babyphone-mit-2-hd-kameras-fernbedienung-ptz-nachtlicht-300m-reichweite-zwei-wege-audio-4-facher-zoom-4000mah-akku\/#primaryimage","url":"https:\/\/m.media-amazon.com\/images\/I\/41IEWNkncvL._SL500_.jpg","contentUrl":"https:\/\/m.media-amazon.com\/images\/I\/41IEWNkncvL._SL500_.jpg","width":500,"height":333},{"@type":"BreadcrumbList","@id":"https:\/\/marktxxl.de\/markt\/produkt\/babysense-baby-monitor-mit-5-hd-split-screen-babyphone-mit-2-hd-kameras-fernbedienung-ptz-nachtlicht-300m-reichweite-zwei-wege-audio-4-facher-zoom-4000mah-akku\/#breadcrumb","itemListElement":[{"@type":"ListItem","position":1,"name":"Startseite","item":"https:\/\/marktxxl.de\/markt\/"},{"@type":"ListItem","position":2,"name":"Markt","item":"https:\/\/marktxxl.de\/markt\/"},{"@type":"ListItem","position":3,"name":"Babysense Baby Monitor mit 5&#8243; HD Split-Screen, Babyphone mit 2 HD-Kameras, Fernbedienung PTZ, Nachtlicht, 300m Reichweite, Zwei-Wege-Audio, 4-facher Zoom, 4000mAh Akku"}]},{"@type":"WebSite","@id":"https:\/\/marktxxl.de\/markt\/#website","url":"https:\/\/marktxxl.de\/markt\/","name":"Markt-XXL","description":"Ihr Markt Online","publisher":{"@id":"https:\/\/marktxxl.de\/markt\/#organization"},"potentialAction":[{"@type":"SearchAction","target":{"@type":"EntryPoint","urlTemplate":"https:\/\/marktxxl.de\/markt\/?s={search_term_string}"},"query-input":{"@type":"PropertyValueSpecification","valueRequired":true,"valueName":"search_term_string"}}],"inLanguage":"de"},{"@type":"Organization","@id":"https:\/\/marktxxl.de\/markt\/#organization","name":"Markt-XXL","url":"https:\/\/marktxxl.de\/markt\/","logo":{"@type":"ImageObject","inLanguage":"de","@id":"https:\/\/marktxxl.de\/markt\/#\/schema\/logo\/image\/","url":"https:\/\/marktxxl.de\/markt\/wp-content\/uploads\/sites\/3\/2020\/12\/logo.png","contentUrl":"https:\/\/marktxxl.de\/markt\/wp-content\/uploads\/sites\/3\/2020\/12\/logo.png","width":200,"height":70,"caption":"Markt-XXL"},"image":{"@id":"https:\/\/marktxxl.de\/markt\/#\/schema\/logo\/image\/"}}]}},"_links":{"self":[{"href":"https:\/\/marktxxl.de\/markt\/wp-json\/wp\/v2\/product\/152877","targetHints":{"allow":["GET"]}}],"collection":[{"href":"https:\/\/marktxxl.de\/markt\/wp-json\/wp\/v2\/product"}],"about":[{"href":"https:\/\/marktxxl.de\/markt\/wp-json\/wp\/v2\/types\/product"}],"replies":[{"embeddable":true,"href":"https:\/\/marktxxl.de\/markt\/wp-json\/wp\/v2\/comments?post=152877"}],"wp:featuredmedia":[{"embeddable":true,"href":"https:\/\/marktxxl.de\/markt\/wp-json\/wp\/v2\/media\/152878"}],"wp:attachment":[{"href":"https:\/\/marktxxl.de\/markt\/wp-json\/wp\/v2\/media?parent=152877"}],"wp:term":[{"taxonomy":"product_brand","embeddable":true,"href":"https:\/\/marktxxl.de\/markt\/wp-json\/wp\/v2\/product_brand?post=152877"},{"taxonomy":"product_cat","embeddable":true,"href":"https:\/\/marktxxl.de\/markt\/wp-json\/wp\/v2\/product_cat?post=152877"},{"taxonomy":"product_tag","embeddable":true,"href":"https:\/\/marktxxl.de\/markt\/wp-json\/wp\/v2\/product_tag?post=152877"}],"curies":[{"name":"wp","href":"https:\/\/api.w.org\/{rel}","templated":true}]}}