{"id":152781,"date":"2022-09-12T08:37:33","date_gmt":"2022-09-12T06:37:33","guid":{"rendered":"https:\/\/marktxxl.de\/markt\/produkt\/herbalind-3-kammer-waermekissen-koernerkissen-schulter-nacken-50x20-cm-in-karo-petrol-100-baumwolle-getreidekissen-mit-bio-roggen-und-weizen-fuellung-fuer-mikrowelle-geschenk-fuer-maenner\/"},"modified":"2023-04-11T04:33:32","modified_gmt":"2023-04-11T02:33:32","slug":"herbalind-3-kammer-waermekissen-koernerkissen-schulter-nacken-50x20-cm-in-karo-petrol-100-baumwolle-getreidekissen-mit-bio-roggen-und-weizen-fuellung-fuer-mikrowelle-geschenk-fuer-maenner","status":"publish","type":"product","link":"https:\/\/marktxxl.de\/markt\/produkt\/herbalind-3-kammer-waermekissen-koernerkissen-schulter-nacken-50x20-cm-in-karo-petrol-100-baumwolle-getreidekissen-mit-bio-roggen-und-weizen-fuellung-fuer-mikrowelle-geschenk-fuer-maenner\/","title":{"rendered":"HERBALIND 3-Kammer W\u00e4rmekissen K\u00f6rnerkissen Schulter Nacken 50&#215;20 cm in Karo\/petrol &#8211; 100% Baumwolle &#8211; Getreidekissen\u2026"},"content":{"rendered":"<p>\ud83c\udf21\ufe0f 3-KAMMER KISSEN &#8211; Unser 3 Kammer Getreidekissen ist ein W\u00e4rme- oder K\u00e4ltekissen, das wohltuende, langanhaltende W\u00e4rme spendet und ebenso K\u00e4lte optimal speichern kann. Erh\u00e4ltlich in ansprechenden Farben und Designs. Ein nat\u00fcrlicher Temperaturspeicher verbunden mit leichter Massagewirkung, als K\u00e4lte- oder W\u00e4rmekissen optimal einzusetzen. Durch seine 3 Kammern ideal f\u00fcr gr\u00f6\u00dfere K\u00f6rperteile.<br \/>\n\ud83c\udf3e ROGGEN- UND WEIZENKISSEN &#8211; Das lange Getreidekissen spendet langanhaltend W\u00e4rme oder K\u00e4lte. Getreidekissen und Umschl\u00e4ge werden seit langem als beliebtes, nat\u00fcrliches Hausmittel eingesetzt. Der Bezug des Kissens besteht aus 100% Baumwolle. Das hochwertige Kissen kann als rein nat\u00fcrliche Alternative anstatt einer W\u00e4rmflasche verwendet werden.<br \/>\n\ud83d\udc9a REINE NATURPRODUKTE- Als Alternative zur W\u00e4rmeflasche! Bei Herbalind verwenden wir hochwertige Naturprodukte. Das Waermekissen beeinhaltet eine F\u00fcllung aus Roggen und Weizenk\u00f6rnern. F\u00fcr eine sichere Anwendung und lange Produktlebensdauer beachten Sie unsere Anwendungshinweise und Gebrauchsanleitung.<br \/>\n\u2611\ufe0f SICHER UND UNIVERSELL &#8211; Das Getreidekissen ist einfach und sicher in der Anwendung. Das Erw\u00e4rmen in der Mikrowelle dauert nur wenige Minuten, im Backofen ca. 20 min und man genie\u00dft die wohltuende, kuschelige W\u00e4rmequelle. Bei K\u00e4lteanwendung als K\u00e4ltekompresse, f\u00fcr mind. 45 min in den K\u00fchlschrank oder das Gefrierfach legen. K\u00e4lte oder W\u00e4rme, f\u00fcr viele Stellen des K\u00f6rpers geeignet!<br \/>\n\ud83c\udfc6 MADE IN GERMANY &#8211; Unsere Kissen werden in unserem Inklusionsunternehmen in Handarbeit gefertigt, gef\u00fcllt und konfektioniert! Nat\u00fcrliche F\u00fcllstoffe sind kennzeichnend f\u00fcr unsere hochwertigen Produkte. Wir arbeiten nachhaltig und sinnvoll. Made in Germany. HERBALIND wurde 2002 gegr\u00fcndet, setzt auf den Wirtschaftsstandort Deutschland und besch\u00e4ftigt \u00fcber 40% Mitarbeiter mit Einschr\u00e4nkungen.<br \/>\n<div class=\"main-cross-sell\" data-asin=\"B08KGZV81T\">\n\n\t<div class=\"WooZone-cross-sell-loader\">\n\t\t<div>\n\t\t\t<div id=\"floatingBarsG\">\n\t\t\t\t<div class=\"blockG\" id=\"rotateG_01\"><\/div>\n\t\t\t\t<div class=\"blockG\" id=\"rotateG_02\"><\/div>\n\t\t\t\t<div class=\"blockG\" id=\"rotateG_03\"><\/div>\n\t\t\t\t<div class=\"blockG\" id=\"rotateG_04\"><\/div>\n\t\t\t\t<div class=\"blockG\" id=\"rotateG_05\"><\/div>\n\t\t\t\t<div class=\"blockG\" id=\"rotateG_06\"><\/div>\n\t\t\t\t<div class=\"blockG\" id=\"rotateG_07\"><\/div>\n\t\t\t\t<div class=\"blockG\" id=\"rotateG_08\"><\/div>\n\t\t\t<\/div>\n\t\t\t<div class=\"WooZone-cross-sell-loader-text\"><\/div>\n\t\t<\/div>\n\t<\/div>\n\n\t\t\n<\/div>\n<div style=\"clear:both;\"><\/div><\/p>\n","protected":false},"excerpt":{"rendered":"<p>\ud83c\udf21\ufe0f 3-KAMMER KISSEN &#8211; Unser 3 Kammer Getreidekissen ist ein W\u00e4rme- oder K\u00e4ltekissen, das wohltuende, langanhaltende W\u00e4rme spendet und ebenso K\u00e4lte optimal speichern kann. Erh\u00e4ltlich in ansprechenden Farben und Designs. Ein nat\u00fcrlicher Temperaturspeicher verbunden mit leichter Massagewirkung, als K\u00e4lte- oder W\u00e4rmekissen optimal einzusetzen. Durch seine 3 Kammern ideal f\u00fcr gr\u00f6\u00dfere K\u00f6rperteile.<br \/>\n\ud83c\udf3e ROGGEN- UND WEIZENKISSEN &#8211; Das lange Getreidekissen spendet langanhaltend W\u00e4rme oder K\u00e4lte. Getreidekissen und Umschl\u00e4ge werden seit langem als beliebtes, nat\u00fcrliches Hausmittel eingesetzt. Der Bezug des Kissens besteht aus 100% Baumwolle. Das hochwertige Kissen kann als rein nat\u00fcrliche Alternative anstatt einer W\u00e4rmflasche verwendet werden.<br \/>\n\ud83d\udc9a REINE NATURPRODUKTE- Als Alternative zur W\u00e4rmeflasche! Bei Herbalind verwenden wir hochwertige Naturprodukte. Das Waermekissen beeinhaltet eine F\u00fcllung aus Roggen und Weizenk\u00f6rnern. F\u00fcr eine sichere Anwendung und lange Produktlebensdauer beachten Sie unsere Anwendungshinweise und Gebrauchsanleitung.<\/p>\n","protected":false},"featured_media":152782,"comment_status":"open","ping_status":"closed","template":"","meta":[],"product_brand":[],"product_cat":[566,6496],"product_tag":[],"class_list":{"0":"post-152781","1":"product","2":"type-product","3":"status-publish","4":"has-post-thumbnail","6":"product_cat-drogerie-koerperpflege","7":"product_cat-wellness","8":"pa_brand-herbalind","9":"pa_color-3-k-karo-petrol","10":"pa_height-1-968503935-zoll","11":"pa_languages-unbekannt-deutsch","12":"pa_length-19-68503935-zoll","13":"pa_manufacturer-herbalind","14":"pa_model-3-kammer-karo-petrol","15":"pa_size-50x20-cm-1er-pack","16":"pa_weight-1000-gramm","17":"pa_width-7-87401574-zoll","19":"first","20":"instock","21":"shipping-taxable","22":"purchasable","23":"product-type-simple","24":"customify-col","25":"product-has-gallery"},"yoast_head":"<!-- This site is optimized with the Yoast SEO plugin v27.4 - https:\/\/yoast.com\/product\/yoast-seo-wordpress\/ -->\n<title>HERBALIND 3-Kammer W\u00e4rmekissen K\u00f6rnerkissen Schulter Nacken 50x20 cm in Karo\/petrol - 100% Baumwolle - Getreidekissen\u2026 - Markt-XXL<\/title>\n<meta name=\"description\" content=\"Markt-XXL HERBALIND 3-Kammer W\u00e4rmekissen K\u00f6rnerkissen Schulter Nacken 50x20 cm in Karo\/petrol - 100% Baumwolle - Getreidekissen\u2026\" \/>\n<meta name=\"robots\" content=\"index, follow, max-snippet:-1, max-image-preview:large, max-video-preview:-1\" \/>\n<link rel=\"canonical\" href=\"https:\/\/marktxxl.de\/markt\/produkt\/herbalind-3-kammer-waermekissen-koernerkissen-schulter-nacken-50x20-cm-in-karo-petrol-100-baumwolle-getreidekissen-mit-bio-roggen-und-weizen-fuellung-fuer-mikrowelle-geschenk-fuer-maenner\/\" \/>\n<meta property=\"og:locale\" content=\"de_DE\" \/>\n<meta property=\"og:type\" content=\"article\" \/>\n<meta property=\"og:title\" content=\"HERBALIND 3-Kammer W\u00e4rmekissen K\u00f6rnerkissen Schulter Nacken 50x20 cm in Karo\/petrol - 100% Baumwolle - Getreidekissen\u2026 - Markt-XXL\" \/>\n<meta property=\"og:description\" content=\"Markt-XXL HERBALIND 3-Kammer W\u00e4rmekissen K\u00f6rnerkissen Schulter Nacken 50x20 cm in Karo\/petrol - 100% Baumwolle - Getreidekissen\u2026\" \/>\n<meta property=\"og:url\" content=\"https:\/\/marktxxl.de\/markt\/produkt\/herbalind-3-kammer-waermekissen-koernerkissen-schulter-nacken-50x20-cm-in-karo-petrol-100-baumwolle-getreidekissen-mit-bio-roggen-und-weizen-fuellung-fuer-mikrowelle-geschenk-fuer-maenner\/\" \/>\n<meta property=\"og:site_name\" content=\"Markt-XXL\" \/>\n<meta property=\"article:modified_time\" content=\"2023-04-11T02:33:32+00:00\" \/>\n<meta property=\"og:image\" content=\"https:\/\/m.media-amazon.com\/images\/I\/51DbqGREY7L._SL500_.jpg\" \/>\n\t<meta property=\"og:image:width\" content=\"500\" \/>\n\t<meta property=\"og:image:height\" content=\"500\" \/>\n\t<meta property=\"og:image:type\" content=\"image\/jpeg\" \/>\n<meta name=\"twitter:card\" content=\"summary_large_image\" \/>\n<meta name=\"twitter:label1\" content=\"Gesch\u00e4tzte Lesezeit\" \/>\n\t<meta name=\"twitter:data1\" content=\"1\u00a0Minute\" \/>\n<script type=\"application\/ld+json\" class=\"yoast-schema-graph\">{\"@context\":\"https:\\\/\\\/schema.org\",\"@graph\":[{\"@type\":\"WebPage\",\"@id\":\"https:\\\/\\\/marktxxl.de\\\/markt\\\/produkt\\\/herbalind-3-kammer-waermekissen-koernerkissen-schulter-nacken-50x20-cm-in-karo-petrol-100-baumwolle-getreidekissen-mit-bio-roggen-und-weizen-fuellung-fuer-mikrowelle-geschenk-fuer-maenner\\\/\",\"url\":\"https:\\\/\\\/marktxxl.de\\\/markt\\\/produkt\\\/herbalind-3-kammer-waermekissen-koernerkissen-schulter-nacken-50x20-cm-in-karo-petrol-100-baumwolle-getreidekissen-mit-bio-roggen-und-weizen-fuellung-fuer-mikrowelle-geschenk-fuer-maenner\\\/\",\"name\":\"HERBALIND 3-Kammer W\u00e4rmekissen K\u00f6rnerkissen Schulter Nacken 50x20 cm in Karo\\\/petrol - 100% Baumwolle - Getreidekissen\u2026 - Markt-XXL\",\"isPartOf\":{\"@id\":\"https:\\\/\\\/marktxxl.de\\\/markt\\\/#website\"},\"primaryImageOfPage\":{\"@id\":\"https:\\\/\\\/marktxxl.de\\\/markt\\\/produkt\\\/herbalind-3-kammer-waermekissen-koernerkissen-schulter-nacken-50x20-cm-in-karo-petrol-100-baumwolle-getreidekissen-mit-bio-roggen-und-weizen-fuellung-fuer-mikrowelle-geschenk-fuer-maenner\\\/#primaryimage\"},\"image\":{\"@id\":\"https:\\\/\\\/marktxxl.de\\\/markt\\\/produkt\\\/herbalind-3-kammer-waermekissen-koernerkissen-schulter-nacken-50x20-cm-in-karo-petrol-100-baumwolle-getreidekissen-mit-bio-roggen-und-weizen-fuellung-fuer-mikrowelle-geschenk-fuer-maenner\\\/#primaryimage\"},\"thumbnailUrl\":\"https:\\\/\\\/m.media-amazon.com\\\/images\\\/I\\\/51DbqGREY7L._SL500_.jpg\",\"datePublished\":\"2022-09-12T06:37:33+00:00\",\"dateModified\":\"2023-04-11T02:33:32+00:00\",\"description\":\"Markt-XXL HERBALIND 3-Kammer W\u00e4rmekissen K\u00f6rnerkissen Schulter Nacken 50x20 cm in Karo\\\/petrol - 100% Baumwolle - Getreidekissen\u2026\",\"breadcrumb\":{\"@id\":\"https:\\\/\\\/marktxxl.de\\\/markt\\\/produkt\\\/herbalind-3-kammer-waermekissen-koernerkissen-schulter-nacken-50x20-cm-in-karo-petrol-100-baumwolle-getreidekissen-mit-bio-roggen-und-weizen-fuellung-fuer-mikrowelle-geschenk-fuer-maenner\\\/#breadcrumb\"},\"inLanguage\":\"de\",\"potentialAction\":[{\"@type\":\"ReadAction\",\"target\":[\"https:\\\/\\\/marktxxl.de\\\/markt\\\/produkt\\\/herbalind-3-kammer-waermekissen-koernerkissen-schulter-nacken-50x20-cm-in-karo-petrol-100-baumwolle-getreidekissen-mit-bio-roggen-und-weizen-fuellung-fuer-mikrowelle-geschenk-fuer-maenner\\\/\"]}]},{\"@type\":\"ImageObject\",\"inLanguage\":\"de\",\"@id\":\"https:\\\/\\\/marktxxl.de\\\/markt\\\/produkt\\\/herbalind-3-kammer-waermekissen-koernerkissen-schulter-nacken-50x20-cm-in-karo-petrol-100-baumwolle-getreidekissen-mit-bio-roggen-und-weizen-fuellung-fuer-mikrowelle-geschenk-fuer-maenner\\\/#primaryimage\",\"url\":\"https:\\\/\\\/m.media-amazon.com\\\/images\\\/I\\\/51DbqGREY7L._SL500_.jpg\",\"contentUrl\":\"https:\\\/\\\/m.media-amazon.com\\\/images\\\/I\\\/51DbqGREY7L._SL500_.jpg\",\"width\":500,\"height\":500},{\"@type\":\"BreadcrumbList\",\"@id\":\"https:\\\/\\\/marktxxl.de\\\/markt\\\/produkt\\\/herbalind-3-kammer-waermekissen-koernerkissen-schulter-nacken-50x20-cm-in-karo-petrol-100-baumwolle-getreidekissen-mit-bio-roggen-und-weizen-fuellung-fuer-mikrowelle-geschenk-fuer-maenner\\\/#breadcrumb\",\"itemListElement\":[{\"@type\":\"ListItem\",\"position\":1,\"name\":\"Startseite\",\"item\":\"https:\\\/\\\/marktxxl.de\\\/markt\\\/\"},{\"@type\":\"ListItem\",\"position\":2,\"name\":\"Markt\",\"item\":\"https:\\\/\\\/marktxxl.de\\\/markt\\\/\"},{\"@type\":\"ListItem\",\"position\":3,\"name\":\"HERBALIND 3-Kammer W\u00e4rmekissen K\u00f6rnerkissen Schulter Nacken 50&#215;20 cm in Karo\\\/petrol &#8211; 100% Baumwolle &#8211; Getreidekissen\u2026\"}]},{\"@type\":\"WebSite\",\"@id\":\"https:\\\/\\\/marktxxl.de\\\/markt\\\/#website\",\"url\":\"https:\\\/\\\/marktxxl.de\\\/markt\\\/\",\"name\":\"Markt-XXL\",\"description\":\"Ihr Markt Online\",\"publisher\":{\"@id\":\"https:\\\/\\\/marktxxl.de\\\/markt\\\/#organization\"},\"potentialAction\":[{\"@type\":\"SearchAction\",\"target\":{\"@type\":\"EntryPoint\",\"urlTemplate\":\"https:\\\/\\\/marktxxl.de\\\/markt\\\/?s={search_term_string}\"},\"query-input\":{\"@type\":\"PropertyValueSpecification\",\"valueRequired\":true,\"valueName\":\"search_term_string\"}}],\"inLanguage\":\"de\"},{\"@type\":\"Organization\",\"@id\":\"https:\\\/\\\/marktxxl.de\\\/markt\\\/#organization\",\"name\":\"Markt-XXL\",\"url\":\"https:\\\/\\\/marktxxl.de\\\/markt\\\/\",\"logo\":{\"@type\":\"ImageObject\",\"inLanguage\":\"de\",\"@id\":\"https:\\\/\\\/marktxxl.de\\\/markt\\\/#\\\/schema\\\/logo\\\/image\\\/\",\"url\":\"https:\\\/\\\/marktxxl.de\\\/markt\\\/wp-content\\\/uploads\\\/sites\\\/3\\\/2020\\\/12\\\/logo.png\",\"contentUrl\":\"https:\\\/\\\/marktxxl.de\\\/markt\\\/wp-content\\\/uploads\\\/sites\\\/3\\\/2020\\\/12\\\/logo.png\",\"width\":200,\"height\":70,\"caption\":\"Markt-XXL\"},\"image\":{\"@id\":\"https:\\\/\\\/marktxxl.de\\\/markt\\\/#\\\/schema\\\/logo\\\/image\\\/\"}}]}<\/script>\n<!-- \/ Yoast SEO plugin. -->","yoast_head_json":{"title":"HERBALIND 3-Kammer W\u00e4rmekissen K\u00f6rnerkissen Schulter Nacken 50x20 cm in Karo\/petrol - 100% Baumwolle - Getreidekissen\u2026 - Markt-XXL","description":"Markt-XXL HERBALIND 3-Kammer W\u00e4rmekissen K\u00f6rnerkissen Schulter Nacken 50x20 cm in Karo\/petrol - 100% Baumwolle - Getreidekissen\u2026","robots":{"index":"index","follow":"follow","max-snippet":"max-snippet:-1","max-image-preview":"max-image-preview:large","max-video-preview":"max-video-preview:-1"},"canonical":"https:\/\/marktxxl.de\/markt\/produkt\/herbalind-3-kammer-waermekissen-koernerkissen-schulter-nacken-50x20-cm-in-karo-petrol-100-baumwolle-getreidekissen-mit-bio-roggen-und-weizen-fuellung-fuer-mikrowelle-geschenk-fuer-maenner\/","og_locale":"de_DE","og_type":"article","og_title":"HERBALIND 3-Kammer W\u00e4rmekissen K\u00f6rnerkissen Schulter Nacken 50x20 cm in Karo\/petrol - 100% Baumwolle - Getreidekissen\u2026 - Markt-XXL","og_description":"Markt-XXL HERBALIND 3-Kammer W\u00e4rmekissen K\u00f6rnerkissen Schulter Nacken 50x20 cm in Karo\/petrol - 100% Baumwolle - Getreidekissen\u2026","og_url":"https:\/\/marktxxl.de\/markt\/produkt\/herbalind-3-kammer-waermekissen-koernerkissen-schulter-nacken-50x20-cm-in-karo-petrol-100-baumwolle-getreidekissen-mit-bio-roggen-und-weizen-fuellung-fuer-mikrowelle-geschenk-fuer-maenner\/","og_site_name":"Markt-XXL","article_modified_time":"2023-04-11T02:33:32+00:00","og_image":[{"width":500,"height":500,"url":"https:\/\/m.media-amazon.com\/images\/I\/51DbqGREY7L._SL500_.jpg","type":"image\/jpeg"}],"twitter_card":"summary_large_image","twitter_misc":{"Gesch\u00e4tzte Lesezeit":"1\u00a0Minute"},"schema":{"@context":"https:\/\/schema.org","@graph":[{"@type":"WebPage","@id":"https:\/\/marktxxl.de\/markt\/produkt\/herbalind-3-kammer-waermekissen-koernerkissen-schulter-nacken-50x20-cm-in-karo-petrol-100-baumwolle-getreidekissen-mit-bio-roggen-und-weizen-fuellung-fuer-mikrowelle-geschenk-fuer-maenner\/","url":"https:\/\/marktxxl.de\/markt\/produkt\/herbalind-3-kammer-waermekissen-koernerkissen-schulter-nacken-50x20-cm-in-karo-petrol-100-baumwolle-getreidekissen-mit-bio-roggen-und-weizen-fuellung-fuer-mikrowelle-geschenk-fuer-maenner\/","name":"HERBALIND 3-Kammer W\u00e4rmekissen K\u00f6rnerkissen Schulter Nacken 50x20 cm in Karo\/petrol - 100% Baumwolle - Getreidekissen\u2026 - Markt-XXL","isPartOf":{"@id":"https:\/\/marktxxl.de\/markt\/#website"},"primaryImageOfPage":{"@id":"https:\/\/marktxxl.de\/markt\/produkt\/herbalind-3-kammer-waermekissen-koernerkissen-schulter-nacken-50x20-cm-in-karo-petrol-100-baumwolle-getreidekissen-mit-bio-roggen-und-weizen-fuellung-fuer-mikrowelle-geschenk-fuer-maenner\/#primaryimage"},"image":{"@id":"https:\/\/marktxxl.de\/markt\/produkt\/herbalind-3-kammer-waermekissen-koernerkissen-schulter-nacken-50x20-cm-in-karo-petrol-100-baumwolle-getreidekissen-mit-bio-roggen-und-weizen-fuellung-fuer-mikrowelle-geschenk-fuer-maenner\/#primaryimage"},"thumbnailUrl":"https:\/\/m.media-amazon.com\/images\/I\/51DbqGREY7L._SL500_.jpg","datePublished":"2022-09-12T06:37:33+00:00","dateModified":"2023-04-11T02:33:32+00:00","description":"Markt-XXL HERBALIND 3-Kammer W\u00e4rmekissen K\u00f6rnerkissen Schulter Nacken 50x20 cm in Karo\/petrol - 100% Baumwolle - Getreidekissen\u2026","breadcrumb":{"@id":"https:\/\/marktxxl.de\/markt\/produkt\/herbalind-3-kammer-waermekissen-koernerkissen-schulter-nacken-50x20-cm-in-karo-petrol-100-baumwolle-getreidekissen-mit-bio-roggen-und-weizen-fuellung-fuer-mikrowelle-geschenk-fuer-maenner\/#breadcrumb"},"inLanguage":"de","potentialAction":[{"@type":"ReadAction","target":["https:\/\/marktxxl.de\/markt\/produkt\/herbalind-3-kammer-waermekissen-koernerkissen-schulter-nacken-50x20-cm-in-karo-petrol-100-baumwolle-getreidekissen-mit-bio-roggen-und-weizen-fuellung-fuer-mikrowelle-geschenk-fuer-maenner\/"]}]},{"@type":"ImageObject","inLanguage":"de","@id":"https:\/\/marktxxl.de\/markt\/produkt\/herbalind-3-kammer-waermekissen-koernerkissen-schulter-nacken-50x20-cm-in-karo-petrol-100-baumwolle-getreidekissen-mit-bio-roggen-und-weizen-fuellung-fuer-mikrowelle-geschenk-fuer-maenner\/#primaryimage","url":"https:\/\/m.media-amazon.com\/images\/I\/51DbqGREY7L._SL500_.jpg","contentUrl":"https:\/\/m.media-amazon.com\/images\/I\/51DbqGREY7L._SL500_.jpg","width":500,"height":500},{"@type":"BreadcrumbList","@id":"https:\/\/marktxxl.de\/markt\/produkt\/herbalind-3-kammer-waermekissen-koernerkissen-schulter-nacken-50x20-cm-in-karo-petrol-100-baumwolle-getreidekissen-mit-bio-roggen-und-weizen-fuellung-fuer-mikrowelle-geschenk-fuer-maenner\/#breadcrumb","itemListElement":[{"@type":"ListItem","position":1,"name":"Startseite","item":"https:\/\/marktxxl.de\/markt\/"},{"@type":"ListItem","position":2,"name":"Markt","item":"https:\/\/marktxxl.de\/markt\/"},{"@type":"ListItem","position":3,"name":"HERBALIND 3-Kammer W\u00e4rmekissen K\u00f6rnerkissen Schulter Nacken 50&#215;20 cm in Karo\/petrol &#8211; 100% Baumwolle &#8211; Getreidekissen\u2026"}]},{"@type":"WebSite","@id":"https:\/\/marktxxl.de\/markt\/#website","url":"https:\/\/marktxxl.de\/markt\/","name":"Markt-XXL","description":"Ihr Markt Online","publisher":{"@id":"https:\/\/marktxxl.de\/markt\/#organization"},"potentialAction":[{"@type":"SearchAction","target":{"@type":"EntryPoint","urlTemplate":"https:\/\/marktxxl.de\/markt\/?s={search_term_string}"},"query-input":{"@type":"PropertyValueSpecification","valueRequired":true,"valueName":"search_term_string"}}],"inLanguage":"de"},{"@type":"Organization","@id":"https:\/\/marktxxl.de\/markt\/#organization","name":"Markt-XXL","url":"https:\/\/marktxxl.de\/markt\/","logo":{"@type":"ImageObject","inLanguage":"de","@id":"https:\/\/marktxxl.de\/markt\/#\/schema\/logo\/image\/","url":"https:\/\/marktxxl.de\/markt\/wp-content\/uploads\/sites\/3\/2020\/12\/logo.png","contentUrl":"https:\/\/marktxxl.de\/markt\/wp-content\/uploads\/sites\/3\/2020\/12\/logo.png","width":200,"height":70,"caption":"Markt-XXL"},"image":{"@id":"https:\/\/marktxxl.de\/markt\/#\/schema\/logo\/image\/"}}]}},"_links":{"self":[{"href":"https:\/\/marktxxl.de\/markt\/wp-json\/wp\/v2\/product\/152781","targetHints":{"allow":["GET"]}}],"collection":[{"href":"https:\/\/marktxxl.de\/markt\/wp-json\/wp\/v2\/product"}],"about":[{"href":"https:\/\/marktxxl.de\/markt\/wp-json\/wp\/v2\/types\/product"}],"replies":[{"embeddable":true,"href":"https:\/\/marktxxl.de\/markt\/wp-json\/wp\/v2\/comments?post=152781"}],"wp:featuredmedia":[{"embeddable":true,"href":"https:\/\/marktxxl.de\/markt\/wp-json\/wp\/v2\/media\/152782"}],"wp:attachment":[{"href":"https:\/\/marktxxl.de\/markt\/wp-json\/wp\/v2\/media?parent=152781"}],"wp:term":[{"taxonomy":"product_brand","embeddable":true,"href":"https:\/\/marktxxl.de\/markt\/wp-json\/wp\/v2\/product_brand?post=152781"},{"taxonomy":"product_cat","embeddable":true,"href":"https:\/\/marktxxl.de\/markt\/wp-json\/wp\/v2\/product_cat?post=152781"},{"taxonomy":"product_tag","embeddable":true,"href":"https:\/\/marktxxl.de\/markt\/wp-json\/wp\/v2\/product_tag?post=152781"}],"curies":[{"name":"wp","href":"https:\/\/api.w.org\/{rel}","templated":true}]}}