{"id":150816,"date":"2022-09-12T04:58:31","date_gmt":"2022-09-12T02:58:31","guid":{"rendered":"https:\/\/marktxxl.de\/markt\/produkt\/jimacro-solar-lichterkette-aussen-22m-200led-solar-lichterkette-mit-fernbedienung-verbessertes-solarpanel-wasserdichte-lichterkette-fuer-draussen-party-hochzeit-weihnachtsdekoration\/"},"modified":"2023-04-08T04:00:19","modified_gmt":"2023-04-08T02:00:19","slug":"jimacro-solar-lichterkette-aussen-22m-200led-solar-lichterkette-mit-fernbedienung-verbessertes-solarpanel-wasserdichte-lichterkette-fuer-draussen-party-hochzeit-weihnachtsdekoration","status":"publish","type":"product","link":"https:\/\/marktxxl.de\/markt\/produkt\/jimacro-solar-lichterkette-aussen-22m-200led-solar-lichterkette-mit-fernbedienung-verbessertes-solarpanel-wasserdichte-lichterkette-fuer-draussen-party-hochzeit-weihnachtsdekoration\/","title":{"rendered":"JIMACRO Solar Lichterkette Au\u00dfen, 22M 200LED Solar Lichterkette mit Fernbedienung, Verbessertes Solarpanel Wasserdichte\u2026"},"content":{"rendered":"<p>\u3010Verbesserte Solar Lichterketten\u3011 Neue 200LED solar lichterketten mit einer l\u00e4nge von 72 Fu\u00df sind mit einer verbesserten Version des solarpanels mit einem eingebauten wiederaufladbaren 1200mAh akku ausgestattet. Nach einer schnellen vollladung von 6 stunden leuchten die solar gartenleuchten f\u00fcr ca. 18 stunden. Mit diesem verbesserten Solarpanel ist die Lichterkette heller als andere, die mit einem gew\u00f6hnlichen Solarpanel betrieben werden.<br \/>\n\u30108 Modi &amp; Speicherfunktion\u3011 Diese solar lichterkette verf\u00fcgt \u00fcber 8 verschiedene dynamische LED wechseleffekte, einschlie\u00dflich kombination, in wellen, sequentiell, langsames Leuchten, jagender blitz, langsames verblassen, funkeln, dauerlicht, die unterschiedliche Atmosph\u00e4ren f\u00fcr Ihr Leben schaffen k\u00f6nnen. Solarlichterketten mit integriertem speicherchip merken sich automatisch die letzte einstellung, sie m\u00fcssen sie nicht zur\u00fccksetzen.<br \/>\n\u3010Intelligente Fernbedienung\u3011 Diese Solarlichterkette wird auch mit einer intelligenten fernbedienung geliefert. 8 beleuchtungsmodi k\u00f6nnen durch die entsprechenden 8 zifferntasten auf der fernbedienung umgeschaltet werden. Helligkeitsanpassung und timing funktionen, 3 stunden\/5 stunden\/8 stunden oder timer abbrechen. Es steht Ihnen zur verf\u00fcgung, um solarlichterketten in gro\u00dfer entfernung zu steuern.<br \/>\n\u3010Energieeinsparung &amp; Automatisches Ein-\/Ausschalten\u3011 Solarenergieversorgung, keine zus\u00e4tzlichen stromkosten und kein batteriewechsel erforderlich. Schalten sie einfach den schalter auf der r\u00fcckseite des solarmoduls ein und stellen sie es an einen sonnigen ort, es wird automatisch aufgeladen. Leuchtet automatisch auf, wenn es dunkel wird.<br \/>\n\u3010IP65 Wasserdicht &amp; Breite Anwendung\u3011Sowohl die solarlichterkette als auch das solarpanel sind IP65 wasserdicht und eignen sich daher perfekt f\u00fcr den Innen- und au\u00dfenbereich, ohne sich gedanken \u00fcber feuchtigkeit oder wettersch\u00e4den oder kurzschl\u00fcsse machen zu m\u00fcssen. Wenn sie Ihren garten, Innenhof, Ihr dach, Ihre veranda, Ihr zuhause usw. dekorieren m\u00f6chten, ist diese solar-lichterkette die ideale wahl.<br \/>\n<div class=\"main-cross-sell\" data-asin=\"B0BDYGLC61\">\n\n\t<div class=\"WooZone-cross-sell-loader\">\n\t\t<div>\n\t\t\t<div id=\"floatingBarsG\">\n\t\t\t\t<div class=\"blockG\" id=\"rotateG_01\"><\/div>\n\t\t\t\t<div class=\"blockG\" id=\"rotateG_02\"><\/div>\n\t\t\t\t<div class=\"blockG\" id=\"rotateG_03\"><\/div>\n\t\t\t\t<div class=\"blockG\" id=\"rotateG_04\"><\/div>\n\t\t\t\t<div class=\"blockG\" id=\"rotateG_05\"><\/div>\n\t\t\t\t<div class=\"blockG\" id=\"rotateG_06\"><\/div>\n\t\t\t\t<div class=\"blockG\" id=\"rotateG_07\"><\/div>\n\t\t\t\t<div class=\"blockG\" id=\"rotateG_08\"><\/div>\n\t\t\t<\/div>\n\t\t\t<div class=\"WooZone-cross-sell-loader-text\"><\/div>\n\t\t<\/div>\n\t<\/div>\n\n\t\t\n<\/div>\n<div style=\"clear:both;\"><\/div><\/p>\n","protected":false},"excerpt":{"rendered":"<p>\u3010Verbesserte Solar Lichterketten\u3011 Neue 200LED solar lichterketten mit einer l\u00e4nge von 72 Fu\u00df sind mit einer verbesserten Version des solarpanels mit einem eingebauten wiederaufladbaren 1200mAh akku ausgestattet. Nach einer schnellen vollladung von 6 stunden leuchten die solar gartenleuchten f\u00fcr ca. 18 stunden. Mit diesem verbesserten Solarpanel ist die Lichterkette heller als andere, die mit einem gew\u00f6hnlichen Solarpanel betrieben werden.<br \/>\n\u30108 Modi &amp; Speicherfunktion\u3011 Diese solar lichterkette verf\u00fcgt \u00fcber 8 verschiedene dynamische LED wechseleffekte, einschlie\u00dflich kombination, in wellen, sequentiell, langsames Leuchten, jagender blitz, langsames verblassen, funkeln, dauerlicht, die unterschiedliche Atmosph\u00e4ren f\u00fcr Ihr Leben schaffen k\u00f6nnen. Solarlichterketten mit integriertem speicherchip merken sich automatisch die letzte einstellung, sie m\u00fcssen sie nicht zur\u00fccksetzen.<br \/>\n\u3010Intelligente Fernbedienung\u3011 Diese Solarlichterkette wird auch mit einer intelligenten fernbedienung geliefert. 8 beleuchtungsmodi k\u00f6nnen durch die entsprechenden 8 zifferntasten auf der fernbedienung umgeschaltet werden. Helligkeitsanpassung und timing funktionen, 3 stunden\/5 stunden\/8 stunden oder timer abbrechen. Es steht Ihnen zur verf\u00fcgung, um solarlichterketten in gro\u00dfer entfernung zu steuern.<\/p>\n","protected":false},"featured_media":150817,"comment_status":"open","ping_status":"closed","template":"","meta":[],"product_brand":[],"product_cat":[2108,15624],"product_tag":[],"class_list":{"0":"post-150816","1":"product","2":"type-product","3":"status-publish","4":"has-post-thumbnail","6":"product_cat-beleuchtung","7":"product_cat-weihnachtsbeleuchtung","8":"pa_brand-jimacro","9":"pa_manufacturer-jimacro","11":"first","12":"instock","13":"shipping-taxable","14":"purchasable","15":"product-type-simple","16":"customify-col","17":"product-has-gallery"},"yoast_head":"<!-- This site is optimized with the Yoast SEO plugin v27.4 - https:\/\/yoast.com\/product\/yoast-seo-wordpress\/ -->\n<title>JIMACRO Solar Lichterkette Au\u00dfen, 22M 200LED Solar Lichterkette mit Fernbedienung, Verbessertes Solarpanel Wasserdichte\u2026 - Markt-XXL<\/title>\n<meta name=\"description\" content=\"Markt-XXL JIMACRO Solar Lichterkette Au\u00dfen, 22M 200LED Solar Lichterkette mit Fernbedienung, Verbessertes Solarpanel Wasserdichte\u2026\" \/>\n<meta name=\"robots\" content=\"index, follow, max-snippet:-1, max-image-preview:large, max-video-preview:-1\" \/>\n<link rel=\"canonical\" href=\"https:\/\/marktxxl.de\/markt\/produkt\/jimacro-solar-lichterkette-aussen-22m-200led-solar-lichterkette-mit-fernbedienung-verbessertes-solarpanel-wasserdichte-lichterkette-fuer-draussen-party-hochzeit-weihnachtsdekoration\/\" \/>\n<meta property=\"og:locale\" content=\"de_DE\" \/>\n<meta property=\"og:type\" content=\"article\" \/>\n<meta property=\"og:title\" content=\"JIMACRO Solar Lichterkette Au\u00dfen, 22M 200LED Solar Lichterkette mit Fernbedienung, Verbessertes Solarpanel Wasserdichte\u2026 - Markt-XXL\" \/>\n<meta property=\"og:description\" content=\"Markt-XXL JIMACRO Solar Lichterkette Au\u00dfen, 22M 200LED Solar Lichterkette mit Fernbedienung, Verbessertes Solarpanel Wasserdichte\u2026\" \/>\n<meta property=\"og:url\" content=\"https:\/\/marktxxl.de\/markt\/produkt\/jimacro-solar-lichterkette-aussen-22m-200led-solar-lichterkette-mit-fernbedienung-verbessertes-solarpanel-wasserdichte-lichterkette-fuer-draussen-party-hochzeit-weihnachtsdekoration\/\" \/>\n<meta property=\"og:site_name\" content=\"Markt-XXL\" \/>\n<meta property=\"article:modified_time\" content=\"2023-04-08T02:00:19+00:00\" \/>\n<meta property=\"og:image\" content=\"https:\/\/m.media-amazon.com\/images\/I\/51HWejidSML._SL500_.jpg\" \/>\n\t<meta property=\"og:image:width\" content=\"500\" \/>\n\t<meta property=\"og:image:height\" content=\"500\" \/>\n\t<meta property=\"og:image:type\" content=\"image\/jpeg\" \/>\n<meta name=\"twitter:card\" content=\"summary_large_image\" \/>\n<meta name=\"twitter:label1\" content=\"Gesch\u00e4tzte Lesezeit\" \/>\n\t<meta name=\"twitter:data1\" content=\"1\u00a0Minute\" \/>\n<script type=\"application\/ld+json\" class=\"yoast-schema-graph\">{\"@context\":\"https:\\\/\\\/schema.org\",\"@graph\":[{\"@type\":\"WebPage\",\"@id\":\"https:\\\/\\\/marktxxl.de\\\/markt\\\/produkt\\\/jimacro-solar-lichterkette-aussen-22m-200led-solar-lichterkette-mit-fernbedienung-verbessertes-solarpanel-wasserdichte-lichterkette-fuer-draussen-party-hochzeit-weihnachtsdekoration\\\/\",\"url\":\"https:\\\/\\\/marktxxl.de\\\/markt\\\/produkt\\\/jimacro-solar-lichterkette-aussen-22m-200led-solar-lichterkette-mit-fernbedienung-verbessertes-solarpanel-wasserdichte-lichterkette-fuer-draussen-party-hochzeit-weihnachtsdekoration\\\/\",\"name\":\"JIMACRO Solar Lichterkette Au\u00dfen, 22M 200LED Solar Lichterkette mit Fernbedienung, Verbessertes Solarpanel Wasserdichte\u2026 - Markt-XXL\",\"isPartOf\":{\"@id\":\"https:\\\/\\\/marktxxl.de\\\/markt\\\/#website\"},\"primaryImageOfPage\":{\"@id\":\"https:\\\/\\\/marktxxl.de\\\/markt\\\/produkt\\\/jimacro-solar-lichterkette-aussen-22m-200led-solar-lichterkette-mit-fernbedienung-verbessertes-solarpanel-wasserdichte-lichterkette-fuer-draussen-party-hochzeit-weihnachtsdekoration\\\/#primaryimage\"},\"image\":{\"@id\":\"https:\\\/\\\/marktxxl.de\\\/markt\\\/produkt\\\/jimacro-solar-lichterkette-aussen-22m-200led-solar-lichterkette-mit-fernbedienung-verbessertes-solarpanel-wasserdichte-lichterkette-fuer-draussen-party-hochzeit-weihnachtsdekoration\\\/#primaryimage\"},\"thumbnailUrl\":\"https:\\\/\\\/m.media-amazon.com\\\/images\\\/I\\\/51HWejidSML._SL500_.jpg\",\"datePublished\":\"2022-09-12T02:58:31+00:00\",\"dateModified\":\"2023-04-08T02:00:19+00:00\",\"description\":\"Markt-XXL JIMACRO Solar Lichterkette Au\u00dfen, 22M 200LED Solar Lichterkette mit Fernbedienung, Verbessertes Solarpanel Wasserdichte\u2026\",\"breadcrumb\":{\"@id\":\"https:\\\/\\\/marktxxl.de\\\/markt\\\/produkt\\\/jimacro-solar-lichterkette-aussen-22m-200led-solar-lichterkette-mit-fernbedienung-verbessertes-solarpanel-wasserdichte-lichterkette-fuer-draussen-party-hochzeit-weihnachtsdekoration\\\/#breadcrumb\"},\"inLanguage\":\"de\",\"potentialAction\":[{\"@type\":\"ReadAction\",\"target\":[\"https:\\\/\\\/marktxxl.de\\\/markt\\\/produkt\\\/jimacro-solar-lichterkette-aussen-22m-200led-solar-lichterkette-mit-fernbedienung-verbessertes-solarpanel-wasserdichte-lichterkette-fuer-draussen-party-hochzeit-weihnachtsdekoration\\\/\"]}]},{\"@type\":\"ImageObject\",\"inLanguage\":\"de\",\"@id\":\"https:\\\/\\\/marktxxl.de\\\/markt\\\/produkt\\\/jimacro-solar-lichterkette-aussen-22m-200led-solar-lichterkette-mit-fernbedienung-verbessertes-solarpanel-wasserdichte-lichterkette-fuer-draussen-party-hochzeit-weihnachtsdekoration\\\/#primaryimage\",\"url\":\"https:\\\/\\\/m.media-amazon.com\\\/images\\\/I\\\/51HWejidSML._SL500_.jpg\",\"contentUrl\":\"https:\\\/\\\/m.media-amazon.com\\\/images\\\/I\\\/51HWejidSML._SL500_.jpg\",\"width\":500,\"height\":500},{\"@type\":\"BreadcrumbList\",\"@id\":\"https:\\\/\\\/marktxxl.de\\\/markt\\\/produkt\\\/jimacro-solar-lichterkette-aussen-22m-200led-solar-lichterkette-mit-fernbedienung-verbessertes-solarpanel-wasserdichte-lichterkette-fuer-draussen-party-hochzeit-weihnachtsdekoration\\\/#breadcrumb\",\"itemListElement\":[{\"@type\":\"ListItem\",\"position\":1,\"name\":\"Startseite\",\"item\":\"https:\\\/\\\/marktxxl.de\\\/markt\\\/\"},{\"@type\":\"ListItem\",\"position\":2,\"name\":\"Markt\",\"item\":\"https:\\\/\\\/marktxxl.de\\\/markt\\\/\"},{\"@type\":\"ListItem\",\"position\":3,\"name\":\"JIMACRO Solar Lichterkette Au\u00dfen, 22M 200LED Solar Lichterkette mit Fernbedienung, Verbessertes Solarpanel Wasserdichte\u2026\"}]},{\"@type\":\"WebSite\",\"@id\":\"https:\\\/\\\/marktxxl.de\\\/markt\\\/#website\",\"url\":\"https:\\\/\\\/marktxxl.de\\\/markt\\\/\",\"name\":\"Markt-XXL\",\"description\":\"Ihr Markt Online\",\"publisher\":{\"@id\":\"https:\\\/\\\/marktxxl.de\\\/markt\\\/#organization\"},\"potentialAction\":[{\"@type\":\"SearchAction\",\"target\":{\"@type\":\"EntryPoint\",\"urlTemplate\":\"https:\\\/\\\/marktxxl.de\\\/markt\\\/?s={search_term_string}\"},\"query-input\":{\"@type\":\"PropertyValueSpecification\",\"valueRequired\":true,\"valueName\":\"search_term_string\"}}],\"inLanguage\":\"de\"},{\"@type\":\"Organization\",\"@id\":\"https:\\\/\\\/marktxxl.de\\\/markt\\\/#organization\",\"name\":\"Markt-XXL\",\"url\":\"https:\\\/\\\/marktxxl.de\\\/markt\\\/\",\"logo\":{\"@type\":\"ImageObject\",\"inLanguage\":\"de\",\"@id\":\"https:\\\/\\\/marktxxl.de\\\/markt\\\/#\\\/schema\\\/logo\\\/image\\\/\",\"url\":\"https:\\\/\\\/marktxxl.de\\\/markt\\\/wp-content\\\/uploads\\\/sites\\\/3\\\/2020\\\/12\\\/logo.png\",\"contentUrl\":\"https:\\\/\\\/marktxxl.de\\\/markt\\\/wp-content\\\/uploads\\\/sites\\\/3\\\/2020\\\/12\\\/logo.png\",\"width\":200,\"height\":70,\"caption\":\"Markt-XXL\"},\"image\":{\"@id\":\"https:\\\/\\\/marktxxl.de\\\/markt\\\/#\\\/schema\\\/logo\\\/image\\\/\"}}]}<\/script>\n<!-- \/ Yoast SEO plugin. -->","yoast_head_json":{"title":"JIMACRO Solar Lichterkette Au\u00dfen, 22M 200LED Solar Lichterkette mit Fernbedienung, Verbessertes Solarpanel Wasserdichte\u2026 - Markt-XXL","description":"Markt-XXL JIMACRO Solar Lichterkette Au\u00dfen, 22M 200LED Solar Lichterkette mit Fernbedienung, Verbessertes Solarpanel Wasserdichte\u2026","robots":{"index":"index","follow":"follow","max-snippet":"max-snippet:-1","max-image-preview":"max-image-preview:large","max-video-preview":"max-video-preview:-1"},"canonical":"https:\/\/marktxxl.de\/markt\/produkt\/jimacro-solar-lichterkette-aussen-22m-200led-solar-lichterkette-mit-fernbedienung-verbessertes-solarpanel-wasserdichte-lichterkette-fuer-draussen-party-hochzeit-weihnachtsdekoration\/","og_locale":"de_DE","og_type":"article","og_title":"JIMACRO Solar Lichterkette Au\u00dfen, 22M 200LED Solar Lichterkette mit Fernbedienung, Verbessertes Solarpanel Wasserdichte\u2026 - Markt-XXL","og_description":"Markt-XXL JIMACRO Solar Lichterkette Au\u00dfen, 22M 200LED Solar Lichterkette mit Fernbedienung, Verbessertes Solarpanel Wasserdichte\u2026","og_url":"https:\/\/marktxxl.de\/markt\/produkt\/jimacro-solar-lichterkette-aussen-22m-200led-solar-lichterkette-mit-fernbedienung-verbessertes-solarpanel-wasserdichte-lichterkette-fuer-draussen-party-hochzeit-weihnachtsdekoration\/","og_site_name":"Markt-XXL","article_modified_time":"2023-04-08T02:00:19+00:00","og_image":[{"width":500,"height":500,"url":"https:\/\/m.media-amazon.com\/images\/I\/51HWejidSML._SL500_.jpg","type":"image\/jpeg"}],"twitter_card":"summary_large_image","twitter_misc":{"Gesch\u00e4tzte Lesezeit":"1\u00a0Minute"},"schema":{"@context":"https:\/\/schema.org","@graph":[{"@type":"WebPage","@id":"https:\/\/marktxxl.de\/markt\/produkt\/jimacro-solar-lichterkette-aussen-22m-200led-solar-lichterkette-mit-fernbedienung-verbessertes-solarpanel-wasserdichte-lichterkette-fuer-draussen-party-hochzeit-weihnachtsdekoration\/","url":"https:\/\/marktxxl.de\/markt\/produkt\/jimacro-solar-lichterkette-aussen-22m-200led-solar-lichterkette-mit-fernbedienung-verbessertes-solarpanel-wasserdichte-lichterkette-fuer-draussen-party-hochzeit-weihnachtsdekoration\/","name":"JIMACRO Solar Lichterkette Au\u00dfen, 22M 200LED Solar Lichterkette mit Fernbedienung, Verbessertes Solarpanel Wasserdichte\u2026 - Markt-XXL","isPartOf":{"@id":"https:\/\/marktxxl.de\/markt\/#website"},"primaryImageOfPage":{"@id":"https:\/\/marktxxl.de\/markt\/produkt\/jimacro-solar-lichterkette-aussen-22m-200led-solar-lichterkette-mit-fernbedienung-verbessertes-solarpanel-wasserdichte-lichterkette-fuer-draussen-party-hochzeit-weihnachtsdekoration\/#primaryimage"},"image":{"@id":"https:\/\/marktxxl.de\/markt\/produkt\/jimacro-solar-lichterkette-aussen-22m-200led-solar-lichterkette-mit-fernbedienung-verbessertes-solarpanel-wasserdichte-lichterkette-fuer-draussen-party-hochzeit-weihnachtsdekoration\/#primaryimage"},"thumbnailUrl":"https:\/\/m.media-amazon.com\/images\/I\/51HWejidSML._SL500_.jpg","datePublished":"2022-09-12T02:58:31+00:00","dateModified":"2023-04-08T02:00:19+00:00","description":"Markt-XXL JIMACRO Solar Lichterkette Au\u00dfen, 22M 200LED Solar Lichterkette mit Fernbedienung, Verbessertes Solarpanel Wasserdichte\u2026","breadcrumb":{"@id":"https:\/\/marktxxl.de\/markt\/produkt\/jimacro-solar-lichterkette-aussen-22m-200led-solar-lichterkette-mit-fernbedienung-verbessertes-solarpanel-wasserdichte-lichterkette-fuer-draussen-party-hochzeit-weihnachtsdekoration\/#breadcrumb"},"inLanguage":"de","potentialAction":[{"@type":"ReadAction","target":["https:\/\/marktxxl.de\/markt\/produkt\/jimacro-solar-lichterkette-aussen-22m-200led-solar-lichterkette-mit-fernbedienung-verbessertes-solarpanel-wasserdichte-lichterkette-fuer-draussen-party-hochzeit-weihnachtsdekoration\/"]}]},{"@type":"ImageObject","inLanguage":"de","@id":"https:\/\/marktxxl.de\/markt\/produkt\/jimacro-solar-lichterkette-aussen-22m-200led-solar-lichterkette-mit-fernbedienung-verbessertes-solarpanel-wasserdichte-lichterkette-fuer-draussen-party-hochzeit-weihnachtsdekoration\/#primaryimage","url":"https:\/\/m.media-amazon.com\/images\/I\/51HWejidSML._SL500_.jpg","contentUrl":"https:\/\/m.media-amazon.com\/images\/I\/51HWejidSML._SL500_.jpg","width":500,"height":500},{"@type":"BreadcrumbList","@id":"https:\/\/marktxxl.de\/markt\/produkt\/jimacro-solar-lichterkette-aussen-22m-200led-solar-lichterkette-mit-fernbedienung-verbessertes-solarpanel-wasserdichte-lichterkette-fuer-draussen-party-hochzeit-weihnachtsdekoration\/#breadcrumb","itemListElement":[{"@type":"ListItem","position":1,"name":"Startseite","item":"https:\/\/marktxxl.de\/markt\/"},{"@type":"ListItem","position":2,"name":"Markt","item":"https:\/\/marktxxl.de\/markt\/"},{"@type":"ListItem","position":3,"name":"JIMACRO Solar Lichterkette Au\u00dfen, 22M 200LED Solar Lichterkette mit Fernbedienung, Verbessertes Solarpanel Wasserdichte\u2026"}]},{"@type":"WebSite","@id":"https:\/\/marktxxl.de\/markt\/#website","url":"https:\/\/marktxxl.de\/markt\/","name":"Markt-XXL","description":"Ihr Markt Online","publisher":{"@id":"https:\/\/marktxxl.de\/markt\/#organization"},"potentialAction":[{"@type":"SearchAction","target":{"@type":"EntryPoint","urlTemplate":"https:\/\/marktxxl.de\/markt\/?s={search_term_string}"},"query-input":{"@type":"PropertyValueSpecification","valueRequired":true,"valueName":"search_term_string"}}],"inLanguage":"de"},{"@type":"Organization","@id":"https:\/\/marktxxl.de\/markt\/#organization","name":"Markt-XXL","url":"https:\/\/marktxxl.de\/markt\/","logo":{"@type":"ImageObject","inLanguage":"de","@id":"https:\/\/marktxxl.de\/markt\/#\/schema\/logo\/image\/","url":"https:\/\/marktxxl.de\/markt\/wp-content\/uploads\/sites\/3\/2020\/12\/logo.png","contentUrl":"https:\/\/marktxxl.de\/markt\/wp-content\/uploads\/sites\/3\/2020\/12\/logo.png","width":200,"height":70,"caption":"Markt-XXL"},"image":{"@id":"https:\/\/marktxxl.de\/markt\/#\/schema\/logo\/image\/"}}]}},"_links":{"self":[{"href":"https:\/\/marktxxl.de\/markt\/wp-json\/wp\/v2\/product\/150816","targetHints":{"allow":["GET"]}}],"collection":[{"href":"https:\/\/marktxxl.de\/markt\/wp-json\/wp\/v2\/product"}],"about":[{"href":"https:\/\/marktxxl.de\/markt\/wp-json\/wp\/v2\/types\/product"}],"replies":[{"embeddable":true,"href":"https:\/\/marktxxl.de\/markt\/wp-json\/wp\/v2\/comments?post=150816"}],"wp:featuredmedia":[{"embeddable":true,"href":"https:\/\/marktxxl.de\/markt\/wp-json\/wp\/v2\/media\/150817"}],"wp:attachment":[{"href":"https:\/\/marktxxl.de\/markt\/wp-json\/wp\/v2\/media?parent=150816"}],"wp:term":[{"taxonomy":"product_brand","embeddable":true,"href":"https:\/\/marktxxl.de\/markt\/wp-json\/wp\/v2\/product_brand?post=150816"},{"taxonomy":"product_cat","embeddable":true,"href":"https:\/\/marktxxl.de\/markt\/wp-json\/wp\/v2\/product_cat?post=150816"},{"taxonomy":"product_tag","embeddable":true,"href":"https:\/\/marktxxl.de\/markt\/wp-json\/wp\/v2\/product_tag?post=150816"}],"curies":[{"name":"wp","href":"https:\/\/api.w.org\/{rel}","templated":true}]}}