{"id":150104,"date":"2022-09-12T03:58:56","date_gmt":"2022-09-12T01:58:56","guid":{"rendered":"https:\/\/marktxxl.de\/markt\/produkt\/delta-gr150\/"},"modified":"2023-04-10T04:36:21","modified_gmt":"2023-04-10T02:36:21","slug":"delta-gr150","status":"publish","type":"product","link":"https:\/\/marktxxl.de\/markt\/produkt\/delta-gr150\/","title":{"rendered":"Delta GR150 Spotshield Edelstahl"},"content":{"rendered":"<p>Sp\u00fclbest\u00e4ndig in Sekunden: Starke Wasserstrahlen sp\u00fclen R\u00fcckst\u00e4nde in Sekundenschnelle gr\u00fcndlich ab, w\u00e4hrend der subtile \u00dcberhang den Wasserfluss in die K\u00fcchensp\u00fcle lenkt, f\u00fcr eine einfache Reinigung.<br \/>\nReicht, wo Sie nicht k\u00f6nnen: von Babyflaschen \u00fcber Weingl\u00e4ser bis hin zu Reisebechern, sp\u00fclt praktisch jedes Trinkgeschirr, so dass Sie weniger Zeit einweichen und schrubben verbringen k\u00f6nnen.<br \/>\nEinfaches DIY-Projekt: einfacher Ersatz f\u00fcr Seifenspender, K\u00fcchenspr\u00fcher oder Sp\u00fcle \u2013 die perfekte Erg\u00e4nzung zu Ihrem K\u00fcchenarmatur.<br \/>\nLieferung inklusive Netzteil: Verbinden Sie sich entweder mit hei\u00dfem oder kaltem Wasser \u00fcber die mitgelieferte Zuleitung<br \/>\nInstallation: Muss mindestens 5 cm Platz in der Umgebung des Installationslochs haben und nicht mehr als 5,7 cm von der Mitte des Lochs bis zum Rand des Waschbeckens haben \u2013 daf\u00fcr sorgen, dass der Wasserfluss in das Waschbecken flie\u00dft, anstatt auf der Arbeitsplatte zu b\u00fcndeln.<br \/>\n<div class=\"main-cross-sell\" data-asin=\"B0812C1GWZ\">\n\n\t<div class=\"WooZone-cross-sell-loader\">\n\t\t<div>\n\t\t\t<div id=\"floatingBarsG\">\n\t\t\t\t<div class=\"blockG\" id=\"rotateG_01\"><\/div>\n\t\t\t\t<div class=\"blockG\" id=\"rotateG_02\"><\/div>\n\t\t\t\t<div class=\"blockG\" id=\"rotateG_03\"><\/div>\n\t\t\t\t<div class=\"blockG\" id=\"rotateG_04\"><\/div>\n\t\t\t\t<div class=\"blockG\" id=\"rotateG_05\"><\/div>\n\t\t\t\t<div class=\"blockG\" id=\"rotateG_06\"><\/div>\n\t\t\t\t<div class=\"blockG\" id=\"rotateG_07\"><\/div>\n\t\t\t\t<div class=\"blockG\" id=\"rotateG_08\"><\/div>\n\t\t\t<\/div>\n\t\t\t<div class=\"WooZone-cross-sell-loader-text\"><\/div>\n\t\t<\/div>\n\t<\/div>\n\n\t\t\n<\/div>\n<div style=\"clear:both;\"><\/div><\/p>\n","protected":false},"excerpt":{"rendered":"<p>Sp\u00fclbest\u00e4ndig in Sekunden: Starke Wasserstrahlen sp\u00fclen R\u00fcckst\u00e4nde in Sekundenschnelle gr\u00fcndlich ab, w\u00e4hrend der subtile \u00dcberhang den Wasserfluss in die K\u00fcchensp\u00fcle lenkt, f\u00fcr eine einfache Reinigung.<br \/>\nReicht, wo Sie nicht k\u00f6nnen: von Babyflaschen \u00fcber Weingl\u00e4ser bis hin zu Reisebechern, sp\u00fclt praktisch jedes Trinkgeschirr, so dass Sie weniger Zeit einweichen und schrubben verbringen k\u00f6nnen.<br \/>\nEinfaches DIY-Projekt: einfacher Ersatz f\u00fcr Seifenspender, K\u00fcchenspr\u00fcher oder Sp\u00fcle \u2013 die perfekte Erg\u00e4nzung zu Ihrem K\u00fcchenarmatur.<\/p>\n","protected":false},"featured_media":150105,"comment_status":"open","ping_status":"closed","template":"","meta":[],"product_brand":[],"product_cat":[1983,11101],"product_tag":[],"class_list":{"0":"post-150104","1":"product","2":"type-product","3":"status-publish","4":"has-post-thumbnail","6":"product_cat-baumarkt","7":"product_cat-kuechen-badinstallation","8":"pa_binding-werkzeug","9":"pa_brand-delta-faucet","10":"pa_manufacturer-delta-faucet","12":"first","13":"instock","14":"shipping-taxable","15":"purchasable","16":"product-type-simple","17":"customify-col","18":"product-has-gallery"},"yoast_head":"<!-- This site is optimized with the Yoast SEO plugin v27.3 - https:\/\/yoast.com\/product\/yoast-seo-wordpress\/ -->\n<title>Delta GR150 Spotshield Edelstahl - Markt-XXL<\/title>\n<meta name=\"description\" content=\"Markt-XXL Delta GR150 Spotshield Edelstahl\" \/>\n<meta name=\"robots\" content=\"index, follow, max-snippet:-1, max-image-preview:large, max-video-preview:-1\" \/>\n<link rel=\"canonical\" href=\"https:\/\/marktxxl.de\/markt\/produkt\/delta-gr150\/\" \/>\n<meta property=\"og:locale\" content=\"de_DE\" \/>\n<meta property=\"og:type\" content=\"article\" \/>\n<meta property=\"og:title\" content=\"Delta GR150 Spotshield Edelstahl - Markt-XXL\" \/>\n<meta property=\"og:description\" content=\"Markt-XXL Delta GR150 Spotshield Edelstahl\" \/>\n<meta property=\"og:url\" content=\"https:\/\/marktxxl.de\/markt\/produkt\/delta-gr150\/\" \/>\n<meta property=\"og:site_name\" content=\"Markt-XXL\" \/>\n<meta property=\"article:modified_time\" content=\"2023-04-10T02:36:21+00:00\" \/>\n<meta property=\"og:image\" content=\"https:\/\/m.media-amazon.com\/images\/I\/41a43nrCrsL._SL500_.jpg\" \/>\n\t<meta property=\"og:image:width\" content=\"500\" \/>\n\t<meta property=\"og:image:height\" content=\"393\" \/>\n\t<meta property=\"og:image:type\" content=\"image\/jpeg\" \/>\n<meta name=\"twitter:card\" content=\"summary_large_image\" \/>\n<meta name=\"twitter:label1\" content=\"Gesch\u00e4tzte Lesezeit\" \/>\n\t<meta name=\"twitter:data1\" content=\"1\u00a0Minute\" \/>\n<script type=\"application\/ld+json\" class=\"yoast-schema-graph\">{\"@context\":\"https:\\\/\\\/schema.org\",\"@graph\":[{\"@type\":\"WebPage\",\"@id\":\"https:\\\/\\\/marktxxl.de\\\/markt\\\/produkt\\\/delta-gr150\\\/\",\"url\":\"https:\\\/\\\/marktxxl.de\\\/markt\\\/produkt\\\/delta-gr150\\\/\",\"name\":\"Delta GR150 Spotshield Edelstahl - Markt-XXL\",\"isPartOf\":{\"@id\":\"https:\\\/\\\/marktxxl.de\\\/markt\\\/#website\"},\"primaryImageOfPage\":{\"@id\":\"https:\\\/\\\/marktxxl.de\\\/markt\\\/produkt\\\/delta-gr150\\\/#primaryimage\"},\"image\":{\"@id\":\"https:\\\/\\\/marktxxl.de\\\/markt\\\/produkt\\\/delta-gr150\\\/#primaryimage\"},\"thumbnailUrl\":\"https:\\\/\\\/m.media-amazon.com\\\/images\\\/I\\\/41a43nrCrsL._SL500_.jpg\",\"datePublished\":\"2022-09-12T01:58:56+00:00\",\"dateModified\":\"2023-04-10T02:36:21+00:00\",\"description\":\"Markt-XXL Delta GR150 Spotshield Edelstahl\",\"breadcrumb\":{\"@id\":\"https:\\\/\\\/marktxxl.de\\\/markt\\\/produkt\\\/delta-gr150\\\/#breadcrumb\"},\"inLanguage\":\"de\",\"potentialAction\":[{\"@type\":\"ReadAction\",\"target\":[\"https:\\\/\\\/marktxxl.de\\\/markt\\\/produkt\\\/delta-gr150\\\/\"]}]},{\"@type\":\"ImageObject\",\"inLanguage\":\"de\",\"@id\":\"https:\\\/\\\/marktxxl.de\\\/markt\\\/produkt\\\/delta-gr150\\\/#primaryimage\",\"url\":\"https:\\\/\\\/m.media-amazon.com\\\/images\\\/I\\\/41a43nrCrsL._SL500_.jpg\",\"contentUrl\":\"https:\\\/\\\/m.media-amazon.com\\\/images\\\/I\\\/41a43nrCrsL._SL500_.jpg\",\"width\":500,\"height\":393},{\"@type\":\"BreadcrumbList\",\"@id\":\"https:\\\/\\\/marktxxl.de\\\/markt\\\/produkt\\\/delta-gr150\\\/#breadcrumb\",\"itemListElement\":[{\"@type\":\"ListItem\",\"position\":1,\"name\":\"Startseite\",\"item\":\"https:\\\/\\\/marktxxl.de\\\/markt\\\/\"},{\"@type\":\"ListItem\",\"position\":2,\"name\":\"Markt\",\"item\":\"https:\\\/\\\/marktxxl.de\\\/markt\\\/\"},{\"@type\":\"ListItem\",\"position\":3,\"name\":\"Delta GR150 Spotshield Edelstahl\"}]},{\"@type\":\"WebSite\",\"@id\":\"https:\\\/\\\/marktxxl.de\\\/markt\\\/#website\",\"url\":\"https:\\\/\\\/marktxxl.de\\\/markt\\\/\",\"name\":\"Markt-XXL\",\"description\":\"Ihr Markt Online\",\"publisher\":{\"@id\":\"https:\\\/\\\/marktxxl.de\\\/markt\\\/#organization\"},\"potentialAction\":[{\"@type\":\"SearchAction\",\"target\":{\"@type\":\"EntryPoint\",\"urlTemplate\":\"https:\\\/\\\/marktxxl.de\\\/markt\\\/?s={search_term_string}\"},\"query-input\":{\"@type\":\"PropertyValueSpecification\",\"valueRequired\":true,\"valueName\":\"search_term_string\"}}],\"inLanguage\":\"de\"},{\"@type\":\"Organization\",\"@id\":\"https:\\\/\\\/marktxxl.de\\\/markt\\\/#organization\",\"name\":\"Markt-XXL\",\"url\":\"https:\\\/\\\/marktxxl.de\\\/markt\\\/\",\"logo\":{\"@type\":\"ImageObject\",\"inLanguage\":\"de\",\"@id\":\"https:\\\/\\\/marktxxl.de\\\/markt\\\/#\\\/schema\\\/logo\\\/image\\\/\",\"url\":\"https:\\\/\\\/marktxxl.de\\\/markt\\\/wp-content\\\/uploads\\\/sites\\\/3\\\/2020\\\/12\\\/logo.png\",\"contentUrl\":\"https:\\\/\\\/marktxxl.de\\\/markt\\\/wp-content\\\/uploads\\\/sites\\\/3\\\/2020\\\/12\\\/logo.png\",\"width\":200,\"height\":70,\"caption\":\"Markt-XXL\"},\"image\":{\"@id\":\"https:\\\/\\\/marktxxl.de\\\/markt\\\/#\\\/schema\\\/logo\\\/image\\\/\"}}]}<\/script>\n<!-- \/ Yoast SEO plugin. -->","yoast_head_json":{"title":"Delta GR150 Spotshield Edelstahl - Markt-XXL","description":"Markt-XXL Delta GR150 Spotshield Edelstahl","robots":{"index":"index","follow":"follow","max-snippet":"max-snippet:-1","max-image-preview":"max-image-preview:large","max-video-preview":"max-video-preview:-1"},"canonical":"https:\/\/marktxxl.de\/markt\/produkt\/delta-gr150\/","og_locale":"de_DE","og_type":"article","og_title":"Delta GR150 Spotshield Edelstahl - Markt-XXL","og_description":"Markt-XXL Delta GR150 Spotshield Edelstahl","og_url":"https:\/\/marktxxl.de\/markt\/produkt\/delta-gr150\/","og_site_name":"Markt-XXL","article_modified_time":"2023-04-10T02:36:21+00:00","og_image":[{"width":500,"height":393,"url":"https:\/\/m.media-amazon.com\/images\/I\/41a43nrCrsL._SL500_.jpg","type":"image\/jpeg"}],"twitter_card":"summary_large_image","twitter_misc":{"Gesch\u00e4tzte Lesezeit":"1\u00a0Minute"},"schema":{"@context":"https:\/\/schema.org","@graph":[{"@type":"WebPage","@id":"https:\/\/marktxxl.de\/markt\/produkt\/delta-gr150\/","url":"https:\/\/marktxxl.de\/markt\/produkt\/delta-gr150\/","name":"Delta GR150 Spotshield Edelstahl - Markt-XXL","isPartOf":{"@id":"https:\/\/marktxxl.de\/markt\/#website"},"primaryImageOfPage":{"@id":"https:\/\/marktxxl.de\/markt\/produkt\/delta-gr150\/#primaryimage"},"image":{"@id":"https:\/\/marktxxl.de\/markt\/produkt\/delta-gr150\/#primaryimage"},"thumbnailUrl":"https:\/\/m.media-amazon.com\/images\/I\/41a43nrCrsL._SL500_.jpg","datePublished":"2022-09-12T01:58:56+00:00","dateModified":"2023-04-10T02:36:21+00:00","description":"Markt-XXL Delta GR150 Spotshield Edelstahl","breadcrumb":{"@id":"https:\/\/marktxxl.de\/markt\/produkt\/delta-gr150\/#breadcrumb"},"inLanguage":"de","potentialAction":[{"@type":"ReadAction","target":["https:\/\/marktxxl.de\/markt\/produkt\/delta-gr150\/"]}]},{"@type":"ImageObject","inLanguage":"de","@id":"https:\/\/marktxxl.de\/markt\/produkt\/delta-gr150\/#primaryimage","url":"https:\/\/m.media-amazon.com\/images\/I\/41a43nrCrsL._SL500_.jpg","contentUrl":"https:\/\/m.media-amazon.com\/images\/I\/41a43nrCrsL._SL500_.jpg","width":500,"height":393},{"@type":"BreadcrumbList","@id":"https:\/\/marktxxl.de\/markt\/produkt\/delta-gr150\/#breadcrumb","itemListElement":[{"@type":"ListItem","position":1,"name":"Startseite","item":"https:\/\/marktxxl.de\/markt\/"},{"@type":"ListItem","position":2,"name":"Markt","item":"https:\/\/marktxxl.de\/markt\/"},{"@type":"ListItem","position":3,"name":"Delta GR150 Spotshield Edelstahl"}]},{"@type":"WebSite","@id":"https:\/\/marktxxl.de\/markt\/#website","url":"https:\/\/marktxxl.de\/markt\/","name":"Markt-XXL","description":"Ihr Markt Online","publisher":{"@id":"https:\/\/marktxxl.de\/markt\/#organization"},"potentialAction":[{"@type":"SearchAction","target":{"@type":"EntryPoint","urlTemplate":"https:\/\/marktxxl.de\/markt\/?s={search_term_string}"},"query-input":{"@type":"PropertyValueSpecification","valueRequired":true,"valueName":"search_term_string"}}],"inLanguage":"de"},{"@type":"Organization","@id":"https:\/\/marktxxl.de\/markt\/#organization","name":"Markt-XXL","url":"https:\/\/marktxxl.de\/markt\/","logo":{"@type":"ImageObject","inLanguage":"de","@id":"https:\/\/marktxxl.de\/markt\/#\/schema\/logo\/image\/","url":"https:\/\/marktxxl.de\/markt\/wp-content\/uploads\/sites\/3\/2020\/12\/logo.png","contentUrl":"https:\/\/marktxxl.de\/markt\/wp-content\/uploads\/sites\/3\/2020\/12\/logo.png","width":200,"height":70,"caption":"Markt-XXL"},"image":{"@id":"https:\/\/marktxxl.de\/markt\/#\/schema\/logo\/image\/"}}]}},"_links":{"self":[{"href":"https:\/\/marktxxl.de\/markt\/wp-json\/wp\/v2\/product\/150104","targetHints":{"allow":["GET"]}}],"collection":[{"href":"https:\/\/marktxxl.de\/markt\/wp-json\/wp\/v2\/product"}],"about":[{"href":"https:\/\/marktxxl.de\/markt\/wp-json\/wp\/v2\/types\/product"}],"replies":[{"embeddable":true,"href":"https:\/\/marktxxl.de\/markt\/wp-json\/wp\/v2\/comments?post=150104"}],"wp:featuredmedia":[{"embeddable":true,"href":"https:\/\/marktxxl.de\/markt\/wp-json\/wp\/v2\/media\/150105"}],"wp:attachment":[{"href":"https:\/\/marktxxl.de\/markt\/wp-json\/wp\/v2\/media?parent=150104"}],"wp:term":[{"taxonomy":"product_brand","embeddable":true,"href":"https:\/\/marktxxl.de\/markt\/wp-json\/wp\/v2\/product_brand?post=150104"},{"taxonomy":"product_cat","embeddable":true,"href":"https:\/\/marktxxl.de\/markt\/wp-json\/wp\/v2\/product_cat?post=150104"},{"taxonomy":"product_tag","embeddable":true,"href":"https:\/\/marktxxl.de\/markt\/wp-json\/wp\/v2\/product_tag?post=150104"}],"curies":[{"name":"wp","href":"https:\/\/api.w.org\/{rel}","templated":true}]}}