{"id":149868,"date":"2022-09-12T03:35:12","date_gmt":"2022-09-12T01:35:12","guid":{"rendered":"https:\/\/marktxxl.de\/markt\/produkt\/hej-lonne-holzbausteine-56-teilig-in-box-kinder-spielzeug-ab-1-jahr-motorikspielzeug-baukloetze-holz-holzspielzeug-baby\/"},"modified":"2023-04-10T04:36:14","modified_gmt":"2023-04-10T02:36:14","slug":"hej-lonne-holzbausteine-56-teilig-in-box-kinder-spielzeug-ab-1-jahr-motorikspielzeug-baukloetze-holz-holzspielzeug-baby","status":"publish","type":"product","link":"https:\/\/marktxxl.de\/markt\/produkt\/hej-lonne-holzbausteine-56-teilig-in-box-kinder-spielzeug-ab-1-jahr-motorikspielzeug-baukloetze-holz-holzspielzeug-baby\/","title":{"rendered":"HEJ L\u00d8NNE Holzbausteine 56-teilig in Box &#8211; Kinder Spielzeug ab 1 Jahr &#8211; Motorikspielzeug &#8211; Baukl\u00f6tze Holz\u2026"},"content":{"rendered":"<p>KOMPLETT ZUM LIEBHABEN \u2013 Kinderspielzeug Baby mit Story, Holzbausteine ab 1 Jahr, 56 Holzsteine, best. aus den f\u00fcnf hej L\u00d8NNE!-Figuren, deren H\u00e4user und verschiedenen Formen, inkl. Minibuch, Baumwollbeutel und Schl\u00fcsselanh\u00e4nger<br \/>\nDURCHDACHT &#8211; Beliebig kombinierbare Holzkl\u00f6tze aus Wacholder- und Buchenholz, mit abgerundeten Kanten, in allerliebst gestalteter, stabiler Aufbewahrungs-Box, 17,5 x 22,5 cm, Kleinkind Spielzeug 1 Jahr mit Kordel f\u00fcr einfachen Transport<br \/>\nSPIELEND LERNEN &#8211; Spiel und Spa\u00df mit Figuren aus der \u201ehej L\u00d8NNE!\u201c-Serie. Ganzheitliches Konzept, skandinavisch designt, gro\u00dfer Lerneffekt, f\u00f6rdert Hand-Auge-Koordination, Motorik und Kreativit\u00e4t<br \/>\nF\u00dcR UNSERE KLEIN(ST)EN &#8211; Genderneutrales Baby Spielzeug aus hochwertigem, schadstoff-freiem Holz, kindgerechte Formen und ausgew\u00e4hlte, wasserbasierte Farben, daher absolut unbedenklich<br \/>\nZAUBERHAFTE GESCHENKIDEE &#8211; Sinnvoll und entwicklungsf\u00f6rdernd, Baby Spielzeug 1 Jahr, tolles Geschenk von Eltern und Familienangeh\u00f6rigen, Paten und Freunden, perfekt auch f\u00fcr die Kita<br \/>\n<div class=\"main-cross-sell\" data-asin=\"B08QZMPXSX\">\n\n\t<div class=\"WooZone-cross-sell-loader\">\n\t\t<div>\n\t\t\t<div id=\"floatingBarsG\">\n\t\t\t\t<div class=\"blockG\" id=\"rotateG_01\"><\/div>\n\t\t\t\t<div class=\"blockG\" id=\"rotateG_02\"><\/div>\n\t\t\t\t<div class=\"blockG\" id=\"rotateG_03\"><\/div>\n\t\t\t\t<div class=\"blockG\" id=\"rotateG_04\"><\/div>\n\t\t\t\t<div class=\"blockG\" id=\"rotateG_05\"><\/div>\n\t\t\t\t<div class=\"blockG\" id=\"rotateG_06\"><\/div>\n\t\t\t\t<div class=\"blockG\" id=\"rotateG_07\"><\/div>\n\t\t\t\t<div class=\"blockG\" id=\"rotateG_08\"><\/div>\n\t\t\t<\/div>\n\t\t\t<div class=\"WooZone-cross-sell-loader-text\"><\/div>\n\t\t<\/div>\n\t<\/div>\n\n\t\t\n<\/div>\n<div style=\"clear:both;\"><\/div><\/p>\n","protected":false},"excerpt":{"rendered":"<p>KOMPLETT ZUM LIEBHABEN \u2013 Kinderspielzeug Baby mit Story, Holzbausteine ab 1 Jahr, 56 Holzsteine, best. aus den f\u00fcnf hej L\u00d8NNE!-Figuren, deren H\u00e4user und verschiedenen Formen, inkl. Minibuch, Baumwollbeutel und Schl\u00fcsselanh\u00e4nger<br \/>\nDURCHDACHT &#8211; Beliebig kombinierbare Holzkl\u00f6tze aus Wacholder- und Buchenholz, mit abgerundeten Kanten, in allerliebst gestalteter, stabiler Aufbewahrungs-Box, 17,5 x 22,5 cm, Kleinkind Spielzeug 1 Jahr mit Kordel f\u00fcr einfachen Transport<br \/>\nSPIELEND LERNEN &#8211; Spiel und Spa\u00df mit Figuren aus der \u201ehej L\u00d8NNE!\u201c-Serie. Ganzheitliches Konzept, skandinavisch designt, gro\u00dfer Lerneffekt, f\u00f6rdert Hand-Auge-Koordination, Motorik und Kreativit\u00e4t<\/p>\n","protected":false},"featured_media":149869,"comment_status":"open","ping_status":"closed","template":"","meta":[],"product_brand":[],"product_cat":[21,8879],"product_tag":[],"class_list":{"0":"post-149868","1":"product","2":"type-product","3":"status-publish","4":"has-post-thumbnail","6":"product_cat-baby","7":"product_cat-baby-kleinkindspielzeug-baby","8":"pa_brand-hej-lonne","9":"pa_height-8-8582677075-zoll","10":"pa_length-6-8897637725-zoll","11":"pa_manufacturer-ilp-gmbh","12":"pa_width-6-8897637725-zoll","14":"first","15":"instock","16":"shipping-taxable","17":"purchasable","18":"product-type-simple","19":"customify-col","20":"product-has-gallery"},"yoast_head":"<!-- This site is optimized with the Yoast SEO plugin v27.4 - https:\/\/yoast.com\/product\/yoast-seo-wordpress\/ -->\n<title>HEJ L\u00d8NNE Holzbausteine 56-teilig in Box - Kinder Spielzeug ab 1 Jahr - Motorikspielzeug - Baukl\u00f6tze Holz\u2026 - Markt-XXL<\/title>\n<meta name=\"description\" content=\"Markt-XXL HEJ L\u00d8NNE Holzbausteine 56-teilig in Box - Kinder Spielzeug ab 1 Jahr - Motorikspielzeug - Baukl\u00f6tze Holz\u2026\" \/>\n<meta name=\"robots\" content=\"index, follow, max-snippet:-1, max-image-preview:large, max-video-preview:-1\" \/>\n<link rel=\"canonical\" href=\"https:\/\/marktxxl.de\/markt\/produkt\/hej-lonne-holzbausteine-56-teilig-in-box-kinder-spielzeug-ab-1-jahr-motorikspielzeug-baukloetze-holz-holzspielzeug-baby\/\" \/>\n<meta property=\"og:locale\" content=\"de_DE\" \/>\n<meta property=\"og:type\" content=\"article\" \/>\n<meta property=\"og:title\" content=\"HEJ L\u00d8NNE Holzbausteine 56-teilig in Box - Kinder Spielzeug ab 1 Jahr - Motorikspielzeug - Baukl\u00f6tze Holz\u2026 - Markt-XXL\" \/>\n<meta property=\"og:description\" content=\"Markt-XXL HEJ L\u00d8NNE Holzbausteine 56-teilig in Box - Kinder Spielzeug ab 1 Jahr - Motorikspielzeug - Baukl\u00f6tze Holz\u2026\" \/>\n<meta property=\"og:url\" content=\"https:\/\/marktxxl.de\/markt\/produkt\/hej-lonne-holzbausteine-56-teilig-in-box-kinder-spielzeug-ab-1-jahr-motorikspielzeug-baukloetze-holz-holzspielzeug-baby\/\" \/>\n<meta property=\"og:site_name\" content=\"Markt-XXL\" \/>\n<meta property=\"article:modified_time\" content=\"2023-04-10T02:36:14+00:00\" \/>\n<meta property=\"og:image\" content=\"https:\/\/m.media-amazon.com\/images\/I\/51M9Tvt9JNL._SL500_.jpg\" \/>\n\t<meta property=\"og:image:width\" content=\"500\" \/>\n\t<meta property=\"og:image:height\" content=\"500\" \/>\n\t<meta property=\"og:image:type\" content=\"image\/jpeg\" \/>\n<meta name=\"twitter:card\" content=\"summary_large_image\" \/>\n<meta name=\"twitter:label1\" content=\"Gesch\u00e4tzte Lesezeit\" \/>\n\t<meta name=\"twitter:data1\" content=\"1\u00a0Minute\" \/>\n<script type=\"application\/ld+json\" class=\"yoast-schema-graph\">{\"@context\":\"https:\\\/\\\/schema.org\",\"@graph\":[{\"@type\":\"WebPage\",\"@id\":\"https:\\\/\\\/marktxxl.de\\\/markt\\\/produkt\\\/hej-lonne-holzbausteine-56-teilig-in-box-kinder-spielzeug-ab-1-jahr-motorikspielzeug-baukloetze-holz-holzspielzeug-baby\\\/\",\"url\":\"https:\\\/\\\/marktxxl.de\\\/markt\\\/produkt\\\/hej-lonne-holzbausteine-56-teilig-in-box-kinder-spielzeug-ab-1-jahr-motorikspielzeug-baukloetze-holz-holzspielzeug-baby\\\/\",\"name\":\"HEJ L\u00d8NNE Holzbausteine 56-teilig in Box - Kinder Spielzeug ab 1 Jahr - Motorikspielzeug - Baukl\u00f6tze Holz\u2026 - Markt-XXL\",\"isPartOf\":{\"@id\":\"https:\\\/\\\/marktxxl.de\\\/markt\\\/#website\"},\"primaryImageOfPage\":{\"@id\":\"https:\\\/\\\/marktxxl.de\\\/markt\\\/produkt\\\/hej-lonne-holzbausteine-56-teilig-in-box-kinder-spielzeug-ab-1-jahr-motorikspielzeug-baukloetze-holz-holzspielzeug-baby\\\/#primaryimage\"},\"image\":{\"@id\":\"https:\\\/\\\/marktxxl.de\\\/markt\\\/produkt\\\/hej-lonne-holzbausteine-56-teilig-in-box-kinder-spielzeug-ab-1-jahr-motorikspielzeug-baukloetze-holz-holzspielzeug-baby\\\/#primaryimage\"},\"thumbnailUrl\":\"https:\\\/\\\/m.media-amazon.com\\\/images\\\/I\\\/51M9Tvt9JNL._SL500_.jpg\",\"datePublished\":\"2022-09-12T01:35:12+00:00\",\"dateModified\":\"2023-04-10T02:36:14+00:00\",\"description\":\"Markt-XXL HEJ L\u00d8NNE Holzbausteine 56-teilig in Box - Kinder Spielzeug ab 1 Jahr - Motorikspielzeug - Baukl\u00f6tze Holz\u2026\",\"breadcrumb\":{\"@id\":\"https:\\\/\\\/marktxxl.de\\\/markt\\\/produkt\\\/hej-lonne-holzbausteine-56-teilig-in-box-kinder-spielzeug-ab-1-jahr-motorikspielzeug-baukloetze-holz-holzspielzeug-baby\\\/#breadcrumb\"},\"inLanguage\":\"de\",\"potentialAction\":[{\"@type\":\"ReadAction\",\"target\":[\"https:\\\/\\\/marktxxl.de\\\/markt\\\/produkt\\\/hej-lonne-holzbausteine-56-teilig-in-box-kinder-spielzeug-ab-1-jahr-motorikspielzeug-baukloetze-holz-holzspielzeug-baby\\\/\"]}]},{\"@type\":\"ImageObject\",\"inLanguage\":\"de\",\"@id\":\"https:\\\/\\\/marktxxl.de\\\/markt\\\/produkt\\\/hej-lonne-holzbausteine-56-teilig-in-box-kinder-spielzeug-ab-1-jahr-motorikspielzeug-baukloetze-holz-holzspielzeug-baby\\\/#primaryimage\",\"url\":\"https:\\\/\\\/m.media-amazon.com\\\/images\\\/I\\\/51M9Tvt9JNL._SL500_.jpg\",\"contentUrl\":\"https:\\\/\\\/m.media-amazon.com\\\/images\\\/I\\\/51M9Tvt9JNL._SL500_.jpg\",\"width\":500,\"height\":500},{\"@type\":\"BreadcrumbList\",\"@id\":\"https:\\\/\\\/marktxxl.de\\\/markt\\\/produkt\\\/hej-lonne-holzbausteine-56-teilig-in-box-kinder-spielzeug-ab-1-jahr-motorikspielzeug-baukloetze-holz-holzspielzeug-baby\\\/#breadcrumb\",\"itemListElement\":[{\"@type\":\"ListItem\",\"position\":1,\"name\":\"Startseite\",\"item\":\"https:\\\/\\\/marktxxl.de\\\/markt\\\/\"},{\"@type\":\"ListItem\",\"position\":2,\"name\":\"Markt\",\"item\":\"https:\\\/\\\/marktxxl.de\\\/markt\\\/\"},{\"@type\":\"ListItem\",\"position\":3,\"name\":\"HEJ L\u00d8NNE Holzbausteine 56-teilig in Box &#8211; Kinder Spielzeug ab 1 Jahr &#8211; Motorikspielzeug &#8211; Baukl\u00f6tze Holz\u2026\"}]},{\"@type\":\"WebSite\",\"@id\":\"https:\\\/\\\/marktxxl.de\\\/markt\\\/#website\",\"url\":\"https:\\\/\\\/marktxxl.de\\\/markt\\\/\",\"name\":\"Markt-XXL\",\"description\":\"Ihr Markt Online\",\"publisher\":{\"@id\":\"https:\\\/\\\/marktxxl.de\\\/markt\\\/#organization\"},\"potentialAction\":[{\"@type\":\"SearchAction\",\"target\":{\"@type\":\"EntryPoint\",\"urlTemplate\":\"https:\\\/\\\/marktxxl.de\\\/markt\\\/?s={search_term_string}\"},\"query-input\":{\"@type\":\"PropertyValueSpecification\",\"valueRequired\":true,\"valueName\":\"search_term_string\"}}],\"inLanguage\":\"de\"},{\"@type\":\"Organization\",\"@id\":\"https:\\\/\\\/marktxxl.de\\\/markt\\\/#organization\",\"name\":\"Markt-XXL\",\"url\":\"https:\\\/\\\/marktxxl.de\\\/markt\\\/\",\"logo\":{\"@type\":\"ImageObject\",\"inLanguage\":\"de\",\"@id\":\"https:\\\/\\\/marktxxl.de\\\/markt\\\/#\\\/schema\\\/logo\\\/image\\\/\",\"url\":\"https:\\\/\\\/marktxxl.de\\\/markt\\\/wp-content\\\/uploads\\\/sites\\\/3\\\/2020\\\/12\\\/logo.png\",\"contentUrl\":\"https:\\\/\\\/marktxxl.de\\\/markt\\\/wp-content\\\/uploads\\\/sites\\\/3\\\/2020\\\/12\\\/logo.png\",\"width\":200,\"height\":70,\"caption\":\"Markt-XXL\"},\"image\":{\"@id\":\"https:\\\/\\\/marktxxl.de\\\/markt\\\/#\\\/schema\\\/logo\\\/image\\\/\"}}]}<\/script>\n<!-- \/ Yoast SEO plugin. -->","yoast_head_json":{"title":"HEJ L\u00d8NNE Holzbausteine 56-teilig in Box - Kinder Spielzeug ab 1 Jahr - Motorikspielzeug - Baukl\u00f6tze Holz\u2026 - Markt-XXL","description":"Markt-XXL HEJ L\u00d8NNE Holzbausteine 56-teilig in Box - Kinder Spielzeug ab 1 Jahr - Motorikspielzeug - Baukl\u00f6tze Holz\u2026","robots":{"index":"index","follow":"follow","max-snippet":"max-snippet:-1","max-image-preview":"max-image-preview:large","max-video-preview":"max-video-preview:-1"},"canonical":"https:\/\/marktxxl.de\/markt\/produkt\/hej-lonne-holzbausteine-56-teilig-in-box-kinder-spielzeug-ab-1-jahr-motorikspielzeug-baukloetze-holz-holzspielzeug-baby\/","og_locale":"de_DE","og_type":"article","og_title":"HEJ L\u00d8NNE Holzbausteine 56-teilig in Box - Kinder Spielzeug ab 1 Jahr - Motorikspielzeug - Baukl\u00f6tze Holz\u2026 - Markt-XXL","og_description":"Markt-XXL HEJ L\u00d8NNE Holzbausteine 56-teilig in Box - Kinder Spielzeug ab 1 Jahr - Motorikspielzeug - Baukl\u00f6tze Holz\u2026","og_url":"https:\/\/marktxxl.de\/markt\/produkt\/hej-lonne-holzbausteine-56-teilig-in-box-kinder-spielzeug-ab-1-jahr-motorikspielzeug-baukloetze-holz-holzspielzeug-baby\/","og_site_name":"Markt-XXL","article_modified_time":"2023-04-10T02:36:14+00:00","og_image":[{"width":500,"height":500,"url":"https:\/\/m.media-amazon.com\/images\/I\/51M9Tvt9JNL._SL500_.jpg","type":"image\/jpeg"}],"twitter_card":"summary_large_image","twitter_misc":{"Gesch\u00e4tzte Lesezeit":"1\u00a0Minute"},"schema":{"@context":"https:\/\/schema.org","@graph":[{"@type":"WebPage","@id":"https:\/\/marktxxl.de\/markt\/produkt\/hej-lonne-holzbausteine-56-teilig-in-box-kinder-spielzeug-ab-1-jahr-motorikspielzeug-baukloetze-holz-holzspielzeug-baby\/","url":"https:\/\/marktxxl.de\/markt\/produkt\/hej-lonne-holzbausteine-56-teilig-in-box-kinder-spielzeug-ab-1-jahr-motorikspielzeug-baukloetze-holz-holzspielzeug-baby\/","name":"HEJ L\u00d8NNE Holzbausteine 56-teilig in Box - Kinder Spielzeug ab 1 Jahr - Motorikspielzeug - Baukl\u00f6tze Holz\u2026 - Markt-XXL","isPartOf":{"@id":"https:\/\/marktxxl.de\/markt\/#website"},"primaryImageOfPage":{"@id":"https:\/\/marktxxl.de\/markt\/produkt\/hej-lonne-holzbausteine-56-teilig-in-box-kinder-spielzeug-ab-1-jahr-motorikspielzeug-baukloetze-holz-holzspielzeug-baby\/#primaryimage"},"image":{"@id":"https:\/\/marktxxl.de\/markt\/produkt\/hej-lonne-holzbausteine-56-teilig-in-box-kinder-spielzeug-ab-1-jahr-motorikspielzeug-baukloetze-holz-holzspielzeug-baby\/#primaryimage"},"thumbnailUrl":"https:\/\/m.media-amazon.com\/images\/I\/51M9Tvt9JNL._SL500_.jpg","datePublished":"2022-09-12T01:35:12+00:00","dateModified":"2023-04-10T02:36:14+00:00","description":"Markt-XXL HEJ L\u00d8NNE Holzbausteine 56-teilig in Box - Kinder Spielzeug ab 1 Jahr - Motorikspielzeug - Baukl\u00f6tze Holz\u2026","breadcrumb":{"@id":"https:\/\/marktxxl.de\/markt\/produkt\/hej-lonne-holzbausteine-56-teilig-in-box-kinder-spielzeug-ab-1-jahr-motorikspielzeug-baukloetze-holz-holzspielzeug-baby\/#breadcrumb"},"inLanguage":"de","potentialAction":[{"@type":"ReadAction","target":["https:\/\/marktxxl.de\/markt\/produkt\/hej-lonne-holzbausteine-56-teilig-in-box-kinder-spielzeug-ab-1-jahr-motorikspielzeug-baukloetze-holz-holzspielzeug-baby\/"]}]},{"@type":"ImageObject","inLanguage":"de","@id":"https:\/\/marktxxl.de\/markt\/produkt\/hej-lonne-holzbausteine-56-teilig-in-box-kinder-spielzeug-ab-1-jahr-motorikspielzeug-baukloetze-holz-holzspielzeug-baby\/#primaryimage","url":"https:\/\/m.media-amazon.com\/images\/I\/51M9Tvt9JNL._SL500_.jpg","contentUrl":"https:\/\/m.media-amazon.com\/images\/I\/51M9Tvt9JNL._SL500_.jpg","width":500,"height":500},{"@type":"BreadcrumbList","@id":"https:\/\/marktxxl.de\/markt\/produkt\/hej-lonne-holzbausteine-56-teilig-in-box-kinder-spielzeug-ab-1-jahr-motorikspielzeug-baukloetze-holz-holzspielzeug-baby\/#breadcrumb","itemListElement":[{"@type":"ListItem","position":1,"name":"Startseite","item":"https:\/\/marktxxl.de\/markt\/"},{"@type":"ListItem","position":2,"name":"Markt","item":"https:\/\/marktxxl.de\/markt\/"},{"@type":"ListItem","position":3,"name":"HEJ L\u00d8NNE Holzbausteine 56-teilig in Box &#8211; Kinder Spielzeug ab 1 Jahr &#8211; Motorikspielzeug &#8211; Baukl\u00f6tze Holz\u2026"}]},{"@type":"WebSite","@id":"https:\/\/marktxxl.de\/markt\/#website","url":"https:\/\/marktxxl.de\/markt\/","name":"Markt-XXL","description":"Ihr Markt Online","publisher":{"@id":"https:\/\/marktxxl.de\/markt\/#organization"},"potentialAction":[{"@type":"SearchAction","target":{"@type":"EntryPoint","urlTemplate":"https:\/\/marktxxl.de\/markt\/?s={search_term_string}"},"query-input":{"@type":"PropertyValueSpecification","valueRequired":true,"valueName":"search_term_string"}}],"inLanguage":"de"},{"@type":"Organization","@id":"https:\/\/marktxxl.de\/markt\/#organization","name":"Markt-XXL","url":"https:\/\/marktxxl.de\/markt\/","logo":{"@type":"ImageObject","inLanguage":"de","@id":"https:\/\/marktxxl.de\/markt\/#\/schema\/logo\/image\/","url":"https:\/\/marktxxl.de\/markt\/wp-content\/uploads\/sites\/3\/2020\/12\/logo.png","contentUrl":"https:\/\/marktxxl.de\/markt\/wp-content\/uploads\/sites\/3\/2020\/12\/logo.png","width":200,"height":70,"caption":"Markt-XXL"},"image":{"@id":"https:\/\/marktxxl.de\/markt\/#\/schema\/logo\/image\/"}}]}},"_links":{"self":[{"href":"https:\/\/marktxxl.de\/markt\/wp-json\/wp\/v2\/product\/149868","targetHints":{"allow":["GET"]}}],"collection":[{"href":"https:\/\/marktxxl.de\/markt\/wp-json\/wp\/v2\/product"}],"about":[{"href":"https:\/\/marktxxl.de\/markt\/wp-json\/wp\/v2\/types\/product"}],"replies":[{"embeddable":true,"href":"https:\/\/marktxxl.de\/markt\/wp-json\/wp\/v2\/comments?post=149868"}],"wp:featuredmedia":[{"embeddable":true,"href":"https:\/\/marktxxl.de\/markt\/wp-json\/wp\/v2\/media\/149869"}],"wp:attachment":[{"href":"https:\/\/marktxxl.de\/markt\/wp-json\/wp\/v2\/media?parent=149868"}],"wp:term":[{"taxonomy":"product_brand","embeddable":true,"href":"https:\/\/marktxxl.de\/markt\/wp-json\/wp\/v2\/product_brand?post=149868"},{"taxonomy":"product_cat","embeddable":true,"href":"https:\/\/marktxxl.de\/markt\/wp-json\/wp\/v2\/product_cat?post=149868"},{"taxonomy":"product_tag","embeddable":true,"href":"https:\/\/marktxxl.de\/markt\/wp-json\/wp\/v2\/product_tag?post=149868"}],"curies":[{"name":"wp","href":"https:\/\/api.w.org\/{rel}","templated":true}]}}