{"id":149617,"date":"2022-09-12T03:14:17","date_gmt":"2022-09-12T01:14:17","guid":{"rendered":"https:\/\/marktxxl.de\/markt\/produkt\/falke-unisex-kinder-active-ski-skisocken-wolle-schwarz-blau-viele-weitere-farben-dicke-verstaerkte-skistruempfe-ohne-muster-mit-mittelstarker-polsterung-kniehoch-bunt-warm-zum-skifahren-1-paar\/"},"modified":"2023-04-11T04:29:13","modified_gmt":"2023-04-11T02:29:13","slug":"falke-unisex-kinder-active-ski-skisocken-wolle-schwarz-blau-viele-weitere-farben-dicke-verstaerkte-skistruempfe-ohne-muster-mit-mittelstarker-polsterung-kniehoch-bunt-warm-zum-skifahren-1-paar","status":"publish","type":"product","link":"https:\/\/marktxxl.de\/markt\/produkt\/falke-unisex-kinder-active-ski-skisocken-wolle-schwarz-blau-viele-weitere-farben-dicke-verstaerkte-skistruempfe-ohne-muster-mit-mittelstarker-polsterung-kniehoch-bunt-warm-zum-skifahren-1-paar\/","title":{"rendered":"FALKE Unisex Kinder Active Ski Skisocken Wolle Schwarz Blau viele weitere Farben Dicke verst\u00e4rkte Skistr\u00fcmpfe ohne\u2026"},"content":{"rendered":"<p>1 Paar dicke Thermosocken aus weichem Funktionsmaterial und leicht w\u00e4rmender Merinowolle ohne Motiv ist das Beste, was Ihr Kind f\u00fcr warme F\u00fc\u00dfe an kalten Tagen tragen kann; lang,hochwertig, atmungsaktiv, gef\u00fcttert, verst\u00e4rkt, uni und f\u00fcr jeden Skischuh geeignet; Warme Thermostr\u00fcmpfe aus Merinowolle mit Innenfrottee und Polster; Allrounder Skistrumpf mit Bund aus Gummi zum Skifahren und Schlittenfahren von FALKE<br \/>\nBlickdichte, einfarbige besonders bequeme Thermo Socken f\u00fcr den Freizeit Skifahrer, Schlitten fahren, Schneewanderungen, zur Schule, Fahrrad, Outdoor Sport, drau\u00dfen sowie f\u00fcr Gummistiefel und Schneeschuhe; Stricksocken dr\u00fccken nicht durch flache Naht an den Zehen; ideale Kniestr\u00fcmpfe mit mittelstarker Polsterung f\u00fcr hohen Schutz und ausgewogenen Schuhkontakt ohne nasse F\u00fc\u00dfe f\u00fcr den Winter und f\u00fcr l\u00e4ngere Tragedauern; Skistrumpf f\u00fcr Kleinkinder, Kinder, Jungen, M\u00e4dchen und Teenager perfekt als Geschenk zu Weihnachten, Ostern oder Geburtstag<br \/>\nFALKE Skisocken Kinderstr\u00fcmpfe mit speziellem Sohlenmaterial sind hoch, lang, bequem, fusselfrei und f\u00fcr trockene F\u00fc\u00dfe durch optimalem Feuchtigkeitstransport ideal geeignet; Farbe bleibt auch nach mehrmaligen Waschen erhalten;So kommt Ihr Kind ohne Schwitzen und nasse F\u00fc\u00dfe extra warm durch den Winter; Diese Str\u00fcmpfe sind bei 30\u00b0C im Wollwaschgang zu waschen<br \/>\nPerfekte Proportionen und Passform durch spezielle Strickverfahren und Zylinder; Fu\u00dfspitze und Fu\u00dfbett sind an die anatomischen Unterschiede von L\/R Fu\u00df angepasst. Diese Innovation garantiert einen optimalen, faltenfreien Sitz mit hohem Tragekomfort, sch\u00fctzt vor Druckstellen und erh\u00f6ht die Haltbarkeit der Str\u00fcmpfe<br \/>\nModellnummer FALKE Kinder Active Ski Skisocken: 11535; Gr\u00f6\u00dfen: 23-26 (2-3 Jahre), 27-30 (3-6 Jahre), 31-34 (7-9 Jahre), 35-38 (9-12 Jahre), 39-42 (13-16 Jahre); Dieses Produkt wurde auf Schadstoffe gepr\u00fcft und zertifiziert nach Standard 100 durch OEKO-TEX 96.0.9647 HOHENSTEIN HTTI<br \/>\nEinzigartige FALKE-Qualit\u00e4t: Wir haben h\u00f6chste Anspr\u00fcche an das, was Ihren K\u00f6rper sch\u00fctzt und w\u00e4rmt; FALKE: Traditionsunternehmen und h\u00f6chste Qualit\u00e4t seit 1895<br \/>\n<div class=\"main-cross-sell\" data-asin=\"B09RQFF9RT\">\n\n\t<div class=\"WooZone-cross-sell-loader\">\n\t\t<div>\n\t\t\t<div id=\"floatingBarsG\">\n\t\t\t\t<div class=\"blockG\" id=\"rotateG_01\"><\/div>\n\t\t\t\t<div class=\"blockG\" id=\"rotateG_02\"><\/div>\n\t\t\t\t<div class=\"blockG\" id=\"rotateG_03\"><\/div>\n\t\t\t\t<div class=\"blockG\" id=\"rotateG_04\"><\/div>\n\t\t\t\t<div class=\"blockG\" id=\"rotateG_05\"><\/div>\n\t\t\t\t<div class=\"blockG\" id=\"rotateG_06\"><\/div>\n\t\t\t\t<div class=\"blockG\" id=\"rotateG_07\"><\/div>\n\t\t\t\t<div class=\"blockG\" id=\"rotateG_08\"><\/div>\n\t\t\t<\/div>\n\t\t\t<div class=\"WooZone-cross-sell-loader-text\"><\/div>\n\t\t<\/div>\n\t<\/div>\n\n\t\t\n<\/div>\n<div style=\"clear:both;\"><\/div><\/p>\n","protected":false},"excerpt":{"rendered":"<p>1 Paar dicke Thermosocken aus weichem Funktionsmaterial und leicht w\u00e4rmender Merinowolle ohne Motiv ist das Beste, was Ihr Kind f\u00fcr warme F\u00fc\u00dfe an kalten Tagen tragen kann; lang,hochwertig, atmungsaktiv, gef\u00fcttert, verst\u00e4rkt, uni und f\u00fcr jeden Skischuh geeignet; Warme Thermostr\u00fcmpfe aus Merinowolle mit Innenfrottee und Polster; Allrounder Skistrumpf mit Bund aus Gummi zum Skifahren und Schlittenfahren von FALKE<br \/>\nBlickdichte, einfarbige besonders bequeme Thermo Socken f\u00fcr den Freizeit Skifahrer, Schlitten fahren, Schneewanderungen, zur Schule, Fahrrad, Outdoor Sport, drau\u00dfen sowie f\u00fcr Gummistiefel und Schneeschuhe; Stricksocken dr\u00fccken nicht durch flache Naht an den Zehen; ideale Kniestr\u00fcmpfe mit mittelstarker Polsterung f\u00fcr hohen Schutz und ausgewogenen Schuhkontakt ohne nasse F\u00fc\u00dfe f\u00fcr den Winter und f\u00fcr l\u00e4ngere Tragedauern; Skistrumpf f\u00fcr Kleinkinder, Kinder, Jungen, M\u00e4dchen und Teenager perfekt als Geschenk zu Weihnachten, Ostern oder Geburtstag<br \/>\nFALKE Skisocken Kinderstr\u00fcmpfe mit speziellem Sohlenmaterial sind hoch, lang, bequem, fusselfrei und f\u00fcr trockene F\u00fc\u00dfe durch optimalem Feuchtigkeitstransport ideal geeignet; Farbe bleibt auch nach mehrmaligen Waschen erhalten;So kommt Ihr Kind ohne Schwitzen und nasse F\u00fc\u00dfe extra warm durch den Winter; Diese Str\u00fcmpfe sind bei 30\u00b0C im Wollwaschgang zu waschen<\/p>\n","protected":false},"featured_media":149618,"comment_status":"open","ping_status":"closed","template":"","meta":[],"product_brand":[],"product_cat":[1186,3990],"product_tag":[],"class_list":{"0":"post-149617","1":"product","2":"type-product","3":"status-publish","4":"has-post-thumbnail","6":"product_cat-bekleidung","7":"product_cat-maedchen","8":"pa_binding-textilien","9":"pa_brand-falke","10":"pa_manufacturer-falke-kgaa","11":"pa_model-36725","13":"first","14":"instock","15":"shipping-taxable","16":"purchasable","17":"product-type-simple","18":"customify-col","19":"product-has-gallery"},"yoast_head":"<!-- This site is optimized with the Yoast SEO plugin v27.4 - https:\/\/yoast.com\/product\/yoast-seo-wordpress\/ -->\n<title>FALKE Unisex Kinder Active Ski Skisocken Wolle Schwarz Blau viele weitere Farben Dicke verst\u00e4rkte Skistr\u00fcmpfe ohne\u2026 - Markt-XXL<\/title>\n<meta name=\"description\" content=\"Markt-XXL FALKE Unisex Kinder Active Ski Skisocken Wolle Schwarz Blau viele weitere Farben Dicke verst\u00e4rkte Skistr\u00fcmpfe ohne\u2026\" \/>\n<meta name=\"robots\" content=\"index, follow, max-snippet:-1, max-image-preview:large, max-video-preview:-1\" \/>\n<link rel=\"canonical\" href=\"https:\/\/marktxxl.de\/markt\/produkt\/falke-unisex-kinder-active-ski-skisocken-wolle-schwarz-blau-viele-weitere-farben-dicke-verstaerkte-skistruempfe-ohne-muster-mit-mittelstarker-polsterung-kniehoch-bunt-warm-zum-skifahren-1-paar\/\" \/>\n<meta property=\"og:locale\" content=\"de_DE\" \/>\n<meta property=\"og:type\" content=\"article\" \/>\n<meta property=\"og:title\" content=\"FALKE Unisex Kinder Active Ski Skisocken Wolle Schwarz Blau viele weitere Farben Dicke verst\u00e4rkte Skistr\u00fcmpfe ohne\u2026 - Markt-XXL\" \/>\n<meta property=\"og:description\" content=\"Markt-XXL FALKE Unisex Kinder Active Ski Skisocken Wolle Schwarz Blau viele weitere Farben Dicke verst\u00e4rkte Skistr\u00fcmpfe ohne\u2026\" \/>\n<meta property=\"og:url\" content=\"https:\/\/marktxxl.de\/markt\/produkt\/falke-unisex-kinder-active-ski-skisocken-wolle-schwarz-blau-viele-weitere-farben-dicke-verstaerkte-skistruempfe-ohne-muster-mit-mittelstarker-polsterung-kniehoch-bunt-warm-zum-skifahren-1-paar\/\" \/>\n<meta property=\"og:site_name\" content=\"Markt-XXL\" \/>\n<meta property=\"article:modified_time\" content=\"2023-04-11T02:29:13+00:00\" \/>\n<meta property=\"og:image\" content=\"https:\/\/m.media-amazon.com\/images\/I\/41ASJjOykrL._SL500_.jpg\" \/>\n\t<meta property=\"og:image:width\" content=\"417\" \/>\n\t<meta property=\"og:image:height\" content=\"500\" \/>\n\t<meta property=\"og:image:type\" content=\"image\/jpeg\" \/>\n<meta name=\"twitter:card\" content=\"summary_large_image\" \/>\n<meta name=\"twitter:label1\" content=\"Gesch\u00e4tzte Lesezeit\" \/>\n\t<meta name=\"twitter:data1\" content=\"2\u00a0Minuten\" \/>\n<script type=\"application\/ld+json\" class=\"yoast-schema-graph\">{\"@context\":\"https:\\\/\\\/schema.org\",\"@graph\":[{\"@type\":\"WebPage\",\"@id\":\"https:\\\/\\\/marktxxl.de\\\/markt\\\/produkt\\\/falke-unisex-kinder-active-ski-skisocken-wolle-schwarz-blau-viele-weitere-farben-dicke-verstaerkte-skistruempfe-ohne-muster-mit-mittelstarker-polsterung-kniehoch-bunt-warm-zum-skifahren-1-paar\\\/\",\"url\":\"https:\\\/\\\/marktxxl.de\\\/markt\\\/produkt\\\/falke-unisex-kinder-active-ski-skisocken-wolle-schwarz-blau-viele-weitere-farben-dicke-verstaerkte-skistruempfe-ohne-muster-mit-mittelstarker-polsterung-kniehoch-bunt-warm-zum-skifahren-1-paar\\\/\",\"name\":\"FALKE Unisex Kinder Active Ski Skisocken Wolle Schwarz Blau viele weitere Farben Dicke verst\u00e4rkte Skistr\u00fcmpfe ohne\u2026 - Markt-XXL\",\"isPartOf\":{\"@id\":\"https:\\\/\\\/marktxxl.de\\\/markt\\\/#website\"},\"primaryImageOfPage\":{\"@id\":\"https:\\\/\\\/marktxxl.de\\\/markt\\\/produkt\\\/falke-unisex-kinder-active-ski-skisocken-wolle-schwarz-blau-viele-weitere-farben-dicke-verstaerkte-skistruempfe-ohne-muster-mit-mittelstarker-polsterung-kniehoch-bunt-warm-zum-skifahren-1-paar\\\/#primaryimage\"},\"image\":{\"@id\":\"https:\\\/\\\/marktxxl.de\\\/markt\\\/produkt\\\/falke-unisex-kinder-active-ski-skisocken-wolle-schwarz-blau-viele-weitere-farben-dicke-verstaerkte-skistruempfe-ohne-muster-mit-mittelstarker-polsterung-kniehoch-bunt-warm-zum-skifahren-1-paar\\\/#primaryimage\"},\"thumbnailUrl\":\"https:\\\/\\\/m.media-amazon.com\\\/images\\\/I\\\/41ASJjOykrL._SL500_.jpg\",\"datePublished\":\"2022-09-12T01:14:17+00:00\",\"dateModified\":\"2023-04-11T02:29:13+00:00\",\"description\":\"Markt-XXL FALKE Unisex Kinder Active Ski Skisocken Wolle Schwarz Blau viele weitere Farben Dicke verst\u00e4rkte Skistr\u00fcmpfe ohne\u2026\",\"breadcrumb\":{\"@id\":\"https:\\\/\\\/marktxxl.de\\\/markt\\\/produkt\\\/falke-unisex-kinder-active-ski-skisocken-wolle-schwarz-blau-viele-weitere-farben-dicke-verstaerkte-skistruempfe-ohne-muster-mit-mittelstarker-polsterung-kniehoch-bunt-warm-zum-skifahren-1-paar\\\/#breadcrumb\"},\"inLanguage\":\"de\",\"potentialAction\":[{\"@type\":\"ReadAction\",\"target\":[\"https:\\\/\\\/marktxxl.de\\\/markt\\\/produkt\\\/falke-unisex-kinder-active-ski-skisocken-wolle-schwarz-blau-viele-weitere-farben-dicke-verstaerkte-skistruempfe-ohne-muster-mit-mittelstarker-polsterung-kniehoch-bunt-warm-zum-skifahren-1-paar\\\/\"]}]},{\"@type\":\"ImageObject\",\"inLanguage\":\"de\",\"@id\":\"https:\\\/\\\/marktxxl.de\\\/markt\\\/produkt\\\/falke-unisex-kinder-active-ski-skisocken-wolle-schwarz-blau-viele-weitere-farben-dicke-verstaerkte-skistruempfe-ohne-muster-mit-mittelstarker-polsterung-kniehoch-bunt-warm-zum-skifahren-1-paar\\\/#primaryimage\",\"url\":\"https:\\\/\\\/m.media-amazon.com\\\/images\\\/I\\\/41ASJjOykrL._SL500_.jpg\",\"contentUrl\":\"https:\\\/\\\/m.media-amazon.com\\\/images\\\/I\\\/41ASJjOykrL._SL500_.jpg\",\"width\":417,\"height\":500},{\"@type\":\"BreadcrumbList\",\"@id\":\"https:\\\/\\\/marktxxl.de\\\/markt\\\/produkt\\\/falke-unisex-kinder-active-ski-skisocken-wolle-schwarz-blau-viele-weitere-farben-dicke-verstaerkte-skistruempfe-ohne-muster-mit-mittelstarker-polsterung-kniehoch-bunt-warm-zum-skifahren-1-paar\\\/#breadcrumb\",\"itemListElement\":[{\"@type\":\"ListItem\",\"position\":1,\"name\":\"Startseite\",\"item\":\"https:\\\/\\\/marktxxl.de\\\/markt\\\/\"},{\"@type\":\"ListItem\",\"position\":2,\"name\":\"Markt\",\"item\":\"https:\\\/\\\/marktxxl.de\\\/markt\\\/\"},{\"@type\":\"ListItem\",\"position\":3,\"name\":\"FALKE Unisex Kinder Active Ski Skisocken Wolle Schwarz Blau viele weitere Farben Dicke verst\u00e4rkte Skistr\u00fcmpfe ohne\u2026\"}]},{\"@type\":\"WebSite\",\"@id\":\"https:\\\/\\\/marktxxl.de\\\/markt\\\/#website\",\"url\":\"https:\\\/\\\/marktxxl.de\\\/markt\\\/\",\"name\":\"Markt-XXL\",\"description\":\"Ihr Markt Online\",\"publisher\":{\"@id\":\"https:\\\/\\\/marktxxl.de\\\/markt\\\/#organization\"},\"potentialAction\":[{\"@type\":\"SearchAction\",\"target\":{\"@type\":\"EntryPoint\",\"urlTemplate\":\"https:\\\/\\\/marktxxl.de\\\/markt\\\/?s={search_term_string}\"},\"query-input\":{\"@type\":\"PropertyValueSpecification\",\"valueRequired\":true,\"valueName\":\"search_term_string\"}}],\"inLanguage\":\"de\"},{\"@type\":\"Organization\",\"@id\":\"https:\\\/\\\/marktxxl.de\\\/markt\\\/#organization\",\"name\":\"Markt-XXL\",\"url\":\"https:\\\/\\\/marktxxl.de\\\/markt\\\/\",\"logo\":{\"@type\":\"ImageObject\",\"inLanguage\":\"de\",\"@id\":\"https:\\\/\\\/marktxxl.de\\\/markt\\\/#\\\/schema\\\/logo\\\/image\\\/\",\"url\":\"https:\\\/\\\/marktxxl.de\\\/markt\\\/wp-content\\\/uploads\\\/sites\\\/3\\\/2020\\\/12\\\/logo.png\",\"contentUrl\":\"https:\\\/\\\/marktxxl.de\\\/markt\\\/wp-content\\\/uploads\\\/sites\\\/3\\\/2020\\\/12\\\/logo.png\",\"width\":200,\"height\":70,\"caption\":\"Markt-XXL\"},\"image\":{\"@id\":\"https:\\\/\\\/marktxxl.de\\\/markt\\\/#\\\/schema\\\/logo\\\/image\\\/\"}}]}<\/script>\n<!-- \/ Yoast SEO plugin. -->","yoast_head_json":{"title":"FALKE Unisex Kinder Active Ski Skisocken Wolle Schwarz Blau viele weitere Farben Dicke verst\u00e4rkte Skistr\u00fcmpfe ohne\u2026 - Markt-XXL","description":"Markt-XXL FALKE Unisex Kinder Active Ski Skisocken Wolle Schwarz Blau viele weitere Farben Dicke verst\u00e4rkte Skistr\u00fcmpfe ohne\u2026","robots":{"index":"index","follow":"follow","max-snippet":"max-snippet:-1","max-image-preview":"max-image-preview:large","max-video-preview":"max-video-preview:-1"},"canonical":"https:\/\/marktxxl.de\/markt\/produkt\/falke-unisex-kinder-active-ski-skisocken-wolle-schwarz-blau-viele-weitere-farben-dicke-verstaerkte-skistruempfe-ohne-muster-mit-mittelstarker-polsterung-kniehoch-bunt-warm-zum-skifahren-1-paar\/","og_locale":"de_DE","og_type":"article","og_title":"FALKE Unisex Kinder Active Ski Skisocken Wolle Schwarz Blau viele weitere Farben Dicke verst\u00e4rkte Skistr\u00fcmpfe ohne\u2026 - Markt-XXL","og_description":"Markt-XXL FALKE Unisex Kinder Active Ski Skisocken Wolle Schwarz Blau viele weitere Farben Dicke verst\u00e4rkte Skistr\u00fcmpfe ohne\u2026","og_url":"https:\/\/marktxxl.de\/markt\/produkt\/falke-unisex-kinder-active-ski-skisocken-wolle-schwarz-blau-viele-weitere-farben-dicke-verstaerkte-skistruempfe-ohne-muster-mit-mittelstarker-polsterung-kniehoch-bunt-warm-zum-skifahren-1-paar\/","og_site_name":"Markt-XXL","article_modified_time":"2023-04-11T02:29:13+00:00","og_image":[{"width":417,"height":500,"url":"https:\/\/m.media-amazon.com\/images\/I\/41ASJjOykrL._SL500_.jpg","type":"image\/jpeg"}],"twitter_card":"summary_large_image","twitter_misc":{"Gesch\u00e4tzte Lesezeit":"2\u00a0Minuten"},"schema":{"@context":"https:\/\/schema.org","@graph":[{"@type":"WebPage","@id":"https:\/\/marktxxl.de\/markt\/produkt\/falke-unisex-kinder-active-ski-skisocken-wolle-schwarz-blau-viele-weitere-farben-dicke-verstaerkte-skistruempfe-ohne-muster-mit-mittelstarker-polsterung-kniehoch-bunt-warm-zum-skifahren-1-paar\/","url":"https:\/\/marktxxl.de\/markt\/produkt\/falke-unisex-kinder-active-ski-skisocken-wolle-schwarz-blau-viele-weitere-farben-dicke-verstaerkte-skistruempfe-ohne-muster-mit-mittelstarker-polsterung-kniehoch-bunt-warm-zum-skifahren-1-paar\/","name":"FALKE Unisex Kinder Active Ski Skisocken Wolle Schwarz Blau viele weitere Farben Dicke verst\u00e4rkte Skistr\u00fcmpfe ohne\u2026 - Markt-XXL","isPartOf":{"@id":"https:\/\/marktxxl.de\/markt\/#website"},"primaryImageOfPage":{"@id":"https:\/\/marktxxl.de\/markt\/produkt\/falke-unisex-kinder-active-ski-skisocken-wolle-schwarz-blau-viele-weitere-farben-dicke-verstaerkte-skistruempfe-ohne-muster-mit-mittelstarker-polsterung-kniehoch-bunt-warm-zum-skifahren-1-paar\/#primaryimage"},"image":{"@id":"https:\/\/marktxxl.de\/markt\/produkt\/falke-unisex-kinder-active-ski-skisocken-wolle-schwarz-blau-viele-weitere-farben-dicke-verstaerkte-skistruempfe-ohne-muster-mit-mittelstarker-polsterung-kniehoch-bunt-warm-zum-skifahren-1-paar\/#primaryimage"},"thumbnailUrl":"https:\/\/m.media-amazon.com\/images\/I\/41ASJjOykrL._SL500_.jpg","datePublished":"2022-09-12T01:14:17+00:00","dateModified":"2023-04-11T02:29:13+00:00","description":"Markt-XXL FALKE Unisex Kinder Active Ski Skisocken Wolle Schwarz Blau viele weitere Farben Dicke verst\u00e4rkte Skistr\u00fcmpfe ohne\u2026","breadcrumb":{"@id":"https:\/\/marktxxl.de\/markt\/produkt\/falke-unisex-kinder-active-ski-skisocken-wolle-schwarz-blau-viele-weitere-farben-dicke-verstaerkte-skistruempfe-ohne-muster-mit-mittelstarker-polsterung-kniehoch-bunt-warm-zum-skifahren-1-paar\/#breadcrumb"},"inLanguage":"de","potentialAction":[{"@type":"ReadAction","target":["https:\/\/marktxxl.de\/markt\/produkt\/falke-unisex-kinder-active-ski-skisocken-wolle-schwarz-blau-viele-weitere-farben-dicke-verstaerkte-skistruempfe-ohne-muster-mit-mittelstarker-polsterung-kniehoch-bunt-warm-zum-skifahren-1-paar\/"]}]},{"@type":"ImageObject","inLanguage":"de","@id":"https:\/\/marktxxl.de\/markt\/produkt\/falke-unisex-kinder-active-ski-skisocken-wolle-schwarz-blau-viele-weitere-farben-dicke-verstaerkte-skistruempfe-ohne-muster-mit-mittelstarker-polsterung-kniehoch-bunt-warm-zum-skifahren-1-paar\/#primaryimage","url":"https:\/\/m.media-amazon.com\/images\/I\/41ASJjOykrL._SL500_.jpg","contentUrl":"https:\/\/m.media-amazon.com\/images\/I\/41ASJjOykrL._SL500_.jpg","width":417,"height":500},{"@type":"BreadcrumbList","@id":"https:\/\/marktxxl.de\/markt\/produkt\/falke-unisex-kinder-active-ski-skisocken-wolle-schwarz-blau-viele-weitere-farben-dicke-verstaerkte-skistruempfe-ohne-muster-mit-mittelstarker-polsterung-kniehoch-bunt-warm-zum-skifahren-1-paar\/#breadcrumb","itemListElement":[{"@type":"ListItem","position":1,"name":"Startseite","item":"https:\/\/marktxxl.de\/markt\/"},{"@type":"ListItem","position":2,"name":"Markt","item":"https:\/\/marktxxl.de\/markt\/"},{"@type":"ListItem","position":3,"name":"FALKE Unisex Kinder Active Ski Skisocken Wolle Schwarz Blau viele weitere Farben Dicke verst\u00e4rkte Skistr\u00fcmpfe ohne\u2026"}]},{"@type":"WebSite","@id":"https:\/\/marktxxl.de\/markt\/#website","url":"https:\/\/marktxxl.de\/markt\/","name":"Markt-XXL","description":"Ihr Markt Online","publisher":{"@id":"https:\/\/marktxxl.de\/markt\/#organization"},"potentialAction":[{"@type":"SearchAction","target":{"@type":"EntryPoint","urlTemplate":"https:\/\/marktxxl.de\/markt\/?s={search_term_string}"},"query-input":{"@type":"PropertyValueSpecification","valueRequired":true,"valueName":"search_term_string"}}],"inLanguage":"de"},{"@type":"Organization","@id":"https:\/\/marktxxl.de\/markt\/#organization","name":"Markt-XXL","url":"https:\/\/marktxxl.de\/markt\/","logo":{"@type":"ImageObject","inLanguage":"de","@id":"https:\/\/marktxxl.de\/markt\/#\/schema\/logo\/image\/","url":"https:\/\/marktxxl.de\/markt\/wp-content\/uploads\/sites\/3\/2020\/12\/logo.png","contentUrl":"https:\/\/marktxxl.de\/markt\/wp-content\/uploads\/sites\/3\/2020\/12\/logo.png","width":200,"height":70,"caption":"Markt-XXL"},"image":{"@id":"https:\/\/marktxxl.de\/markt\/#\/schema\/logo\/image\/"}}]}},"_links":{"self":[{"href":"https:\/\/marktxxl.de\/markt\/wp-json\/wp\/v2\/product\/149617","targetHints":{"allow":["GET"]}}],"collection":[{"href":"https:\/\/marktxxl.de\/markt\/wp-json\/wp\/v2\/product"}],"about":[{"href":"https:\/\/marktxxl.de\/markt\/wp-json\/wp\/v2\/types\/product"}],"replies":[{"embeddable":true,"href":"https:\/\/marktxxl.de\/markt\/wp-json\/wp\/v2\/comments?post=149617"}],"wp:featuredmedia":[{"embeddable":true,"href":"https:\/\/marktxxl.de\/markt\/wp-json\/wp\/v2\/media\/149618"}],"wp:attachment":[{"href":"https:\/\/marktxxl.de\/markt\/wp-json\/wp\/v2\/media?parent=149617"}],"wp:term":[{"taxonomy":"product_brand","embeddable":true,"href":"https:\/\/marktxxl.de\/markt\/wp-json\/wp\/v2\/product_brand?post=149617"},{"taxonomy":"product_cat","embeddable":true,"href":"https:\/\/marktxxl.de\/markt\/wp-json\/wp\/v2\/product_cat?post=149617"},{"taxonomy":"product_tag","embeddable":true,"href":"https:\/\/marktxxl.de\/markt\/wp-json\/wp\/v2\/product_tag?post=149617"}],"curies":[{"name":"wp","href":"https:\/\/api.w.org\/{rel}","templated":true}]}}