{"id":149613,"date":"2022-09-12T03:14:07","date_gmt":"2022-09-12T01:14:07","guid":{"rendered":"https:\/\/marktxxl.de\/markt\/produkt\/amazon-marke-spotted-zebra-maedchen-fleece-long-sleeve-hooded-dress\/"},"modified":"2023-04-11T04:29:13","modified_gmt":"2023-04-11T02:29:13","slug":"amazon-marke-spotted-zebra-maedchen-fleece-long-sleeve-hooded-dress","status":"publish","type":"product","link":"https:\/\/marktxxl.de\/markt\/produkt\/amazon-marke-spotted-zebra-maedchen-fleece-long-sleeve-hooded-dress\/","title":{"rendered":"Spotted Zebra M\u00e4dchen Lang\u00e4rmeliges Fleecekleid mit Kapuze"},"content":{"rendered":"<p>Machen Sie sich bereit zum Spielen in diesem weichen Fleece-Kleid mit gem\u00fctlicher Kapuze und K\u00e4ngurutasche<br \/>\nK\u00e4ngurutasche, gef\u00fctterte Kapuze, gerippte B\u00fcndchen<br \/>\nAlles ist m\u00f6glich mit Spotted Zebra, einzigartiger Mix-and-Match-Kleidung f\u00fcr Jungen und M\u00e4dchen, deren Fantasie freien Lauf lassen<br \/>\n<div class=\"main-cross-sell\" data-asin=\"B07ZHLSPC4\">\n\n\t<div class=\"WooZone-cross-sell-loader\">\n\t\t<div>\n\t\t\t<div id=\"floatingBarsG\">\n\t\t\t\t<div class=\"blockG\" id=\"rotateG_01\"><\/div>\n\t\t\t\t<div class=\"blockG\" id=\"rotateG_02\"><\/div>\n\t\t\t\t<div class=\"blockG\" id=\"rotateG_03\"><\/div>\n\t\t\t\t<div class=\"blockG\" id=\"rotateG_04\"><\/div>\n\t\t\t\t<div class=\"blockG\" id=\"rotateG_05\"><\/div>\n\t\t\t\t<div class=\"blockG\" id=\"rotateG_06\"><\/div>\n\t\t\t\t<div class=\"blockG\" id=\"rotateG_07\"><\/div>\n\t\t\t\t<div class=\"blockG\" id=\"rotateG_08\"><\/div>\n\t\t\t<\/div>\n\t\t\t<div class=\"WooZone-cross-sell-loader-text\"><\/div>\n\t\t<\/div>\n\t<\/div>\n\n\t\t\n<\/div>\n<div style=\"clear:both;\"><\/div><\/p>\n","protected":false},"excerpt":{"rendered":"<p>Machen Sie sich bereit zum Spielen in diesem weichen Fleece-Kleid mit gem\u00fctlicher Kapuze und K\u00e4ngurutasche<br \/>\nK\u00e4ngurutasche, gef\u00fctterte Kapuze, gerippte B\u00fcndchen<br \/>\nAlles ist m\u00f6glich mit Spotted Zebra, einzigartiger Mix-and-Match-Kleidung f\u00fcr Jungen und M\u00e4dchen, deren Fantasie freien Lauf lassen<\/p>\n","protected":false},"featured_media":149614,"comment_status":"open","ping_status":"closed","template":"","meta":[],"product_brand":[],"product_cat":[1186,3990],"product_tag":[],"class_list":{"0":"post-149613","1":"product","2":"type-product","3":"status-publish","4":"has-post-thumbnail","6":"product_cat-bekleidung","7":"product_cat-maedchen","8":"pa_binding-textilien","9":"pa_brand-spotted-zebra","10":"pa_brand-thames-hudson","11":"pa_edition-acd","12":"pa_manufacturer-spotted-zebra","13":"pa_model-gsz15011fl18","15":"first","16":"instock","17":"shipping-taxable","18":"purchasable","19":"product-type-simple","20":"customify-col","21":"product-has-gallery"},"yoast_head":"<!-- This site is optimized with the Yoast SEO plugin v27.3 - https:\/\/yoast.com\/product\/yoast-seo-wordpress\/ -->\n<title>Spotted Zebra M\u00e4dchen Lang\u00e4rmeliges Fleecekleid mit Kapuze - Markt-XXL<\/title>\n<meta name=\"description\" content=\"Markt-XXL Spotted Zebra M\u00e4dchen Lang\u00e4rmeliges Fleecekleid mit Kapuze\" \/>\n<meta name=\"robots\" content=\"index, follow, max-snippet:-1, max-image-preview:large, max-video-preview:-1\" \/>\n<link rel=\"canonical\" href=\"https:\/\/marktxxl.de\/markt\/produkt\/amazon-marke-spotted-zebra-maedchen-fleece-long-sleeve-hooded-dress\/\" \/>\n<meta property=\"og:locale\" content=\"de_DE\" \/>\n<meta property=\"og:type\" content=\"article\" \/>\n<meta property=\"og:title\" content=\"Spotted Zebra M\u00e4dchen Lang\u00e4rmeliges Fleecekleid mit Kapuze - Markt-XXL\" \/>\n<meta property=\"og:description\" content=\"Markt-XXL Spotted Zebra M\u00e4dchen Lang\u00e4rmeliges Fleecekleid mit Kapuze\" \/>\n<meta property=\"og:url\" content=\"https:\/\/marktxxl.de\/markt\/produkt\/amazon-marke-spotted-zebra-maedchen-fleece-long-sleeve-hooded-dress\/\" \/>\n<meta property=\"og:site_name\" content=\"Markt-XXL\" \/>\n<meta property=\"article:modified_time\" content=\"2023-04-11T02:29:13+00:00\" \/>\n<meta property=\"og:image\" content=\"https:\/\/m.media-amazon.com\/images\/I\/41Pnivi-7TL._SL500_.jpg\" \/>\n\t<meta property=\"og:image:width\" content=\"398\" \/>\n\t<meta property=\"og:image:height\" content=\"500\" \/>\n\t<meta property=\"og:image:type\" content=\"image\/jpeg\" \/>\n<meta name=\"twitter:card\" content=\"summary_large_image\" \/>\n<script type=\"application\/ld+json\" class=\"yoast-schema-graph\">{\"@context\":\"https:\\\/\\\/schema.org\",\"@graph\":[{\"@type\":\"WebPage\",\"@id\":\"https:\\\/\\\/marktxxl.de\\\/markt\\\/produkt\\\/amazon-marke-spotted-zebra-maedchen-fleece-long-sleeve-hooded-dress\\\/\",\"url\":\"https:\\\/\\\/marktxxl.de\\\/markt\\\/produkt\\\/amazon-marke-spotted-zebra-maedchen-fleece-long-sleeve-hooded-dress\\\/\",\"name\":\"Spotted Zebra M\u00e4dchen Lang\u00e4rmeliges Fleecekleid mit Kapuze - Markt-XXL\",\"isPartOf\":{\"@id\":\"https:\\\/\\\/marktxxl.de\\\/markt\\\/#website\"},\"primaryImageOfPage\":{\"@id\":\"https:\\\/\\\/marktxxl.de\\\/markt\\\/produkt\\\/amazon-marke-spotted-zebra-maedchen-fleece-long-sleeve-hooded-dress\\\/#primaryimage\"},\"image\":{\"@id\":\"https:\\\/\\\/marktxxl.de\\\/markt\\\/produkt\\\/amazon-marke-spotted-zebra-maedchen-fleece-long-sleeve-hooded-dress\\\/#primaryimage\"},\"thumbnailUrl\":\"https:\\\/\\\/m.media-amazon.com\\\/images\\\/I\\\/41Pnivi-7TL._SL500_.jpg\",\"datePublished\":\"2022-09-12T01:14:07+00:00\",\"dateModified\":\"2023-04-11T02:29:13+00:00\",\"description\":\"Markt-XXL Spotted Zebra M\u00e4dchen Lang\u00e4rmeliges Fleecekleid mit Kapuze\",\"breadcrumb\":{\"@id\":\"https:\\\/\\\/marktxxl.de\\\/markt\\\/produkt\\\/amazon-marke-spotted-zebra-maedchen-fleece-long-sleeve-hooded-dress\\\/#breadcrumb\"},\"inLanguage\":\"de\",\"potentialAction\":[{\"@type\":\"ReadAction\",\"target\":[\"https:\\\/\\\/marktxxl.de\\\/markt\\\/produkt\\\/amazon-marke-spotted-zebra-maedchen-fleece-long-sleeve-hooded-dress\\\/\"]}]},{\"@type\":\"ImageObject\",\"inLanguage\":\"de\",\"@id\":\"https:\\\/\\\/marktxxl.de\\\/markt\\\/produkt\\\/amazon-marke-spotted-zebra-maedchen-fleece-long-sleeve-hooded-dress\\\/#primaryimage\",\"url\":\"https:\\\/\\\/m.media-amazon.com\\\/images\\\/I\\\/41Pnivi-7TL._SL500_.jpg\",\"contentUrl\":\"https:\\\/\\\/m.media-amazon.com\\\/images\\\/I\\\/41Pnivi-7TL._SL500_.jpg\",\"width\":398,\"height\":500},{\"@type\":\"BreadcrumbList\",\"@id\":\"https:\\\/\\\/marktxxl.de\\\/markt\\\/produkt\\\/amazon-marke-spotted-zebra-maedchen-fleece-long-sleeve-hooded-dress\\\/#breadcrumb\",\"itemListElement\":[{\"@type\":\"ListItem\",\"position\":1,\"name\":\"Startseite\",\"item\":\"https:\\\/\\\/marktxxl.de\\\/markt\\\/\"},{\"@type\":\"ListItem\",\"position\":2,\"name\":\"Markt\",\"item\":\"https:\\\/\\\/marktxxl.de\\\/markt\\\/\"},{\"@type\":\"ListItem\",\"position\":3,\"name\":\"Spotted Zebra M\u00e4dchen Lang\u00e4rmeliges Fleecekleid mit Kapuze\"}]},{\"@type\":\"WebSite\",\"@id\":\"https:\\\/\\\/marktxxl.de\\\/markt\\\/#website\",\"url\":\"https:\\\/\\\/marktxxl.de\\\/markt\\\/\",\"name\":\"Markt-XXL\",\"description\":\"Ihr Markt Online\",\"publisher\":{\"@id\":\"https:\\\/\\\/marktxxl.de\\\/markt\\\/#organization\"},\"potentialAction\":[{\"@type\":\"SearchAction\",\"target\":{\"@type\":\"EntryPoint\",\"urlTemplate\":\"https:\\\/\\\/marktxxl.de\\\/markt\\\/?s={search_term_string}\"},\"query-input\":{\"@type\":\"PropertyValueSpecification\",\"valueRequired\":true,\"valueName\":\"search_term_string\"}}],\"inLanguage\":\"de\"},{\"@type\":\"Organization\",\"@id\":\"https:\\\/\\\/marktxxl.de\\\/markt\\\/#organization\",\"name\":\"Markt-XXL\",\"url\":\"https:\\\/\\\/marktxxl.de\\\/markt\\\/\",\"logo\":{\"@type\":\"ImageObject\",\"inLanguage\":\"de\",\"@id\":\"https:\\\/\\\/marktxxl.de\\\/markt\\\/#\\\/schema\\\/logo\\\/image\\\/\",\"url\":\"https:\\\/\\\/marktxxl.de\\\/markt\\\/wp-content\\\/uploads\\\/sites\\\/3\\\/2020\\\/12\\\/logo.png\",\"contentUrl\":\"https:\\\/\\\/marktxxl.de\\\/markt\\\/wp-content\\\/uploads\\\/sites\\\/3\\\/2020\\\/12\\\/logo.png\",\"width\":200,\"height\":70,\"caption\":\"Markt-XXL\"},\"image\":{\"@id\":\"https:\\\/\\\/marktxxl.de\\\/markt\\\/#\\\/schema\\\/logo\\\/image\\\/\"}}]}<\/script>\n<!-- \/ Yoast SEO plugin. -->","yoast_head_json":{"title":"Spotted Zebra M\u00e4dchen Lang\u00e4rmeliges Fleecekleid mit Kapuze - Markt-XXL","description":"Markt-XXL Spotted Zebra M\u00e4dchen Lang\u00e4rmeliges Fleecekleid mit Kapuze","robots":{"index":"index","follow":"follow","max-snippet":"max-snippet:-1","max-image-preview":"max-image-preview:large","max-video-preview":"max-video-preview:-1"},"canonical":"https:\/\/marktxxl.de\/markt\/produkt\/amazon-marke-spotted-zebra-maedchen-fleece-long-sleeve-hooded-dress\/","og_locale":"de_DE","og_type":"article","og_title":"Spotted Zebra M\u00e4dchen Lang\u00e4rmeliges Fleecekleid mit Kapuze - Markt-XXL","og_description":"Markt-XXL Spotted Zebra M\u00e4dchen Lang\u00e4rmeliges Fleecekleid mit Kapuze","og_url":"https:\/\/marktxxl.de\/markt\/produkt\/amazon-marke-spotted-zebra-maedchen-fleece-long-sleeve-hooded-dress\/","og_site_name":"Markt-XXL","article_modified_time":"2023-04-11T02:29:13+00:00","og_image":[{"width":398,"height":500,"url":"https:\/\/m.media-amazon.com\/images\/I\/41Pnivi-7TL._SL500_.jpg","type":"image\/jpeg"}],"twitter_card":"summary_large_image","schema":{"@context":"https:\/\/schema.org","@graph":[{"@type":"WebPage","@id":"https:\/\/marktxxl.de\/markt\/produkt\/amazon-marke-spotted-zebra-maedchen-fleece-long-sleeve-hooded-dress\/","url":"https:\/\/marktxxl.de\/markt\/produkt\/amazon-marke-spotted-zebra-maedchen-fleece-long-sleeve-hooded-dress\/","name":"Spotted Zebra M\u00e4dchen Lang\u00e4rmeliges Fleecekleid mit Kapuze - Markt-XXL","isPartOf":{"@id":"https:\/\/marktxxl.de\/markt\/#website"},"primaryImageOfPage":{"@id":"https:\/\/marktxxl.de\/markt\/produkt\/amazon-marke-spotted-zebra-maedchen-fleece-long-sleeve-hooded-dress\/#primaryimage"},"image":{"@id":"https:\/\/marktxxl.de\/markt\/produkt\/amazon-marke-spotted-zebra-maedchen-fleece-long-sleeve-hooded-dress\/#primaryimage"},"thumbnailUrl":"https:\/\/m.media-amazon.com\/images\/I\/41Pnivi-7TL._SL500_.jpg","datePublished":"2022-09-12T01:14:07+00:00","dateModified":"2023-04-11T02:29:13+00:00","description":"Markt-XXL Spotted Zebra M\u00e4dchen Lang\u00e4rmeliges Fleecekleid mit Kapuze","breadcrumb":{"@id":"https:\/\/marktxxl.de\/markt\/produkt\/amazon-marke-spotted-zebra-maedchen-fleece-long-sleeve-hooded-dress\/#breadcrumb"},"inLanguage":"de","potentialAction":[{"@type":"ReadAction","target":["https:\/\/marktxxl.de\/markt\/produkt\/amazon-marke-spotted-zebra-maedchen-fleece-long-sleeve-hooded-dress\/"]}]},{"@type":"ImageObject","inLanguage":"de","@id":"https:\/\/marktxxl.de\/markt\/produkt\/amazon-marke-spotted-zebra-maedchen-fleece-long-sleeve-hooded-dress\/#primaryimage","url":"https:\/\/m.media-amazon.com\/images\/I\/41Pnivi-7TL._SL500_.jpg","contentUrl":"https:\/\/m.media-amazon.com\/images\/I\/41Pnivi-7TL._SL500_.jpg","width":398,"height":500},{"@type":"BreadcrumbList","@id":"https:\/\/marktxxl.de\/markt\/produkt\/amazon-marke-spotted-zebra-maedchen-fleece-long-sleeve-hooded-dress\/#breadcrumb","itemListElement":[{"@type":"ListItem","position":1,"name":"Startseite","item":"https:\/\/marktxxl.de\/markt\/"},{"@type":"ListItem","position":2,"name":"Markt","item":"https:\/\/marktxxl.de\/markt\/"},{"@type":"ListItem","position":3,"name":"Spotted Zebra M\u00e4dchen Lang\u00e4rmeliges Fleecekleid mit Kapuze"}]},{"@type":"WebSite","@id":"https:\/\/marktxxl.de\/markt\/#website","url":"https:\/\/marktxxl.de\/markt\/","name":"Markt-XXL","description":"Ihr Markt Online","publisher":{"@id":"https:\/\/marktxxl.de\/markt\/#organization"},"potentialAction":[{"@type":"SearchAction","target":{"@type":"EntryPoint","urlTemplate":"https:\/\/marktxxl.de\/markt\/?s={search_term_string}"},"query-input":{"@type":"PropertyValueSpecification","valueRequired":true,"valueName":"search_term_string"}}],"inLanguage":"de"},{"@type":"Organization","@id":"https:\/\/marktxxl.de\/markt\/#organization","name":"Markt-XXL","url":"https:\/\/marktxxl.de\/markt\/","logo":{"@type":"ImageObject","inLanguage":"de","@id":"https:\/\/marktxxl.de\/markt\/#\/schema\/logo\/image\/","url":"https:\/\/marktxxl.de\/markt\/wp-content\/uploads\/sites\/3\/2020\/12\/logo.png","contentUrl":"https:\/\/marktxxl.de\/markt\/wp-content\/uploads\/sites\/3\/2020\/12\/logo.png","width":200,"height":70,"caption":"Markt-XXL"},"image":{"@id":"https:\/\/marktxxl.de\/markt\/#\/schema\/logo\/image\/"}}]}},"_links":{"self":[{"href":"https:\/\/marktxxl.de\/markt\/wp-json\/wp\/v2\/product\/149613","targetHints":{"allow":["GET"]}}],"collection":[{"href":"https:\/\/marktxxl.de\/markt\/wp-json\/wp\/v2\/product"}],"about":[{"href":"https:\/\/marktxxl.de\/markt\/wp-json\/wp\/v2\/types\/product"}],"replies":[{"embeddable":true,"href":"https:\/\/marktxxl.de\/markt\/wp-json\/wp\/v2\/comments?post=149613"}],"wp:featuredmedia":[{"embeddable":true,"href":"https:\/\/marktxxl.de\/markt\/wp-json\/wp\/v2\/media\/149614"}],"wp:attachment":[{"href":"https:\/\/marktxxl.de\/markt\/wp-json\/wp\/v2\/media?parent=149613"}],"wp:term":[{"taxonomy":"product_brand","embeddable":true,"href":"https:\/\/marktxxl.de\/markt\/wp-json\/wp\/v2\/product_brand?post=149613"},{"taxonomy":"product_cat","embeddable":true,"href":"https:\/\/marktxxl.de\/markt\/wp-json\/wp\/v2\/product_cat?post=149613"},{"taxonomy":"product_tag","embeddable":true,"href":"https:\/\/marktxxl.de\/markt\/wp-json\/wp\/v2\/product_tag?post=149613"}],"curies":[{"name":"wp","href":"https:\/\/api.w.org\/{rel}","templated":true}]}}