{"id":149454,"date":"2022-09-12T03:07:25","date_gmt":"2022-09-12T01:07:25","guid":{"rendered":"https:\/\/marktxxl.de\/markt\/produkt\/bhome-umstandsshirt-mit-stehkragen-und-langen-aermeln-body-fuer-schwangere\/"},"modified":"2023-04-11T04:29:11","modified_gmt":"2023-04-11T02:29:11","slug":"bhome-umstandsshirt-mit-stehkragen-und-langen-aermeln-body-fuer-schwangere","status":"publish","type":"product","link":"https:\/\/marktxxl.de\/markt\/produkt\/bhome-umstandsshirt-mit-stehkragen-und-langen-aermeln-body-fuer-schwangere\/","title":{"rendered":"Bhome Schwangerschaftsshirt mit Stehkragen, lang\u00e4rmelig, f\u00fcr schwangere Fotoshootings"},"content":{"rendered":"<p>Aus bequemem und glattem Stoff. Der Stoff ist elastisch, um gen\u00fcgend Platz f\u00fcr Ihren wachsenden Bauch zu bieten und glatt anzuziehen<br \/>\nVor dem Kauf pr\u00fcfen Sie bitte die Gr\u00f6\u00dfe nach der Tabelle. S L\u00e4nge 30 B\u00fcste 33 \u00c4rmell\u00e4nge 23.5; M L\u00e4nge 31 B\u00fcste 35 \u00c4rmell\u00e4nge 24; L L\u00e4nge 31.5 B\u00fcste 38 \u00c4rmell\u00e4nge 24.5; XL L\u00e4nge 32 B\u00fcste 39 \u00c4rmell\u00e4nge 25; XXL L\u00e4nge 33 B\u00fcste 42.5 \u00c4rmell\u00e4nge 25.5<br \/>\nDer Umstandsbody ist mit engen Druckkn\u00f6pfen im Schritt gestaltet, so dass er nicht leicht aufspringt oder Ihr Bein reibt, und es ist bequem zu tragen und auszuziehen, auch wenn Sie ins Badezimmer gehen.<br \/>\nDieser schwangere Body ist genau das, was Sie f\u00fcr Mutterschaftsfotos brauchen, was ein gutes Aussehen der Formung, flacher und wundersch\u00f6n ist, um sich nach oben oder unten zu kleiden.<br \/>\nEs ist auch gut f\u00fcr den t\u00e4glichen Gebrauch, funktioniert gut unter Pullovern, Jacken, M\u00e4nteln, oder kann alleine getragen werden. Es kann ein Basic-T-Shirt oder eine unprofessionelle Shapewear sein.<br \/>\n<div class=\"main-cross-sell\" data-asin=\"B09C13LGLL\">\n\n\t<div class=\"WooZone-cross-sell-loader\">\n\t\t<div>\n\t\t\t<div id=\"floatingBarsG\">\n\t\t\t\t<div class=\"blockG\" id=\"rotateG_01\"><\/div>\n\t\t\t\t<div class=\"blockG\" id=\"rotateG_02\"><\/div>\n\t\t\t\t<div class=\"blockG\" id=\"rotateG_03\"><\/div>\n\t\t\t\t<div class=\"blockG\" id=\"rotateG_04\"><\/div>\n\t\t\t\t<div class=\"blockG\" id=\"rotateG_05\"><\/div>\n\t\t\t\t<div class=\"blockG\" id=\"rotateG_06\"><\/div>\n\t\t\t\t<div class=\"blockG\" id=\"rotateG_07\"><\/div>\n\t\t\t\t<div class=\"blockG\" id=\"rotateG_08\"><\/div>\n\t\t\t<\/div>\n\t\t\t<div class=\"WooZone-cross-sell-loader-text\"><\/div>\n\t\t<\/div>\n\t<\/div>\n\n\t\t\n<\/div>\n<div style=\"clear:both;\"><\/div><\/p>\n","protected":false},"excerpt":{"rendered":"<p>Aus bequemem und glattem Stoff. Der Stoff ist elastisch, um gen\u00fcgend Platz f\u00fcr Ihren wachsenden Bauch zu bieten und glatt anzuziehen<br \/>\nVor dem Kauf pr\u00fcfen Sie bitte die Gr\u00f6\u00dfe nach der Tabelle. S L\u00e4nge 30 B\u00fcste 33 \u00c4rmell\u00e4nge 23.5; M L\u00e4nge 31 B\u00fcste 35 \u00c4rmell\u00e4nge 24; L L\u00e4nge 31.5 B\u00fcste 38 \u00c4rmell\u00e4nge 24.5; XL L\u00e4nge 32 B\u00fcste 39 \u00c4rmell\u00e4nge 25; XXL L\u00e4nge 33 B\u00fcste 42.5 \u00c4rmell\u00e4nge 25.5<br \/>\nDer Umstandsbody ist mit engen Druckkn\u00f6pfen im Schritt gestaltet, so dass er nicht leicht aufspringt oder Ihr Bein reibt, und es ist bequem zu tragen und auszuziehen, auch wenn Sie ins Badezimmer gehen.<\/p>\n","protected":false},"featured_media":149455,"comment_status":"open","ping_status":"closed","template":"","meta":[],"product_brand":[],"product_cat":[21,9478],"product_tag":[],"class_list":{"0":"post-149454","1":"product","2":"type-product","3":"status-publish","4":"has-post-thumbnail","6":"product_cat-baby","7":"product_cat-umstandskleidung-baby","8":"pa_brand-bhome","9":"pa_manufacturer-bhome","11":"first","12":"instock","13":"shipping-taxable","14":"purchasable","15":"product-type-simple","16":"customify-col","17":"product-has-gallery"},"yoast_head":"<!-- This site is optimized with the Yoast SEO plugin v27.4 - https:\/\/yoast.com\/product\/yoast-seo-wordpress\/ -->\n<title>Bhome Schwangerschaftsshirt mit Stehkragen, lang\u00e4rmelig, f\u00fcr schwangere Fotoshootings - Markt-XXL<\/title>\n<meta name=\"description\" content=\"Markt-XXL Bhome Schwangerschaftsshirt mit Stehkragen, lang\u00e4rmelig, f\u00fcr schwangere Fotoshootings\" \/>\n<meta name=\"robots\" content=\"index, follow, max-snippet:-1, max-image-preview:large, max-video-preview:-1\" \/>\n<link rel=\"canonical\" href=\"https:\/\/marktxxl.de\/markt\/produkt\/bhome-umstandsshirt-mit-stehkragen-und-langen-aermeln-body-fuer-schwangere\/\" \/>\n<meta property=\"og:locale\" content=\"de_DE\" \/>\n<meta property=\"og:type\" content=\"article\" \/>\n<meta property=\"og:title\" content=\"Bhome Schwangerschaftsshirt mit Stehkragen, lang\u00e4rmelig, f\u00fcr schwangere Fotoshootings - Markt-XXL\" \/>\n<meta property=\"og:description\" content=\"Markt-XXL Bhome Schwangerschaftsshirt mit Stehkragen, lang\u00e4rmelig, f\u00fcr schwangere Fotoshootings\" \/>\n<meta property=\"og:url\" content=\"https:\/\/marktxxl.de\/markt\/produkt\/bhome-umstandsshirt-mit-stehkragen-und-langen-aermeln-body-fuer-schwangere\/\" \/>\n<meta property=\"og:site_name\" content=\"Markt-XXL\" \/>\n<meta property=\"article:modified_time\" content=\"2023-04-11T02:29:11+00:00\" \/>\n<meta property=\"og:image\" content=\"https:\/\/m.media-amazon.com\/images\/I\/312GcfbiWGL._SL500_.jpg\" \/>\n\t<meta property=\"og:image:width\" content=\"385\" \/>\n\t<meta property=\"og:image:height\" content=\"500\" \/>\n\t<meta property=\"og:image:type\" content=\"image\/jpeg\" \/>\n<meta name=\"twitter:card\" content=\"summary_large_image\" \/>\n<meta name=\"twitter:label1\" content=\"Gesch\u00e4tzte Lesezeit\" \/>\n\t<meta name=\"twitter:data1\" content=\"1\u00a0Minute\" \/>\n<script type=\"application\/ld+json\" class=\"yoast-schema-graph\">{\"@context\":\"https:\\\/\\\/schema.org\",\"@graph\":[{\"@type\":\"WebPage\",\"@id\":\"https:\\\/\\\/marktxxl.de\\\/markt\\\/produkt\\\/bhome-umstandsshirt-mit-stehkragen-und-langen-aermeln-body-fuer-schwangere\\\/\",\"url\":\"https:\\\/\\\/marktxxl.de\\\/markt\\\/produkt\\\/bhome-umstandsshirt-mit-stehkragen-und-langen-aermeln-body-fuer-schwangere\\\/\",\"name\":\"Bhome Schwangerschaftsshirt mit Stehkragen, lang\u00e4rmelig, f\u00fcr schwangere Fotoshootings - Markt-XXL\",\"isPartOf\":{\"@id\":\"https:\\\/\\\/marktxxl.de\\\/markt\\\/#website\"},\"primaryImageOfPage\":{\"@id\":\"https:\\\/\\\/marktxxl.de\\\/markt\\\/produkt\\\/bhome-umstandsshirt-mit-stehkragen-und-langen-aermeln-body-fuer-schwangere\\\/#primaryimage\"},\"image\":{\"@id\":\"https:\\\/\\\/marktxxl.de\\\/markt\\\/produkt\\\/bhome-umstandsshirt-mit-stehkragen-und-langen-aermeln-body-fuer-schwangere\\\/#primaryimage\"},\"thumbnailUrl\":\"https:\\\/\\\/m.media-amazon.com\\\/images\\\/I\\\/312GcfbiWGL._SL500_.jpg\",\"datePublished\":\"2022-09-12T01:07:25+00:00\",\"dateModified\":\"2023-04-11T02:29:11+00:00\",\"description\":\"Markt-XXL Bhome Schwangerschaftsshirt mit Stehkragen, lang\u00e4rmelig, f\u00fcr schwangere Fotoshootings\",\"breadcrumb\":{\"@id\":\"https:\\\/\\\/marktxxl.de\\\/markt\\\/produkt\\\/bhome-umstandsshirt-mit-stehkragen-und-langen-aermeln-body-fuer-schwangere\\\/#breadcrumb\"},\"inLanguage\":\"de\",\"potentialAction\":[{\"@type\":\"ReadAction\",\"target\":[\"https:\\\/\\\/marktxxl.de\\\/markt\\\/produkt\\\/bhome-umstandsshirt-mit-stehkragen-und-langen-aermeln-body-fuer-schwangere\\\/\"]}]},{\"@type\":\"ImageObject\",\"inLanguage\":\"de\",\"@id\":\"https:\\\/\\\/marktxxl.de\\\/markt\\\/produkt\\\/bhome-umstandsshirt-mit-stehkragen-und-langen-aermeln-body-fuer-schwangere\\\/#primaryimage\",\"url\":\"https:\\\/\\\/m.media-amazon.com\\\/images\\\/I\\\/312GcfbiWGL._SL500_.jpg\",\"contentUrl\":\"https:\\\/\\\/m.media-amazon.com\\\/images\\\/I\\\/312GcfbiWGL._SL500_.jpg\",\"width\":385,\"height\":500},{\"@type\":\"BreadcrumbList\",\"@id\":\"https:\\\/\\\/marktxxl.de\\\/markt\\\/produkt\\\/bhome-umstandsshirt-mit-stehkragen-und-langen-aermeln-body-fuer-schwangere\\\/#breadcrumb\",\"itemListElement\":[{\"@type\":\"ListItem\",\"position\":1,\"name\":\"Startseite\",\"item\":\"https:\\\/\\\/marktxxl.de\\\/markt\\\/\"},{\"@type\":\"ListItem\",\"position\":2,\"name\":\"Markt\",\"item\":\"https:\\\/\\\/marktxxl.de\\\/markt\\\/\"},{\"@type\":\"ListItem\",\"position\":3,\"name\":\"Bhome Schwangerschaftsshirt mit Stehkragen, lang\u00e4rmelig, f\u00fcr schwangere Fotoshootings\"}]},{\"@type\":\"WebSite\",\"@id\":\"https:\\\/\\\/marktxxl.de\\\/markt\\\/#website\",\"url\":\"https:\\\/\\\/marktxxl.de\\\/markt\\\/\",\"name\":\"Markt-XXL\",\"description\":\"Ihr Markt Online\",\"publisher\":{\"@id\":\"https:\\\/\\\/marktxxl.de\\\/markt\\\/#organization\"},\"potentialAction\":[{\"@type\":\"SearchAction\",\"target\":{\"@type\":\"EntryPoint\",\"urlTemplate\":\"https:\\\/\\\/marktxxl.de\\\/markt\\\/?s={search_term_string}\"},\"query-input\":{\"@type\":\"PropertyValueSpecification\",\"valueRequired\":true,\"valueName\":\"search_term_string\"}}],\"inLanguage\":\"de\"},{\"@type\":\"Organization\",\"@id\":\"https:\\\/\\\/marktxxl.de\\\/markt\\\/#organization\",\"name\":\"Markt-XXL\",\"url\":\"https:\\\/\\\/marktxxl.de\\\/markt\\\/\",\"logo\":{\"@type\":\"ImageObject\",\"inLanguage\":\"de\",\"@id\":\"https:\\\/\\\/marktxxl.de\\\/markt\\\/#\\\/schema\\\/logo\\\/image\\\/\",\"url\":\"https:\\\/\\\/marktxxl.de\\\/markt\\\/wp-content\\\/uploads\\\/sites\\\/3\\\/2020\\\/12\\\/logo.png\",\"contentUrl\":\"https:\\\/\\\/marktxxl.de\\\/markt\\\/wp-content\\\/uploads\\\/sites\\\/3\\\/2020\\\/12\\\/logo.png\",\"width\":200,\"height\":70,\"caption\":\"Markt-XXL\"},\"image\":{\"@id\":\"https:\\\/\\\/marktxxl.de\\\/markt\\\/#\\\/schema\\\/logo\\\/image\\\/\"}}]}<\/script>\n<!-- \/ Yoast SEO plugin. -->","yoast_head_json":{"title":"Bhome Schwangerschaftsshirt mit Stehkragen, lang\u00e4rmelig, f\u00fcr schwangere Fotoshootings - Markt-XXL","description":"Markt-XXL Bhome Schwangerschaftsshirt mit Stehkragen, lang\u00e4rmelig, f\u00fcr schwangere Fotoshootings","robots":{"index":"index","follow":"follow","max-snippet":"max-snippet:-1","max-image-preview":"max-image-preview:large","max-video-preview":"max-video-preview:-1"},"canonical":"https:\/\/marktxxl.de\/markt\/produkt\/bhome-umstandsshirt-mit-stehkragen-und-langen-aermeln-body-fuer-schwangere\/","og_locale":"de_DE","og_type":"article","og_title":"Bhome Schwangerschaftsshirt mit Stehkragen, lang\u00e4rmelig, f\u00fcr schwangere Fotoshootings - Markt-XXL","og_description":"Markt-XXL Bhome Schwangerschaftsshirt mit Stehkragen, lang\u00e4rmelig, f\u00fcr schwangere Fotoshootings","og_url":"https:\/\/marktxxl.de\/markt\/produkt\/bhome-umstandsshirt-mit-stehkragen-und-langen-aermeln-body-fuer-schwangere\/","og_site_name":"Markt-XXL","article_modified_time":"2023-04-11T02:29:11+00:00","og_image":[{"width":385,"height":500,"url":"https:\/\/m.media-amazon.com\/images\/I\/312GcfbiWGL._SL500_.jpg","type":"image\/jpeg"}],"twitter_card":"summary_large_image","twitter_misc":{"Gesch\u00e4tzte Lesezeit":"1\u00a0Minute"},"schema":{"@context":"https:\/\/schema.org","@graph":[{"@type":"WebPage","@id":"https:\/\/marktxxl.de\/markt\/produkt\/bhome-umstandsshirt-mit-stehkragen-und-langen-aermeln-body-fuer-schwangere\/","url":"https:\/\/marktxxl.de\/markt\/produkt\/bhome-umstandsshirt-mit-stehkragen-und-langen-aermeln-body-fuer-schwangere\/","name":"Bhome Schwangerschaftsshirt mit Stehkragen, lang\u00e4rmelig, f\u00fcr schwangere Fotoshootings - Markt-XXL","isPartOf":{"@id":"https:\/\/marktxxl.de\/markt\/#website"},"primaryImageOfPage":{"@id":"https:\/\/marktxxl.de\/markt\/produkt\/bhome-umstandsshirt-mit-stehkragen-und-langen-aermeln-body-fuer-schwangere\/#primaryimage"},"image":{"@id":"https:\/\/marktxxl.de\/markt\/produkt\/bhome-umstandsshirt-mit-stehkragen-und-langen-aermeln-body-fuer-schwangere\/#primaryimage"},"thumbnailUrl":"https:\/\/m.media-amazon.com\/images\/I\/312GcfbiWGL._SL500_.jpg","datePublished":"2022-09-12T01:07:25+00:00","dateModified":"2023-04-11T02:29:11+00:00","description":"Markt-XXL Bhome Schwangerschaftsshirt mit Stehkragen, lang\u00e4rmelig, f\u00fcr schwangere Fotoshootings","breadcrumb":{"@id":"https:\/\/marktxxl.de\/markt\/produkt\/bhome-umstandsshirt-mit-stehkragen-und-langen-aermeln-body-fuer-schwangere\/#breadcrumb"},"inLanguage":"de","potentialAction":[{"@type":"ReadAction","target":["https:\/\/marktxxl.de\/markt\/produkt\/bhome-umstandsshirt-mit-stehkragen-und-langen-aermeln-body-fuer-schwangere\/"]}]},{"@type":"ImageObject","inLanguage":"de","@id":"https:\/\/marktxxl.de\/markt\/produkt\/bhome-umstandsshirt-mit-stehkragen-und-langen-aermeln-body-fuer-schwangere\/#primaryimage","url":"https:\/\/m.media-amazon.com\/images\/I\/312GcfbiWGL._SL500_.jpg","contentUrl":"https:\/\/m.media-amazon.com\/images\/I\/312GcfbiWGL._SL500_.jpg","width":385,"height":500},{"@type":"BreadcrumbList","@id":"https:\/\/marktxxl.de\/markt\/produkt\/bhome-umstandsshirt-mit-stehkragen-und-langen-aermeln-body-fuer-schwangere\/#breadcrumb","itemListElement":[{"@type":"ListItem","position":1,"name":"Startseite","item":"https:\/\/marktxxl.de\/markt\/"},{"@type":"ListItem","position":2,"name":"Markt","item":"https:\/\/marktxxl.de\/markt\/"},{"@type":"ListItem","position":3,"name":"Bhome Schwangerschaftsshirt mit Stehkragen, lang\u00e4rmelig, f\u00fcr schwangere Fotoshootings"}]},{"@type":"WebSite","@id":"https:\/\/marktxxl.de\/markt\/#website","url":"https:\/\/marktxxl.de\/markt\/","name":"Markt-XXL","description":"Ihr Markt Online","publisher":{"@id":"https:\/\/marktxxl.de\/markt\/#organization"},"potentialAction":[{"@type":"SearchAction","target":{"@type":"EntryPoint","urlTemplate":"https:\/\/marktxxl.de\/markt\/?s={search_term_string}"},"query-input":{"@type":"PropertyValueSpecification","valueRequired":true,"valueName":"search_term_string"}}],"inLanguage":"de"},{"@type":"Organization","@id":"https:\/\/marktxxl.de\/markt\/#organization","name":"Markt-XXL","url":"https:\/\/marktxxl.de\/markt\/","logo":{"@type":"ImageObject","inLanguage":"de","@id":"https:\/\/marktxxl.de\/markt\/#\/schema\/logo\/image\/","url":"https:\/\/marktxxl.de\/markt\/wp-content\/uploads\/sites\/3\/2020\/12\/logo.png","contentUrl":"https:\/\/marktxxl.de\/markt\/wp-content\/uploads\/sites\/3\/2020\/12\/logo.png","width":200,"height":70,"caption":"Markt-XXL"},"image":{"@id":"https:\/\/marktxxl.de\/markt\/#\/schema\/logo\/image\/"}}]}},"_links":{"self":[{"href":"https:\/\/marktxxl.de\/markt\/wp-json\/wp\/v2\/product\/149454","targetHints":{"allow":["GET"]}}],"collection":[{"href":"https:\/\/marktxxl.de\/markt\/wp-json\/wp\/v2\/product"}],"about":[{"href":"https:\/\/marktxxl.de\/markt\/wp-json\/wp\/v2\/types\/product"}],"replies":[{"embeddable":true,"href":"https:\/\/marktxxl.de\/markt\/wp-json\/wp\/v2\/comments?post=149454"}],"wp:featuredmedia":[{"embeddable":true,"href":"https:\/\/marktxxl.de\/markt\/wp-json\/wp\/v2\/media\/149455"}],"wp:attachment":[{"href":"https:\/\/marktxxl.de\/markt\/wp-json\/wp\/v2\/media?parent=149454"}],"wp:term":[{"taxonomy":"product_brand","embeddable":true,"href":"https:\/\/marktxxl.de\/markt\/wp-json\/wp\/v2\/product_brand?post=149454"},{"taxonomy":"product_cat","embeddable":true,"href":"https:\/\/marktxxl.de\/markt\/wp-json\/wp\/v2\/product_cat?post=149454"},{"taxonomy":"product_tag","embeddable":true,"href":"https:\/\/marktxxl.de\/markt\/wp-json\/wp\/v2\/product_tag?post=149454"}],"curies":[{"name":"wp","href":"https:\/\/api.w.org\/{rel}","templated":true}]}}