{"id":149395,"date":"2022-09-12T03:04:16","date_gmt":"2022-09-12T01:04:16","guid":{"rendered":"https:\/\/marktxxl.de\/markt\/produkt\/sibinulo-damen-umstands-nachthemd-mit-stillfunktion-v-ausschnitt-stillshirt-kurzarm-100-feine-baumwolle-verschiedene-muster-eu-produktion\/"},"modified":"2023-04-11T04:29:10","modified_gmt":"2023-04-11T02:29:10","slug":"sibinulo-damen-umstands-nachthemd-mit-stillfunktion-v-ausschnitt-stillshirt-kurzarm-100-feine-baumwolle-verschiedene-muster-eu-produktion","status":"publish","type":"product","link":"https:\/\/marktxxl.de\/markt\/produkt\/sibinulo-damen-umstands-nachthemd-mit-stillfunktion-v-ausschnitt-stillshirt-kurzarm-100-feine-baumwolle-verschiedene-muster-eu-produktion\/","title":{"rendered":"Sibinulo Damen Umstands Nachthemd mit Stillfunktion V Ausschnitt Stillshirt Kurzarm 100% feine Baumwolle Verschiedene\u2026"},"content":{"rendered":"<p>ZUM STILLEN ENTWORFEN \u2013 Suchst du ein ideales Nachthemd, die dir das Stillen deines Kindes nach der Geburt erleichtert? Wir haben extra das Schlafkleid Sibinulo geschaffen, die jede Nacht das t\u00e4gliche Stillen erleichtert und nach der Stillzeit zum bequemen normalen Schlafanzug wird. Wir haben auch einen speziellen Schnitt angewendet, dank dem man das Nachthemd auch in den ersten Monaten der Schwangerschaft tragen kann, wenn der Bauch noch nicht sehr gro\u00df ist.<br \/>\nEINE BEQUEME SPANNE \u2013 Wir wissen, dass die Schwangerschaft und das Stillen eine au\u00dfergew\u00f6hnliche Zeit sind. Deswegen haben wir einen gro\u00dfen Wert daraufgelegt, dass unsere Pyjamas Bequemlichkeit und Bewegungsfreiheit sichern. Zus\u00e4tzlich haben wir das schnelle Stillen in jedem Tages- und Nachtmoment gesichert, indem wir einen gut geformten Druckknopfschluss angewendet haben. Unsere Erfahrung hat uns geholfen, unsere Schlafanz\u00fcge besser an die Bed\u00fcrfnisse der stillenden Frauen anzupassen.<br \/>\nSCH\u00d6NE MUSTER \u2013 Wir wissen auch, dass jede junge Mutter sch\u00f6n aussehen m\u00f6chte. Deswegen ist jedes Muster, das wir unseren Kunden \u00fcberreichen, sorgf\u00e4ltig durchdacht. Jedes Projekt betrachten wir als eine getrennte Geschichte, die zu einem gl\u00fccklichen Ende f\u00fchrt. Unsere Muster werden nach den aktuellen Modetrends entworfen. Unsere Produkte eignen sich perfekt zum Babyparty der werdenden Mutter. In unserem Angebot gibt es auch vielfarbige Blumenmuster.<br \/>\n\u00d6KOLOGISCHE H\u00d6CHSTE QUALIT\u00c4T \u2013 Wir haben auch unsere Visitenkarte nicht vergessen \u2013 die Qualit\u00e4t! Das Nachthemd wurde 100% aus \u00f6kologischer Baumwolle h\u00f6chster Qualit\u00e4t gemacht \u2013 sie ist fein und angenehm vom ersten Kontakt mit der Haut an. Dank dem verst\u00e4rkten Steppen und der Sorge f\u00fcr die Details erh\u00e4lt das Hemd immer seine Proportionen und man kann es lange benutzen. Der Produktionsprozess von unseren Kleidungen f\u00fcr Schwangere findet in Europa statt. Wir sorgen f\u00fcr die h\u00f6chsten Standards.<br \/>\nSICHER F\u00dcR DIE HAUT \u2013 Der Stoff, den wir zum N\u00e4hen der Nachthemden Sibinulo benutzt haben, enth\u00e4lt keine sch\u00e4dlichen Stoffe \u2013 er wurde nach den Standards \u00d6ko-Tex-Standard 100 gepr\u00fcft. Zus\u00e4tzlich hat er Zertifikate \u201eSafe for children\u201d und \u201eHuman friendly\u201d. Die in den Hemden angewendeten Druckkn\u00f6pfe enthalten kein sch\u00e4dliches Nickel, deswegen reizen sie nicht die empfindliche Haut der Mutter und des Babys.<br \/>\n<div class=\"main-cross-sell\" data-asin=\"B08FHDJ8TW\">\n\n\t<div class=\"WooZone-cross-sell-loader\">\n\t\t<div>\n\t\t\t<div id=\"floatingBarsG\">\n\t\t\t\t<div class=\"blockG\" id=\"rotateG_01\"><\/div>\n\t\t\t\t<div class=\"blockG\" id=\"rotateG_02\"><\/div>\n\t\t\t\t<div class=\"blockG\" id=\"rotateG_03\"><\/div>\n\t\t\t\t<div class=\"blockG\" id=\"rotateG_04\"><\/div>\n\t\t\t\t<div class=\"blockG\" id=\"rotateG_05\"><\/div>\n\t\t\t\t<div class=\"blockG\" id=\"rotateG_06\"><\/div>\n\t\t\t\t<div class=\"blockG\" id=\"rotateG_07\"><\/div>\n\t\t\t\t<div class=\"blockG\" id=\"rotateG_08\"><\/div>\n\t\t\t<\/div>\n\t\t\t<div class=\"WooZone-cross-sell-loader-text\"><\/div>\n\t\t<\/div>\n\t<\/div>\n\n\t\t\n<\/div>\n<div style=\"clear:both;\"><\/div><\/p>\n","protected":false},"excerpt":{"rendered":"<p>ZUM STILLEN ENTWORFEN \u2013 Suchst du ein ideales Nachthemd, die dir das Stillen deines Kindes nach der Geburt erleichtert? Wir haben extra das Schlafkleid Sibinulo geschaffen, die jede Nacht das t\u00e4gliche Stillen erleichtert und nach der Stillzeit zum bequemen normalen Schlafanzug wird. Wir haben auch einen speziellen Schnitt angewendet, dank dem man das Nachthemd auch in den ersten Monaten der Schwangerschaft tragen kann, wenn der Bauch noch nicht sehr gro\u00df ist.<br \/>\nEINE BEQUEME SPANNE \u2013 Wir wissen, dass die Schwangerschaft und das Stillen eine au\u00dfergew\u00f6hnliche Zeit sind. Deswegen haben wir einen gro\u00dfen Wert daraufgelegt, dass unsere Pyjamas Bequemlichkeit und Bewegungsfreiheit sichern. Zus\u00e4tzlich haben wir das schnelle Stillen in jedem Tages- und Nachtmoment gesichert, indem wir einen gut geformten Druckknopfschluss angewendet haben. Unsere Erfahrung hat uns geholfen, unsere Schlafanz\u00fcge besser an die Bed\u00fcrfnisse der stillenden Frauen anzupassen.<br \/>\nSCH\u00d6NE MUSTER \u2013 Wir wissen auch, dass jede junge Mutter sch\u00f6n aussehen m\u00f6chte. Deswegen ist jedes Muster, das wir unseren Kunden \u00fcberreichen, sorgf\u00e4ltig durchdacht. Jedes Projekt betrachten wir als eine getrennte Geschichte, die zu einem gl\u00fccklichen Ende f\u00fchrt. Unsere Muster werden nach den aktuellen Modetrends entworfen. Unsere Produkte eignen sich perfekt zum Babyparty der werdenden Mutter. In unserem Angebot gibt es auch vielfarbige Blumenmuster.<\/p>\n","protected":false},"featured_media":149396,"comment_status":"open","ping_status":"closed","template":"","meta":[],"product_brand":[],"product_cat":[21,9478],"product_tag":[],"class_list":{"0":"post-149395","1":"product","2":"type-product","3":"status-publish","4":"has-post-thumbnail","6":"product_cat-baby","7":"product_cat-umstandskleidung-baby","8":"pa_brand-sibinulo","10":"first","11":"instock","12":"shipping-taxable","13":"purchasable","14":"product-type-simple","15":"customify-col","16":"product-has-gallery"},"yoast_head":"<!-- This site is optimized with the Yoast SEO plugin v27.4 - https:\/\/yoast.com\/product\/yoast-seo-wordpress\/ -->\n<title>Sibinulo Damen Umstands Nachthemd mit Stillfunktion V Ausschnitt Stillshirt Kurzarm 100% feine Baumwolle Verschiedene\u2026 - Markt-XXL<\/title>\n<meta name=\"description\" content=\"Markt-XXL Sibinulo Damen Umstands Nachthemd mit Stillfunktion V Ausschnitt Stillshirt Kurzarm 100% feine Baumwolle Verschiedene\u2026\" \/>\n<meta name=\"robots\" content=\"index, follow, max-snippet:-1, max-image-preview:large, max-video-preview:-1\" \/>\n<link rel=\"canonical\" href=\"https:\/\/marktxxl.de\/markt\/produkt\/sibinulo-damen-umstands-nachthemd-mit-stillfunktion-v-ausschnitt-stillshirt-kurzarm-100-feine-baumwolle-verschiedene-muster-eu-produktion\/\" \/>\n<meta property=\"og:locale\" content=\"de_DE\" \/>\n<meta property=\"og:type\" content=\"article\" \/>\n<meta property=\"og:title\" content=\"Sibinulo Damen Umstands Nachthemd mit Stillfunktion V Ausschnitt Stillshirt Kurzarm 100% feine Baumwolle Verschiedene\u2026 - Markt-XXL\" \/>\n<meta property=\"og:description\" content=\"Markt-XXL Sibinulo Damen Umstands Nachthemd mit Stillfunktion V Ausschnitt Stillshirt Kurzarm 100% feine Baumwolle Verschiedene\u2026\" \/>\n<meta property=\"og:url\" content=\"https:\/\/marktxxl.de\/markt\/produkt\/sibinulo-damen-umstands-nachthemd-mit-stillfunktion-v-ausschnitt-stillshirt-kurzarm-100-feine-baumwolle-verschiedene-muster-eu-produktion\/\" \/>\n<meta property=\"og:site_name\" content=\"Markt-XXL\" \/>\n<meta property=\"article:modified_time\" content=\"2023-04-11T02:29:10+00:00\" \/>\n<meta property=\"og:image\" content=\"https:\/\/m.media-amazon.com\/images\/I\/31FwQNg43fL._SL500_.jpg\" \/>\n\t<meta property=\"og:image:width\" content=\"333\" \/>\n\t<meta property=\"og:image:height\" content=\"500\" \/>\n\t<meta property=\"og:image:type\" content=\"image\/jpeg\" \/>\n<meta name=\"twitter:card\" content=\"summary_large_image\" \/>\n<meta name=\"twitter:label1\" content=\"Gesch\u00e4tzte Lesezeit\" \/>\n\t<meta name=\"twitter:data1\" content=\"2\u00a0Minuten\" \/>\n<script type=\"application\/ld+json\" class=\"yoast-schema-graph\">{\"@context\":\"https:\\\/\\\/schema.org\",\"@graph\":[{\"@type\":\"WebPage\",\"@id\":\"https:\\\/\\\/marktxxl.de\\\/markt\\\/produkt\\\/sibinulo-damen-umstands-nachthemd-mit-stillfunktion-v-ausschnitt-stillshirt-kurzarm-100-feine-baumwolle-verschiedene-muster-eu-produktion\\\/\",\"url\":\"https:\\\/\\\/marktxxl.de\\\/markt\\\/produkt\\\/sibinulo-damen-umstands-nachthemd-mit-stillfunktion-v-ausschnitt-stillshirt-kurzarm-100-feine-baumwolle-verschiedene-muster-eu-produktion\\\/\",\"name\":\"Sibinulo Damen Umstands Nachthemd mit Stillfunktion V Ausschnitt Stillshirt Kurzarm 100% feine Baumwolle Verschiedene\u2026 - Markt-XXL\",\"isPartOf\":{\"@id\":\"https:\\\/\\\/marktxxl.de\\\/markt\\\/#website\"},\"primaryImageOfPage\":{\"@id\":\"https:\\\/\\\/marktxxl.de\\\/markt\\\/produkt\\\/sibinulo-damen-umstands-nachthemd-mit-stillfunktion-v-ausschnitt-stillshirt-kurzarm-100-feine-baumwolle-verschiedene-muster-eu-produktion\\\/#primaryimage\"},\"image\":{\"@id\":\"https:\\\/\\\/marktxxl.de\\\/markt\\\/produkt\\\/sibinulo-damen-umstands-nachthemd-mit-stillfunktion-v-ausschnitt-stillshirt-kurzarm-100-feine-baumwolle-verschiedene-muster-eu-produktion\\\/#primaryimage\"},\"thumbnailUrl\":\"https:\\\/\\\/m.media-amazon.com\\\/images\\\/I\\\/31FwQNg43fL._SL500_.jpg\",\"datePublished\":\"2022-09-12T01:04:16+00:00\",\"dateModified\":\"2023-04-11T02:29:10+00:00\",\"description\":\"Markt-XXL Sibinulo Damen Umstands Nachthemd mit Stillfunktion V Ausschnitt Stillshirt Kurzarm 100% feine Baumwolle Verschiedene\u2026\",\"breadcrumb\":{\"@id\":\"https:\\\/\\\/marktxxl.de\\\/markt\\\/produkt\\\/sibinulo-damen-umstands-nachthemd-mit-stillfunktion-v-ausschnitt-stillshirt-kurzarm-100-feine-baumwolle-verschiedene-muster-eu-produktion\\\/#breadcrumb\"},\"inLanguage\":\"de\",\"potentialAction\":[{\"@type\":\"ReadAction\",\"target\":[\"https:\\\/\\\/marktxxl.de\\\/markt\\\/produkt\\\/sibinulo-damen-umstands-nachthemd-mit-stillfunktion-v-ausschnitt-stillshirt-kurzarm-100-feine-baumwolle-verschiedene-muster-eu-produktion\\\/\"]}]},{\"@type\":\"ImageObject\",\"inLanguage\":\"de\",\"@id\":\"https:\\\/\\\/marktxxl.de\\\/markt\\\/produkt\\\/sibinulo-damen-umstands-nachthemd-mit-stillfunktion-v-ausschnitt-stillshirt-kurzarm-100-feine-baumwolle-verschiedene-muster-eu-produktion\\\/#primaryimage\",\"url\":\"https:\\\/\\\/m.media-amazon.com\\\/images\\\/I\\\/31FwQNg43fL._SL500_.jpg\",\"contentUrl\":\"https:\\\/\\\/m.media-amazon.com\\\/images\\\/I\\\/31FwQNg43fL._SL500_.jpg\",\"width\":333,\"height\":500},{\"@type\":\"BreadcrumbList\",\"@id\":\"https:\\\/\\\/marktxxl.de\\\/markt\\\/produkt\\\/sibinulo-damen-umstands-nachthemd-mit-stillfunktion-v-ausschnitt-stillshirt-kurzarm-100-feine-baumwolle-verschiedene-muster-eu-produktion\\\/#breadcrumb\",\"itemListElement\":[{\"@type\":\"ListItem\",\"position\":1,\"name\":\"Startseite\",\"item\":\"https:\\\/\\\/marktxxl.de\\\/markt\\\/\"},{\"@type\":\"ListItem\",\"position\":2,\"name\":\"Markt\",\"item\":\"https:\\\/\\\/marktxxl.de\\\/markt\\\/\"},{\"@type\":\"ListItem\",\"position\":3,\"name\":\"Sibinulo Damen Umstands Nachthemd mit Stillfunktion V Ausschnitt Stillshirt Kurzarm 100% feine Baumwolle Verschiedene\u2026\"}]},{\"@type\":\"WebSite\",\"@id\":\"https:\\\/\\\/marktxxl.de\\\/markt\\\/#website\",\"url\":\"https:\\\/\\\/marktxxl.de\\\/markt\\\/\",\"name\":\"Markt-XXL\",\"description\":\"Ihr Markt Online\",\"publisher\":{\"@id\":\"https:\\\/\\\/marktxxl.de\\\/markt\\\/#organization\"},\"potentialAction\":[{\"@type\":\"SearchAction\",\"target\":{\"@type\":\"EntryPoint\",\"urlTemplate\":\"https:\\\/\\\/marktxxl.de\\\/markt\\\/?s={search_term_string}\"},\"query-input\":{\"@type\":\"PropertyValueSpecification\",\"valueRequired\":true,\"valueName\":\"search_term_string\"}}],\"inLanguage\":\"de\"},{\"@type\":\"Organization\",\"@id\":\"https:\\\/\\\/marktxxl.de\\\/markt\\\/#organization\",\"name\":\"Markt-XXL\",\"url\":\"https:\\\/\\\/marktxxl.de\\\/markt\\\/\",\"logo\":{\"@type\":\"ImageObject\",\"inLanguage\":\"de\",\"@id\":\"https:\\\/\\\/marktxxl.de\\\/markt\\\/#\\\/schema\\\/logo\\\/image\\\/\",\"url\":\"https:\\\/\\\/marktxxl.de\\\/markt\\\/wp-content\\\/uploads\\\/sites\\\/3\\\/2020\\\/12\\\/logo.png\",\"contentUrl\":\"https:\\\/\\\/marktxxl.de\\\/markt\\\/wp-content\\\/uploads\\\/sites\\\/3\\\/2020\\\/12\\\/logo.png\",\"width\":200,\"height\":70,\"caption\":\"Markt-XXL\"},\"image\":{\"@id\":\"https:\\\/\\\/marktxxl.de\\\/markt\\\/#\\\/schema\\\/logo\\\/image\\\/\"}}]}<\/script>\n<!-- \/ Yoast SEO plugin. -->","yoast_head_json":{"title":"Sibinulo Damen Umstands Nachthemd mit Stillfunktion V Ausschnitt Stillshirt Kurzarm 100% feine Baumwolle Verschiedene\u2026 - Markt-XXL","description":"Markt-XXL Sibinulo Damen Umstands Nachthemd mit Stillfunktion V Ausschnitt Stillshirt Kurzarm 100% feine Baumwolle Verschiedene\u2026","robots":{"index":"index","follow":"follow","max-snippet":"max-snippet:-1","max-image-preview":"max-image-preview:large","max-video-preview":"max-video-preview:-1"},"canonical":"https:\/\/marktxxl.de\/markt\/produkt\/sibinulo-damen-umstands-nachthemd-mit-stillfunktion-v-ausschnitt-stillshirt-kurzarm-100-feine-baumwolle-verschiedene-muster-eu-produktion\/","og_locale":"de_DE","og_type":"article","og_title":"Sibinulo Damen Umstands Nachthemd mit Stillfunktion V Ausschnitt Stillshirt Kurzarm 100% feine Baumwolle Verschiedene\u2026 - Markt-XXL","og_description":"Markt-XXL Sibinulo Damen Umstands Nachthemd mit Stillfunktion V Ausschnitt Stillshirt Kurzarm 100% feine Baumwolle Verschiedene\u2026","og_url":"https:\/\/marktxxl.de\/markt\/produkt\/sibinulo-damen-umstands-nachthemd-mit-stillfunktion-v-ausschnitt-stillshirt-kurzarm-100-feine-baumwolle-verschiedene-muster-eu-produktion\/","og_site_name":"Markt-XXL","article_modified_time":"2023-04-11T02:29:10+00:00","og_image":[{"width":333,"height":500,"url":"https:\/\/m.media-amazon.com\/images\/I\/31FwQNg43fL._SL500_.jpg","type":"image\/jpeg"}],"twitter_card":"summary_large_image","twitter_misc":{"Gesch\u00e4tzte Lesezeit":"2\u00a0Minuten"},"schema":{"@context":"https:\/\/schema.org","@graph":[{"@type":"WebPage","@id":"https:\/\/marktxxl.de\/markt\/produkt\/sibinulo-damen-umstands-nachthemd-mit-stillfunktion-v-ausschnitt-stillshirt-kurzarm-100-feine-baumwolle-verschiedene-muster-eu-produktion\/","url":"https:\/\/marktxxl.de\/markt\/produkt\/sibinulo-damen-umstands-nachthemd-mit-stillfunktion-v-ausschnitt-stillshirt-kurzarm-100-feine-baumwolle-verschiedene-muster-eu-produktion\/","name":"Sibinulo Damen Umstands Nachthemd mit Stillfunktion V Ausschnitt Stillshirt Kurzarm 100% feine Baumwolle Verschiedene\u2026 - Markt-XXL","isPartOf":{"@id":"https:\/\/marktxxl.de\/markt\/#website"},"primaryImageOfPage":{"@id":"https:\/\/marktxxl.de\/markt\/produkt\/sibinulo-damen-umstands-nachthemd-mit-stillfunktion-v-ausschnitt-stillshirt-kurzarm-100-feine-baumwolle-verschiedene-muster-eu-produktion\/#primaryimage"},"image":{"@id":"https:\/\/marktxxl.de\/markt\/produkt\/sibinulo-damen-umstands-nachthemd-mit-stillfunktion-v-ausschnitt-stillshirt-kurzarm-100-feine-baumwolle-verschiedene-muster-eu-produktion\/#primaryimage"},"thumbnailUrl":"https:\/\/m.media-amazon.com\/images\/I\/31FwQNg43fL._SL500_.jpg","datePublished":"2022-09-12T01:04:16+00:00","dateModified":"2023-04-11T02:29:10+00:00","description":"Markt-XXL Sibinulo Damen Umstands Nachthemd mit Stillfunktion V Ausschnitt Stillshirt Kurzarm 100% feine Baumwolle Verschiedene\u2026","breadcrumb":{"@id":"https:\/\/marktxxl.de\/markt\/produkt\/sibinulo-damen-umstands-nachthemd-mit-stillfunktion-v-ausschnitt-stillshirt-kurzarm-100-feine-baumwolle-verschiedene-muster-eu-produktion\/#breadcrumb"},"inLanguage":"de","potentialAction":[{"@type":"ReadAction","target":["https:\/\/marktxxl.de\/markt\/produkt\/sibinulo-damen-umstands-nachthemd-mit-stillfunktion-v-ausschnitt-stillshirt-kurzarm-100-feine-baumwolle-verschiedene-muster-eu-produktion\/"]}]},{"@type":"ImageObject","inLanguage":"de","@id":"https:\/\/marktxxl.de\/markt\/produkt\/sibinulo-damen-umstands-nachthemd-mit-stillfunktion-v-ausschnitt-stillshirt-kurzarm-100-feine-baumwolle-verschiedene-muster-eu-produktion\/#primaryimage","url":"https:\/\/m.media-amazon.com\/images\/I\/31FwQNg43fL._SL500_.jpg","contentUrl":"https:\/\/m.media-amazon.com\/images\/I\/31FwQNg43fL._SL500_.jpg","width":333,"height":500},{"@type":"BreadcrumbList","@id":"https:\/\/marktxxl.de\/markt\/produkt\/sibinulo-damen-umstands-nachthemd-mit-stillfunktion-v-ausschnitt-stillshirt-kurzarm-100-feine-baumwolle-verschiedene-muster-eu-produktion\/#breadcrumb","itemListElement":[{"@type":"ListItem","position":1,"name":"Startseite","item":"https:\/\/marktxxl.de\/markt\/"},{"@type":"ListItem","position":2,"name":"Markt","item":"https:\/\/marktxxl.de\/markt\/"},{"@type":"ListItem","position":3,"name":"Sibinulo Damen Umstands Nachthemd mit Stillfunktion V Ausschnitt Stillshirt Kurzarm 100% feine Baumwolle Verschiedene\u2026"}]},{"@type":"WebSite","@id":"https:\/\/marktxxl.de\/markt\/#website","url":"https:\/\/marktxxl.de\/markt\/","name":"Markt-XXL","description":"Ihr Markt Online","publisher":{"@id":"https:\/\/marktxxl.de\/markt\/#organization"},"potentialAction":[{"@type":"SearchAction","target":{"@type":"EntryPoint","urlTemplate":"https:\/\/marktxxl.de\/markt\/?s={search_term_string}"},"query-input":{"@type":"PropertyValueSpecification","valueRequired":true,"valueName":"search_term_string"}}],"inLanguage":"de"},{"@type":"Organization","@id":"https:\/\/marktxxl.de\/markt\/#organization","name":"Markt-XXL","url":"https:\/\/marktxxl.de\/markt\/","logo":{"@type":"ImageObject","inLanguage":"de","@id":"https:\/\/marktxxl.de\/markt\/#\/schema\/logo\/image\/","url":"https:\/\/marktxxl.de\/markt\/wp-content\/uploads\/sites\/3\/2020\/12\/logo.png","contentUrl":"https:\/\/marktxxl.de\/markt\/wp-content\/uploads\/sites\/3\/2020\/12\/logo.png","width":200,"height":70,"caption":"Markt-XXL"},"image":{"@id":"https:\/\/marktxxl.de\/markt\/#\/schema\/logo\/image\/"}}]}},"_links":{"self":[{"href":"https:\/\/marktxxl.de\/markt\/wp-json\/wp\/v2\/product\/149395","targetHints":{"allow":["GET"]}}],"collection":[{"href":"https:\/\/marktxxl.de\/markt\/wp-json\/wp\/v2\/product"}],"about":[{"href":"https:\/\/marktxxl.de\/markt\/wp-json\/wp\/v2\/types\/product"}],"replies":[{"embeddable":true,"href":"https:\/\/marktxxl.de\/markt\/wp-json\/wp\/v2\/comments?post=149395"}],"wp:featuredmedia":[{"embeddable":true,"href":"https:\/\/marktxxl.de\/markt\/wp-json\/wp\/v2\/media\/149396"}],"wp:attachment":[{"href":"https:\/\/marktxxl.de\/markt\/wp-json\/wp\/v2\/media?parent=149395"}],"wp:term":[{"taxonomy":"product_brand","embeddable":true,"href":"https:\/\/marktxxl.de\/markt\/wp-json\/wp\/v2\/product_brand?post=149395"},{"taxonomy":"product_cat","embeddable":true,"href":"https:\/\/marktxxl.de\/markt\/wp-json\/wp\/v2\/product_cat?post=149395"},{"taxonomy":"product_tag","embeddable":true,"href":"https:\/\/marktxxl.de\/markt\/wp-json\/wp\/v2\/product_tag?post=149395"}],"curies":[{"name":"wp","href":"https:\/\/api.w.org\/{rel}","templated":true}]}}