{"id":149350,"date":"2022-09-12T03:01:44","date_gmt":"2022-09-12T01:01:44","guid":{"rendered":"https:\/\/marktxxl.de\/markt\/produkt\/bilderrahmen-fuer-patentantrag-mit-englischer-aufschrift-will-you-be-my-godmother-geschenk-fuer-die-kuenftige-patentante-geschenk-fuer-beste-freunde-schwester-bestie-bff\/"},"modified":"2023-04-11T04:29:09","modified_gmt":"2023-04-11T02:29:09","slug":"bilderrahmen-fuer-patentantrag-mit-englischer-aufschrift-will-you-be-my-godmother-geschenk-fuer-die-kuenftige-patentante-geschenk-fuer-beste-freunde-schwester-bestie-bff","status":"publish","type":"product","link":"https:\/\/marktxxl.de\/markt\/produkt\/bilderrahmen-fuer-patentantrag-mit-englischer-aufschrift-will-you-be-my-godmother-geschenk-fuer-die-kuenftige-patentante-geschenk-fuer-beste-freunde-schwester-bestie-bff\/","title":{"rendered":"Bilderrahmen f\u00fcr Patentante \u2013 Will You Be My Godmother \u2013 Neue Patentante Ank\u00fcndigung Bilderrahmen Geschenk \u2013 Geschenk\u2026"},"content":{"rendered":"<p>\u2764 Jeder Rahmen wird von Hand gefertigt, und die Textur jedes Rahmens ist einzigartig.<br \/>\nPerfekte Gr\u00f6\u00dfe: Dieser Bilderrahmen misst ca. 30 x 20 cm und fasst 10 x 15 cm gro\u00dfe Fotos. Perfekt zum Aufstellen auf dem Tisch oder zum Aufh\u00e4ngen an der Wand. Bitte beachten Sie: Ein Seil wird ben\u00f6tigt, um den Bilderrahmen an der Wand aufzuh\u00e4ngen, und das Seil ist nicht im Lieferumfang enthalten.<br \/>\n\u2764 Exquisiter Rahmen: Hergestellt aus hochdichtem Holz, mit hochwertigem Glas und handgefertigtem Schnurschnur-Herz-Design (mit Baumwolllinien und N\u00e4geln). Die Vorderseite aus klarem Glas bewahrt und sch\u00fctzt Ihre Fotos und erm\u00f6glicht Ihnen eine tolle Sicht auf Ihr Foto. Mit leicht zu \u00f6ffnenden Laschen auf der R\u00fcckseite f\u00fcr einfachen Zugriff zum Laden von Fotos.<br \/>\n\u2764 Sch\u00f6ne Verpackung: Dieser rustikale Bilderrahmen ist in einer sch\u00f6nen wei\u00dfen Geschenkbox verpackt und in einer Luftpolsterfolie verpackt, um sicherzustellen, dass er bei der Ankunft in perfektem Zustand ist.<br \/>\n\u2764 Perfektes Geschenk: Unser Bilderrahmen eignet sich f\u00fcr verschiedene Szenen oder Festivals, f\u00fcr Ihre Familie, Freunde, Kollegen usw. Eine Vielzahl von Mustern und Themen. Wir glauben, dass es immer eine passende f\u00fcr Sie, Ihre Mitarbeiter, Ihre Freunde oder Ihre Familie gibt. Unser Bilderrahmen ist eine gro\u00dfartige Wahl f\u00fcr Beileid, Beileid, Jahrestag, Ruhestand, Geburtstag, Erntedankfest, Weihnachten, Neujahr, Hochzeit, Babyparty, Brautparty, Junggesellenabschied, Valentinstag usw.<br \/>\n<div class=\"main-cross-sell\" data-asin=\"B0927QZ3HS\">\n\n\t<div class=\"WooZone-cross-sell-loader\">\n\t\t<div>\n\t\t\t<div id=\"floatingBarsG\">\n\t\t\t\t<div class=\"blockG\" id=\"rotateG_01\"><\/div>\n\t\t\t\t<div class=\"blockG\" id=\"rotateG_02\"><\/div>\n\t\t\t\t<div class=\"blockG\" id=\"rotateG_03\"><\/div>\n\t\t\t\t<div class=\"blockG\" id=\"rotateG_04\"><\/div>\n\t\t\t\t<div class=\"blockG\" id=\"rotateG_05\"><\/div>\n\t\t\t\t<div class=\"blockG\" id=\"rotateG_06\"><\/div>\n\t\t\t\t<div class=\"blockG\" id=\"rotateG_07\"><\/div>\n\t\t\t\t<div class=\"blockG\" id=\"rotateG_08\"><\/div>\n\t\t\t<\/div>\n\t\t\t<div class=\"WooZone-cross-sell-loader-text\"><\/div>\n\t\t<\/div>\n\t<\/div>\n\n\t\t\n<\/div>\n<div style=\"clear:both;\"><\/div><\/p>\n","protected":false},"excerpt":{"rendered":"<p>\u2764 Jeder Rahmen wird von Hand gefertigt, und die Textur jedes Rahmens ist einzigartig.<br \/>\nPerfekte Gr\u00f6\u00dfe: Dieser Bilderrahmen misst ca. 30 x 20 cm und fasst 10 x 15 cm gro\u00dfe Fotos. Perfekt zum Aufstellen auf dem Tisch oder zum Aufh\u00e4ngen an der Wand. Bitte beachten Sie: Ein Seil wird ben\u00f6tigt, um den Bilderrahmen an der Wand aufzuh\u00e4ngen, und das Seil ist nicht im Lieferumfang enthalten.<br \/>\n\u2764 Exquisiter Rahmen: Hergestellt aus hochdichtem Holz, mit hochwertigem Glas und handgefertigtem Schnurschnur-Herz-Design (mit Baumwolllinien und N\u00e4geln). Die Vorderseite aus klarem Glas bewahrt und sch\u00fctzt Ihre Fotos und erm\u00f6glicht Ihnen eine tolle Sicht auf Ihr Foto. Mit leicht zu \u00f6ffnenden Laschen auf der R\u00fcckseite f\u00fcr einfachen Zugriff zum Laden von Fotos.<\/p>\n","protected":false},"featured_media":149351,"comment_status":"open","ping_status":"closed","template":"","meta":[],"product_brand":[],"product_cat":[21,8929],"product_tag":[],"class_list":{"0":"post-149350","1":"product","2":"type-product","3":"status-publish","4":"has-post-thumbnail","6":"product_cat-baby","7":"product_cat-babygeschenke-baby","8":"pa_brand-nzy","9":"pa_height-0-01-zoll","10":"pa_length-7-9-zoll","11":"pa_width-11-8-zoll","13":"first","14":"instock","15":"shipping-taxable","16":"purchasable","17":"product-type-simple","18":"customify-col","19":"product-has-gallery"},"yoast_head":"<!-- This site is optimized with the Yoast SEO plugin v27.4 - https:\/\/yoast.com\/product\/yoast-seo-wordpress\/ -->\n<title>Bilderrahmen f\u00fcr Patentante \u2013 Will You Be My Godmother \u2013 Neue Patentante Ank\u00fcndigung Bilderrahmen Geschenk \u2013 Geschenk\u2026 - Markt-XXL<\/title>\n<meta name=\"description\" content=\"Markt-XXL Bilderrahmen f\u00fcr Patentante \u2013 Will You Be My Godmother \u2013 Neue Patentante Ank\u00fcndigung Bilderrahmen Geschenk \u2013 Geschenk\u2026\" \/>\n<meta name=\"robots\" content=\"index, follow, max-snippet:-1, max-image-preview:large, max-video-preview:-1\" \/>\n<link rel=\"canonical\" href=\"https:\/\/marktxxl.de\/markt\/produkt\/bilderrahmen-fuer-patentantrag-mit-englischer-aufschrift-will-you-be-my-godmother-geschenk-fuer-die-kuenftige-patentante-geschenk-fuer-beste-freunde-schwester-bestie-bff\/\" \/>\n<meta property=\"og:locale\" content=\"de_DE\" \/>\n<meta property=\"og:type\" content=\"article\" \/>\n<meta property=\"og:title\" content=\"Bilderrahmen f\u00fcr Patentante \u2013 Will You Be My Godmother \u2013 Neue Patentante Ank\u00fcndigung Bilderrahmen Geschenk \u2013 Geschenk\u2026 - Markt-XXL\" \/>\n<meta property=\"og:description\" content=\"Markt-XXL Bilderrahmen f\u00fcr Patentante \u2013 Will You Be My Godmother \u2013 Neue Patentante Ank\u00fcndigung Bilderrahmen Geschenk \u2013 Geschenk\u2026\" \/>\n<meta property=\"og:url\" content=\"https:\/\/marktxxl.de\/markt\/produkt\/bilderrahmen-fuer-patentantrag-mit-englischer-aufschrift-will-you-be-my-godmother-geschenk-fuer-die-kuenftige-patentante-geschenk-fuer-beste-freunde-schwester-bestie-bff\/\" \/>\n<meta property=\"og:site_name\" content=\"Markt-XXL\" \/>\n<meta property=\"article:modified_time\" content=\"2023-04-11T02:29:09+00:00\" \/>\n<meta property=\"og:image\" content=\"https:\/\/m.media-amazon.com\/images\/I\/41BADg6J2FL._SL500_.jpg\" \/>\n\t<meta property=\"og:image:width\" content=\"500\" \/>\n\t<meta property=\"og:image:height\" content=\"336\" \/>\n\t<meta property=\"og:image:type\" content=\"image\/jpeg\" \/>\n<meta name=\"twitter:card\" content=\"summary_large_image\" \/>\n<meta name=\"twitter:label1\" content=\"Gesch\u00e4tzte Lesezeit\" \/>\n\t<meta name=\"twitter:data1\" content=\"1\u00a0Minute\" \/>\n<script type=\"application\/ld+json\" class=\"yoast-schema-graph\">{\"@context\":\"https:\\\/\\\/schema.org\",\"@graph\":[{\"@type\":\"WebPage\",\"@id\":\"https:\\\/\\\/marktxxl.de\\\/markt\\\/produkt\\\/bilderrahmen-fuer-patentantrag-mit-englischer-aufschrift-will-you-be-my-godmother-geschenk-fuer-die-kuenftige-patentante-geschenk-fuer-beste-freunde-schwester-bestie-bff\\\/\",\"url\":\"https:\\\/\\\/marktxxl.de\\\/markt\\\/produkt\\\/bilderrahmen-fuer-patentantrag-mit-englischer-aufschrift-will-you-be-my-godmother-geschenk-fuer-die-kuenftige-patentante-geschenk-fuer-beste-freunde-schwester-bestie-bff\\\/\",\"name\":\"Bilderrahmen f\u00fcr Patentante \u2013 Will You Be My Godmother \u2013 Neue Patentante Ank\u00fcndigung Bilderrahmen Geschenk \u2013 Geschenk\u2026 - Markt-XXL\",\"isPartOf\":{\"@id\":\"https:\\\/\\\/marktxxl.de\\\/markt\\\/#website\"},\"primaryImageOfPage\":{\"@id\":\"https:\\\/\\\/marktxxl.de\\\/markt\\\/produkt\\\/bilderrahmen-fuer-patentantrag-mit-englischer-aufschrift-will-you-be-my-godmother-geschenk-fuer-die-kuenftige-patentante-geschenk-fuer-beste-freunde-schwester-bestie-bff\\\/#primaryimage\"},\"image\":{\"@id\":\"https:\\\/\\\/marktxxl.de\\\/markt\\\/produkt\\\/bilderrahmen-fuer-patentantrag-mit-englischer-aufschrift-will-you-be-my-godmother-geschenk-fuer-die-kuenftige-patentante-geschenk-fuer-beste-freunde-schwester-bestie-bff\\\/#primaryimage\"},\"thumbnailUrl\":\"https:\\\/\\\/m.media-amazon.com\\\/images\\\/I\\\/41BADg6J2FL._SL500_.jpg\",\"datePublished\":\"2022-09-12T01:01:44+00:00\",\"dateModified\":\"2023-04-11T02:29:09+00:00\",\"description\":\"Markt-XXL Bilderrahmen f\u00fcr Patentante \u2013 Will You Be My Godmother \u2013 Neue Patentante Ank\u00fcndigung Bilderrahmen Geschenk \u2013 Geschenk\u2026\",\"breadcrumb\":{\"@id\":\"https:\\\/\\\/marktxxl.de\\\/markt\\\/produkt\\\/bilderrahmen-fuer-patentantrag-mit-englischer-aufschrift-will-you-be-my-godmother-geschenk-fuer-die-kuenftige-patentante-geschenk-fuer-beste-freunde-schwester-bestie-bff\\\/#breadcrumb\"},\"inLanguage\":\"de\",\"potentialAction\":[{\"@type\":\"ReadAction\",\"target\":[\"https:\\\/\\\/marktxxl.de\\\/markt\\\/produkt\\\/bilderrahmen-fuer-patentantrag-mit-englischer-aufschrift-will-you-be-my-godmother-geschenk-fuer-die-kuenftige-patentante-geschenk-fuer-beste-freunde-schwester-bestie-bff\\\/\"]}]},{\"@type\":\"ImageObject\",\"inLanguage\":\"de\",\"@id\":\"https:\\\/\\\/marktxxl.de\\\/markt\\\/produkt\\\/bilderrahmen-fuer-patentantrag-mit-englischer-aufschrift-will-you-be-my-godmother-geschenk-fuer-die-kuenftige-patentante-geschenk-fuer-beste-freunde-schwester-bestie-bff\\\/#primaryimage\",\"url\":\"https:\\\/\\\/m.media-amazon.com\\\/images\\\/I\\\/41BADg6J2FL._SL500_.jpg\",\"contentUrl\":\"https:\\\/\\\/m.media-amazon.com\\\/images\\\/I\\\/41BADg6J2FL._SL500_.jpg\",\"width\":500,\"height\":336},{\"@type\":\"BreadcrumbList\",\"@id\":\"https:\\\/\\\/marktxxl.de\\\/markt\\\/produkt\\\/bilderrahmen-fuer-patentantrag-mit-englischer-aufschrift-will-you-be-my-godmother-geschenk-fuer-die-kuenftige-patentante-geschenk-fuer-beste-freunde-schwester-bestie-bff\\\/#breadcrumb\",\"itemListElement\":[{\"@type\":\"ListItem\",\"position\":1,\"name\":\"Startseite\",\"item\":\"https:\\\/\\\/marktxxl.de\\\/markt\\\/\"},{\"@type\":\"ListItem\",\"position\":2,\"name\":\"Markt\",\"item\":\"https:\\\/\\\/marktxxl.de\\\/markt\\\/\"},{\"@type\":\"ListItem\",\"position\":3,\"name\":\"Bilderrahmen f\u00fcr Patentante \u2013 Will You Be My Godmother \u2013 Neue Patentante Ank\u00fcndigung Bilderrahmen Geschenk \u2013 Geschenk\u2026\"}]},{\"@type\":\"WebSite\",\"@id\":\"https:\\\/\\\/marktxxl.de\\\/markt\\\/#website\",\"url\":\"https:\\\/\\\/marktxxl.de\\\/markt\\\/\",\"name\":\"Markt-XXL\",\"description\":\"Ihr Markt Online\",\"publisher\":{\"@id\":\"https:\\\/\\\/marktxxl.de\\\/markt\\\/#organization\"},\"potentialAction\":[{\"@type\":\"SearchAction\",\"target\":{\"@type\":\"EntryPoint\",\"urlTemplate\":\"https:\\\/\\\/marktxxl.de\\\/markt\\\/?s={search_term_string}\"},\"query-input\":{\"@type\":\"PropertyValueSpecification\",\"valueRequired\":true,\"valueName\":\"search_term_string\"}}],\"inLanguage\":\"de\"},{\"@type\":\"Organization\",\"@id\":\"https:\\\/\\\/marktxxl.de\\\/markt\\\/#organization\",\"name\":\"Markt-XXL\",\"url\":\"https:\\\/\\\/marktxxl.de\\\/markt\\\/\",\"logo\":{\"@type\":\"ImageObject\",\"inLanguage\":\"de\",\"@id\":\"https:\\\/\\\/marktxxl.de\\\/markt\\\/#\\\/schema\\\/logo\\\/image\\\/\",\"url\":\"https:\\\/\\\/marktxxl.de\\\/markt\\\/wp-content\\\/uploads\\\/sites\\\/3\\\/2020\\\/12\\\/logo.png\",\"contentUrl\":\"https:\\\/\\\/marktxxl.de\\\/markt\\\/wp-content\\\/uploads\\\/sites\\\/3\\\/2020\\\/12\\\/logo.png\",\"width\":200,\"height\":70,\"caption\":\"Markt-XXL\"},\"image\":{\"@id\":\"https:\\\/\\\/marktxxl.de\\\/markt\\\/#\\\/schema\\\/logo\\\/image\\\/\"}}]}<\/script>\n<!-- \/ Yoast SEO plugin. -->","yoast_head_json":{"title":"Bilderrahmen f\u00fcr Patentante \u2013 Will You Be My Godmother \u2013 Neue Patentante Ank\u00fcndigung Bilderrahmen Geschenk \u2013 Geschenk\u2026 - Markt-XXL","description":"Markt-XXL Bilderrahmen f\u00fcr Patentante \u2013 Will You Be My Godmother \u2013 Neue Patentante Ank\u00fcndigung Bilderrahmen Geschenk \u2013 Geschenk\u2026","robots":{"index":"index","follow":"follow","max-snippet":"max-snippet:-1","max-image-preview":"max-image-preview:large","max-video-preview":"max-video-preview:-1"},"canonical":"https:\/\/marktxxl.de\/markt\/produkt\/bilderrahmen-fuer-patentantrag-mit-englischer-aufschrift-will-you-be-my-godmother-geschenk-fuer-die-kuenftige-patentante-geschenk-fuer-beste-freunde-schwester-bestie-bff\/","og_locale":"de_DE","og_type":"article","og_title":"Bilderrahmen f\u00fcr Patentante \u2013 Will You Be My Godmother \u2013 Neue Patentante Ank\u00fcndigung Bilderrahmen Geschenk \u2013 Geschenk\u2026 - Markt-XXL","og_description":"Markt-XXL Bilderrahmen f\u00fcr Patentante \u2013 Will You Be My Godmother \u2013 Neue Patentante Ank\u00fcndigung Bilderrahmen Geschenk \u2013 Geschenk\u2026","og_url":"https:\/\/marktxxl.de\/markt\/produkt\/bilderrahmen-fuer-patentantrag-mit-englischer-aufschrift-will-you-be-my-godmother-geschenk-fuer-die-kuenftige-patentante-geschenk-fuer-beste-freunde-schwester-bestie-bff\/","og_site_name":"Markt-XXL","article_modified_time":"2023-04-11T02:29:09+00:00","og_image":[{"width":500,"height":336,"url":"https:\/\/m.media-amazon.com\/images\/I\/41BADg6J2FL._SL500_.jpg","type":"image\/jpeg"}],"twitter_card":"summary_large_image","twitter_misc":{"Gesch\u00e4tzte Lesezeit":"1\u00a0Minute"},"schema":{"@context":"https:\/\/schema.org","@graph":[{"@type":"WebPage","@id":"https:\/\/marktxxl.de\/markt\/produkt\/bilderrahmen-fuer-patentantrag-mit-englischer-aufschrift-will-you-be-my-godmother-geschenk-fuer-die-kuenftige-patentante-geschenk-fuer-beste-freunde-schwester-bestie-bff\/","url":"https:\/\/marktxxl.de\/markt\/produkt\/bilderrahmen-fuer-patentantrag-mit-englischer-aufschrift-will-you-be-my-godmother-geschenk-fuer-die-kuenftige-patentante-geschenk-fuer-beste-freunde-schwester-bestie-bff\/","name":"Bilderrahmen f\u00fcr Patentante \u2013 Will You Be My Godmother \u2013 Neue Patentante Ank\u00fcndigung Bilderrahmen Geschenk \u2013 Geschenk\u2026 - Markt-XXL","isPartOf":{"@id":"https:\/\/marktxxl.de\/markt\/#website"},"primaryImageOfPage":{"@id":"https:\/\/marktxxl.de\/markt\/produkt\/bilderrahmen-fuer-patentantrag-mit-englischer-aufschrift-will-you-be-my-godmother-geschenk-fuer-die-kuenftige-patentante-geschenk-fuer-beste-freunde-schwester-bestie-bff\/#primaryimage"},"image":{"@id":"https:\/\/marktxxl.de\/markt\/produkt\/bilderrahmen-fuer-patentantrag-mit-englischer-aufschrift-will-you-be-my-godmother-geschenk-fuer-die-kuenftige-patentante-geschenk-fuer-beste-freunde-schwester-bestie-bff\/#primaryimage"},"thumbnailUrl":"https:\/\/m.media-amazon.com\/images\/I\/41BADg6J2FL._SL500_.jpg","datePublished":"2022-09-12T01:01:44+00:00","dateModified":"2023-04-11T02:29:09+00:00","description":"Markt-XXL Bilderrahmen f\u00fcr Patentante \u2013 Will You Be My Godmother \u2013 Neue Patentante Ank\u00fcndigung Bilderrahmen Geschenk \u2013 Geschenk\u2026","breadcrumb":{"@id":"https:\/\/marktxxl.de\/markt\/produkt\/bilderrahmen-fuer-patentantrag-mit-englischer-aufschrift-will-you-be-my-godmother-geschenk-fuer-die-kuenftige-patentante-geschenk-fuer-beste-freunde-schwester-bestie-bff\/#breadcrumb"},"inLanguage":"de","potentialAction":[{"@type":"ReadAction","target":["https:\/\/marktxxl.de\/markt\/produkt\/bilderrahmen-fuer-patentantrag-mit-englischer-aufschrift-will-you-be-my-godmother-geschenk-fuer-die-kuenftige-patentante-geschenk-fuer-beste-freunde-schwester-bestie-bff\/"]}]},{"@type":"ImageObject","inLanguage":"de","@id":"https:\/\/marktxxl.de\/markt\/produkt\/bilderrahmen-fuer-patentantrag-mit-englischer-aufschrift-will-you-be-my-godmother-geschenk-fuer-die-kuenftige-patentante-geschenk-fuer-beste-freunde-schwester-bestie-bff\/#primaryimage","url":"https:\/\/m.media-amazon.com\/images\/I\/41BADg6J2FL._SL500_.jpg","contentUrl":"https:\/\/m.media-amazon.com\/images\/I\/41BADg6J2FL._SL500_.jpg","width":500,"height":336},{"@type":"BreadcrumbList","@id":"https:\/\/marktxxl.de\/markt\/produkt\/bilderrahmen-fuer-patentantrag-mit-englischer-aufschrift-will-you-be-my-godmother-geschenk-fuer-die-kuenftige-patentante-geschenk-fuer-beste-freunde-schwester-bestie-bff\/#breadcrumb","itemListElement":[{"@type":"ListItem","position":1,"name":"Startseite","item":"https:\/\/marktxxl.de\/markt\/"},{"@type":"ListItem","position":2,"name":"Markt","item":"https:\/\/marktxxl.de\/markt\/"},{"@type":"ListItem","position":3,"name":"Bilderrahmen f\u00fcr Patentante \u2013 Will You Be My Godmother \u2013 Neue Patentante Ank\u00fcndigung Bilderrahmen Geschenk \u2013 Geschenk\u2026"}]},{"@type":"WebSite","@id":"https:\/\/marktxxl.de\/markt\/#website","url":"https:\/\/marktxxl.de\/markt\/","name":"Markt-XXL","description":"Ihr Markt Online","publisher":{"@id":"https:\/\/marktxxl.de\/markt\/#organization"},"potentialAction":[{"@type":"SearchAction","target":{"@type":"EntryPoint","urlTemplate":"https:\/\/marktxxl.de\/markt\/?s={search_term_string}"},"query-input":{"@type":"PropertyValueSpecification","valueRequired":true,"valueName":"search_term_string"}}],"inLanguage":"de"},{"@type":"Organization","@id":"https:\/\/marktxxl.de\/markt\/#organization","name":"Markt-XXL","url":"https:\/\/marktxxl.de\/markt\/","logo":{"@type":"ImageObject","inLanguage":"de","@id":"https:\/\/marktxxl.de\/markt\/#\/schema\/logo\/image\/","url":"https:\/\/marktxxl.de\/markt\/wp-content\/uploads\/sites\/3\/2020\/12\/logo.png","contentUrl":"https:\/\/marktxxl.de\/markt\/wp-content\/uploads\/sites\/3\/2020\/12\/logo.png","width":200,"height":70,"caption":"Markt-XXL"},"image":{"@id":"https:\/\/marktxxl.de\/markt\/#\/schema\/logo\/image\/"}}]}},"_links":{"self":[{"href":"https:\/\/marktxxl.de\/markt\/wp-json\/wp\/v2\/product\/149350","targetHints":{"allow":["GET"]}}],"collection":[{"href":"https:\/\/marktxxl.de\/markt\/wp-json\/wp\/v2\/product"}],"about":[{"href":"https:\/\/marktxxl.de\/markt\/wp-json\/wp\/v2\/types\/product"}],"replies":[{"embeddable":true,"href":"https:\/\/marktxxl.de\/markt\/wp-json\/wp\/v2\/comments?post=149350"}],"wp:featuredmedia":[{"embeddable":true,"href":"https:\/\/marktxxl.de\/markt\/wp-json\/wp\/v2\/media\/149351"}],"wp:attachment":[{"href":"https:\/\/marktxxl.de\/markt\/wp-json\/wp\/v2\/media?parent=149350"}],"wp:term":[{"taxonomy":"product_brand","embeddable":true,"href":"https:\/\/marktxxl.de\/markt\/wp-json\/wp\/v2\/product_brand?post=149350"},{"taxonomy":"product_cat","embeddable":true,"href":"https:\/\/marktxxl.de\/markt\/wp-json\/wp\/v2\/product_cat?post=149350"},{"taxonomy":"product_tag","embeddable":true,"href":"https:\/\/marktxxl.de\/markt\/wp-json\/wp\/v2\/product_tag?post=149350"}],"curies":[{"name":"wp","href":"https:\/\/api.w.org\/{rel}","templated":true}]}}