{"id":148487,"date":"2022-09-12T01:53:49","date_gmt":"2022-09-11T23:53:49","guid":{"rendered":"https:\/\/marktxxl.de\/markt\/produkt\/treeup-gurtgeschirr-th-030-fuer-baumpfleger-klettergurt-sicherungsgurt\/"},"modified":"2023-04-11T04:28:12","modified_gmt":"2023-04-11T02:28:12","slug":"treeup-gurtgeschirr-th-030-fuer-baumpfleger-klettergurt-sicherungsgurt","status":"publish","type":"product","link":"https:\/\/marktxxl.de\/markt\/produkt\/treeup-gurtgeschirr-th-030-fuer-baumpfleger-klettergurt-sicherungsgurt\/","title":{"rendered":"Treeup Gurtgeschirr TH 030 f\u00fcr Baumpfleger Klettergurt Sicherungsgurt (M-XL, gr\u00fcn)"},"content":{"rendered":"<p>Der TreeUp Klettergurt muss h\u00f6chste Anforderungen an Material, Ausstattung, Tragekomfort und Passform erf\u00fcllen. Er muss leicht und gleichzeitig sehr robust und sicher sein. Gute Polsterung, vielseitige Einstellm\u00f6glichkeiten und variable Befestigungspunkte zeichnen die TreeUp Gurte zudem aus. Der Gurt ist Teil der PSA (pers\u00f6nlichen Schutzausr\u00fcstung), entspricht den geltenden Sicherheitsnormen EN 813, EN 358 und ist ein zuverl\u00e4ssiges Element des Anwenderschutzes.<br \/>\nTreeUp bietet ein langlebiges und qualitativ hochwertiges Produkt aus modernen Materialien wie Polyamid, Polyester und Stahl. Schmutz, Baumharz, S\u00e4gesp\u00e4ne usw. k\u00f6nnen ihm nichts anhaben. Diese Gurte sind vor allem f\u00fcr den professionellen Anwender konstruiert, k\u00f6nnen nat\u00fcrlich aber auch im privaten Bereich oder im Hobby eingesetzt werden. Achten Sie beim Kauf auch auf die notwendigen Zulassungen und DIN Normen (EN 813, EN 358).<br \/>\nEN 358:1999 EN 813:2008<br \/>\n<div class=\"main-cross-sell\" data-asin=\"B0798QN6DC\">\n\n\t<div class=\"WooZone-cross-sell-loader\">\n\t\t<div>\n\t\t\t<div id=\"floatingBarsG\">\n\t\t\t\t<div class=\"blockG\" id=\"rotateG_01\"><\/div>\n\t\t\t\t<div class=\"blockG\" id=\"rotateG_02\"><\/div>\n\t\t\t\t<div class=\"blockG\" id=\"rotateG_03\"><\/div>\n\t\t\t\t<div class=\"blockG\" id=\"rotateG_04\"><\/div>\n\t\t\t\t<div class=\"blockG\" id=\"rotateG_05\"><\/div>\n\t\t\t\t<div class=\"blockG\" id=\"rotateG_06\"><\/div>\n\t\t\t\t<div class=\"blockG\" id=\"rotateG_07\"><\/div>\n\t\t\t\t<div class=\"blockG\" id=\"rotateG_08\"><\/div>\n\t\t\t<\/div>\n\t\t\t<div class=\"WooZone-cross-sell-loader-text\"><\/div>\n\t\t<\/div>\n\t<\/div>\n\n\t\t\n<\/div>\n<div style=\"clear:both;\"><\/div><\/p>\n","protected":false},"excerpt":{"rendered":"<p>Der TreeUp Klettergurt muss h\u00f6chste Anforderungen an Material, Ausstattung, Tragekomfort und Passform erf\u00fcllen. Er muss leicht und gleichzeitig sehr robust und sicher sein. Gute Polsterung, vielseitige Einstellm\u00f6glichkeiten und variable Befestigungspunkte zeichnen die TreeUp Gurte zudem aus. Der Gurt ist Teil der PSA (pers\u00f6nlichen Schutzausr\u00fcstung), entspricht den geltenden Sicherheitsnormen EN 813, EN 358 und ist ein zuverl\u00e4ssiges Element des Anwenderschutzes.<br \/>\nTreeUp bietet ein langlebiges und qualitativ hochwertiges Produkt aus modernen Materialien wie Polyamid, Polyester und Stahl. Schmutz, Baumharz, S\u00e4gesp\u00e4ne usw. k\u00f6nnen ihm nichts anhaben. Diese Gurte sind vor allem f\u00fcr den professionellen Anwender konstruiert, k\u00f6nnen nat\u00fcrlich aber auch im privaten Bereich oder im Hobby eingesetzt werden. Achten Sie beim Kauf auch auf die notwendigen Zulassungen und DIN Normen (EN 813, EN 358).<br \/>\nEN 358:1999 EN 813:2008<\/p>\n","protected":false},"featured_media":148488,"comment_status":"open","ping_status":"closed","template":"","meta":[],"product_brand":[],"product_cat":[1983,11380],"product_tag":[],"class_list":{"0":"post-148487","1":"product","2":"type-product","3":"status-publish","4":"has-post-thumbnail","6":"product_cat-baumarkt","7":"product_cat-sicherheitstechnik","8":"pa_brand-treeup","9":"pa_manufacturer-treeup","11":"first","12":"instock","13":"shipping-taxable","14":"purchasable","15":"product-type-simple","16":"customify-col","17":"product-has-gallery"},"yoast_head":"<!-- This site is optimized with the Yoast SEO plugin v27.4 - https:\/\/yoast.com\/product\/yoast-seo-wordpress\/ -->\n<title>Treeup Gurtgeschirr TH 030 f\u00fcr Baumpfleger Klettergurt Sicherungsgurt (M-XL, gr\u00fcn) - Markt-XXL<\/title>\n<meta name=\"description\" content=\"Markt-XXL Treeup Gurtgeschirr TH 030 f\u00fcr Baumpfleger Klettergurt Sicherungsgurt (M-XL, gr\u00fcn)\" \/>\n<meta name=\"robots\" content=\"index, follow, max-snippet:-1, max-image-preview:large, max-video-preview:-1\" \/>\n<link rel=\"canonical\" href=\"https:\/\/marktxxl.de\/markt\/produkt\/treeup-gurtgeschirr-th-030-fuer-baumpfleger-klettergurt-sicherungsgurt\/\" \/>\n<meta property=\"og:locale\" content=\"de_DE\" \/>\n<meta property=\"og:type\" content=\"article\" \/>\n<meta property=\"og:title\" content=\"Treeup Gurtgeschirr TH 030 f\u00fcr Baumpfleger Klettergurt Sicherungsgurt (M-XL, gr\u00fcn) - Markt-XXL\" \/>\n<meta property=\"og:description\" content=\"Markt-XXL Treeup Gurtgeschirr TH 030 f\u00fcr Baumpfleger Klettergurt Sicherungsgurt (M-XL, gr\u00fcn)\" \/>\n<meta property=\"og:url\" content=\"https:\/\/marktxxl.de\/markt\/produkt\/treeup-gurtgeschirr-th-030-fuer-baumpfleger-klettergurt-sicherungsgurt\/\" \/>\n<meta property=\"og:site_name\" content=\"Markt-XXL\" \/>\n<meta property=\"article:modified_time\" content=\"2023-04-11T02:28:12+00:00\" \/>\n<meta property=\"og:image\" content=\"https:\/\/m.media-amazon.com\/images\/I\/51Lobr5PQJL._SL500_.jpg\" \/>\n\t<meta property=\"og:image:width\" content=\"500\" \/>\n\t<meta property=\"og:image:height\" content=\"500\" \/>\n\t<meta property=\"og:image:type\" content=\"image\/jpeg\" \/>\n<meta name=\"twitter:card\" content=\"summary_large_image\" \/>\n<meta name=\"twitter:label1\" content=\"Gesch\u00e4tzte Lesezeit\" \/>\n\t<meta name=\"twitter:data1\" content=\"1\u00a0Minute\" \/>\n<script type=\"application\/ld+json\" class=\"yoast-schema-graph\">{\"@context\":\"https:\\\/\\\/schema.org\",\"@graph\":[{\"@type\":\"WebPage\",\"@id\":\"https:\\\/\\\/marktxxl.de\\\/markt\\\/produkt\\\/treeup-gurtgeschirr-th-030-fuer-baumpfleger-klettergurt-sicherungsgurt\\\/\",\"url\":\"https:\\\/\\\/marktxxl.de\\\/markt\\\/produkt\\\/treeup-gurtgeschirr-th-030-fuer-baumpfleger-klettergurt-sicherungsgurt\\\/\",\"name\":\"Treeup Gurtgeschirr TH 030 f\u00fcr Baumpfleger Klettergurt Sicherungsgurt (M-XL, gr\u00fcn) - Markt-XXL\",\"isPartOf\":{\"@id\":\"https:\\\/\\\/marktxxl.de\\\/markt\\\/#website\"},\"primaryImageOfPage\":{\"@id\":\"https:\\\/\\\/marktxxl.de\\\/markt\\\/produkt\\\/treeup-gurtgeschirr-th-030-fuer-baumpfleger-klettergurt-sicherungsgurt\\\/#primaryimage\"},\"image\":{\"@id\":\"https:\\\/\\\/marktxxl.de\\\/markt\\\/produkt\\\/treeup-gurtgeschirr-th-030-fuer-baumpfleger-klettergurt-sicherungsgurt\\\/#primaryimage\"},\"thumbnailUrl\":\"https:\\\/\\\/m.media-amazon.com\\\/images\\\/I\\\/51Lobr5PQJL._SL500_.jpg\",\"datePublished\":\"2022-09-11T23:53:49+00:00\",\"dateModified\":\"2023-04-11T02:28:12+00:00\",\"description\":\"Markt-XXL Treeup Gurtgeschirr TH 030 f\u00fcr Baumpfleger Klettergurt Sicherungsgurt (M-XL, gr\u00fcn)\",\"breadcrumb\":{\"@id\":\"https:\\\/\\\/marktxxl.de\\\/markt\\\/produkt\\\/treeup-gurtgeschirr-th-030-fuer-baumpfleger-klettergurt-sicherungsgurt\\\/#breadcrumb\"},\"inLanguage\":\"de\",\"potentialAction\":[{\"@type\":\"ReadAction\",\"target\":[\"https:\\\/\\\/marktxxl.de\\\/markt\\\/produkt\\\/treeup-gurtgeschirr-th-030-fuer-baumpfleger-klettergurt-sicherungsgurt\\\/\"]}]},{\"@type\":\"ImageObject\",\"inLanguage\":\"de\",\"@id\":\"https:\\\/\\\/marktxxl.de\\\/markt\\\/produkt\\\/treeup-gurtgeschirr-th-030-fuer-baumpfleger-klettergurt-sicherungsgurt\\\/#primaryimage\",\"url\":\"https:\\\/\\\/m.media-amazon.com\\\/images\\\/I\\\/51Lobr5PQJL._SL500_.jpg\",\"contentUrl\":\"https:\\\/\\\/m.media-amazon.com\\\/images\\\/I\\\/51Lobr5PQJL._SL500_.jpg\",\"width\":500,\"height\":500},{\"@type\":\"BreadcrumbList\",\"@id\":\"https:\\\/\\\/marktxxl.de\\\/markt\\\/produkt\\\/treeup-gurtgeschirr-th-030-fuer-baumpfleger-klettergurt-sicherungsgurt\\\/#breadcrumb\",\"itemListElement\":[{\"@type\":\"ListItem\",\"position\":1,\"name\":\"Startseite\",\"item\":\"https:\\\/\\\/marktxxl.de\\\/markt\\\/\"},{\"@type\":\"ListItem\",\"position\":2,\"name\":\"Markt\",\"item\":\"https:\\\/\\\/marktxxl.de\\\/markt\\\/\"},{\"@type\":\"ListItem\",\"position\":3,\"name\":\"Treeup Gurtgeschirr TH 030 f\u00fcr Baumpfleger Klettergurt Sicherungsgurt (M-XL, gr\u00fcn)\"}]},{\"@type\":\"WebSite\",\"@id\":\"https:\\\/\\\/marktxxl.de\\\/markt\\\/#website\",\"url\":\"https:\\\/\\\/marktxxl.de\\\/markt\\\/\",\"name\":\"Markt-XXL\",\"description\":\"Ihr Markt Online\",\"publisher\":{\"@id\":\"https:\\\/\\\/marktxxl.de\\\/markt\\\/#organization\"},\"potentialAction\":[{\"@type\":\"SearchAction\",\"target\":{\"@type\":\"EntryPoint\",\"urlTemplate\":\"https:\\\/\\\/marktxxl.de\\\/markt\\\/?s={search_term_string}\"},\"query-input\":{\"@type\":\"PropertyValueSpecification\",\"valueRequired\":true,\"valueName\":\"search_term_string\"}}],\"inLanguage\":\"de\"},{\"@type\":\"Organization\",\"@id\":\"https:\\\/\\\/marktxxl.de\\\/markt\\\/#organization\",\"name\":\"Markt-XXL\",\"url\":\"https:\\\/\\\/marktxxl.de\\\/markt\\\/\",\"logo\":{\"@type\":\"ImageObject\",\"inLanguage\":\"de\",\"@id\":\"https:\\\/\\\/marktxxl.de\\\/markt\\\/#\\\/schema\\\/logo\\\/image\\\/\",\"url\":\"https:\\\/\\\/marktxxl.de\\\/markt\\\/wp-content\\\/uploads\\\/sites\\\/3\\\/2020\\\/12\\\/logo.png\",\"contentUrl\":\"https:\\\/\\\/marktxxl.de\\\/markt\\\/wp-content\\\/uploads\\\/sites\\\/3\\\/2020\\\/12\\\/logo.png\",\"width\":200,\"height\":70,\"caption\":\"Markt-XXL\"},\"image\":{\"@id\":\"https:\\\/\\\/marktxxl.de\\\/markt\\\/#\\\/schema\\\/logo\\\/image\\\/\"}}]}<\/script>\n<!-- \/ Yoast SEO plugin. -->","yoast_head_json":{"title":"Treeup Gurtgeschirr TH 030 f\u00fcr Baumpfleger Klettergurt Sicherungsgurt (M-XL, gr\u00fcn) - Markt-XXL","description":"Markt-XXL Treeup Gurtgeschirr TH 030 f\u00fcr Baumpfleger Klettergurt Sicherungsgurt (M-XL, gr\u00fcn)","robots":{"index":"index","follow":"follow","max-snippet":"max-snippet:-1","max-image-preview":"max-image-preview:large","max-video-preview":"max-video-preview:-1"},"canonical":"https:\/\/marktxxl.de\/markt\/produkt\/treeup-gurtgeschirr-th-030-fuer-baumpfleger-klettergurt-sicherungsgurt\/","og_locale":"de_DE","og_type":"article","og_title":"Treeup Gurtgeschirr TH 030 f\u00fcr Baumpfleger Klettergurt Sicherungsgurt (M-XL, gr\u00fcn) - Markt-XXL","og_description":"Markt-XXL Treeup Gurtgeschirr TH 030 f\u00fcr Baumpfleger Klettergurt Sicherungsgurt (M-XL, gr\u00fcn)","og_url":"https:\/\/marktxxl.de\/markt\/produkt\/treeup-gurtgeschirr-th-030-fuer-baumpfleger-klettergurt-sicherungsgurt\/","og_site_name":"Markt-XXL","article_modified_time":"2023-04-11T02:28:12+00:00","og_image":[{"width":500,"height":500,"url":"https:\/\/m.media-amazon.com\/images\/I\/51Lobr5PQJL._SL500_.jpg","type":"image\/jpeg"}],"twitter_card":"summary_large_image","twitter_misc":{"Gesch\u00e4tzte Lesezeit":"1\u00a0Minute"},"schema":{"@context":"https:\/\/schema.org","@graph":[{"@type":"WebPage","@id":"https:\/\/marktxxl.de\/markt\/produkt\/treeup-gurtgeschirr-th-030-fuer-baumpfleger-klettergurt-sicherungsgurt\/","url":"https:\/\/marktxxl.de\/markt\/produkt\/treeup-gurtgeschirr-th-030-fuer-baumpfleger-klettergurt-sicherungsgurt\/","name":"Treeup Gurtgeschirr TH 030 f\u00fcr Baumpfleger Klettergurt Sicherungsgurt (M-XL, gr\u00fcn) - Markt-XXL","isPartOf":{"@id":"https:\/\/marktxxl.de\/markt\/#website"},"primaryImageOfPage":{"@id":"https:\/\/marktxxl.de\/markt\/produkt\/treeup-gurtgeschirr-th-030-fuer-baumpfleger-klettergurt-sicherungsgurt\/#primaryimage"},"image":{"@id":"https:\/\/marktxxl.de\/markt\/produkt\/treeup-gurtgeschirr-th-030-fuer-baumpfleger-klettergurt-sicherungsgurt\/#primaryimage"},"thumbnailUrl":"https:\/\/m.media-amazon.com\/images\/I\/51Lobr5PQJL._SL500_.jpg","datePublished":"2022-09-11T23:53:49+00:00","dateModified":"2023-04-11T02:28:12+00:00","description":"Markt-XXL Treeup Gurtgeschirr TH 030 f\u00fcr Baumpfleger Klettergurt Sicherungsgurt (M-XL, gr\u00fcn)","breadcrumb":{"@id":"https:\/\/marktxxl.de\/markt\/produkt\/treeup-gurtgeschirr-th-030-fuer-baumpfleger-klettergurt-sicherungsgurt\/#breadcrumb"},"inLanguage":"de","potentialAction":[{"@type":"ReadAction","target":["https:\/\/marktxxl.de\/markt\/produkt\/treeup-gurtgeschirr-th-030-fuer-baumpfleger-klettergurt-sicherungsgurt\/"]}]},{"@type":"ImageObject","inLanguage":"de","@id":"https:\/\/marktxxl.de\/markt\/produkt\/treeup-gurtgeschirr-th-030-fuer-baumpfleger-klettergurt-sicherungsgurt\/#primaryimage","url":"https:\/\/m.media-amazon.com\/images\/I\/51Lobr5PQJL._SL500_.jpg","contentUrl":"https:\/\/m.media-amazon.com\/images\/I\/51Lobr5PQJL._SL500_.jpg","width":500,"height":500},{"@type":"BreadcrumbList","@id":"https:\/\/marktxxl.de\/markt\/produkt\/treeup-gurtgeschirr-th-030-fuer-baumpfleger-klettergurt-sicherungsgurt\/#breadcrumb","itemListElement":[{"@type":"ListItem","position":1,"name":"Startseite","item":"https:\/\/marktxxl.de\/markt\/"},{"@type":"ListItem","position":2,"name":"Markt","item":"https:\/\/marktxxl.de\/markt\/"},{"@type":"ListItem","position":3,"name":"Treeup Gurtgeschirr TH 030 f\u00fcr Baumpfleger Klettergurt Sicherungsgurt (M-XL, gr\u00fcn)"}]},{"@type":"WebSite","@id":"https:\/\/marktxxl.de\/markt\/#website","url":"https:\/\/marktxxl.de\/markt\/","name":"Markt-XXL","description":"Ihr Markt Online","publisher":{"@id":"https:\/\/marktxxl.de\/markt\/#organization"},"potentialAction":[{"@type":"SearchAction","target":{"@type":"EntryPoint","urlTemplate":"https:\/\/marktxxl.de\/markt\/?s={search_term_string}"},"query-input":{"@type":"PropertyValueSpecification","valueRequired":true,"valueName":"search_term_string"}}],"inLanguage":"de"},{"@type":"Organization","@id":"https:\/\/marktxxl.de\/markt\/#organization","name":"Markt-XXL","url":"https:\/\/marktxxl.de\/markt\/","logo":{"@type":"ImageObject","inLanguage":"de","@id":"https:\/\/marktxxl.de\/markt\/#\/schema\/logo\/image\/","url":"https:\/\/marktxxl.de\/markt\/wp-content\/uploads\/sites\/3\/2020\/12\/logo.png","contentUrl":"https:\/\/marktxxl.de\/markt\/wp-content\/uploads\/sites\/3\/2020\/12\/logo.png","width":200,"height":70,"caption":"Markt-XXL"},"image":{"@id":"https:\/\/marktxxl.de\/markt\/#\/schema\/logo\/image\/"}}]}},"_links":{"self":[{"href":"https:\/\/marktxxl.de\/markt\/wp-json\/wp\/v2\/product\/148487","targetHints":{"allow":["GET"]}}],"collection":[{"href":"https:\/\/marktxxl.de\/markt\/wp-json\/wp\/v2\/product"}],"about":[{"href":"https:\/\/marktxxl.de\/markt\/wp-json\/wp\/v2\/types\/product"}],"replies":[{"embeddable":true,"href":"https:\/\/marktxxl.de\/markt\/wp-json\/wp\/v2\/comments?post=148487"}],"wp:featuredmedia":[{"embeddable":true,"href":"https:\/\/marktxxl.de\/markt\/wp-json\/wp\/v2\/media\/148488"}],"wp:attachment":[{"href":"https:\/\/marktxxl.de\/markt\/wp-json\/wp\/v2\/media?parent=148487"}],"wp:term":[{"taxonomy":"product_brand","embeddable":true,"href":"https:\/\/marktxxl.de\/markt\/wp-json\/wp\/v2\/product_brand?post=148487"},{"taxonomy":"product_cat","embeddable":true,"href":"https:\/\/marktxxl.de\/markt\/wp-json\/wp\/v2\/product_cat?post=148487"},{"taxonomy":"product_tag","embeddable":true,"href":"https:\/\/marktxxl.de\/markt\/wp-json\/wp\/v2\/product_tag?post=148487"}],"curies":[{"name":"wp","href":"https:\/\/api.w.org\/{rel}","templated":true}]}}