{"id":148480,"date":"2022-09-12T01:53:40","date_gmt":"2022-09-11T23:53:40","guid":{"rendered":"https:\/\/marktxxl.de\/markt\/produkt\/feuerfeste-geldtasche-banktasche-feuerfeste-und-wasserdichte-bargeldtasche-mit-reissverschluss-feuerfeste-sichere-aufbewahrungstasche-umschlag-geeignet-fuer-dokumente-bankinventar-reisepassdoku\/"},"modified":"2023-04-11T04:28:12","modified_gmt":"2023-04-11T02:28:12","slug":"feuerfeste-geldtasche-banktasche-feuerfeste-und-wasserdichte-bargeldtasche-mit-reissverschluss-feuerfeste-sichere-aufbewahrungstasche-umschlag-geeignet-fuer-dokumente-bankinventar-reisepassdoku","status":"publish","type":"product","link":"https:\/\/marktxxl.de\/markt\/produkt\/feuerfeste-geldtasche-banktasche-feuerfeste-und-wasserdichte-bargeldtasche-mit-reissverschluss-feuerfeste-sichere-aufbewahrungstasche-umschlag-geeignet-fuer-dokumente-bankinventar-reisepassdoku\/","title":{"rendered":"Feuerfeste Geldtasche, Banktasche, feuerfeste und wasserdichte Bargeldtasche mit Rei\u00dfverschluss, feuerfeste sichere\u2026"},"content":{"rendered":"<p>Feuerfest und wasserfest: Die feuerfeste Geldtasche ist aus hochwertigem, nicht juckendem Silikonbeschichtetem Fiberglas, das Temperaturen bis zu 1000 \u00b0C standh\u00e4lt. Sie h\u00e4lt Ihre Werte 100 % sicher. Diese Geldtasche ist nicht nur feuerfest, sondern auch hoch wasserabweisend, falls sie aus irgendeinem Grund nass wird<br \/>\nSehr sicherer Schutz: Diese kleine, feuerfeste Tasche sch\u00fctzt Ihre Dokumente und Dateien einschlie\u00dflich Reisep\u00e4sse, Lizenzen, USB-Disks und CDs, Urkunden, Urkunden, M\u00fcnzen, Bargeld, Briefe, wertvolle Fotos, Heiratsurkunden, Geld und mehr<br \/>\nNeues Upgrade-Design: 100% hochwertiger, feuerfester und wasserdichter Rei\u00dfverschluss sorgt f\u00fcr Sicherheit und Tragekomfort. Einteilige Konstruktion ohne Bodennaht macht unsere Geldbeutel super stark und zuverl\u00e4ssig. Zweilagiges Design mit einer Innentasche, die mehr Schutz verhindert und bequem verstaut werden kann.<br \/>\nL\u00e4ssiges Design f\u00fcr den Alltag \u2013 mit einem stilvollen Handtaschen-Design k\u00f6nnen Sie eine feuerfeste Geldtasche f\u00fcr die Arbeit, zum Einkaufen oder auf Gesch\u00e4ftsreisen mitnehmen, tragbar und kann leicht gefaltet werden, Sie k\u00f6nnen sie jederzeit und \u00fcberall verwenden<br \/>\nHochwertiges Produkt<br \/>\n<div class=\"main-cross-sell\" data-asin=\"B09B41J8G1\">\n\n\t<div class=\"WooZone-cross-sell-loader\">\n\t\t<div>\n\t\t\t<div id=\"floatingBarsG\">\n\t\t\t\t<div class=\"blockG\" id=\"rotateG_01\"><\/div>\n\t\t\t\t<div class=\"blockG\" id=\"rotateG_02\"><\/div>\n\t\t\t\t<div class=\"blockG\" id=\"rotateG_03\"><\/div>\n\t\t\t\t<div class=\"blockG\" id=\"rotateG_04\"><\/div>\n\t\t\t\t<div class=\"blockG\" id=\"rotateG_05\"><\/div>\n\t\t\t\t<div class=\"blockG\" id=\"rotateG_06\"><\/div>\n\t\t\t\t<div class=\"blockG\" id=\"rotateG_07\"><\/div>\n\t\t\t\t<div class=\"blockG\" id=\"rotateG_08\"><\/div>\n\t\t\t<\/div>\n\t\t\t<div class=\"WooZone-cross-sell-loader-text\"><\/div>\n\t\t<\/div>\n\t<\/div>\n\n\t\t\n<\/div>\n<div style=\"clear:both;\"><\/div><\/p>\n","protected":false},"excerpt":{"rendered":"<p>Feuerfest und wasserfest: Die feuerfeste Geldtasche ist aus hochwertigem, nicht juckendem Silikonbeschichtetem Fiberglas, das Temperaturen bis zu 1000 \u00b0C standh\u00e4lt. Sie h\u00e4lt Ihre Werte 100 % sicher. Diese Geldtasche ist nicht nur feuerfest, sondern auch hoch wasserabweisend, falls sie aus irgendeinem Grund nass wird<br \/>\nSehr sicherer Schutz: Diese kleine, feuerfeste Tasche sch\u00fctzt Ihre Dokumente und Dateien einschlie\u00dflich Reisep\u00e4sse, Lizenzen, USB-Disks und CDs, Urkunden, Urkunden, M\u00fcnzen, Bargeld, Briefe, wertvolle Fotos, Heiratsurkunden, Geld und mehr<br \/>\nNeues Upgrade-Design: 100% hochwertiger, feuerfester und wasserdichter Rei\u00dfverschluss sorgt f\u00fcr Sicherheit und Tragekomfort. Einteilige Konstruktion ohne Bodennaht macht unsere Geldbeutel super stark und zuverl\u00e4ssig. Zweilagiges Design mit einer Innentasche, die mehr Schutz verhindert und bequem verstaut werden kann.<\/p>\n","protected":false},"featured_media":148481,"comment_status":"open","ping_status":"closed","template":"","meta":[],"product_brand":[],"product_cat":[1983,11380],"product_tag":[],"class_list":{"0":"post-148480","1":"product","2":"type-product","3":"status-publish","4":"has-post-thumbnail","6":"product_cat-baumarkt","7":"product_cat-sicherheitstechnik","8":"pa_brand-ninitch","9":"pa_manufacturer-ninitch","11":"first","12":"instock","13":"shipping-taxable","14":"purchasable","15":"product-type-simple","16":"customify-col","17":"product-has-gallery"},"yoast_head":"<!-- This site is optimized with the Yoast SEO plugin v27.4 - https:\/\/yoast.com\/product\/yoast-seo-wordpress\/ -->\n<title>Feuerfeste Geldtasche, Banktasche, feuerfeste und wasserdichte Bargeldtasche mit Rei\u00dfverschluss, feuerfeste sichere\u2026 - Markt-XXL<\/title>\n<meta name=\"description\" content=\"Markt-XXL Feuerfeste Geldtasche, Banktasche, feuerfeste und wasserdichte Bargeldtasche mit Rei\u00dfverschluss, feuerfeste sichere\u2026\" \/>\n<meta name=\"robots\" content=\"index, follow, max-snippet:-1, max-image-preview:large, max-video-preview:-1\" \/>\n<link rel=\"canonical\" href=\"https:\/\/marktxxl.de\/markt\/produkt\/feuerfeste-geldtasche-banktasche-feuerfeste-und-wasserdichte-bargeldtasche-mit-reissverschluss-feuerfeste-sichere-aufbewahrungstasche-umschlag-geeignet-fuer-dokumente-bankinventar-reisepassdoku\/\" \/>\n<meta property=\"og:locale\" content=\"de_DE\" \/>\n<meta property=\"og:type\" content=\"article\" \/>\n<meta property=\"og:title\" content=\"Feuerfeste Geldtasche, Banktasche, feuerfeste und wasserdichte Bargeldtasche mit Rei\u00dfverschluss, feuerfeste sichere\u2026 - Markt-XXL\" \/>\n<meta property=\"og:description\" content=\"Markt-XXL Feuerfeste Geldtasche, Banktasche, feuerfeste und wasserdichte Bargeldtasche mit Rei\u00dfverschluss, feuerfeste sichere\u2026\" \/>\n<meta property=\"og:url\" content=\"https:\/\/marktxxl.de\/markt\/produkt\/feuerfeste-geldtasche-banktasche-feuerfeste-und-wasserdichte-bargeldtasche-mit-reissverschluss-feuerfeste-sichere-aufbewahrungstasche-umschlag-geeignet-fuer-dokumente-bankinventar-reisepassdoku\/\" \/>\n<meta property=\"og:site_name\" content=\"Markt-XXL\" \/>\n<meta property=\"article:modified_time\" content=\"2023-04-11T02:28:12+00:00\" \/>\n<meta property=\"og:image\" content=\"https:\/\/m.media-amazon.com\/images\/I\/41g3egscMxL._SL500_.jpg\" \/>\n\t<meta property=\"og:image:width\" content=\"500\" \/>\n\t<meta property=\"og:image:height\" content=\"500\" \/>\n\t<meta property=\"og:image:type\" content=\"image\/jpeg\" \/>\n<meta name=\"twitter:card\" content=\"summary_large_image\" \/>\n<meta name=\"twitter:label1\" content=\"Gesch\u00e4tzte Lesezeit\" \/>\n\t<meta name=\"twitter:data1\" content=\"1\u00a0Minute\" \/>\n<script type=\"application\/ld+json\" class=\"yoast-schema-graph\">{\"@context\":\"https:\\\/\\\/schema.org\",\"@graph\":[{\"@type\":\"WebPage\",\"@id\":\"https:\\\/\\\/marktxxl.de\\\/markt\\\/produkt\\\/feuerfeste-geldtasche-banktasche-feuerfeste-und-wasserdichte-bargeldtasche-mit-reissverschluss-feuerfeste-sichere-aufbewahrungstasche-umschlag-geeignet-fuer-dokumente-bankinventar-reisepassdoku\\\/\",\"url\":\"https:\\\/\\\/marktxxl.de\\\/markt\\\/produkt\\\/feuerfeste-geldtasche-banktasche-feuerfeste-und-wasserdichte-bargeldtasche-mit-reissverschluss-feuerfeste-sichere-aufbewahrungstasche-umschlag-geeignet-fuer-dokumente-bankinventar-reisepassdoku\\\/\",\"name\":\"Feuerfeste Geldtasche, Banktasche, feuerfeste und wasserdichte Bargeldtasche mit Rei\u00dfverschluss, feuerfeste sichere\u2026 - Markt-XXL\",\"isPartOf\":{\"@id\":\"https:\\\/\\\/marktxxl.de\\\/markt\\\/#website\"},\"primaryImageOfPage\":{\"@id\":\"https:\\\/\\\/marktxxl.de\\\/markt\\\/produkt\\\/feuerfeste-geldtasche-banktasche-feuerfeste-und-wasserdichte-bargeldtasche-mit-reissverschluss-feuerfeste-sichere-aufbewahrungstasche-umschlag-geeignet-fuer-dokumente-bankinventar-reisepassdoku\\\/#primaryimage\"},\"image\":{\"@id\":\"https:\\\/\\\/marktxxl.de\\\/markt\\\/produkt\\\/feuerfeste-geldtasche-banktasche-feuerfeste-und-wasserdichte-bargeldtasche-mit-reissverschluss-feuerfeste-sichere-aufbewahrungstasche-umschlag-geeignet-fuer-dokumente-bankinventar-reisepassdoku\\\/#primaryimage\"},\"thumbnailUrl\":\"https:\\\/\\\/m.media-amazon.com\\\/images\\\/I\\\/41g3egscMxL._SL500_.jpg\",\"datePublished\":\"2022-09-11T23:53:40+00:00\",\"dateModified\":\"2023-04-11T02:28:12+00:00\",\"description\":\"Markt-XXL Feuerfeste Geldtasche, Banktasche, feuerfeste und wasserdichte Bargeldtasche mit Rei\u00dfverschluss, feuerfeste sichere\u2026\",\"breadcrumb\":{\"@id\":\"https:\\\/\\\/marktxxl.de\\\/markt\\\/produkt\\\/feuerfeste-geldtasche-banktasche-feuerfeste-und-wasserdichte-bargeldtasche-mit-reissverschluss-feuerfeste-sichere-aufbewahrungstasche-umschlag-geeignet-fuer-dokumente-bankinventar-reisepassdoku\\\/#breadcrumb\"},\"inLanguage\":\"de\",\"potentialAction\":[{\"@type\":\"ReadAction\",\"target\":[\"https:\\\/\\\/marktxxl.de\\\/markt\\\/produkt\\\/feuerfeste-geldtasche-banktasche-feuerfeste-und-wasserdichte-bargeldtasche-mit-reissverschluss-feuerfeste-sichere-aufbewahrungstasche-umschlag-geeignet-fuer-dokumente-bankinventar-reisepassdoku\\\/\"]}]},{\"@type\":\"ImageObject\",\"inLanguage\":\"de\",\"@id\":\"https:\\\/\\\/marktxxl.de\\\/markt\\\/produkt\\\/feuerfeste-geldtasche-banktasche-feuerfeste-und-wasserdichte-bargeldtasche-mit-reissverschluss-feuerfeste-sichere-aufbewahrungstasche-umschlag-geeignet-fuer-dokumente-bankinventar-reisepassdoku\\\/#primaryimage\",\"url\":\"https:\\\/\\\/m.media-amazon.com\\\/images\\\/I\\\/41g3egscMxL._SL500_.jpg\",\"contentUrl\":\"https:\\\/\\\/m.media-amazon.com\\\/images\\\/I\\\/41g3egscMxL._SL500_.jpg\",\"width\":500,\"height\":500},{\"@type\":\"BreadcrumbList\",\"@id\":\"https:\\\/\\\/marktxxl.de\\\/markt\\\/produkt\\\/feuerfeste-geldtasche-banktasche-feuerfeste-und-wasserdichte-bargeldtasche-mit-reissverschluss-feuerfeste-sichere-aufbewahrungstasche-umschlag-geeignet-fuer-dokumente-bankinventar-reisepassdoku\\\/#breadcrumb\",\"itemListElement\":[{\"@type\":\"ListItem\",\"position\":1,\"name\":\"Startseite\",\"item\":\"https:\\\/\\\/marktxxl.de\\\/markt\\\/\"},{\"@type\":\"ListItem\",\"position\":2,\"name\":\"Markt\",\"item\":\"https:\\\/\\\/marktxxl.de\\\/markt\\\/\"},{\"@type\":\"ListItem\",\"position\":3,\"name\":\"Feuerfeste Geldtasche, Banktasche, feuerfeste und wasserdichte Bargeldtasche mit Rei\u00dfverschluss, feuerfeste sichere\u2026\"}]},{\"@type\":\"WebSite\",\"@id\":\"https:\\\/\\\/marktxxl.de\\\/markt\\\/#website\",\"url\":\"https:\\\/\\\/marktxxl.de\\\/markt\\\/\",\"name\":\"Markt-XXL\",\"description\":\"Ihr Markt Online\",\"publisher\":{\"@id\":\"https:\\\/\\\/marktxxl.de\\\/markt\\\/#organization\"},\"potentialAction\":[{\"@type\":\"SearchAction\",\"target\":{\"@type\":\"EntryPoint\",\"urlTemplate\":\"https:\\\/\\\/marktxxl.de\\\/markt\\\/?s={search_term_string}\"},\"query-input\":{\"@type\":\"PropertyValueSpecification\",\"valueRequired\":true,\"valueName\":\"search_term_string\"}}],\"inLanguage\":\"de\"},{\"@type\":\"Organization\",\"@id\":\"https:\\\/\\\/marktxxl.de\\\/markt\\\/#organization\",\"name\":\"Markt-XXL\",\"url\":\"https:\\\/\\\/marktxxl.de\\\/markt\\\/\",\"logo\":{\"@type\":\"ImageObject\",\"inLanguage\":\"de\",\"@id\":\"https:\\\/\\\/marktxxl.de\\\/markt\\\/#\\\/schema\\\/logo\\\/image\\\/\",\"url\":\"https:\\\/\\\/marktxxl.de\\\/markt\\\/wp-content\\\/uploads\\\/sites\\\/3\\\/2020\\\/12\\\/logo.png\",\"contentUrl\":\"https:\\\/\\\/marktxxl.de\\\/markt\\\/wp-content\\\/uploads\\\/sites\\\/3\\\/2020\\\/12\\\/logo.png\",\"width\":200,\"height\":70,\"caption\":\"Markt-XXL\"},\"image\":{\"@id\":\"https:\\\/\\\/marktxxl.de\\\/markt\\\/#\\\/schema\\\/logo\\\/image\\\/\"}}]}<\/script>\n<!-- \/ Yoast SEO plugin. -->","yoast_head_json":{"title":"Feuerfeste Geldtasche, Banktasche, feuerfeste und wasserdichte Bargeldtasche mit Rei\u00dfverschluss, feuerfeste sichere\u2026 - Markt-XXL","description":"Markt-XXL Feuerfeste Geldtasche, Banktasche, feuerfeste und wasserdichte Bargeldtasche mit Rei\u00dfverschluss, feuerfeste sichere\u2026","robots":{"index":"index","follow":"follow","max-snippet":"max-snippet:-1","max-image-preview":"max-image-preview:large","max-video-preview":"max-video-preview:-1"},"canonical":"https:\/\/marktxxl.de\/markt\/produkt\/feuerfeste-geldtasche-banktasche-feuerfeste-und-wasserdichte-bargeldtasche-mit-reissverschluss-feuerfeste-sichere-aufbewahrungstasche-umschlag-geeignet-fuer-dokumente-bankinventar-reisepassdoku\/","og_locale":"de_DE","og_type":"article","og_title":"Feuerfeste Geldtasche, Banktasche, feuerfeste und wasserdichte Bargeldtasche mit Rei\u00dfverschluss, feuerfeste sichere\u2026 - Markt-XXL","og_description":"Markt-XXL Feuerfeste Geldtasche, Banktasche, feuerfeste und wasserdichte Bargeldtasche mit Rei\u00dfverschluss, feuerfeste sichere\u2026","og_url":"https:\/\/marktxxl.de\/markt\/produkt\/feuerfeste-geldtasche-banktasche-feuerfeste-und-wasserdichte-bargeldtasche-mit-reissverschluss-feuerfeste-sichere-aufbewahrungstasche-umschlag-geeignet-fuer-dokumente-bankinventar-reisepassdoku\/","og_site_name":"Markt-XXL","article_modified_time":"2023-04-11T02:28:12+00:00","og_image":[{"width":500,"height":500,"url":"https:\/\/m.media-amazon.com\/images\/I\/41g3egscMxL._SL500_.jpg","type":"image\/jpeg"}],"twitter_card":"summary_large_image","twitter_misc":{"Gesch\u00e4tzte Lesezeit":"1\u00a0Minute"},"schema":{"@context":"https:\/\/schema.org","@graph":[{"@type":"WebPage","@id":"https:\/\/marktxxl.de\/markt\/produkt\/feuerfeste-geldtasche-banktasche-feuerfeste-und-wasserdichte-bargeldtasche-mit-reissverschluss-feuerfeste-sichere-aufbewahrungstasche-umschlag-geeignet-fuer-dokumente-bankinventar-reisepassdoku\/","url":"https:\/\/marktxxl.de\/markt\/produkt\/feuerfeste-geldtasche-banktasche-feuerfeste-und-wasserdichte-bargeldtasche-mit-reissverschluss-feuerfeste-sichere-aufbewahrungstasche-umschlag-geeignet-fuer-dokumente-bankinventar-reisepassdoku\/","name":"Feuerfeste Geldtasche, Banktasche, feuerfeste und wasserdichte Bargeldtasche mit Rei\u00dfverschluss, feuerfeste sichere\u2026 - Markt-XXL","isPartOf":{"@id":"https:\/\/marktxxl.de\/markt\/#website"},"primaryImageOfPage":{"@id":"https:\/\/marktxxl.de\/markt\/produkt\/feuerfeste-geldtasche-banktasche-feuerfeste-und-wasserdichte-bargeldtasche-mit-reissverschluss-feuerfeste-sichere-aufbewahrungstasche-umschlag-geeignet-fuer-dokumente-bankinventar-reisepassdoku\/#primaryimage"},"image":{"@id":"https:\/\/marktxxl.de\/markt\/produkt\/feuerfeste-geldtasche-banktasche-feuerfeste-und-wasserdichte-bargeldtasche-mit-reissverschluss-feuerfeste-sichere-aufbewahrungstasche-umschlag-geeignet-fuer-dokumente-bankinventar-reisepassdoku\/#primaryimage"},"thumbnailUrl":"https:\/\/m.media-amazon.com\/images\/I\/41g3egscMxL._SL500_.jpg","datePublished":"2022-09-11T23:53:40+00:00","dateModified":"2023-04-11T02:28:12+00:00","description":"Markt-XXL Feuerfeste Geldtasche, Banktasche, feuerfeste und wasserdichte Bargeldtasche mit Rei\u00dfverschluss, feuerfeste sichere\u2026","breadcrumb":{"@id":"https:\/\/marktxxl.de\/markt\/produkt\/feuerfeste-geldtasche-banktasche-feuerfeste-und-wasserdichte-bargeldtasche-mit-reissverschluss-feuerfeste-sichere-aufbewahrungstasche-umschlag-geeignet-fuer-dokumente-bankinventar-reisepassdoku\/#breadcrumb"},"inLanguage":"de","potentialAction":[{"@type":"ReadAction","target":["https:\/\/marktxxl.de\/markt\/produkt\/feuerfeste-geldtasche-banktasche-feuerfeste-und-wasserdichte-bargeldtasche-mit-reissverschluss-feuerfeste-sichere-aufbewahrungstasche-umschlag-geeignet-fuer-dokumente-bankinventar-reisepassdoku\/"]}]},{"@type":"ImageObject","inLanguage":"de","@id":"https:\/\/marktxxl.de\/markt\/produkt\/feuerfeste-geldtasche-banktasche-feuerfeste-und-wasserdichte-bargeldtasche-mit-reissverschluss-feuerfeste-sichere-aufbewahrungstasche-umschlag-geeignet-fuer-dokumente-bankinventar-reisepassdoku\/#primaryimage","url":"https:\/\/m.media-amazon.com\/images\/I\/41g3egscMxL._SL500_.jpg","contentUrl":"https:\/\/m.media-amazon.com\/images\/I\/41g3egscMxL._SL500_.jpg","width":500,"height":500},{"@type":"BreadcrumbList","@id":"https:\/\/marktxxl.de\/markt\/produkt\/feuerfeste-geldtasche-banktasche-feuerfeste-und-wasserdichte-bargeldtasche-mit-reissverschluss-feuerfeste-sichere-aufbewahrungstasche-umschlag-geeignet-fuer-dokumente-bankinventar-reisepassdoku\/#breadcrumb","itemListElement":[{"@type":"ListItem","position":1,"name":"Startseite","item":"https:\/\/marktxxl.de\/markt\/"},{"@type":"ListItem","position":2,"name":"Markt","item":"https:\/\/marktxxl.de\/markt\/"},{"@type":"ListItem","position":3,"name":"Feuerfeste Geldtasche, Banktasche, feuerfeste und wasserdichte Bargeldtasche mit Rei\u00dfverschluss, feuerfeste sichere\u2026"}]},{"@type":"WebSite","@id":"https:\/\/marktxxl.de\/markt\/#website","url":"https:\/\/marktxxl.de\/markt\/","name":"Markt-XXL","description":"Ihr Markt Online","publisher":{"@id":"https:\/\/marktxxl.de\/markt\/#organization"},"potentialAction":[{"@type":"SearchAction","target":{"@type":"EntryPoint","urlTemplate":"https:\/\/marktxxl.de\/markt\/?s={search_term_string}"},"query-input":{"@type":"PropertyValueSpecification","valueRequired":true,"valueName":"search_term_string"}}],"inLanguage":"de"},{"@type":"Organization","@id":"https:\/\/marktxxl.de\/markt\/#organization","name":"Markt-XXL","url":"https:\/\/marktxxl.de\/markt\/","logo":{"@type":"ImageObject","inLanguage":"de","@id":"https:\/\/marktxxl.de\/markt\/#\/schema\/logo\/image\/","url":"https:\/\/marktxxl.de\/markt\/wp-content\/uploads\/sites\/3\/2020\/12\/logo.png","contentUrl":"https:\/\/marktxxl.de\/markt\/wp-content\/uploads\/sites\/3\/2020\/12\/logo.png","width":200,"height":70,"caption":"Markt-XXL"},"image":{"@id":"https:\/\/marktxxl.de\/markt\/#\/schema\/logo\/image\/"}}]}},"_links":{"self":[{"href":"https:\/\/marktxxl.de\/markt\/wp-json\/wp\/v2\/product\/148480","targetHints":{"allow":["GET"]}}],"collection":[{"href":"https:\/\/marktxxl.de\/markt\/wp-json\/wp\/v2\/product"}],"about":[{"href":"https:\/\/marktxxl.de\/markt\/wp-json\/wp\/v2\/types\/product"}],"replies":[{"embeddable":true,"href":"https:\/\/marktxxl.de\/markt\/wp-json\/wp\/v2\/comments?post=148480"}],"wp:featuredmedia":[{"embeddable":true,"href":"https:\/\/marktxxl.de\/markt\/wp-json\/wp\/v2\/media\/148481"}],"wp:attachment":[{"href":"https:\/\/marktxxl.de\/markt\/wp-json\/wp\/v2\/media?parent=148480"}],"wp:term":[{"taxonomy":"product_brand","embeddable":true,"href":"https:\/\/marktxxl.de\/markt\/wp-json\/wp\/v2\/product_brand?post=148480"},{"taxonomy":"product_cat","embeddable":true,"href":"https:\/\/marktxxl.de\/markt\/wp-json\/wp\/v2\/product_cat?post=148480"},{"taxonomy":"product_tag","embeddable":true,"href":"https:\/\/marktxxl.de\/markt\/wp-json\/wp\/v2\/product_tag?post=148480"}],"curies":[{"name":"wp","href":"https:\/\/api.w.org\/{rel}","templated":true}]}}