{"id":147705,"date":"2022-09-11T23:40:16","date_gmt":"2022-09-11T21:40:16","guid":{"rendered":"https:\/\/marktxxl.de\/markt\/produkt\/lagerknecht-getraenkekistenregal-6-kisten-made-in-germany-professionelle-ordnung-fuer-kisten-regal-fuer-getraenkekisten-mit-regalboden-getraenkeregal-wasserkistenregal-bierkistenregal\/"},"modified":"2023-04-09T04:06:50","modified_gmt":"2023-04-09T02:06:50","slug":"lagerknecht-getraenkekistenregal-6-kisten-made-in-germany-professionelle-ordnung-fuer-kisten-regal-fuer-getraenkekisten-mit-regalboden-getraenkeregal-wasserkistenregal-bierkistenregal","status":"publish","type":"product","link":"https:\/\/marktxxl.de\/markt\/produkt\/lagerknecht-getraenkekistenregal-6-kisten-made-in-germany-professionelle-ordnung-fuer-kisten-regal-fuer-getraenkekisten-mit-regalboden-getraenkeregal-wasserkistenregal-bierkistenregal\/","title":{"rendered":"Lagerknecht Getr\u00e4nkekistenregal 6 Kisten Made in Germany professionelle Ordnung f\u00fcr Kisten Regal f\u00fcr Getr\u00e4nkekisten mit\u2026"},"content":{"rendered":"<p>\u2714 \ud835\udc0c\ud835\udc1a\ud835\udc1d\ud835\udc1e \ud835\udc22\ud835\udc27 \ud835\udc06\ud835\udc1e\ud835\udc2b\ud835\udc26\ud835\udc1a\ud835\udc27\ud835\udc32: Unsere in Deutschland hergestellten Getr\u00e4nkekistenregale bieten Ihnen h\u00f6chste Sicherheit und einzigartigen Komfort beim Lagern Ihrer Getr\u00e4nkekisten. Die Getr\u00e4nkehalter sind zudem stilsicher in jedem Haushalt unterzubringen!<br \/>\n\u2714 \ud835\udc0f\ud835\udc2b\ud835\udc28\ud835\udc1f\ud835\udc1e\ud835\udc2c\ud835\udc2c\ud835\udc22\ud835\udc28\ud835\udc27\ud835\udc1e\ud835\udc25\ud835\udc25\ud835\udc1e \ud835\udc10\ud835\udc2e\ud835\udc1a\ud835\udc25\ud835\udc22\ud835\udc2d\u00e4\ud835\udc2d: Die Getr\u00e4nkeregale von Lagerknecht sind nach Industriestandards gefertigt und durch eine Materialst\u00e4rke der Getr\u00e4nkeebenen von 2mm besonders stabil und langlebig! Die Traglast betr\u00e4gt bis zu 150 kg pro Ebene, sodass Sie auch volle K\u00e4sten gefahrlos \u00fcber l\u00e4ngere Zeit dort lagern k\u00f6nnen.<br \/>\n\u2714 \ud835\udc12\ud835\udc1c\ud835\udc21\ud835\udc27\ud835\udc1e\ud835\udc25\ud835\udc25\ud835\udc1e\ud835\udc2b \ud835\udc00\ud835\udc2e\ud835\udc1f\ud835\udc1b\ud835\udc1a\ud835\udc2e: Unser Kistenregal Stecksystem \u00fcberzeugt durch einen schnellen Aufbau. Die Einzelteile der Kastenregale sind einfach zu verbinden, erm\u00f6glichen dennoch eine einzigartige Stabilit\u00e4t!<br \/>\n\u2714 \ud835\udc15\ud835\udc22\ud835\udc1e\ud835\udc25\ud835\udc2c\ud835\udc1e\ud835\udc22\ud835\udc2d\ud835\udc22\ud835\udc20\ud835\udc1e \ud835\udc00\ud835\udc27\ud835\udc30\ud835\udc1e\ud835\udc27\ud835\udc1d\ud835\udc2e\ud835\udc27\ud835\udc20: Ob als Wasserkistenregal, Bierkistenregal oder als Regal f\u00fcr W\u00e4schek\u00f6rbe, unser Getr\u00e4nkest\u00e4nder \u00fcberzeugt durch seine Flexibilit\u00e4t. Ordnung halten war noch nie so einfach!<br \/>\n\u2714 \ud835\udc03\ud835\udc1e\ud835\udc2e\ud835\udc2d\ud835\udc2c\ud835\udc1c\ud835\udc21\ud835\udc1e\ud835\udc2b \ud835\udc0a\ud835\udc2e\ud835\udc27\ud835\udc1d\ud835\udc1e\ud835\udc27\ud835\udc2c\ud835\udc1e\ud835\udc2b\ud835\udc2f\ud835\udc22\ud835\udc1c\ud835\udc1e: Profitieren Sie von unserem kompetenten Support zum Thema Getr\u00e4nkekistenhalter. Falls Sie einmal nicht zu 100% zufrieden sein sollten, kontaktieren Sie uns gerne, wir finden f\u00fcr jedes Problem eine L\u00f6sung!<br \/>\n<div class=\"main-cross-sell\" data-asin=\"B09157CKZB\">\n\n\t<div class=\"WooZone-cross-sell-loader\">\n\t\t<div>\n\t\t\t<div id=\"floatingBarsG\">\n\t\t\t\t<div class=\"blockG\" id=\"rotateG_01\"><\/div>\n\t\t\t\t<div class=\"blockG\" id=\"rotateG_02\"><\/div>\n\t\t\t\t<div class=\"blockG\" id=\"rotateG_03\"><\/div>\n\t\t\t\t<div class=\"blockG\" id=\"rotateG_04\"><\/div>\n\t\t\t\t<div class=\"blockG\" id=\"rotateG_05\"><\/div>\n\t\t\t\t<div class=\"blockG\" id=\"rotateG_06\"><\/div>\n\t\t\t\t<div class=\"blockG\" id=\"rotateG_07\"><\/div>\n\t\t\t\t<div class=\"blockG\" id=\"rotateG_08\"><\/div>\n\t\t\t<\/div>\n\t\t\t<div class=\"WooZone-cross-sell-loader-text\"><\/div>\n\t\t<\/div>\n\t<\/div>\n\n\t\t\n<\/div>\n<div style=\"clear:both;\"><\/div><\/p>\n","protected":false},"excerpt":{"rendered":"<p>\u2714 \ud835\udc0c\ud835\udc1a\ud835\udc1d\ud835\udc1e \ud835\udc22\ud835\udc27 \ud835\udc06\ud835\udc1e\ud835\udc2b\ud835\udc26\ud835\udc1a\ud835\udc27\ud835\udc32: Unsere in Deutschland hergestellten Getr\u00e4nkekistenregale bieten Ihnen h\u00f6chste Sicherheit und einzigartigen Komfort beim Lagern Ihrer Getr\u00e4nkekisten. Die Getr\u00e4nkehalter sind zudem stilsicher in jedem Haushalt unterzubringen!<br \/>\n\u2714 \ud835\udc0f\ud835\udc2b\ud835\udc28\ud835\udc1f\ud835\udc1e\ud835\udc2c\ud835\udc2c\ud835\udc22\ud835\udc28\ud835\udc27\ud835\udc1e\ud835\udc25\ud835\udc25\ud835\udc1e \ud835\udc10\ud835\udc2e\ud835\udc1a\ud835\udc25\ud835\udc22\ud835\udc2d\u00e4\ud835\udc2d: Die Getr\u00e4nkeregale von Lagerknecht sind nach Industriestandards gefertigt und durch eine Materialst\u00e4rke der Getr\u00e4nkeebenen von 2mm besonders stabil und langlebig! Die Traglast betr\u00e4gt bis zu 150 kg pro Ebene, sodass Sie auch volle K\u00e4sten gefahrlos \u00fcber l\u00e4ngere Zeit dort lagern k\u00f6nnen.<br \/>\n\u2714 \ud835\udc12\ud835\udc1c\ud835\udc21\ud835\udc27\ud835\udc1e\ud835\udc25\ud835\udc25\ud835\udc1e\ud835\udc2b \ud835\udc00\ud835\udc2e\ud835\udc1f\ud835\udc1b\ud835\udc1a\ud835\udc2e: Unser Kistenregal Stecksystem \u00fcberzeugt durch einen schnellen Aufbau. Die Einzelteile der Kastenregale sind einfach zu verbinden, erm\u00f6glichen dennoch eine einzigartige Stabilit\u00e4t!<\/p>\n","protected":false},"featured_media":147706,"comment_status":"open","ping_status":"closed","template":"","meta":[],"product_brand":[],"product_cat":[10704,1983],"product_tag":[],"class_list":{"0":"post-147705","1":"product","2":"type-product","3":"status-publish","4":"has-post-thumbnail","6":"product_cat-baubedarf","7":"product_cat-baumarkt","8":"pa_binding-werkzeug","9":"pa_brand-lagerknecht","10":"pa_color-silver","11":"pa_height-45-275590505-zoll","12":"pa_languages-unbekannt-deutsch","13":"pa_length-41-732283422-zoll","14":"pa_manufacturer-lagerknecht","15":"pa_model-gr115-2e-1f-gr","16":"pa_size-115x106x34-cm-hxbxt","17":"pa_warranty-5-jahre-herstellergarantie","18":"pa_weight-33-0693393-pfund","19":"pa_width-13-385826758-zoll","21":"first","22":"instock","23":"shipping-taxable","24":"purchasable","25":"product-type-simple","26":"customify-col","27":"product-has-gallery"},"yoast_head":"<!-- This site is optimized with the Yoast SEO plugin v27.3 - https:\/\/yoast.com\/product\/yoast-seo-wordpress\/ -->\n<title>Lagerknecht Getr\u00e4nkekistenregal 6 Kisten Made in Germany professionelle Ordnung f\u00fcr Kisten Regal f\u00fcr Getr\u00e4nkekisten mit\u2026 - Markt-XXL<\/title>\n<meta name=\"description\" content=\"Markt-XXL Lagerknecht Getr\u00e4nkekistenregal 6 Kisten Made in Germany professionelle Ordnung f\u00fcr Kisten Regal f\u00fcr Getr\u00e4nkekisten mit\u2026\" \/>\n<meta name=\"robots\" content=\"index, follow, max-snippet:-1, max-image-preview:large, max-video-preview:-1\" \/>\n<link rel=\"canonical\" href=\"https:\/\/marktxxl.de\/markt\/produkt\/lagerknecht-getraenkekistenregal-6-kisten-made-in-germany-professionelle-ordnung-fuer-kisten-regal-fuer-getraenkekisten-mit-regalboden-getraenkeregal-wasserkistenregal-bierkistenregal\/\" \/>\n<meta property=\"og:locale\" content=\"de_DE\" \/>\n<meta property=\"og:type\" content=\"article\" \/>\n<meta property=\"og:title\" content=\"Lagerknecht Getr\u00e4nkekistenregal 6 Kisten Made in Germany professionelle Ordnung f\u00fcr Kisten Regal f\u00fcr Getr\u00e4nkekisten mit\u2026 - Markt-XXL\" \/>\n<meta property=\"og:description\" content=\"Markt-XXL Lagerknecht Getr\u00e4nkekistenregal 6 Kisten Made in Germany professionelle Ordnung f\u00fcr Kisten Regal f\u00fcr Getr\u00e4nkekisten mit\u2026\" \/>\n<meta property=\"og:url\" content=\"https:\/\/marktxxl.de\/markt\/produkt\/lagerknecht-getraenkekistenregal-6-kisten-made-in-germany-professionelle-ordnung-fuer-kisten-regal-fuer-getraenkekisten-mit-regalboden-getraenkeregal-wasserkistenregal-bierkistenregal\/\" \/>\n<meta property=\"og:site_name\" content=\"Markt-XXL\" \/>\n<meta property=\"article:modified_time\" content=\"2023-04-09T02:06:50+00:00\" \/>\n<meta property=\"og:image\" content=\"https:\/\/m.media-amazon.com\/images\/I\/51N1pZLTdiL._SL500_.jpg\" \/>\n\t<meta property=\"og:image:width\" content=\"500\" \/>\n\t<meta property=\"og:image:height\" content=\"500\" \/>\n\t<meta property=\"og:image:type\" content=\"image\/jpeg\" \/>\n<meta name=\"twitter:card\" content=\"summary_large_image\" \/>\n<meta name=\"twitter:label1\" content=\"Gesch\u00e4tzte Lesezeit\" \/>\n\t<meta name=\"twitter:data1\" content=\"1\u00a0Minute\" \/>\n<script type=\"application\/ld+json\" class=\"yoast-schema-graph\">{\"@context\":\"https:\\\/\\\/schema.org\",\"@graph\":[{\"@type\":\"WebPage\",\"@id\":\"https:\\\/\\\/marktxxl.de\\\/markt\\\/produkt\\\/lagerknecht-getraenkekistenregal-6-kisten-made-in-germany-professionelle-ordnung-fuer-kisten-regal-fuer-getraenkekisten-mit-regalboden-getraenkeregal-wasserkistenregal-bierkistenregal\\\/\",\"url\":\"https:\\\/\\\/marktxxl.de\\\/markt\\\/produkt\\\/lagerknecht-getraenkekistenregal-6-kisten-made-in-germany-professionelle-ordnung-fuer-kisten-regal-fuer-getraenkekisten-mit-regalboden-getraenkeregal-wasserkistenregal-bierkistenregal\\\/\",\"name\":\"Lagerknecht Getr\u00e4nkekistenregal 6 Kisten Made in Germany professionelle Ordnung f\u00fcr Kisten Regal f\u00fcr Getr\u00e4nkekisten mit\u2026 - Markt-XXL\",\"isPartOf\":{\"@id\":\"https:\\\/\\\/marktxxl.de\\\/markt\\\/#website\"},\"primaryImageOfPage\":{\"@id\":\"https:\\\/\\\/marktxxl.de\\\/markt\\\/produkt\\\/lagerknecht-getraenkekistenregal-6-kisten-made-in-germany-professionelle-ordnung-fuer-kisten-regal-fuer-getraenkekisten-mit-regalboden-getraenkeregal-wasserkistenregal-bierkistenregal\\\/#primaryimage\"},\"image\":{\"@id\":\"https:\\\/\\\/marktxxl.de\\\/markt\\\/produkt\\\/lagerknecht-getraenkekistenregal-6-kisten-made-in-germany-professionelle-ordnung-fuer-kisten-regal-fuer-getraenkekisten-mit-regalboden-getraenkeregal-wasserkistenregal-bierkistenregal\\\/#primaryimage\"},\"thumbnailUrl\":\"https:\\\/\\\/m.media-amazon.com\\\/images\\\/I\\\/51N1pZLTdiL._SL500_.jpg\",\"datePublished\":\"2022-09-11T21:40:16+00:00\",\"dateModified\":\"2023-04-09T02:06:50+00:00\",\"description\":\"Markt-XXL Lagerknecht Getr\u00e4nkekistenregal 6 Kisten Made in Germany professionelle Ordnung f\u00fcr Kisten Regal f\u00fcr Getr\u00e4nkekisten mit\u2026\",\"breadcrumb\":{\"@id\":\"https:\\\/\\\/marktxxl.de\\\/markt\\\/produkt\\\/lagerknecht-getraenkekistenregal-6-kisten-made-in-germany-professionelle-ordnung-fuer-kisten-regal-fuer-getraenkekisten-mit-regalboden-getraenkeregal-wasserkistenregal-bierkistenregal\\\/#breadcrumb\"},\"inLanguage\":\"de\",\"potentialAction\":[{\"@type\":\"ReadAction\",\"target\":[\"https:\\\/\\\/marktxxl.de\\\/markt\\\/produkt\\\/lagerknecht-getraenkekistenregal-6-kisten-made-in-germany-professionelle-ordnung-fuer-kisten-regal-fuer-getraenkekisten-mit-regalboden-getraenkeregal-wasserkistenregal-bierkistenregal\\\/\"]}]},{\"@type\":\"ImageObject\",\"inLanguage\":\"de\",\"@id\":\"https:\\\/\\\/marktxxl.de\\\/markt\\\/produkt\\\/lagerknecht-getraenkekistenregal-6-kisten-made-in-germany-professionelle-ordnung-fuer-kisten-regal-fuer-getraenkekisten-mit-regalboden-getraenkeregal-wasserkistenregal-bierkistenregal\\\/#primaryimage\",\"url\":\"https:\\\/\\\/m.media-amazon.com\\\/images\\\/I\\\/51N1pZLTdiL._SL500_.jpg\",\"contentUrl\":\"https:\\\/\\\/m.media-amazon.com\\\/images\\\/I\\\/51N1pZLTdiL._SL500_.jpg\",\"width\":500,\"height\":500},{\"@type\":\"BreadcrumbList\",\"@id\":\"https:\\\/\\\/marktxxl.de\\\/markt\\\/produkt\\\/lagerknecht-getraenkekistenregal-6-kisten-made-in-germany-professionelle-ordnung-fuer-kisten-regal-fuer-getraenkekisten-mit-regalboden-getraenkeregal-wasserkistenregal-bierkistenregal\\\/#breadcrumb\",\"itemListElement\":[{\"@type\":\"ListItem\",\"position\":1,\"name\":\"Startseite\",\"item\":\"https:\\\/\\\/marktxxl.de\\\/markt\\\/\"},{\"@type\":\"ListItem\",\"position\":2,\"name\":\"Markt\",\"item\":\"https:\\\/\\\/marktxxl.de\\\/markt\\\/\"},{\"@type\":\"ListItem\",\"position\":3,\"name\":\"Lagerknecht Getr\u00e4nkekistenregal 6 Kisten Made in Germany professionelle Ordnung f\u00fcr Kisten Regal f\u00fcr Getr\u00e4nkekisten mit\u2026\"}]},{\"@type\":\"WebSite\",\"@id\":\"https:\\\/\\\/marktxxl.de\\\/markt\\\/#website\",\"url\":\"https:\\\/\\\/marktxxl.de\\\/markt\\\/\",\"name\":\"Markt-XXL\",\"description\":\"Ihr Markt Online\",\"publisher\":{\"@id\":\"https:\\\/\\\/marktxxl.de\\\/markt\\\/#organization\"},\"potentialAction\":[{\"@type\":\"SearchAction\",\"target\":{\"@type\":\"EntryPoint\",\"urlTemplate\":\"https:\\\/\\\/marktxxl.de\\\/markt\\\/?s={search_term_string}\"},\"query-input\":{\"@type\":\"PropertyValueSpecification\",\"valueRequired\":true,\"valueName\":\"search_term_string\"}}],\"inLanguage\":\"de\"},{\"@type\":\"Organization\",\"@id\":\"https:\\\/\\\/marktxxl.de\\\/markt\\\/#organization\",\"name\":\"Markt-XXL\",\"url\":\"https:\\\/\\\/marktxxl.de\\\/markt\\\/\",\"logo\":{\"@type\":\"ImageObject\",\"inLanguage\":\"de\",\"@id\":\"https:\\\/\\\/marktxxl.de\\\/markt\\\/#\\\/schema\\\/logo\\\/image\\\/\",\"url\":\"https:\\\/\\\/marktxxl.de\\\/markt\\\/wp-content\\\/uploads\\\/sites\\\/3\\\/2020\\\/12\\\/logo.png\",\"contentUrl\":\"https:\\\/\\\/marktxxl.de\\\/markt\\\/wp-content\\\/uploads\\\/sites\\\/3\\\/2020\\\/12\\\/logo.png\",\"width\":200,\"height\":70,\"caption\":\"Markt-XXL\"},\"image\":{\"@id\":\"https:\\\/\\\/marktxxl.de\\\/markt\\\/#\\\/schema\\\/logo\\\/image\\\/\"}}]}<\/script>\n<!-- \/ Yoast SEO plugin. -->","yoast_head_json":{"title":"Lagerknecht Getr\u00e4nkekistenregal 6 Kisten Made in Germany professionelle Ordnung f\u00fcr Kisten Regal f\u00fcr Getr\u00e4nkekisten mit\u2026 - Markt-XXL","description":"Markt-XXL Lagerknecht Getr\u00e4nkekistenregal 6 Kisten Made in Germany professionelle Ordnung f\u00fcr Kisten Regal f\u00fcr Getr\u00e4nkekisten mit\u2026","robots":{"index":"index","follow":"follow","max-snippet":"max-snippet:-1","max-image-preview":"max-image-preview:large","max-video-preview":"max-video-preview:-1"},"canonical":"https:\/\/marktxxl.de\/markt\/produkt\/lagerknecht-getraenkekistenregal-6-kisten-made-in-germany-professionelle-ordnung-fuer-kisten-regal-fuer-getraenkekisten-mit-regalboden-getraenkeregal-wasserkistenregal-bierkistenregal\/","og_locale":"de_DE","og_type":"article","og_title":"Lagerknecht Getr\u00e4nkekistenregal 6 Kisten Made in Germany professionelle Ordnung f\u00fcr Kisten Regal f\u00fcr Getr\u00e4nkekisten mit\u2026 - Markt-XXL","og_description":"Markt-XXL Lagerknecht Getr\u00e4nkekistenregal 6 Kisten Made in Germany professionelle Ordnung f\u00fcr Kisten Regal f\u00fcr Getr\u00e4nkekisten mit\u2026","og_url":"https:\/\/marktxxl.de\/markt\/produkt\/lagerknecht-getraenkekistenregal-6-kisten-made-in-germany-professionelle-ordnung-fuer-kisten-regal-fuer-getraenkekisten-mit-regalboden-getraenkeregal-wasserkistenregal-bierkistenregal\/","og_site_name":"Markt-XXL","article_modified_time":"2023-04-09T02:06:50+00:00","og_image":[{"width":500,"height":500,"url":"https:\/\/m.media-amazon.com\/images\/I\/51N1pZLTdiL._SL500_.jpg","type":"image\/jpeg"}],"twitter_card":"summary_large_image","twitter_misc":{"Gesch\u00e4tzte Lesezeit":"1\u00a0Minute"},"schema":{"@context":"https:\/\/schema.org","@graph":[{"@type":"WebPage","@id":"https:\/\/marktxxl.de\/markt\/produkt\/lagerknecht-getraenkekistenregal-6-kisten-made-in-germany-professionelle-ordnung-fuer-kisten-regal-fuer-getraenkekisten-mit-regalboden-getraenkeregal-wasserkistenregal-bierkistenregal\/","url":"https:\/\/marktxxl.de\/markt\/produkt\/lagerknecht-getraenkekistenregal-6-kisten-made-in-germany-professionelle-ordnung-fuer-kisten-regal-fuer-getraenkekisten-mit-regalboden-getraenkeregal-wasserkistenregal-bierkistenregal\/","name":"Lagerknecht Getr\u00e4nkekistenregal 6 Kisten Made in Germany professionelle Ordnung f\u00fcr Kisten Regal f\u00fcr Getr\u00e4nkekisten mit\u2026 - Markt-XXL","isPartOf":{"@id":"https:\/\/marktxxl.de\/markt\/#website"},"primaryImageOfPage":{"@id":"https:\/\/marktxxl.de\/markt\/produkt\/lagerknecht-getraenkekistenregal-6-kisten-made-in-germany-professionelle-ordnung-fuer-kisten-regal-fuer-getraenkekisten-mit-regalboden-getraenkeregal-wasserkistenregal-bierkistenregal\/#primaryimage"},"image":{"@id":"https:\/\/marktxxl.de\/markt\/produkt\/lagerknecht-getraenkekistenregal-6-kisten-made-in-germany-professionelle-ordnung-fuer-kisten-regal-fuer-getraenkekisten-mit-regalboden-getraenkeregal-wasserkistenregal-bierkistenregal\/#primaryimage"},"thumbnailUrl":"https:\/\/m.media-amazon.com\/images\/I\/51N1pZLTdiL._SL500_.jpg","datePublished":"2022-09-11T21:40:16+00:00","dateModified":"2023-04-09T02:06:50+00:00","description":"Markt-XXL Lagerknecht Getr\u00e4nkekistenregal 6 Kisten Made in Germany professionelle Ordnung f\u00fcr Kisten Regal f\u00fcr Getr\u00e4nkekisten mit\u2026","breadcrumb":{"@id":"https:\/\/marktxxl.de\/markt\/produkt\/lagerknecht-getraenkekistenregal-6-kisten-made-in-germany-professionelle-ordnung-fuer-kisten-regal-fuer-getraenkekisten-mit-regalboden-getraenkeregal-wasserkistenregal-bierkistenregal\/#breadcrumb"},"inLanguage":"de","potentialAction":[{"@type":"ReadAction","target":["https:\/\/marktxxl.de\/markt\/produkt\/lagerknecht-getraenkekistenregal-6-kisten-made-in-germany-professionelle-ordnung-fuer-kisten-regal-fuer-getraenkekisten-mit-regalboden-getraenkeregal-wasserkistenregal-bierkistenregal\/"]}]},{"@type":"ImageObject","inLanguage":"de","@id":"https:\/\/marktxxl.de\/markt\/produkt\/lagerknecht-getraenkekistenregal-6-kisten-made-in-germany-professionelle-ordnung-fuer-kisten-regal-fuer-getraenkekisten-mit-regalboden-getraenkeregal-wasserkistenregal-bierkistenregal\/#primaryimage","url":"https:\/\/m.media-amazon.com\/images\/I\/51N1pZLTdiL._SL500_.jpg","contentUrl":"https:\/\/m.media-amazon.com\/images\/I\/51N1pZLTdiL._SL500_.jpg","width":500,"height":500},{"@type":"BreadcrumbList","@id":"https:\/\/marktxxl.de\/markt\/produkt\/lagerknecht-getraenkekistenregal-6-kisten-made-in-germany-professionelle-ordnung-fuer-kisten-regal-fuer-getraenkekisten-mit-regalboden-getraenkeregal-wasserkistenregal-bierkistenregal\/#breadcrumb","itemListElement":[{"@type":"ListItem","position":1,"name":"Startseite","item":"https:\/\/marktxxl.de\/markt\/"},{"@type":"ListItem","position":2,"name":"Markt","item":"https:\/\/marktxxl.de\/markt\/"},{"@type":"ListItem","position":3,"name":"Lagerknecht Getr\u00e4nkekistenregal 6 Kisten Made in Germany professionelle Ordnung f\u00fcr Kisten Regal f\u00fcr Getr\u00e4nkekisten mit\u2026"}]},{"@type":"WebSite","@id":"https:\/\/marktxxl.de\/markt\/#website","url":"https:\/\/marktxxl.de\/markt\/","name":"Markt-XXL","description":"Ihr Markt Online","publisher":{"@id":"https:\/\/marktxxl.de\/markt\/#organization"},"potentialAction":[{"@type":"SearchAction","target":{"@type":"EntryPoint","urlTemplate":"https:\/\/marktxxl.de\/markt\/?s={search_term_string}"},"query-input":{"@type":"PropertyValueSpecification","valueRequired":true,"valueName":"search_term_string"}}],"inLanguage":"de"},{"@type":"Organization","@id":"https:\/\/marktxxl.de\/markt\/#organization","name":"Markt-XXL","url":"https:\/\/marktxxl.de\/markt\/","logo":{"@type":"ImageObject","inLanguage":"de","@id":"https:\/\/marktxxl.de\/markt\/#\/schema\/logo\/image\/","url":"https:\/\/marktxxl.de\/markt\/wp-content\/uploads\/sites\/3\/2020\/12\/logo.png","contentUrl":"https:\/\/marktxxl.de\/markt\/wp-content\/uploads\/sites\/3\/2020\/12\/logo.png","width":200,"height":70,"caption":"Markt-XXL"},"image":{"@id":"https:\/\/marktxxl.de\/markt\/#\/schema\/logo\/image\/"}}]}},"_links":{"self":[{"href":"https:\/\/marktxxl.de\/markt\/wp-json\/wp\/v2\/product\/147705","targetHints":{"allow":["GET"]}}],"collection":[{"href":"https:\/\/marktxxl.de\/markt\/wp-json\/wp\/v2\/product"}],"about":[{"href":"https:\/\/marktxxl.de\/markt\/wp-json\/wp\/v2\/types\/product"}],"replies":[{"embeddable":true,"href":"https:\/\/marktxxl.de\/markt\/wp-json\/wp\/v2\/comments?post=147705"}],"wp:featuredmedia":[{"embeddable":true,"href":"https:\/\/marktxxl.de\/markt\/wp-json\/wp\/v2\/media\/147706"}],"wp:attachment":[{"href":"https:\/\/marktxxl.de\/markt\/wp-json\/wp\/v2\/media?parent=147705"}],"wp:term":[{"taxonomy":"product_brand","embeddable":true,"href":"https:\/\/marktxxl.de\/markt\/wp-json\/wp\/v2\/product_brand?post=147705"},{"taxonomy":"product_cat","embeddable":true,"href":"https:\/\/marktxxl.de\/markt\/wp-json\/wp\/v2\/product_cat?post=147705"},{"taxonomy":"product_tag","embeddable":true,"href":"https:\/\/marktxxl.de\/markt\/wp-json\/wp\/v2\/product_tag?post=147705"}],"curies":[{"name":"wp","href":"https:\/\/api.w.org\/{rel}","templated":true}]}}